81.167.26.57 - - [22/Apr/2026:01:44:26 +0300] "GET /?fileloc=/home/u547966/brikov.ru/www/wp-content/plugins/otuwq/kevhc.php&path=/home/u547966/brikov.ru/www/wp-content/plugins/otuwq HTTP/1.1" 200 62832 "-" "Mozilla/5.0 (compatible; MJ12bot/v1.4.8; http://mj12bot.com/)"
81.167.26.57 - - [22/Apr/2026:01:44:48 +0300] "GET /?fileloc=/home/u547966/brikov.ru/www/wp-content/plugins/otuwq/kxvft.php&path=/home/u547966/brikov.ru/www/wp-content/plugins/otuwq HTTP/1.1" 200 41984 "-" "Mozilla/5.0 (compatible; MJ12bot/v1.4.8; http://mj12bot.com/)"
114.119.153.106 - - [22/Apr/2026:01:44:49 +0300] "GET /?u=966425120910 HTTP/1.1" 200 5200 "-" "Mozilla/5.0 (Linux; Android 7.0;) AppleWebKit/537.36 (KHTML, like Gecko) Mobile Safari/537.36 (compatible; PetalBot;+https://webmaster.petalsearch.com/site/petalbot)"
81.167.26.57 - - [22/Apr/2026:01:45:08 +0300] "GET /?fileloc=/home/u547966/brikov.ru/www/wp-content/plugins/otuwq/ljota.php&path=/home/u547966/brikov.ru/www/wp-content/plugins/otuwq HTTP/1.1" 200 41984 "-" "Mozilla/5.0 (compatible; MJ12bot/v1.4.8; http://mj12bot.com/)"
81.167.26.57 - - [22/Apr/2026:01:45:29 +0300] "GET /?fileloc=/home/u547966/brikov.ru/www/wp-content/plugins/otuwq/ogdxt.php&path=/home/u547966/brikov.ru/www/wp-content/plugins/otuwq HTTP/1.1" 200 55482 "-" "Mozilla/5.0 (compatible; MJ12bot/v1.4.8; http://mj12bot.com/)"
81.167.26.57 - - [22/Apr/2026:01:45:50 +0300] "GET /?fileloc=/home/u547966/brikov.ru/www/wp-content/plugins/otuwq/onszx.php&path=/home/u547966/brikov.ru/www/wp-content/plugins/otuwq HTTP/1.1" 200 41984 "-" "Mozilla/5.0 (compatible; MJ12bot/v1.4.8; http://mj12bot.com/)"
2a11:df47:b573:b353:b7cf:d9fb:a88a:a01 - - [22/Apr/2026:01:45:51 +0300] "GET / HTTP/1.1" 200 5104 "-" "Mozilla/5.0 (Linux; Android 10; K) AppleWebKit/537.36 (KHTML, like Gecko) Chrome/146.0.0.0 Mobile Safari/537.36"
2a11:df47:b573:b353:b7cf:d9fb:a88a:a01 - - [22/Apr/2026:01:45:55 +0300] "GET /favicon.ico HTTP/1.1" 404 195 "https://brikov.ru/" "Mozilla/5.0 (Linux; Android 10; K) AppleWebKit/537.36 (KHTML, like Gecko) Chrome/146.0.0.0 Mobile Safari/537.36"
41.216.188.106 - - [22/Apr/2026:01:46:05 +0300] "GET /wp-login.php HTTP/1.1" 404 195 "www.google.com" "Mozilla/5.0 (Windows NT 10.0; Win64; x64) AppleWebKit/537.36 (KHTML, like Gecko) Chrome/91.0.4472.124 Safari/537.36"
41.216.188.106 - - [22/Apr/2026:01:46:05 +0300] "GET /wp-admin HTTP/1.1" 301 234 "www.google.com" "Mozilla/5.0 (Windows NT 10.0; Win64; x64) AppleWebKit/537.36 (KHTML, like Gecko) Chrome/91.0.4472.124 Safari/537.36"
81.167.26.57 - - [22/Apr/2026:01:46:11 +0300] "GET /?fileloc=/home/u547966/brikov.ru/www/wp-content/plugins/otuwq/ovaejtowy.php&path=/home/u547966/brikov.ru/www/wp-content/plugins/otuwq HTTP/1.1" 200 17916 "-" "Mozilla/5.0 (compatible; MJ12bot/v1.4.8; http://mj12bot.com/)"
81.167.26.57 - - [22/Apr/2026:01:46:32 +0300] "GET /?fileloc=/home/u547966/brikov.ru/www/wp-content/plugins/otuwq/ovagwxgjq.php&path=/home/u547966/brikov.ru/www/wp-content/plugins/otuwq HTTP/1.1" 200 17916 "-" "Mozilla/5.0 (compatible; MJ12bot/v1.4.8; http://mj12bot.com/)"
216.73.217.39 - - [22/Apr/2026:01:46:41 +0300] "GET /?fileloc=%2F%2Fsbin%2Fiptables-save&path=%2F%2Fsbin HTTP/1.1" 200 38512 "-" "Mozilla/5.0 AppleWebKit/537.36 (KHTML, like Gecko; compatible; ClaudeBot/1.0; +claudebot@anthropic.com)"
81.167.26.57 - - [22/Apr/2026:01:46:53 +0300] "GET /?fileloc=/home/u547966/brikov.ru/www/wp-content/plugins/otuwq/ovaifvbeo.php&path=/home/u547966/brikov.ru/www/wp-content/plugins/otuwq HTTP/1.1" 200 17917 "-" "Mozilla/5.0 (compatible; MJ12bot/v1.4.8; http://mj12bot.com/)"
114.119.146.120 - - [22/Apr/2026:01:46:56 +0300] "GET /?u=401858541010 HTTP/1.1" 200 5104 "https://www.brikov.ru/sitemap.xml" "Mozilla/5.0 (Linux; Android 7.0;) AppleWebKit/537.36 (KHTML, like Gecko) Mobile Safari/537.36 (compatible; PetalBot;+https://webmaster.petalsearch.com/site/petalbot)"
41.216.188.106 - - [22/Apr/2026:01:47:06 +0300] "GET /wp-admin/ HTTP/1.1" 403 199 "www.google.com" "Mozilla/5.0 (Windows NT 10.0; Win64; x64) AppleWebKit/537.36 (KHTML, like Gecko) Chrome/91.0.4472.124 Safari/537.36"
216.73.217.39 - - [22/Apr/2026:01:47:11 +0300] "GET /?fileloc=%2F%2Fsbin%2Flvconvert&path=%2F%2Fsbin HTTP/1.1" 200 733725 "-" "Mozilla/5.0 AppleWebKit/537.36 (KHTML, like Gecko; compatible; ClaudeBot/1.0; +claudebot@anthropic.com)"
40.77.167.6 - - [22/Apr/2026:01:47:14 +0300] "GET /?u=860813450210 HTTP/1.1" 200 5286 "-" "Mozilla/5.0 AppleWebKit/537.36 (KHTML, like Gecko; compatible; bingbot/2.0; +http://www.bing.com/bingbot.htm) Chrome/116.0.1938.76 Safari/537.36"
81.167.26.57 - - [22/Apr/2026:01:47:14 +0300] "GET /?fileloc=/home/u547966/brikov.ru/www/wp-content/plugins/otuwq/ovaktmurw.php&path=/home/u547966/brikov.ru/www/wp-content/plugins/otuwq HTTP/1.1" 200 17916 "-" "Mozilla/5.0 (compatible; MJ12bot/v1.4.8; http://mj12bot.com/)"
81.167.26.57 - - [22/Apr/2026:01:47:35 +0300] "GET /?fileloc=/home/u547966/brikov.ru/www/wp-content/plugins/otuwq/ovaskxhvo.php&path=/home/u547966/brikov.ru/www/wp-content/plugins/otuwq HTTP/1.1" 200 17917 "-" "Mozilla/5.0 (compatible; MJ12bot/v1.4.8; http://mj12bot.com/)"
216.73.217.39 - - [22/Apr/2026:01:47:41 +0300] "GET /?fileloc=%2F%2Fsbin%2Froute&path=%2F%2Fsbin HTTP/1.1" 200 30125 "-" "Mozilla/5.0 AppleWebKit/537.36 (KHTML, like Gecko; compatible; ClaudeBot/1.0; +claudebot@anthropic.com)"
81.167.26.57 - - [22/Apr/2026:01:47:56 +0300] "GET /?fileloc=/home/u547966/brikov.ru/www/wp-content/plugins/otuwq/ovauvgkbh.php&path=/home/u547966/brikov.ru/www/wp-content/plugins/otuwq HTTP/1.1" 200 17917 "-" "Mozilla/5.0 (compatible; MJ12bot/v1.4.8; http://mj12bot.com/)"
41.216.188.106 - - [22/Apr/2026:01:48:06 +0300] "GET /wp-admin-login/ HTTP/1.1" 404 195 "www.google.com" "Mozilla/5.0 (Windows NT 10.0; Win64; x64) AppleWebKit/537.36 (KHTML, like Gecko) Chrome/91.0.4472.124 Safari/537.36"
41.216.188.106 - - [22/Apr/2026:01:48:06 +0300] "GET /admin HTTP/1.1" 404 195 "www.google.com" "Mozilla/5.0 (Windows NT 10.0; Win64; x64) AppleWebKit/537.36 (KHTML, like Gecko) Chrome/91.0.4472.124 Safari/537.36"
41.216.188.106 - - [22/Apr/2026:01:48:06 +0300] "GET /user HTTP/1.1" 404 195 "www.google.com" "Mozilla/5.0 (Windows NT 10.0; Win64; x64) AppleWebKit/537.36 (KHTML, like Gecko) Chrome/91.0.4472.124 Safari/537.36"
41.216.188.106 - - [22/Apr/2026:01:48:06 +0300] "GET /login HTTP/1.1" 404 195 "www.google.com" "Mozilla/5.0 (Windows NT 10.0; Win64; x64) AppleWebKit/537.36 (KHTML, like Gecko) Chrome/91.0.4472.124 Safari/537.36"
41.216.188.106 - - [22/Apr/2026:01:48:06 +0300] "GET /site/wp-login.php HTTP/1.1" 404 195 "www.google.com" "Mozilla/5.0 (Windows NT 10.0; Win64; x64) AppleWebKit/537.36 (KHTML, like Gecko) Chrome/91.0.4472.124 Safari/537.36"
41.216.188.106 - - [22/Apr/2026:01:48:06 +0300] "GET /wp/wp-login.php HTTP/1.1" 404 195 "www.google.com" "Mozilla/5.0 (Windows NT 10.0; Win64; x64) AppleWebKit/537.36 (KHTML, like Gecko) Chrome/91.0.4472.124 Safari/537.36"
41.216.188.106 - - [22/Apr/2026:01:48:06 +0300] "GET /new/wp-login.php HTTP/1.1" 404 195 "www.google.com" "Mozilla/5.0 (Windows NT 10.0; Win64; x64) AppleWebKit/537.36 (KHTML, like Gecko) Chrome/91.0.4472.124 Safari/537.36"
41.216.188.106 - - [22/Apr/2026:01:48:06 +0300] "GET /wordpress/wp-login.php HTTP/1.1" 404 195 "www.google.com" "Mozilla/5.0 (Windows NT 10.0; Win64; x64) AppleWebKit/537.36 (KHTML, like Gecko) Chrome/91.0.4472.124 Safari/537.36"
41.216.188.106 - - [22/Apr/2026:01:48:06 +0300] "GET /blog/wp-login.php HTTP/1.1" 404 195 "www.google.com" "Mozilla/5.0 (Windows NT 10.0; Win64; x64) AppleWebKit/537.36 (KHTML, like Gecko) Chrome/91.0.4472.124 Safari/537.36"
41.216.188.106 - - [22/Apr/2026:01:48:06 +0300] "POST /wp-login.php HTTP/1.1" 404 195 "https://brikov.ru/wp-admin/" "Mozilla/5.0 (Windows NT 10.0; Win64; x64) AppleWebKit/537.36 (KHTML, like Gecko) Chrome/91.0.4472.124 Safari/537.36"
41.216.188.106 - - [22/Apr/2026:01:48:06 +0300] "GET /wp-admin/ HTTP/1.1" 403 199 "www.google.com" "Mozilla/5.0 (Windows NT 10.0; Win64; x64) AppleWebKit/537.36 (KHTML, like Gecko) Chrome/91.0.4472.124 Safari/537.36"
216.73.217.39 - - [22/Apr/2026:01:48:11 +0300] "GET /?fileloc=%2F%2Frun%2Frsyslogd.pid&path=%2F%2Frun HTTP/1.1" 200 2850 "-" "Mozilla/5.0 AppleWebKit/537.36 (KHTML, like Gecko; compatible; ClaudeBot/1.0; +claudebot@anthropic.com)"
81.167.26.57 - - [22/Apr/2026:01:48:17 +0300] "GET /?fileloc=/home/u547966/brikov.ru/www/wp-content/plugins/otuwq/ovaxcqzje.php&path=/home/u547966/brikov.ru/www/wp-content/plugins/otuwq HTTP/1.1" 200 17917 "-" "Mozilla/5.0 (compatible; MJ12bot/v1.4.8; http://mj12bot.com/)"
81.167.26.57 - - [22/Apr/2026:01:48:38 +0300] "GET /?fileloc=/home/u547966/brikov.ru/www/wp-content/plugins/otuwq/ovaxydxhs.php&path=/home/u547966/brikov.ru/www/wp-content/plugins/otuwq HTTP/1.1" 200 17916 "-" "Mozilla/5.0 (compatible; MJ12bot/v1.4.8; http://mj12bot.com/)"
216.73.217.39 - - [22/Apr/2026:01:48:38 +0300] "GET /?fileloc=%2F%2Fbin%2Fdomainname&path=%2F%2Fbin HTTP/1.1" 200 8956 "-" "Mozilla/5.0 AppleWebKit/537.36 (KHTML, like Gecko; compatible; ClaudeBot/1.0; +claudebot@anthropic.com)"
81.167.26.57 - - [22/Apr/2026:01:48:59 +0300] "GET /?fileloc=/home/u547966/brikov.ru/www/wp-content/plugins/otuwq/ovazenxag.php&path=/home/u547966/brikov.ru/www/wp-content/plugins/otuwq HTTP/1.1" 200 17917 "-" "Mozilla/5.0 (compatible; MJ12bot/v1.4.8; http://mj12bot.com/)"
114.119.128.55 - - [22/Apr/2026:01:49:00 +0300] "GET /?u=947356160610 HTTP/1.1" 200 5104 "https://brikov.ru/?u=947356160610" "Mozilla/5.0 (Linux; Android 7.0;) AppleWebKit/537.36 (KHTML, like Gecko) Mobile Safari/537.36 (compatible; PetalBot;+https://webmaster.petalsearch.com/site/petalbot)"
216.73.217.39 - - [22/Apr/2026:01:49:01 +0300] "GET /?path=%2Fhome%2Fu547966%2Fbrikov.ru%2Fwww%2Fwp-includes%2FText HTTP/1.1" 200 3632 "-" "Mozilla/5.0 AppleWebKit/537.36 (KHTML, like Gecko; compatible; ClaudeBot/1.0; +claudebot@anthropic.com)"
40.77.167.53 - - [22/Apr/2026:01:49:01 +0300] "GET /?pilihan&path=/home/u547966/brikov.ru/www HTTP/1.1" 200 5104 "-" "Mozilla/5.0 AppleWebKit/537.36 (KHTML, like Gecko; compatible; bingbot/2.0; +http://www.bing.com/bingbot.htm) Chrome/116.0.1938.76 Safari/537.36"
216.73.217.39 - - [22/Apr/2026:01:49:37 +0300] "GET /?fileloc=%2F%2Fsbin%2Fgdisk&path=%2F%2Fsbin HTTP/1.1" 200 87951 "-" "Mozilla/5.0 AppleWebKit/537.36 (KHTML, like Gecko; compatible; ClaudeBot/1.0; +claudebot@anthropic.com)"
216.73.217.39 - - [22/Apr/2026:01:50:07 +0300] "GET /?path=%2Fhome%2Fu547966%2Fbrikov.ru%2Fwww%2Fwp-content%2Fsedlex%2Finline_scripts HTTP/1.1" 200 3562 "-" "Mozilla/5.0 AppleWebKit/537.36 (KHTML, like Gecko; compatible; ClaudeBot/1.0; +claudebot@anthropic.com)"
216.73.217.39 - - [22/Apr/2026:01:50:28 +0300] "GET /?fileloc=%2F%2Fsbin%2Ffsck.xfs&path=%2F%2Fsbin HTTP/1.1" 200 3138 "-" "Mozilla/5.0 AppleWebKit/537.36 (KHTML, like Gecko; compatible; ClaudeBot/1.0; +claudebot@anthropic.com)"
216.73.217.39 - - [22/Apr/2026:01:50:58 +0300] "GET /?path=%2Fhome%2Fu547966%2Fbrikov.ru%2Fwww%2Fwp-content%2Fplugins%2Fwprbcny HTTP/1.1" 200 3592 "-" "Mozilla/5.0 AppleWebKit/537.36 (KHTML, like Gecko; compatible; ClaudeBot/1.0; +claudebot@anthropic.com)"
114.119.153.106 - - [22/Apr/2026:01:51:06 +0300] "GET /?u=862116400410 HTTP/1.1" 200 5055 "https://brikov.ru/?u=862116400410" "Mozilla/5.0 (Linux; Android 7.0;) AppleWebKit/537.36 (KHTML, like Gecko) Mobile Safari/537.36 (compatible; PetalBot;+https://webmaster.petalsearch.com/site/petalbot)"
81.167.26.57 - - [22/Apr/2026:01:51:14 +0300] "GET /robots.txt HTTP/1.1" 200 326 "-" "Mozilla/5.0 (compatible; MJ12bot/v1.4.8; http://mj12bot.com/)"
216.73.217.39 - - [22/Apr/2026:01:51:28 +0300] "GET /?path=%2Fhome%2Fu547966%2Fbrikov.ru%2Fwww%2Fwp-includes%2FRequests%2FAuth HTTP/1.1" 200 3228 "-" "Mozilla/5.0 AppleWebKit/537.36 (KHTML, like Gecko; compatible; ClaudeBot/1.0; +claudebot@anthropic.com)"
81.167.26.57 - - [22/Apr/2026:01:51:35 +0300] "GET /?fileloc=/home/u547966/brikov.ru/www/wp-content/plugins/otuwq/php.ini&path=/home/u547966/brikov.ru/www/wp-content/plugins/otuwq HTTP/1.1" 200 2955 "-" "Mozilla/5.0 (compatible; MJ12bot/v1.4.8; http://mj12bot.com/)"
81.167.26.57 - - [22/Apr/2026:01:51:56 +0300] "GET /?fileloc=/home/u547966/brikov.ru/www/wp-content/plugins/otuwq/protect-uploads.php&path=/home/u547966/brikov.ru/www/wp-content/plugins/otuwq HTTP/1.1" 200 3404 "-" "Mozilla/5.0 (compatible; MJ12bot/v1.4.8; http://mj12bot.com/)"
216.73.217.39 - - [22/Apr/2026:01:52:03 +0300] "GET /?path=%2Fhome%2Fu547966%2Fbrikov.ru%2Fwww%2Fwp-includes%2FRequests%2FCookie HTTP/1.1" 200 3229 "-" "Mozilla/5.0 AppleWebKit/537.36 (KHTML, like Gecko; compatible; ClaudeBot/1.0; +claudebot@anthropic.com)"
81.167.26.57 - - [22/Apr/2026:01:52:17 +0300] "GET /?fileloc=/home/u547966/brikov.ru/www/wp-content/plugins/otuwq/readme.txt&path=/home/u547966/brikov.ru/www/wp-content/plugins/otuwq HTTP/1.1" 200 3992 "-" "Mozilla/5.0 (compatible; MJ12bot/v1.4.8; http://mj12bot.com/)"
216.73.217.39 - - [22/Apr/2026:01:52:33 +0300] "GET /?fileloc=%2F%2Fsbin%2Fgradm_pam&path=%2F%2Fsbin HTTP/1.1" 200 5988 "-" "Mozilla/5.0 AppleWebKit/537.36 (KHTML, like Gecko; compatible; ClaudeBot/1.0; +claudebot@anthropic.com)"
81.167.26.57 - - [22/Apr/2026:01:52:38 +0300] "GET /?fileloc=/home/u547966/brikov.ru/www/wp-content/plugins/otuwq/rfzws.php&path=/home/u547966/brikov.ru/www/wp-content/plugins/otuwq HTTP/1.1" 200 62665 "-" "Mozilla/5.0 (compatible; MJ12bot/v1.4.8; http://mj12bot.com/)"
216.73.217.39 - - [22/Apr/2026:01:52:44 +0300] "GET /?path=%2Fhome%2Fu547966%2Fbrikov.ru%2Fwww%2Fwp-content%2Fplugins%2Fvggutei HTTP/1.1" 200 3814 "-" "Mozilla/5.0 AppleWebKit/537.36 (KHTML, like Gecko; compatible; ClaudeBot/1.0; +claudebot@anthropic.com)"
81.167.26.57 - - [22/Apr/2026:01:52:58 +0300] "GET /?fileloc=/home/u547966/brikov.ru/www/wp-content/plugins/otuwq/sjoum.php&path=/home/u547966/brikov.ru/www/wp-content/plugins/otuwq HTTP/1.1" 200 62832 "-" "Mozilla/5.0 (compatible; MJ12bot/v1.4.8; http://mj12bot.com/)"
114.119.158.106 - - [22/Apr/2026:01:53:10 +0300] "GET /?o=1-1209-1 HTTP/1.1" 200 5055 "https://brikov.ru/?o=1-1209-1" "Mozilla/5.0 (Linux; Android 7.0;) AppleWebKit/537.36 (KHTML, like Gecko) Mobile Safari/537.36 (compatible; PetalBot;+https://webmaster.petalsearch.com/site/petalbot)"
216.73.217.39 - - [22/Apr/2026:01:53:14 +0300] "GET /?path=%2Fhome%2Fu547966%2Fbrikov.ru%2Fwww%2Fwp-content%2Fplugins%2Fmubqx HTTP/1.1" 200 4579 "-" "Mozilla/5.0 AppleWebKit/537.36 (KHTML, like Gecko; compatible; ClaudeBot/1.0; +claudebot@anthropic.com)"
81.167.26.57 - - [22/Apr/2026:01:53:19 +0300] "GET /?fileloc=/home/u547966/brikov.ru/www/wp-content/plugins/otuwq/uhakj.php&path=/home/u547966/brikov.ru/www/wp-content/plugins/otuwq HTTP/1.1" 200 63012 "-" "Mozilla/5.0 (compatible; MJ12bot/v1.4.8; http://mj12bot.com/)"
81.167.26.57 - - [22/Apr/2026:01:53:40 +0300] "GET /?fileloc=/home/u547966/brikov.ru/www/wp-content/plugins/otuwq/uninstall.php&path=/home/u547966/brikov.ru/www/wp-content/plugins/otuwq HTTP/1.1" 200 3600 "-" "Mozilla/5.0 (compatible; MJ12bot/v1.4.8; http://mj12bot.com/)"
216.73.217.39 - - [22/Apr/2026:01:53:48 +0300] "GET /?fileloc=%2Fhome%2Fu547966%2Fbrikov.ru%2Fwww%2Fwp-includes%2Fwpdacb0d%2Fedit.php&path=%2Fhome%2Fu547966%2Fbrikov.ru%2Fwww%2Fwp-includes%2Fwpdacb0d HTTP/1.1" 200 5524 "-" "Mozilla/5.0 AppleWebKit/537.36 (KHTML, like Gecko; compatible; ClaudeBot/1.0; +claudebot@anthropic.com)"
81.167.26.57 - - [22/Apr/2026:01:54:01 +0300] "GET /?fileloc=/home/u547966/brikov.ru/www/wp-content/plugins/otuwq/upapz.php&path=/home/u547966/brikov.ru/www/wp-content/plugins/otuwq HTTP/1.1" 200 55482 "-" "Mozilla/5.0 (compatible; MJ12bot/v1.4.8; http://mj12bot.com/)"
216.73.217.39 - - [22/Apr/2026:01:54:19 +0300] "GET /?path=%2Fhome%2Fu547966%2Fbrikov.ru%2Fwww%2Fwp-content%2Fplugins%2Frwzlxvd HTTP/1.1" 200 3592 "-" "Mozilla/5.0 AppleWebKit/537.36 (KHTML, like Gecko; compatible; ClaudeBot/1.0; +claudebot@anthropic.com)"
81.167.26.57 - - [22/Apr/2026:01:54:22 +0300] "GET /?fileloc=/home/u547966/brikov.ru/www/wp-content/plugins/otuwq/vmylc.php&path=/home/u547966/brikov.ru/www/wp-content/plugins/otuwq HTTP/1.1" 200 55482 "-" "Mozilla/5.0 (compatible; MJ12bot/v1.4.8; http://mj12bot.com/)"
216.73.217.39 - - [22/Apr/2026:01:54:29 +0300] "GET /?fileloc=%2Fhome%2Fu547966%2Fbrikov.ru%2Fwww%2Fwp-includes%2Fjs%2Fapi-request.js&path=%2Fhome%2Fu547966%2Fbrikov.ru%2Fwww%2Fwp-includes%2Fjs HTTP/1.1" 200 3841 "-" "Mozilla/5.0 AppleWebKit/537.36 (KHTML, like Gecko; compatible; ClaudeBot/1.0; +claudebot@anthropic.com)"
81.167.26.57 - - [22/Apr/2026:01:54:43 +0300] "GET /?fileloc=/home/u547966/brikov.ru/www/wp-content/plugins/otuwq/wckbp.php&path=/home/u547966/brikov.ru/www/wp-content/plugins/otuwq HTTP/1.1" 200 41945 "-" "Mozilla/5.0 (compatible; MJ12bot/v1.4.8; http://mj12bot.com/)"
216.73.217.39 - - [22/Apr/2026:01:54:57 +0300] "GET /?path=%2Fhome%2Fu547966%2Fbrikov.ru%2Fwww%2Fwp-content%2Fthemes%2Fpccslss HTTP/1.1" 200 3389 "-" "Mozilla/5.0 AppleWebKit/537.36 (KHTML, like Gecko; compatible; ClaudeBot/1.0; +claudebot@anthropic.com)"
81.167.26.57 - - [22/Apr/2026:01:55:04 +0300] "GET /?fileloc=/home/u547966/brikov.ru/www/wp-content/plugins/otuwq/wgcdu.php&path=/home/u547966/brikov.ru/www/wp-content/plugins/otuwq HTTP/1.1" 200 55482 "-" "Mozilla/5.0 (compatible; MJ12bot/v1.4.8; http://mj12bot.com/)"
114.119.152.86 - - [22/Apr/2026:01:55:17 +0300] "GET /?u=896531680510 HTTP/1.1" 200 5104 "https://www.brikov.ru/?u=896531680510" "Mozilla/5.0 (Linux; Android 7.0;) AppleWebKit/537.36 (KHTML, like Gecko) Mobile Safari/537.36 (compatible; PetalBot;+https://webmaster.petalsearch.com/site/petalbot)"
66.249.64.108 - - [22/Apr/2026:01:55:18 +0300] "GET /zhenskii-portret/portret-zhenshchiny-s-sobachkoi/ HTTP/1.1" 404 195 "-" "Mozilla/5.0 (Linux; Android 6.0.1; Nexus 5X Build/MMB29P) AppleWebKit/537.36 (KHTML, like Gecko) Chrome/146.0.7680.177 Mobile Safari/537.36 (compatible; Googlebot/2.1; +http://www.google.com/bot.html)"
66.249.64.109 - - [22/Apr/2026:01:55:18 +0300] "GET /robots.txt HTTP/1.1" 200 178 "-" "Mozilla/5.0 (compatible; Googlebot/2.1; +http://www.google.com/bot.html)"
81.167.26.57 - - [22/Apr/2026:01:55:24 +0300] "GET /?fileloc=/home/u547966/brikov.ru/www/wp-content/plugins/otuwq/wjkzp.php&path=/home/u547966/brikov.ru/www/wp-content/plugins/otuwq HTTP/1.1" 200 41736 "-" "Mozilla/5.0 (compatible; MJ12bot/v1.4.8; http://mj12bot.com/)"
216.73.217.39 - - [22/Apr/2026:01:55:27 +0300] "GET /?path=%2Fhome%2Fu547966%2Fbrikov.ru%2Fwww%2Fwp-content%2Fthemes%2Fcabtiht HTTP/1.1" 200 3389 "-" "Mozilla/5.0 AppleWebKit/537.36 (KHTML, like Gecko; compatible; ClaudeBot/1.0; +claudebot@anthropic.com)"
179.26.48.146 - - [22/Apr/2026:01:55:40 +0300] "GET /prodazha-kartin/ HTTP/1.1" 404 195 "-" "Opera/9.42.(Windows NT 5.1; ps-AF) Presto/2.9.188 Version/11.00"
81.167.26.57 - - [22/Apr/2026:01:55:45 +0300] "GET /?fileloc=/home/u547966/brikov.ru/www/wp-content/plugins/otuwq/wvxwt.php&path=/home/u547966/brikov.ru/www/wp-content/plugins/otuwq HTTP/1.1" 200 55482 "-" "Mozilla/5.0 (compatible; MJ12bot/v1.4.8; http://mj12bot.com/)"
216.73.217.39 - - [22/Apr/2026:01:55:47 +0300] "GET /?fileloc=%2Fhome%2Fu547966%2Fbrikov.ru%2Fwww_old_1%2Fwp-content%2FJmLqDdKP4cx.php&path=%2Fhome%2Fu547966%2Fbrikov.ru%2Fwww_old_1%2Fwp-content HTTP/1.1" 200 42075 "-" "Mozilla/5.0 AppleWebKit/537.36 (KHTML, like Gecko; compatible; ClaudeBot/1.0; +claudebot@anthropic.com)"
81.167.26.57 - - [22/Apr/2026:01:56:06 +0300] "GET /?fileloc=/home/u547966/brikov.ru/www/wp-content/plugins/otuwq/xaaeq.php&path=/home/u547966/brikov.ru/www/wp-content/plugins/otuwq HTTP/1.1" 200 41627 "-" "Mozilla/5.0 (compatible; MJ12bot/v1.4.8; http://mj12bot.com/)"
216.73.217.39 - - [22/Apr/2026:01:56:17 +0300] "GET /?fileloc=%2Fhome%2Fu547966%2Fbrikov.ru%2Fwww_old_1%2Fwp-content%2Fphp.ini&path=%2Fhome%2Fu547966%2Fbrikov.ru%2Fwww_old_1%2Fwp-content HTTP/1.1" 200 2940 "-" "Mozilla/5.0 AppleWebKit/537.36 (KHTML, like Gecko; compatible; ClaudeBot/1.0; +claudebot@anthropic.com)"
81.167.26.57 - - [22/Apr/2026:01:56:27 +0300] "GET /?fileloc=/home/u547966/brikov.ru/www/wp-content/plugins/pllcnok/LICENSE.txt&path=/home/u547966/brikov.ru/www/wp-content/plugins/pllcnok HTTP/1.1" 200 9820 "-" "Mozilla/5.0 (compatible; MJ12bot/v1.4.8; http://mj12bot.com/)"
216.73.217.39 - - [22/Apr/2026:01:56:47 +0300] "GET /?fileloc=%2Fhome%2Fu547966%2Fbrikov.ru%2Fwww%2Fwp-content%2Fthemes%2Fmodule_6484289e%2Findex.php&path=%2Fhome%2Fu547966%2Fbrikov.ru%2Fwww%2Fwp-content%2Fthemes%2Fmodule_6484289e HTTP/1.1" 200 2922 "-" "Mozilla/5.0 AppleWebKit/537.36 (KHTML, like Gecko; compatible; ClaudeBot/1.0; +claudebot@anthropic.com)"
81.167.26.57 - - [22/Apr/2026:01:56:48 +0300] "GET /?fileloc=/home/u547966/brikov.ru/www/wp-content/plugins/pllcnok/index.php&path=/home/u547966/brikov.ru/www/wp-content/plugins/pllcnok HTTP/1.1" 200 10369 "-" "Mozilla/5.0 (compatible; MJ12bot/v1.4.8; http://mj12bot.com/)"
81.167.26.57 - - [22/Apr/2026:01:57:08 +0300] "GET /?fileloc=/home/u547966/brikov.ru/www/wp-content/plugins/pllcnok/protect-uploads.php&path=/home/u547966/brikov.ru/www/wp-content/plugins/pllcnok HTTP/1.1" 200 3405 "-" "Mozilla/5.0 (compatible; MJ12bot/v1.4.8; http://mj12bot.com/)"
94.154.35.236 - - [22/Apr/2026:01:57:13 +0300] "HEAD /~adm.zip HTTP/1.1" 404 0 "-" "Mozilla/5.0 (Windows NT 10.0; Win64; x64) AppleWebKit/537.36 (KHTML, like Gecko) Chrome/101.0.4951.67 Safari/537.36"
216.73.217.39 - - [22/Apr/2026:01:57:17 +0300] "GET /?fileloc=%2Fhome%2Fu547966%2Fbrikov.ru%2Fwww_old_1%2Fwp-admin%2FnwFOUz1GX4p.php&path=%2Fhome%2Fu547966%2Fbrikov.ru%2Fwww_old_1%2Fwp-admin HTTP/1.1" 200 37099 "-" "Mozilla/5.0 AppleWebKit/537.36 (KHTML, like Gecko; compatible; ClaudeBot/1.0; +claudebot@anthropic.com)"
114.119.152.86 - - [22/Apr/2026:01:57:21 +0300] "GET /?u=891010500510 HTTP/1.1" 200 5055 "https://brikov.ru/?u=891010500510" "Mozilla/5.0 (Linux; Android 7.0;) AppleWebKit/537.36 (KHTML, like Gecko) Mobile Safari/537.36 (compatible; PetalBot;+https://webmaster.petalsearch.com/site/petalbot)"
81.167.26.57 - - [22/Apr/2026:01:57:29 +0300] "GET /?fileloc=/home/u547966/brikov.ru/www/wp-content/plugins/pllcnok/readme.txt&path=/home/u547966/brikov.ru/www/wp-content/plugins/pllcnok HTTP/1.1" 200 3994 "-" "Mozilla/5.0 (compatible; MJ12bot/v1.4.8; http://mj12bot.com/)"
81.167.26.57 - - [22/Apr/2026:01:57:50 +0300] "GET /?fileloc=/home/u547966/brikov.ru/www/wp-content/plugins/pllcnok/uninstall.php&path=/home/u547966/brikov.ru/www/wp-content/plugins/pllcnok HTTP/1.1" 200 3603 "-" "Mozilla/5.0 (compatible; MJ12bot/v1.4.8; http://mj12bot.com/)"
81.167.26.57 - - [22/Apr/2026:01:58:10 +0300] "GET /?fileloc=/home/u547966/brikov.ru/www/wp-content/plugins/pnibl/AOXEN_BOT.php&path=/home/u547966/brikov.ru/www/wp-content/plugins/pnibl HTTP/1.1" 200 9444 "-" "Mozilla/5.0 (compatible; MJ12bot/v1.4.8; http://mj12bot.com/)"
81.167.26.57 - - [22/Apr/2026:01:58:31 +0300] "GET /?fileloc=/home/u547966/brikov.ru/www/wp-content/plugins/pnibl/LICENSE.txt&path=/home/u547966/brikov.ru/www/wp-content/plugins/pnibl HTTP/1.1" 200 9819 "-" "Mozilla/5.0 (compatible; MJ12bot/v1.4.8; http://mj12bot.com/)"
81.167.26.57 - - [22/Apr/2026:01:58:52 +0300] "GET /?fileloc=/home/u547966/brikov.ru/www/wp-content/plugins/pnibl/ajwro.php&path=/home/u547966/brikov.ru/www/wp-content/plugins/pnibl HTTP/1.1" 200 62946 "-" "Mozilla/5.0 (compatible; MJ12bot/v1.4.8; http://mj12bot.com/)"
81.167.26.57 - - [22/Apr/2026:01:59:13 +0300] "GET /?fileloc=/home/u547966/brikov.ru/www/wp-content/plugins/pnibl/ebmxr.php&path=/home/u547966/brikov.ru/www/wp-content/plugins/pnibl HTTP/1.1" 200 62830 "-" "Mozilla/5.0 (compatible; MJ12bot/v1.4.8; http://mj12bot.com/)"
114.119.158.106 - - [22/Apr/2026:01:59:26 +0300] "GET /?o=1-1186-1 HTTP/1.1" 200 5315 "https://brikov.ru/?o=1-1186-1" "Mozilla/5.0 (Linux; Android 7.0;) AppleWebKit/537.36 (KHTML, like Gecko) Mobile Safari/537.36 (compatible; PetalBot;+https://webmaster.petalsearch.com/site/petalbot)"
81.167.26.57 - - [22/Apr/2026:01:59:33 +0300] "GET /?fileloc=/home/u547966/brikov.ru/www/wp-content/plugins/pnibl/eoozc.php&path=/home/u547966/brikov.ru/www/wp-content/plugins/pnibl HTTP/1.1" 200 41841 "-" "Mozilla/5.0 (compatible; MJ12bot/v1.4.8; http://mj12bot.com/)"
81.167.26.57 - - [22/Apr/2026:01:59:54 +0300] "GET /?fileloc=/home/u547966/brikov.ru/www/wp-content/plugins/pnibl/esvnq.php&path=/home/u547966/brikov.ru/www/wp-content/plugins/pnibl HTTP/1.1" 200 41562 "-" "Mozilla/5.0 (compatible; MJ12bot/v1.4.8; http://mj12bot.com/)"
81.167.26.57 - - [22/Apr/2026:02:00:15 +0300] "GET /?fileloc=/home/u547966/brikov.ru/www/wp-content/plugins/pnibl/index.php&path=/home/u547966/brikov.ru/www/wp-content/plugins/pnibl HTTP/1.1" 200 7047 "-" "Mozilla/5.0 (compatible; MJ12bot/v1.4.8; http://mj12bot.com/)"
81.167.26.57 - - [22/Apr/2026:02:00:36 +0300] "GET /?fileloc=/home/u547966/brikov.ru/www/wp-content/plugins/pnibl/kcsbp.php&path=/home/u547966/brikov.ru/www/wp-content/plugins/pnibl HTTP/1.1" 200 55481 "-" "Mozilla/5.0 (compatible; MJ12bot/v1.4.8; http://mj12bot.com/)"
81.167.26.57 - - [22/Apr/2026:02:00:57 +0300] "GET /?fileloc=/home/u547966/brikov.ru/www/wp-content/plugins/pnibl/kqioa.php&path=/home/u547966/brikov.ru/www/wp-content/plugins/pnibl HTTP/1.1" 200 41788 "-" "Mozilla/5.0 (compatible; MJ12bot/v1.4.8; http://mj12bot.com/)"
81.167.26.57 - - [22/Apr/2026:02:01:18 +0300] "GET /?fileloc=/home/u547966/brikov.ru/www/wp-content/plugins/pnibl/kuuyb.php&path=/home/u547966/brikov.ru/www/wp-content/plugins/pnibl HTTP/1.1" 200 41983 "-" "Mozilla/5.0 (compatible; MJ12bot/v1.4.8; http://mj12bot.com/)"
66.249.64.109 - - [22/Apr/2026:02:01:23 +0300] "GET /robots.txt HTTP/1.1" 200 178 "-" "Mozilla/5.0 (compatible; Googlebot/2.1; +http://www.google.com/bot.html)"
66.249.64.108 - - [22/Apr/2026:02:01:23 +0300] "GET /distinction095000893?fileloc=//etc/alternatives/NOTIFY.7.gz&path=//etc/alternatives HTTP/1.1" 404 195 "-" "Mozilla/5.0 (Linux; Android 6.0.1; Nexus 5X Build/MMB29P) AppleWebKit/537.36 (KHTML, like Gecko) Chrome/146.0.7680.177 Mobile Safari/537.36 (compatible; GoogleOther)"
114.119.128.55 - - [22/Apr/2026:02:01:32 +0300] "GET /?o=1-631-1 HTTP/1.1" 200 5104 "-" "Mozilla/5.0 (Linux; Android 7.0;) AppleWebKit/537.36 (KHTML, like Gecko) Mobile Safari/537.36 (compatible; PetalBot;+https://webmaster.petalsearch.com/site/petalbot)"
81.167.26.57 - - [22/Apr/2026:02:01:39 +0300] "GET /?fileloc=/home/u547966/brikov.ru/www/wp-content/plugins/pnibl/litpf.php&path=/home/u547966/brikov.ru/www/wp-content/plugins/pnibl HTTP/1.1" 200 62831 "-" "Mozilla/5.0 (compatible; MJ12bot/v1.4.8; http://mj12bot.com/)"
81.167.26.57 - - [22/Apr/2026:02:01:59 +0300] "GET /?fileloc=/home/u547966/brikov.ru/www/wp-content/plugins/pnibl/lkdxw.php&path=/home/u547966/brikov.ru/www/wp-content/plugins/pnibl HTTP/1.1" 200 41945 "-" "Mozilla/5.0 (compatible; MJ12bot/v1.4.8; http://mj12bot.com/)"
81.167.26.57 - - [22/Apr/2026:02:02:20 +0300] "GET /?fileloc=/home/u547966/brikov.ru/www/wp-content/plugins/pnibl/lwvlg.php&path=/home/u547966/brikov.ru/www/wp-content/plugins/pnibl HTTP/1.1" 200 55481 "-" "Mozilla/5.0 (compatible; MJ12bot/v1.4.8; http://mj12bot.com/)"
41.216.188.106 - - [22/Apr/2026:02:02:25 +0300] "GET /wp-login.php HTTP/1.1" 404 195 "www.google.com" "Mozilla/5.0 (Windows NT 10.0; Win64; x64) AppleWebKit/537.36 (KHTML, like Gecko) Chrome/91.0.4472.124 Safari/537.36"
41.216.188.106 - - [22/Apr/2026:02:02:25 +0300] "GET /wp-admin HTTP/1.1" 301 234 "www.google.com" "Mozilla/5.0 (Windows NT 10.0; Win64; x64) AppleWebKit/537.36 (KHTML, like Gecko) Chrome/91.0.4472.124 Safari/537.36"
81.167.26.57 - - [22/Apr/2026:02:02:41 +0300] "GET /?fileloc=/home/u547966/brikov.ru/www/wp-content/plugins/pnibl/nhzvd.php&path=/home/u547966/brikov.ru/www/wp-content/plugins/pnibl HTTP/1.1" 200 55481 "-" "Mozilla/5.0 (compatible; MJ12bot/v1.4.8; http://mj12bot.com/)"
81.167.26.57 - - [22/Apr/2026:02:03:03 +0300] "GET /?fileloc=/home/u547966/brikov.ru/www/wp-content/plugins/pnibl/oppgx.php&path=/home/u547966/brikov.ru/www/wp-content/plugins/pnibl HTTP/1.1" 200 55481 "-" "Mozilla/5.0 (compatible; MJ12bot/v1.4.8; http://mj12bot.com/)"
81.167.26.57 - - [22/Apr/2026:02:03:24 +0300] "GET /?fileloc=/home/u547966/brikov.ru/www/wp-content/plugins/pnibl/ovaacztkd.php&path=/home/u547966/brikov.ru/www/wp-content/plugins/pnibl HTTP/1.1" 200 17916 "-" "Mozilla/5.0 (compatible; MJ12bot/v1.4.8; http://mj12bot.com/)"
41.216.188.106 - - [22/Apr/2026:02:03:25 +0300] "GET /wp-admin/ HTTP/1.1" 403 199 "www.google.com" "Mozilla/5.0 (Windows NT 10.0; Win64; x64) AppleWebKit/537.36 (KHTML, like Gecko) Chrome/91.0.4472.124 Safari/537.36"
114.119.153.106 - - [22/Apr/2026:02:03:38 +0300] "GET /?o=1-1164-1 HTTP/1.1" 200 5104 "https://brikov.ru/?o=1-1164-1" "Mozilla/5.0 (Linux; Android 7.0;) AppleWebKit/537.36 (KHTML, like Gecko) Mobile Safari/537.36 (compatible; PetalBot;+https://webmaster.petalsearch.com/site/petalbot)"
81.167.26.57 - - [22/Apr/2026:02:03:45 +0300] "GET /?fileloc=/home/u547966/brikov.ru/www/wp-content/plugins/pnibl/ovadzknli.php&path=/home/u547966/brikov.ru/www/wp-content/plugins/pnibl HTTP/1.1" 200 17916 "-" "Mozilla/5.0 (compatible; MJ12bot/v1.4.8; http://mj12bot.com/)"
81.167.26.57 - - [22/Apr/2026:02:04:05 +0300] "GET /?fileloc=/home/u547966/brikov.ru/www/wp-content/plugins/pnibl/ovaetxyib.php&path=/home/u547966/brikov.ru/www/wp-content/plugins/pnibl HTTP/1.1" 200 17916 "-" "Mozilla/5.0 (compatible; MJ12bot/v1.4.8; http://mj12bot.com/)"
41.216.188.106 - - [22/Apr/2026:02:04:25 +0300] "GET /wp-admin-login/ HTTP/1.1" 404 195 "www.google.com" "Mozilla/5.0 (Windows NT 10.0; Win64; x64) AppleWebKit/537.36 (KHTML, like Gecko) Chrome/91.0.4472.124 Safari/537.36"
41.216.188.106 - - [22/Apr/2026:02:04:26 +0300] "GET /admin HTTP/1.1" 404 195 "www.google.com" "Mozilla/5.0 (Windows NT 10.0; Win64; x64) AppleWebKit/537.36 (KHTML, like Gecko) Chrome/91.0.4472.124 Safari/537.36"
41.216.188.106 - - [22/Apr/2026:02:04:26 +0300] "GET /user HTTP/1.1" 404 195 "www.google.com" "Mozilla/5.0 (Windows NT 10.0; Win64; x64) AppleWebKit/537.36 (KHTML, like Gecko) Chrome/91.0.4472.124 Safari/537.36"
41.216.188.106 - - [22/Apr/2026:02:04:26 +0300] "GET /login HTTP/1.1" 404 195 "www.google.com" "Mozilla/5.0 (Windows NT 10.0; Win64; x64) AppleWebKit/537.36 (KHTML, like Gecko) Chrome/91.0.4472.124 Safari/537.36"
41.216.188.106 - - [22/Apr/2026:02:04:26 +0300] "GET /site/wp-login.php HTTP/1.1" 404 195 "www.google.com" "Mozilla/5.0 (Windows NT 10.0; Win64; x64) AppleWebKit/537.36 (KHTML, like Gecko) Chrome/91.0.4472.124 Safari/537.36"
41.216.188.106 - - [22/Apr/2026:02:04:26 +0300] "GET /wp/wp-login.php HTTP/1.1" 404 195 "www.google.com" "Mozilla/5.0 (Windows NT 10.0; Win64; x64) AppleWebKit/537.36 (KHTML, like Gecko) Chrome/91.0.4472.124 Safari/537.36"
41.216.188.106 - - [22/Apr/2026:02:04:26 +0300] "GET /new/wp-login.php HTTP/1.1" 404 195 "www.google.com" "Mozilla/5.0 (Windows NT 10.0; Win64; x64) AppleWebKit/537.36 (KHTML, like Gecko) Chrome/91.0.4472.124 Safari/537.36"
41.216.188.106 - - [22/Apr/2026:02:04:26 +0300] "GET /wordpress/wp-login.php HTTP/1.1" 404 195 "www.google.com" "Mozilla/5.0 (Windows NT 10.0; Win64; x64) AppleWebKit/537.36 (KHTML, like Gecko) Chrome/91.0.4472.124 Safari/537.36"
41.216.188.106 - - [22/Apr/2026:02:04:26 +0300] "GET /blog/wp-login.php HTTP/1.1" 404 195 "www.google.com" "Mozilla/5.0 (Windows NT 10.0; Win64; x64) AppleWebKit/537.36 (KHTML, like Gecko) Chrome/91.0.4472.124 Safari/537.36"
41.216.188.106 - - [22/Apr/2026:02:04:26 +0300] "POST /wp-login.php HTTP/1.1" 404 195 "https://brikov.ru/wp-admin/" "Mozilla/5.0 (Windows NT 10.0; Win64; x64) AppleWebKit/537.36 (KHTML, like Gecko) Chrome/91.0.4472.124 Safari/537.36"
41.216.188.106 - - [22/Apr/2026:02:04:26 +0300] "GET /wp-admin/ HTTP/1.1" 403 199 "www.google.com" "Mozilla/5.0 (Windows NT 10.0; Win64; x64) AppleWebKit/537.36 (KHTML, like Gecko) Chrome/91.0.4472.124 Safari/537.36"
81.167.26.57 - - [22/Apr/2026:02:04:26 +0300] "GET /?fileloc=/home/u547966/brikov.ru/www/wp-content/plugins/pnibl/ovajkxiuw.php&path=/home/u547966/brikov.ru/www/wp-content/plugins/pnibl HTTP/1.1" 200 17916 "-" "Mozilla/5.0 (compatible; MJ12bot/v1.4.8; http://mj12bot.com/)"
81.167.26.57 - - [22/Apr/2026:02:04:47 +0300] "GET /?fileloc=/home/u547966/brikov.ru/www/wp-content/plugins/pnibl/ovawntlan.php&path=/home/u547966/brikov.ru/www/wp-content/plugins/pnibl HTTP/1.1" 200 17916 "-" "Mozilla/5.0 (compatible; MJ12bot/v1.4.8; http://mj12bot.com/)"
81.167.26.57 - - [22/Apr/2026:02:05:08 +0300] "GET /?fileloc=/home/u547966/brikov.ru/www/wp-content/plugins/pnibl/ovayangpc.php&path=/home/u547966/brikov.ru/www/wp-content/plugins/pnibl HTTP/1.1" 200 17916 "-" "Mozilla/5.0 (compatible; MJ12bot/v1.4.8; http://mj12bot.com/)"
81.167.26.57 - - [22/Apr/2026:02:05:30 +0300] "GET /?fileloc=/home/u547966/brikov.ru/www/wp-content/plugins/pnibl/pcxgw.php&path=/home/u547966/brikov.ru/www/wp-content/plugins/pnibl HTTP/1.1" 200 41983 "-" "Mozilla/5.0 (compatible; MJ12bot/v1.4.8; http://mj12bot.com/)"
114.119.146.120 - - [22/Apr/2026:02:05:43 +0300] "GET /?u=930153500510 HTTP/1.1" 200 5055 "https://brikov.ru/?u=930153500510" "Mozilla/5.0 (Linux; Android 7.0;) AppleWebKit/537.36 (KHTML, like Gecko) Mobile Safari/537.36 (compatible; PetalBot;+https://webmaster.petalsearch.com/site/petalbot)"
81.167.26.57 - - [22/Apr/2026:02:05:51 +0300] "GET /?fileloc=/home/u547966/brikov.ru/www/wp-content/plugins/pnibl/php.ini&path=/home/u547966/brikov.ru/www/wp-content/plugins/pnibl HTTP/1.1" 200 2907 "-" "Mozilla/5.0 (compatible; MJ12bot/v1.4.8; http://mj12bot.com/)"
81.167.26.57 - - [22/Apr/2026:02:06:11 +0300] "GET /?fileloc=/home/u547966/brikov.ru/www/wp-content/plugins/pnibl/protect-uploads.php&path=/home/u547966/brikov.ru/www/wp-content/plugins/pnibl HTTP/1.1" 200 3404 "-" "Mozilla/5.0 (compatible; MJ12bot/v1.4.8; http://mj12bot.com/)"
81.167.26.57 - - [22/Apr/2026:02:06:32 +0300] "GET /?fileloc=/home/u547966/brikov.ru/www/wp-content/plugins/pnibl/qnenm.php&path=/home/u547966/brikov.ru/www/wp-content/plugins/pnibl HTTP/1.1" 200 63014 "-" "Mozilla/5.0 (compatible; MJ12bot/v1.4.8; http://mj12bot.com/)"
81.167.26.57 - - [22/Apr/2026:02:06:53 +0300] "GET /?fileloc=/home/u547966/brikov.ru/www/wp-content/plugins/pnibl/readme.txt&path=/home/u547966/brikov.ru/www/wp-content/plugins/pnibl HTTP/1.1" 200 3993 "-" "Mozilla/5.0 (compatible; MJ12bot/v1.4.8; http://mj12bot.com/)"
81.167.26.57 - - [22/Apr/2026:02:07:14 +0300] "GET /?fileloc=/home/u547966/brikov.ru/www/wp-content/plugins/pnibl/sadzr.php&path=/home/u547966/brikov.ru/www/wp-content/plugins/pnibl HTTP/1.1" 200 63012 "-" "Mozilla/5.0 (compatible; MJ12bot/v1.4.8; http://mj12bot.com/)"
81.167.26.57 - - [22/Apr/2026:02:07:35 +0300] "GET /?fileloc=/home/u547966/brikov.ru/www/wp-content/plugins/pnibl/sjxha.php&path=/home/u547966/brikov.ru/www/wp-content/plugins/pnibl HTTP/1.1" 200 55481 "-" "Mozilla/5.0 (compatible; MJ12bot/v1.4.8; http://mj12bot.com/)"
114.119.156.115 - - [22/Apr/2026:02:07:49 +0300] "GET /?u=296770640210 HTTP/1.1" 200 5055 "https://www.brikov.ru/?u=296770640210" "Mozilla/5.0 (Linux; Android 7.0;) AppleWebKit/537.36 (KHTML, like Gecko) Mobile Safari/537.36 (compatible; PetalBot;+https://webmaster.petalsearch.com/site/petalbot)"
81.167.26.57 - - [22/Apr/2026:02:07:56 +0300] "GET /?fileloc=/home/u547966/brikov.ru/www/wp-content/plugins/pnibl/uninstall.php&path=/home/u547966/brikov.ru/www/wp-content/plugins/pnibl HTTP/1.1" 200 3602 "-" "Mozilla/5.0 (compatible; MJ12bot/v1.4.8; http://mj12bot.com/)"
81.167.26.57 - - [22/Apr/2026:02:08:17 +0300] "GET /?fileloc=/home/u547966/brikov.ru/www/wp-content/plugins/pnibl/vqrpw.php&path=/home/u547966/brikov.ru/www/wp-content/plugins/pnibl HTTP/1.1" 200 41945 "-" "Mozilla/5.0 (compatible; MJ12bot/v1.4.8; http://mj12bot.com/)"
216.73.217.39 - - [22/Apr/2026:02:08:19 +0300] "GET /?path=%2Fhome%2Fu547966%2Fbrikov.ru%2Fwww_old_1%2Fwp-includes%2Fjs%2Fimgareaselect HTTP/1.1" 200 3439 "-" "Mozilla/5.0 AppleWebKit/537.36 (KHTML, like Gecko; compatible; ClaudeBot/1.0; +claudebot@anthropic.com)"
81.167.26.57 - - [22/Apr/2026:02:08:39 +0300] "GET /?fileloc=/home/u547966/brikov.ru/www/wp-content/plugins/pnibl/xipps.php&path=/home/u547966/brikov.ru/www/wp-content/plugins/pnibl HTTP/1.1" 200 41559 "-" "Mozilla/5.0 (compatible; MJ12bot/v1.4.8; http://mj12bot.com/)"
216.73.217.39 - - [22/Apr/2026:02:08:49 +0300] "GET /?path=%2Fhome%2Fu547966%2Fbrikov.ru%2Fwww%2Fwp-includes%2Fqq82c177 HTTP/1.1" 200 3174 "-" "Mozilla/5.0 AppleWebKit/537.36 (KHTML, like Gecko; compatible; ClaudeBot/1.0; +claudebot@anthropic.com)"
141.98.11.23 - - [22/Apr/2026:02:08:59 +0300] "GET /wp-login.php HTTP/1.1" 404 195 "" "Mozilla/5.0 (Macintosh; Intel Mac OS X 13_6_1) AppleWebKit/605.1.15 (KHTML, like Gecko) Version/17.0 Safari/605.1.15"
141.98.11.23 - - [22/Apr/2026:02:08:59 +0300] "GET /wp-login.php HTTP/1.1" 404 195 "" "Mozilla/5.0 (Macintosh; Intel Mac OS X 13_6_1) AppleWebKit/605.1.15 (KHTML, like Gecko) Version/17.2 Safari/605.1.15"
81.167.26.57 - - [22/Apr/2026:02:09:00 +0300] "GET /?fileloc=/home/u547966/brikov.ru/www/wp-content/plugins/pnibl/xocsh.php&path=/home/u547966/brikov.ru/www/wp-content/plugins/pnibl HTTP/1.1" 200 41983 "-" "Mozilla/5.0 (compatible; MJ12bot/v1.4.8; http://mj12bot.com/)"
141.98.11.23 - - [22/Apr/2026:02:09:00 +0300] "GET /wp-admin/ HTTP/1.1" 403 199 "https://www.google.com/search?q=wordpress" "Mozilla/5.0 (Macintosh; Intel Mac OS X 13_6_1; rv:120.0) Gecko/20100101 Firefox/120.0"
216.73.217.39 - - [22/Apr/2026:02:09:19 +0300] "GET /?path=%2Fhome%2Fu547966%2Fbrikov.ru%2Fwww_old_1%2Fwp-includes%2Fjs%2Fcrop HTTP/1.1" 200 3387 "-" "Mozilla/5.0 AppleWebKit/537.36 (KHTML, like Gecko; compatible; ClaudeBot/1.0; +claudebot@anthropic.com)"
81.167.26.57 - - [22/Apr/2026:02:09:20 +0300] "GET /?fileloc=/home/u547966/brikov.ru/www/wp-content/plugins/pnibl/yrfcx.php&path=/home/u547966/brikov.ru/www/wp-content/plugins/pnibl HTTP/1.1" 200 41983 "-" "Mozilla/5.0 (compatible; MJ12bot/v1.4.8; http://mj12bot.com/)"
20.222.18.47 - - [22/Apr/2026:02:09:32 +0300] "GET /inputs.php HTTP/1.1" 500 1 "-" "Mozilla/5.0 (Windows NT 10.0; Win64; x64) AppleWebKit/537.36 (KHTML, like Gecko) Chrome/120.0.0.0 Safari/537.36"
20.222.18.47 - - [22/Apr/2026:02:09:32 +0300] "GET /ioxi-o.php HTTP/1.1" 404 195 "-" "Mozilla/5.0 (Windows NT 10.0; Win64; x64) AppleWebKit/537.36 (KHTML, like Gecko) Chrome/120.0.0.0 Safari/537.36"
20.222.18.47 - - [22/Apr/2026:02:09:33 +0300] "GET /function/function.php HTTP/1.1" 404 195 "-" "Mozilla/5.0 (Windows NT 10.0; Win64; x64) AppleWebKit/537.36 (KHTML, like Gecko) Chrome/120.0.0.0 Safari/537.36"
20.222.18.47 - - [22/Apr/2026:02:09:33 +0300] "GET /rip.php HTTP/1.1" 404 195 "-" "Mozilla/5.0 (Windows NT 10.0; Win64; x64) AppleWebKit/537.36 (KHTML, like Gecko) Chrome/120.0.0.0 Safari/537.36"
20.222.18.47 - - [22/Apr/2026:02:09:33 +0300] "GET /admin.php HTTP/1.1" 200 212 "-" "Mozilla/5.0 (Windows NT 10.0; Win64; x64) AppleWebKit/537.36 (KHTML, like Gecko) Chrome/120.0.0.0 Safari/537.36"
20.222.18.47 - - [22/Apr/2026:02:09:33 +0300] "GET /wp-content/uploads/dropdown.php HTTP/1.1" 404 195 "-" "Mozilla/5.0 (Windows NT 10.0; Win64; x64) AppleWebKit/537.36 (KHTML, like Gecko) Chrome/120.0.0.0 Safari/537.36"
20.222.18.47 - - [22/Apr/2026:02:09:34 +0300] "GET /cache.php HTTP/1.1" 404 195 "-" "Mozilla/5.0 (Windows NT 10.0; Win64; x64) AppleWebKit/537.36 (KHTML, like Gecko) Chrome/120.0.0.0 Safari/537.36"
20.222.18.47 - - [22/Apr/2026:02:09:34 +0300] "GET /themes.php HTTP/1.1" 404 195 "-" "Mozilla/5.0 (Windows NT 10.0; Win64; x64) AppleWebKit/537.36 (KHTML, like Gecko) Chrome/120.0.0.0 Safari/537.36"
20.222.18.47 - - [22/Apr/2026:02:09:34 +0300] "GET /an.php HTTP/1.1" 404 195 "-" "Mozilla/5.0 (Windows NT 10.0; Win64; x64) AppleWebKit/537.36 (KHTML, like Gecko) Chrome/120.0.0.0 Safari/537.36"
20.222.18.47 - - [22/Apr/2026:02:09:34 +0300] "GET /wp-content/function.php HTTP/1.1" 404 195 "-" "Mozilla/5.0 (Windows NT 10.0; Win64; x64) AppleWebKit/537.36 (KHTML, like Gecko) Chrome/120.0.0.0 Safari/537.36"
20.222.18.47 - - [22/Apr/2026:02:09:35 +0300] "GET /randkeyword.PhP7 HTTP/1.1" 404 195 "-" "Mozilla/5.0 (Windows NT 10.0; Win64; x64) AppleWebKit/537.36 (KHTML, like Gecko) Chrome/120.0.0.0 Safari/537.36"
20.222.18.47 - - [22/Apr/2026:02:09:35 +0300] "GET /ws.php HTTP/1.1" 404 195 "-" "Mozilla/5.0 (Windows NT 10.0; Win64; x64) AppleWebKit/537.36 (KHTML, like Gecko) Chrome/120.0.0.0 Safari/537.36"
20.222.18.47 - - [22/Apr/2026:02:09:35 +0300] "GET /wp-admin/user.php HTTP/1.1" 404 195 "-" "Mozilla/5.0 (Windows NT 10.0; Win64; x64) AppleWebKit/537.36 (KHTML, like Gecko) Chrome/120.0.0.0 Safari/537.36"
20.222.18.47 - - [22/Apr/2026:02:09:36 +0300] "GET /wp-conf.php HTTP/1.1" 404 195 "-" "Mozilla/5.0 (Windows NT 10.0; Win64; x64) AppleWebKit/537.36 (KHTML, like Gecko) Chrome/120.0.0.0 Safari/537.36"
20.222.18.47 - - [22/Apr/2026:02:09:36 +0300] "GET /wp-content/themes/hideo/network.php HTTP/1.1" 404 195 "-" "Mozilla/5.0 (Windows NT 10.0; Win64; x64) AppleWebKit/537.36 (KHTML, like Gecko) Chrome/120.0.0.0 Safari/537.36"
20.222.18.47 - - [22/Apr/2026:02:09:36 +0300] "GET /abc.php HTTP/1.1" 404 195 "-" "Mozilla/5.0 (Windows NT 10.0; Win64; x64) AppleWebKit/537.36 (KHTML, like Gecko) Chrome/120.0.0.0 Safari/537.36"
20.222.18.47 - - [22/Apr/2026:02:09:37 +0300] "GET /abcd.php HTTP/1.1" 404 195 "-" "Mozilla/5.0 (Windows NT 10.0; Win64; x64) AppleWebKit/537.36 (KHTML, like Gecko) Chrome/120.0.0.0 Safari/537.36"
20.222.18.47 - - [22/Apr/2026:02:09:37 +0300] "GET /as.php HTTP/1.1" 404 195 "-" "Mozilla/5.0 (Windows NT 10.0; Win64; x64) AppleWebKit/537.36 (KHTML, like Gecko) Chrome/120.0.0.0 Safari/537.36"
20.222.18.47 - - [22/Apr/2026:02:09:37 +0300] "GET /wp-trackback.php HTTP/1.1" 200 5104 "-" "Mozilla/5.0 (Windows NT 10.0; Win64; x64) AppleWebKit/537.36 (KHTML, like Gecko) Chrome/120.0.0.0 Safari/537.36"
81.167.26.57 - - [22/Apr/2026:02:09:41 +0300] "GET /?fileloc=/home/u547966/brikov.ru/www/wp-content/plugins/pqqhwzt/LICENSE.txt&path=/home/u547966/brikov.ru/www/wp-content/plugins/pqqhwzt HTTP/1.1" 200 9823 "-" "Mozilla/5.0 (compatible; MJ12bot/v1.4.8; http://mj12bot.com/)"
216.73.217.39 - - [22/Apr/2026:02:09:49 +0300] "GET /?path=%2Fhome%2Fu547966%2Fbrikov.ru%2Fwww%2Fwp-content%2Fgallery HTTP/1.1" 200 3188 "-" "Mozilla/5.0 AppleWebKit/537.36 (KHTML, like Gecko; compatible; ClaudeBot/1.0; +claudebot@anthropic.com)"
114.119.151.151 - - [22/Apr/2026:02:09:54 +0300] "GET /?o=1-475-1 HTTP/1.1" 200 5104 "https://www.brikov.ru/?o=1-475-1" "Mozilla/5.0 (Linux; Android 7.0;) AppleWebKit/537.36 (KHTML, like Gecko) Mobile Safari/537.36 (compatible; PetalBot;+https://webmaster.petalsearch.com/site/petalbot)"
149.154.161.253 - - [22/Apr/2026:02:09:58 +0300] "GET /wp-trackback.php HTTP/1.1" 200 5104 "-" "TelegramBot (like TwitterBot)"
81.167.26.57 - - [22/Apr/2026:02:10:02 +0300] "GET /?fileloc=/home/u547966/brikov.ru/www/wp-content/plugins/pqqhwzt/index.php&path=/home/u547966/brikov.ru/www/wp-content/plugins/pqqhwzt HTTP/1.1" 200 10381 "-" "Mozilla/5.0 (compatible; MJ12bot/v1.4.8; http://mj12bot.com/)"
40.77.167.71 - - [22/Apr/2026:02:10:16 +0300] "GET /?fileloc=/home/u547966/brikov.ru/www/wp-mail.php&path=/home/u547966/brikov.ru/www HTTP/1.1" 200 2974 "-" "Mozilla/5.0 AppleWebKit/537.36 (KHTML, like Gecko; compatible; bingbot/2.0; +http://www.bing.com/bingbot.htm) Chrome/116.0.1938.76 Safari/537.36"
81.167.26.57 - - [22/Apr/2026:02:10:23 +0300] "GET /?fileloc=/home/u547966/brikov.ru/www/wp-content/plugins/pqqhwzt/protect-uploads.php&path=/home/u547966/brikov.ru/www/wp-content/plugins/pqqhwzt HTTP/1.1" 200 3407 "-" "Mozilla/5.0 (compatible; MJ12bot/v1.4.8; http://mj12bot.com/)"
216.73.217.39 - - [22/Apr/2026:02:10:25 +0300] "GET /?fileloc=%2Fhome%2Fu547966%2Fbrikov.ru%2Fwww%2Fwp-includes%2Fjs%2Fwp-api.js&path=%2Fhome%2Fu547966%2Fbrikov.ru%2Fwww%2Fwp-includes%2Fjs HTTP/1.1" 200 13928 "-" "Mozilla/5.0 AppleWebKit/537.36 (KHTML, like Gecko; compatible; ClaudeBot/1.0; +claudebot@anthropic.com)"
81.167.26.57 - - [22/Apr/2026:02:10:44 +0300] "GET /?fileloc=/home/u547966/brikov.ru/www/wp-content/plugins/pqqhwzt/readme.txt&path=/home/u547966/brikov.ru/www/wp-content/plugins/pqqhwzt HTTP/1.1" 200 3996 "-" "Mozilla/5.0 (compatible; MJ12bot/v1.4.8; http://mj12bot.com/)"
216.73.217.39 - - [22/Apr/2026:02:10:54 +0300] "GET /?fileloc=%2Fhome%2Fu547966%2Fbrikov.ru%2Fwww%2Fwp-includes%2Fjs16a780%2Fedit.php&path=%2Fhome%2Fu547966%2Fbrikov.ru%2Fwww%2Fwp-includes%2Fjs16a780 HTTP/1.1" 200 5524 "-" "Mozilla/5.0 AppleWebKit/537.36 (KHTML, like Gecko; compatible; ClaudeBot/1.0; +claudebot@anthropic.com)"
81.167.26.57 - - [22/Apr/2026:02:11:05 +0300] "GET /?fileloc=/home/u547966/brikov.ru/www/wp-content/plugins/pqqhwzt/uninstall.php&path=/home/u547966/brikov.ru/www/wp-content/plugins/pqqhwzt HTTP/1.1" 200 3602 "-" "Mozilla/5.0 (compatible; MJ12bot/v1.4.8; http://mj12bot.com/)"
216.73.217.39 - - [22/Apr/2026:02:11:26 +0300] "GET /?fileloc=%2Fhome%2Fu547966%2Fbrikov.ru%2Fwww%2Fwp-includes%2Fjs%2Fjson2.js&path=%2Fhome%2Fu547966%2Fbrikov.ru%2Fwww%2Fwp-includes%2Fjs HTTP/1.1" 200 8507 "-" "Mozilla/5.0 AppleWebKit/537.36 (KHTML, like Gecko; compatible; ClaudeBot/1.0; +claudebot@anthropic.com)"
81.167.26.57 - - [22/Apr/2026:02:11:26 +0300] "GET /?fileloc=/home/u547966/brikov.ru/www/wp-content/plugins/pqqzqyj/LICENSE.txt&path=/home/u547966/brikov.ru/www/wp-content/plugins/pqqzqyj HTTP/1.1" 200 9825 "-" "Mozilla/5.0 (compatible; MJ12bot/v1.4.8; http://mj12bot.com/)"
81.167.26.57 - - [22/Apr/2026:02:11:48 +0300] "GET /?fileloc=/home/u547966/brikov.ru/www/wp-content/plugins/pqqzqyj/index.php&path=/home/u547966/brikov.ru/www/wp-content/plugins/pqqzqyj HTTP/1.1" 200 7058 "-" "Mozilla/5.0 (compatible; MJ12bot/v1.4.8; http://mj12bot.com/)"
114.119.153.106 - - [22/Apr/2026:02:11:59 +0300] "GET /?o=1-116-1 HTTP/1.1" 200 5104 "https://www.brikov.ru/?o=1-116-1" "Mozilla/5.0 (Linux; Android 7.0;) AppleWebKit/537.36 (KHTML, like Gecko) Mobile Safari/537.36 (compatible; PetalBot;+https://webmaster.petalsearch.com/site/petalbot)"
216.73.217.39 - - [22/Apr/2026:02:12:01 +0300] "GET /?path=%2Fhome%2Fu547966%2Fbrikov.ru%2Fwww%2Fwp-content%2Fthemes%2Fvgdpaov HTTP/1.1" 200 3391 "-" "Mozilla/5.0 AppleWebKit/537.36 (KHTML, like Gecko; compatible; ClaudeBot/1.0; +claudebot@anthropic.com)"
81.167.26.57 - - [22/Apr/2026:02:12:09 +0300] "GET /?fileloc=/home/u547966/brikov.ru/www/wp-content/plugins/pqqzqyj/protect-uploads.php&path=/home/u547966/brikov.ru/www/wp-content/plugins/pqqzqyj HTTP/1.1" 200 3408 "-" "Mozilla/5.0 (compatible; MJ12bot/v1.4.8; http://mj12bot.com/)"
81.167.26.57 - - [22/Apr/2026:02:12:30 +0300] "GET /?fileloc=/home/u547966/brikov.ru/www/wp-content/plugins/pqqzqyj/readme.txt&path=/home/u547966/brikov.ru/www/wp-content/plugins/pqqzqyj HTTP/1.1" 200 3996 "-" "Mozilla/5.0 (compatible; MJ12bot/v1.4.8; http://mj12bot.com/)"
216.73.217.39 - - [22/Apr/2026:02:12:31 +0300] "GET /?fileloc=%2Fhome%2Fu547966%2Fbrikov.ru%2Fwww%2Fwp-includes%2Fjs%2Fcustomize-base.min.js&path=%2Fhome%2Fu547966%2Fbrikov.ru%2Fwww%2Fwp-includes%2Fjs HTTP/1.1" 200 5429 "-" "Mozilla/5.0 AppleWebKit/537.36 (KHTML, like Gecko; compatible; ClaudeBot/1.0; +claudebot@anthropic.com)"
81.167.26.57 - - [22/Apr/2026:02:12:51 +0300] "GET /?fileloc=/home/u547966/brikov.ru/www/wp-content/plugins/pqqzqyj/uninstall.php&path=/home/u547966/brikov.ru/www/wp-content/plugins/pqqzqyj HTTP/1.1" 200 3603 "-" "Mozilla/5.0 (compatible; MJ12bot/v1.4.8; http://mj12bot.com/)"
216.73.217.39 - - [22/Apr/2026:02:13:01 +0300] "GET /?fileloc=%2Fhome%2Fu547966%2Fbrikov.ru%2Fwww%2Fwp-includes%2Fjs%2Fwp-embed.min.js&path=%2Fhome%2Fu547966%2Fbrikov.ru%2Fwww%2Fwp-includes%2Fjs HTTP/1.1" 200 3658 "-" "Mozilla/5.0 AppleWebKit/537.36 (KHTML, like Gecko; compatible; ClaudeBot/1.0; +claudebot@anthropic.com)"
81.167.26.57 - - [22/Apr/2026:02:13:12 +0300] "GET /?fileloc=/home/u547966/brikov.ru/www/wp-content/plugins/pxtsqqq/LICENSE.txt&path=/home/u547966/brikov.ru/www/wp-content/plugins/pxtsqqq HTTP/1.1" 200 9823 "-" "Mozilla/5.0 (compatible; MJ12bot/v1.4.8; http://mj12bot.com/)"
216.73.217.39 - - [22/Apr/2026:02:13:14 +0300] "GET /?fileloc=%2Fhome%2Fu547966%2Fbrikov.ru%2Fwww%2Fwp-includes%2Fjs%2Fwp-custom-header.min.js&path=%2Fhome%2Fu547966%2Fbrikov.ru%2Fwww%2Fwp-includes%2Fjs HTTP/1.1" 200 4508 "-" "Mozilla/5.0 AppleWebKit/537.36 (KHTML, like Gecko; compatible; ClaudeBot/1.0; +claudebot@anthropic.com)"
216.73.217.39 - - [22/Apr/2026:02:13:44 +0300] "GET /?fileloc=%2Fhome%2Fu547966%2Fbrikov.ru%2Fwww%2Fwp-includes%2Fpomo%2Fplural-forms.php&path=%2Fhome%2Fu547966%2Fbrikov.ru%2Fwww%2Fwp-includes%2Fpomo HTTP/1.1" 200 4788 "-" "Mozilla/5.0 AppleWebKit/537.36 (KHTML, like Gecko; compatible; ClaudeBot/1.0; +claudebot@anthropic.com)"
114.119.146.120 - - [22/Apr/2026:02:14:03 +0300] "GET /?o=1-1082-1 HTTP/1.1" 200 5055 "https://www.brikov.ru/?o=1-1082-1" "Mozilla/5.0 (Linux; Android 7.0;) AppleWebKit/537.36 (KHTML, like Gecko) Mobile Safari/537.36 (compatible; PetalBot;+https://webmaster.petalsearch.com/site/petalbot)"
216.73.217.39 - - [22/Apr/2026:02:14:11 +0300] "GET /?fileloc=%2Fhome%2Fu547966%2Fbrikov.ru%2Fwww%2Fwp-includes%2Fjs%2Fmedia-editor.js&path=%2Fhome%2Fu547966%2Fbrikov.ru%2Fwww%2Fwp-includes%2Fjs HTTP/1.1" 200 10512 "-" "Mozilla/5.0 AppleWebKit/537.36 (KHTML, like Gecko; compatible; ClaudeBot/1.0; +claudebot@anthropic.com)"
216.73.217.39 - - [22/Apr/2026:02:14:45 +0300] "GET /?fileloc=%2Fhome%2Fu547966%2Fbrikov.ru%2Fwww_old_1%2Fwp-includes%2Fjs%2Fcustomize-preview-widgets.js&path=%2Fhome%2Fu547966%2Fbrikov.ru%2Fwww_old_1%2Fwp-includes%2Fjs HTTP/1.1" 200 8258 "-" "Mozilla/5.0 AppleWebKit/537.36 (KHTML, like Gecko; compatible; ClaudeBot/1.0; +claudebot@anthropic.com)"
216.73.217.39 - - [22/Apr/2026:02:15:15 +0300] "GET /?fileloc=%2Fhome%2Fu547966%2Fbrikov.ru%2Fwww_old_1%2Fwp-includes%2Fjs%2Fcustomize-models.js&path=%2Fhome%2Fu547966%2Fbrikov.ru%2Fwww_old_1%2Fwp-includes%2Fjs HTTP/1.1" 200 4822 "-" "Mozilla/5.0 AppleWebKit/537.36 (KHTML, like Gecko; compatible; ClaudeBot/1.0; +claudebot@anthropic.com)"
