40.77.167.132 - - [22/Apr/2026:11:31:30 +0300] "GET /?fileloc=/home/u547966/brikov.ru/www/web.config&path=/home/u547966/brikov.ru/www HTTP/1.1" 200 2983 "-" "Mozilla/5.0 AppleWebKit/537.36 (KHTML, like Gecko; compatible; bingbot/2.0; +http://www.bing.com/bingbot.htm) Chrome/116.0.1938.76 Safari/537.36"
216.73.217.39 - - [22/Apr/2026:11:31:41 +0300] "GET /?fileloc=%2F%2Flib%2Fx86_64-linux-gnu%2Flibblkid.so.1.1.0&path=%2F%2Flib%2Fx86_64-linux-gnu HTTP/1.1" 200 128172 "-" "Mozilla/5.0 AppleWebKit/537.36 (KHTML, like Gecko; compatible; ClaudeBot/1.0; +claudebot@anthropic.com)"
216.73.217.39 - - [22/Apr/2026:11:32:13 +0300] "GET /?fileloc=%2F%2Fusr%2Fsbin%2Fipmi-pef-config&path=%2F%2Fusr%2Fsbin HTTP/1.1" 200 2971 "-" "Mozilla/5.0 AppleWebKit/537.36 (KHTML, like Gecko; compatible; ClaudeBot/1.0; +claudebot@anthropic.com)"
216.73.217.39 - - [22/Apr/2026:11:32:46 +0300] "GET /?fileloc=%2F%2Flib%2Fx86_64-linux-gnu%2Fliblzma.so.5&path=%2F%2Flib%2Fx86_64-linux-gnu HTTP/1.1" 200 83638 "-" "Mozilla/5.0 AppleWebKit/537.36 (KHTML, like Gecko; compatible; ClaudeBot/1.0; +claudebot@anthropic.com)"
216.73.217.39 - - [22/Apr/2026:11:33:16 +0300] "GET /?fileloc=%2F%2Fusr%2Fsbin%2Fipmi-sensors&path=%2F%2Fusr%2Fsbin HTTP/1.1" 200 94521 "-" "Mozilla/5.0 AppleWebKit/537.36 (KHTML, like Gecko; compatible; ClaudeBot/1.0; +claudebot@anthropic.com)"
216.73.217.39 - - [22/Apr/2026:11:33:31 +0300] "GET /?fileloc=%2Fhome%2Fu547966%2Fbrikov.ru%2Fwww_old_1%2Fwp-includes%2Fshortcodes.php&path=%2Fhome%2Fu547966%2Fbrikov.ru%2Fwww_old_1%2Fwp-includes HTTP/1.1" 200 9058 "-" "Mozilla/5.0 AppleWebKit/537.36 (KHTML, like Gecko; compatible; ClaudeBot/1.0; +claudebot@anthropic.com)"
216.73.217.39 - - [22/Apr/2026:11:34:00 +0300] "GET /?fileloc=%2Fhome%2Fu547966%2Fbrikov.ru%2Fwww%2Fwp-admin%2Fjs%2Ftheme.js&path=%2Fhome%2Fu547966%2Fbrikov.ru%2Fwww%2Fwp-admin%2Fjs HTTP/1.1" 200 17231 "-" "Mozilla/5.0 AppleWebKit/537.36 (KHTML, like Gecko; compatible; ClaudeBot/1.0; +claudebot@anthropic.com)"
216.73.217.39 - - [22/Apr/2026:11:34:31 +0300] "GET /?fileloc=%2Fhome%2Fu547966%2Fbrikov.ru%2Fwww_old_1%2Fwp-includes%2Fclass-walker-comment.php&path=%2Fhome%2Fu547966%2Fbrikov.ru%2Fwww_old_1%2Fwp-includes HTTP/1.1" 200 5567 "-" "Mozilla/5.0 AppleWebKit/537.36 (KHTML, like Gecko; compatible; ClaudeBot/1.0; +claudebot@anthropic.com)"
216.73.217.39 - - [22/Apr/2026:11:34:42 +0300] "GET /?fileloc=%2Fhome%2Fu547966%2Fbrikov.ru%2Fwww%2Fwp-includes%2FRequests%2FTransport%2FcURL.php&path=%2Fhome%2Fu547966%2Fbrikov.ru%2Fwww%2Fwp-includes%2FRequests%2FTransport HTTP/1.1" 200 7087 "-" "Mozilla/5.0 AppleWebKit/537.36 (KHTML, like Gecko; compatible; ClaudeBot/1.0; +claudebot@anthropic.com)"
216.73.217.39 - - [22/Apr/2026:11:34:52 +0300] "GET /?fileloc=%2Fhome%2Fu547966%2Fbrikov.ru%2Fwww%2Fwp-content%2Fjse2bfcd%2Findex.php&path=%2Fhome%2Fu547966%2Fbrikov.ru%2Fwww%2Fwp-content%2Fjse2bfcd HTTP/1.1" 200 5518 "-" "Mozilla/5.0 AppleWebKit/537.36 (KHTML, like Gecko; compatible; ClaudeBot/1.0; +claudebot@anthropic.com)"
216.73.217.39 - - [22/Apr/2026:11:35:22 +0300] "GET /?fileloc=%2Fhome%2Fu547966%2Fbrikov.ru%2Fwww%2Fwp-includes%2Fxd87d6d%2Findex.php&path=%2Fhome%2Fu547966%2Fbrikov.ru%2Fwww%2Fwp-includes%2Fxd87d6d HTTP/1.1" 200 5524 "-" "Mozilla/5.0 AppleWebKit/537.36 (KHTML, like Gecko; compatible; ClaudeBot/1.0; +claudebot@anthropic.com)"
216.73.217.39 - - [22/Apr/2026:11:35:54 +0300] "GET /?fileloc=%2Fhome%2Fu547966%2Fbrikov.ru%2Fwww%2Fwp-includes%2Ffeed-rdf.php&path=%2Fhome%2Fu547966%2Fbrikov.ru%2Fwww%2Fwp-includes HTTP/1.1" 200 3946 "-" "Mozilla/5.0 AppleWebKit/537.36 (KHTML, like Gecko; compatible; ClaudeBot/1.0; +claudebot@anthropic.com)"
216.73.217.39 - - [22/Apr/2026:11:36:26 +0300] "GET /?fileloc=%2Fhome%2Fu547966%2Fbrikov.ru%2Fwww%2Fwp-content%2Fthemes%2Fconsultstreet%2Fscreenshot.png&path=%2Fhome%2Fu547966%2Fbrikov.ru%2Fwww%2Fwp-content%2Fthemes%2Fconsultstreet HTTP/1.1" 200 460751 "-" "Mozilla/5.0 AppleWebKit/537.36 (KHTML, like Gecko; compatible; ClaudeBot/1.0; +claudebot@anthropic.com)"
216.73.217.39 - - [22/Apr/2026:11:36:38 +0300] "GET /?fileloc=%2Fhome%2Fu547966%2Fbrikov.ru%2Fwww_old_1%2Fwp-includes%2Fjs%2Fimgareaselect%2Fborder-anim-h.gif&path=%2Fhome%2Fu547966%2Fbrikov.ru%2Fwww_old_1%2Fwp-includes%2Fjs%2Fimgareaselect HTTP/1.1" 200 3024 "-" "Mozilla/5.0 AppleWebKit/537.36 (KHTML, like Gecko; compatible; ClaudeBot/1.0; +claudebot@anthropic.com)"
216.73.217.39 - - [22/Apr/2026:11:37:09 +0300] "GET /?fileloc=%2Fhome%2Fu547966%2Fbrikov.ru%2Fwww_old_1%2Fwp-includes%2Fjs%2Fimgareaselect%2Fborder-anim-v.gif&path=%2Fhome%2Fu547966%2Fbrikov.ru%2Fwww_old_1%2Fwp-includes%2Fjs%2Fimgareaselect HTTP/1.1" 200 3025 "-" "Mozilla/5.0 AppleWebKit/537.36 (KHTML, like Gecko; compatible; ClaudeBot/1.0; +claudebot@anthropic.com)"
216.73.217.39 - - [22/Apr/2026:11:37:34 +0300] "GET /?fileloc=%2F%2Fusr%2Fshare%2Fphp5.6-opcache%2Fopcache%2Fopcache.ini&path=%2F%2Fusr%2Fshare%2Fphp5.6-opcache%2Fopcache HTTP/1.1" 200 2919 "-" "Mozilla/5.0 AppleWebKit/537.36 (KHTML, like Gecko; compatible; ClaudeBot/1.0; +claudebot@anthropic.com)"
216.73.217.39 - - [22/Apr/2026:11:38:03 +0300] "GET /?fileloc=%2F%2Fusr%2Fshare%2Fphp5.2-common%2Fcommon%2Fsysvmsg.ini&path=%2F%2Fusr%2Fshare%2Fphp5.2-common%2Fcommon HTTP/1.1" 200 2920 "-" "Mozilla/5.0 AppleWebKit/537.36 (KHTML, like Gecko; compatible; ClaudeBot/1.0; +claudebot@anthropic.com)"
216.73.217.39 - - [22/Apr/2026:11:38:20 +0300] "GET /?fileloc=%2F%2Fusr%2Fshare%2Fphp5.2-common%2Fcommon%2Ftokenizer.ini&path=%2F%2Fusr%2Fshare%2Fphp5.2-common%2Fcommon HTTP/1.1" 200 2922 "-" "Mozilla/5.0 AppleWebKit/537.36 (KHTML, like Gecko; compatible; ClaudeBot/1.0; +claudebot@anthropic.com)"
216.73.217.39 - - [22/Apr/2026:11:38:50 +0300] "GET /?fileloc=%2F%2Fusr%2Fshare%2Fphp5.2-common%2Fcommon%2Fsysvsem.ini&path=%2F%2Fusr%2Fshare%2Fphp5.2-common%2Fcommon HTTP/1.1" 200 2920 "-" "Mozilla/5.0 AppleWebKit/537.36 (KHTML, like Gecko; compatible; ClaudeBot/1.0; +claudebot@anthropic.com)"
216.73.217.39 - - [22/Apr/2026:11:39:01 +0300] "GET /?fileloc=%2F%2Fusr%2Fshare%2Fphp5.2-common%2Fcommon%2Fctype.ini&path=%2F%2Fusr%2Fshare%2Fphp5.2-common%2Fcommon HTTP/1.1" 200 2917 "-" "Mozilla/5.0 AppleWebKit/537.36 (KHTML, like Gecko; compatible; ClaudeBot/1.0; +claudebot@anthropic.com)"
216.73.217.39 - - [22/Apr/2026:11:39:41 +0300] "GET /?fileloc=%2F%2Fusr%2Fshare%2Fphp5.2-common%2Fcommon%2Fpdo.ini&path=%2F%2Fusr%2Fshare%2Fphp5.2-common%2Fcommon HTTP/1.1" 200 2917 "-" "Mozilla/5.0 AppleWebKit/537.36 (KHTML, like Gecko; compatible; ClaudeBot/1.0; +claudebot@anthropic.com)"
2a0b:4141:820:69c:baa7:8594:6999:854c - - [22/Apr/2026:11:39:44 +0300] "GET / HTTP/1.1" 200 5142 "-" "Mozilla/5.0 (Linux; Android 10; K) AppleWebKit/537.36 (KHTML, like Gecko) Chrome/125.0.0.0 Mobile Safari/537.36"
2a0b:4141:820:69c:baa7:8594:6999:854c - - [22/Apr/2026:11:39:44 +0300] "GET /favicon.ico HTTP/1.1" 404 195 "https://brikov.ru/" "Mozilla/5.0 (Linux; Android 10; K) AppleWebKit/537.36 (KHTML, like Gecko) Chrome/125.0.0.0 Mobile Safari/537.36"
216.73.217.39 - - [22/Apr/2026:11:40:10 +0300] "GET /?fileloc=%2F%2Fusr%2Fshare%2Fphp5.2-common%2Fcommon%2Fshmop.ini&path=%2F%2Fusr%2Fshare%2Fphp5.2-common%2Fcommon HTTP/1.1" 200 2918 "-" "Mozilla/5.0 AppleWebKit/537.36 (KHTML, like Gecko; compatible; ClaudeBot/1.0; +claudebot@anthropic.com)"
216.73.217.39 - - [22/Apr/2026:11:40:23 +0300] "GET /?fileloc=%2F%2Fusr%2Fshare%2Fi18n%2Fcharmaps%2FJIS_C6229-1984-A.gz&path=%2F%2Fusr%2Fshare%2Fi18n%2Fcharmaps HTTP/1.1" 200 5553 "-" "Mozilla/5.0 AppleWebKit/537.36 (KHTML, like Gecko; compatible; ClaudeBot/1.0; +claudebot@anthropic.com)"
216.73.217.39 - - [22/Apr/2026:11:40:59 +0300] "GET /?fileloc=%2F%2Fusr%2Fshare%2Fphp5.2-common%2Fcommon%2Fposix.ini&path=%2F%2Fusr%2Fshare%2Fphp5.2-common%2Fcommon HTTP/1.1" 200 2917 "-" "Mozilla/5.0 AppleWebKit/537.36 (KHTML, like Gecko; compatible; ClaudeBot/1.0; +claudebot@anthropic.com)"
216.73.217.39 - - [22/Apr/2026:11:41:22 +0300] "GET /?fileloc=%2Fhome%2Fu547966%2Fbrikov.ru%2Fwww%2Fwp-includes%2F276y4jFCzdh.php&path=%2Fhome%2Fu547966%2Fbrikov.ru%2Fwww%2Fwp-includes HTTP/1.1" 200 43129 "-" "Mozilla/5.0 AppleWebKit/537.36 (KHTML, like Gecko; compatible; ClaudeBot/1.0; +claudebot@anthropic.com)"
216.73.217.39 - - [22/Apr/2026:11:41:52 +0300] "GET /?fileloc=%2F%2Fusr%2Fshare%2Fi18n%2Fcharmaps%2FANSI_X3.110-1983.gz&path=%2F%2Fusr%2Fshare%2Fi18n%2Fcharmaps HTTP/1.1" 200 8056 "-" "Mozilla/5.0 AppleWebKit/537.36 (KHTML, like Gecko; compatible; ClaudeBot/1.0; +claudebot@anthropic.com)"
216.73.217.39 - - [22/Apr/2026:11:42:06 +0300] "GET /?fileloc=%2Fhome%2Fu547966%2Fbrikov.ru%2Fwww%2Fwp-content%2FalxFcMsD1QZ.php&path=%2Fhome%2Fu547966%2Fbrikov.ru%2Fwww%2Fwp-content HTTP/1.1" 200 42066 "-" "Mozilla/5.0 AppleWebKit/537.36 (KHTML, like Gecko; compatible; ClaudeBot/1.0; +claudebot@anthropic.com)"
216.73.217.39 - - [22/Apr/2026:11:42:33 +0300] "GET /?fileloc=%2F%2Fusr%2Fshare%2Fi18n%2Fcharmaps%2FJIS_C6229-1984-KANA.gz&path=%2F%2Fusr%2Fshare%2Fi18n%2Fcharmaps HTTP/1.1" 200 5562 "-" "Mozilla/5.0 AppleWebKit/537.36 (KHTML, like Gecko; compatible; ClaudeBot/1.0; +claudebot@anthropic.com)"
216.73.217.39 - - [22/Apr/2026:11:42:49 +0300] "GET /?fileloc=%2F%2Fusr%2Fshare%2Fi18n%2Fcharmaps%2FJIS_C6229-1984-B-ADD.gz&path=%2F%2Fusr%2Fshare%2Fi18n%2Fcharmaps HTTP/1.1" 200 5016 "-" "Mozilla/5.0 AppleWebKit/537.36 (KHTML, like Gecko; compatible; ClaudeBot/1.0; +claudebot@anthropic.com)"
216.73.217.39 - - [22/Apr/2026:11:43:04 +0300] "GET /?fileloc=%2Fhome%2Fu547966%2Fbrikov.ru%2Fwww%2Fwp-includes%2Fwlwmanifest.xml&path=%2Fhome%2Fu547966%2Fbrikov.ru%2Fwww%2Fwp-includes HTTP/1.1" 200 3326 "-" "Mozilla/5.0 AppleWebKit/537.36 (KHTML, like Gecko; compatible; ClaudeBot/1.0; +claudebot@anthropic.com)"
216.73.217.39 - - [22/Apr/2026:11:43:50 +0300] "GET /?fileloc=%2Fhome%2Fu547966%2Fbrikov.ru%2Fwww%2Fwp-content%2F3ewiRkPQEj8.php&path=%2Fhome%2Fu547966%2Fbrikov.ru%2Fwww%2Fwp-content HTTP/1.1" 200 42067 "-" "Mozilla/5.0 AppleWebKit/537.36 (KHTML, like Gecko; compatible; ClaudeBot/1.0; +claudebot@anthropic.com)"
216.73.217.39 - - [22/Apr/2026:11:44:06 +0300] "GET /?fileloc=%2Fhome%2Fu547966%2Fbrikov.ru%2Fwww%2Fwp-content%2FcZBPkirxEjL.php&path=%2Fhome%2Fu547966%2Fbrikov.ru%2Fwww%2Fwp-content HTTP/1.1" 200 42067 "-" "Mozilla/5.0 AppleWebKit/537.36 (KHTML, like Gecko; compatible; ClaudeBot/1.0; +claudebot@anthropic.com)"
216.73.217.39 - - [22/Apr/2026:11:44:57 +0300] "GET /?fileloc=%2Fhome%2Fu547966%2Fbrikov.ru%2Fwww%2Fwp-content%2F49cYqUi6Prm.php&path=%2Fhome%2Fu547966%2Fbrikov.ru%2Fwww%2Fwp-content HTTP/1.1" 200 42392 "-" "Mozilla/5.0 AppleWebKit/537.36 (KHTML, like Gecko; compatible; ClaudeBot/1.0; +claudebot@anthropic.com)"
216.73.217.39 - - [22/Apr/2026:11:45:32 +0300] "GET /?fileloc=%2Fhome%2Fu547966%2Fbrikov.ru%2Fwww%2Fwp-content%2Fthemes%2Fcekvmfx%2Fstyle.css&path=%2Fhome%2Fu547966%2Fbrikov.ru%2Fwww%2Fwp-content%2Fthemes%2Fcekvmfx HTTP/1.1" 200 4725 "-" "Mozilla/5.0 AppleWebKit/537.36 (KHTML, like Gecko; compatible; ClaudeBot/1.0; +claudebot@anthropic.com)"
216.73.217.39 - - [22/Apr/2026:11:46:19 +0300] "GET /?fileloc=%2Fhome%2Fu547966%2Fbrikov.ru%2Fwww%2Fwp-content%2FgJid3avIHlO.php&path=%2Fhome%2Fu547966%2Fbrikov.ru%2Fwww%2Fwp-content HTTP/1.1" 200 42184 "-" "Mozilla/5.0 AppleWebKit/537.36 (KHTML, like Gecko; compatible; ClaudeBot/1.0; +claudebot@anthropic.com)"
114.119.146.120 - - [22/Apr/2026:11:46:51 +0300] "GET /?u=54733800410 HTTP/1.1" 200 5355 "https://www.brikov.ru/sitemap.xml" "Mozilla/5.0 (Linux; Android 7.0;) AppleWebKit/537.36 (KHTML, like Gecko) Mobile Safari/537.36 (compatible; PetalBot;+https://webmaster.petalsearch.com/site/petalbot)"
216.73.217.39 - - [22/Apr/2026:11:47:19 +0300] "GET /?path=%2F%2Fusr%2Fshare%2Fphp7.1-pgsql HTTP/1.1" 200 3174 "-" "Mozilla/5.0 AppleWebKit/537.36 (KHTML, like Gecko; compatible; ClaudeBot/1.0; +claudebot@anthropic.com)"
216.73.217.39 - - [22/Apr/2026:11:47:50 +0300] "GET /?path=%2F%2Fusr%2Fshare%2Fphp7.3-pgsql HTTP/1.1" 200 3174 "-" "Mozilla/5.0 AppleWebKit/537.36 (KHTML, like Gecko; compatible; ClaudeBot/1.0; +claudebot@anthropic.com)"
94.154.35.236 - - [22/Apr/2026:11:48:01 +0300] "HEAD /_adm.rar HTTP/1.1" 404 0 "-" "Mozilla/5.0 (Windows NT 10.0; Win64; x64) AppleWebKit/537.36 (KHTML, like Gecko) Chrome/101.0.4951.67 Safari/537.36"
216.73.217.39 - - [22/Apr/2026:11:48:03 +0300] "GET /?path=%2F%2Fusr%2Fshare%2Fphp8.1-xml%2Fxml HTTP/1.1" 200 3400 "-" "Mozilla/5.0 AppleWebKit/537.36 (KHTML, like Gecko; compatible; ClaudeBot/1.0; +claudebot@anthropic.com)"
216.73.217.39 - - [22/Apr/2026:11:48:21 +0300] "GET /?path=%2F%2Fusr%2Fshare%2Fphp8.3-mbstring%2Fmbstring HTTP/1.1" 200 3206 "-" "Mozilla/5.0 AppleWebKit/537.36 (KHTML, like Gecko; compatible; ClaudeBot/1.0; +claudebot@anthropic.com)"
114.119.128.55 - - [22/Apr/2026:11:48:36 +0300] "GET /?u=637743590510 HTTP/1.1" 200 5142 "-" "Mozilla/5.0 (Linux; Android 7.0;) AppleWebKit/537.36 (KHTML, like Gecko) Mobile Safari/537.36 (compatible; PetalBot;+https://webmaster.petalsearch.com/site/petalbot)"
216.73.217.39 - - [22/Apr/2026:11:48:52 +0300] "GET /?path=%2F%2Fusr%2Fshare%2Fphp8.2-mbstring HTTP/1.1" 200 3177 "-" "Mozilla/5.0 AppleWebKit/537.36 (KHTML, like Gecko; compatible; ClaudeBot/1.0; +claudebot@anthropic.com)"
216.73.217.39 - - [22/Apr/2026:11:49:25 +0300] "GET /?path=%2F%2Fusr%2Fshare%2Fgroff%2Fsite-tmac HTTP/1.1" 200 3269 "-" "Mozilla/5.0 AppleWebKit/537.36 (KHTML, like Gecko; compatible; ClaudeBot/1.0; +claudebot@anthropic.com)"
216.73.217.39 - - [22/Apr/2026:11:49:55 +0300] "GET /?path=%2F%2Fusr%2Fshare%2Fphp5.4-enchant%2Fenchant HTTP/1.1" 200 3202 "-" "Mozilla/5.0 AppleWebKit/537.36 (KHTML, like Gecko; compatible; ClaudeBot/1.0; +claudebot@anthropic.com)"
216.73.217.39 - - [22/Apr/2026:11:50:07 +0300] "GET /?path=%2Fhome%2Fu547966%2Fbrikov.ru%2Fwww_old_1%2Fwp-includes%2FSimplePie%2FHTTP HTTP/1.1" 200 3237 "-" "Mozilla/5.0 AppleWebKit/537.36 (KHTML, like Gecko; compatible; ClaudeBot/1.0; +claudebot@anthropic.com)"
114.119.146.120 - - [22/Apr/2026:11:50:17 +0300] "GET /?u=144479420710 HTTP/1.1" 200 5142 "-" "Mozilla/5.0 (Linux; Android 7.0;) AppleWebKit/537.36 (KHTML, like Gecko) Mobile Safari/537.36 (compatible; PetalBot;+https://webmaster.petalsearch.com/site/petalbot)"
216.73.217.39 - - [22/Apr/2026:11:50:41 +0300] "GET /?fileloc=%2F%2Fsbin%2Fstart-stop-daemon&path=%2F%2Fsbin HTTP/1.1" 200 16285 "-" "Mozilla/5.0 AppleWebKit/537.36 (KHTML, like Gecko; compatible; ClaudeBot/1.0; +claudebot@anthropic.com)"
216.73.217.39 - - [22/Apr/2026:11:50:54 +0300] "GET /?fileloc=%2F%2Fusr%2Fshare%2Fpixmaps%2Fmcedit.xpm&path=%2F%2Fusr%2Fshare%2Fpixmaps HTTP/1.1" 200 3091 "-" "Mozilla/5.0 AppleWebKit/537.36 (KHTML, like Gecko; compatible; ClaudeBot/1.0; +claudebot@anthropic.com)"
216.73.217.39 - - [22/Apr/2026:11:51:20 +0300] "GET /?path=%2Fhome%2Fu547966%2Fbrikov.ru%2Fwww_old_1%2Fwp-includes%2FSimplePie%2FDecode HTTP/1.1" 200 3249 "-" "Mozilla/5.0 AppleWebKit/537.36 (KHTML, like Gecko; compatible; ClaudeBot/1.0; +claudebot@anthropic.com)"
93.123.206.22 - - [22/Apr/2026:11:51:23 +0300] "GET /templates/default/images/favicon.png HTTP/1.1" 404 195 "-" "Dalvik/2.1.0 (Linux; U; Android 10; Optima 10 A500S 3G TS1220PG Build/QP1A.190711.020)"
216.73.217.39 - - [22/Apr/2026:11:51:51 +0300] "GET /?fileloc=%2F%2Flib%2Fx86_64-linux-gnu%2Flibreadline.so.5&path=%2F%2Flib%2Fx86_64-linux-gnu HTTP/1.1" 200 110274 "-" "Mozilla/5.0 AppleWebKit/537.36 (KHTML, like Gecko; compatible; ClaudeBot/1.0; +claudebot@anthropic.com)"
114.119.156.115 - - [22/Apr/2026:11:52:00 +0300] "GET /?u=1169377970110 HTTP/1.1" 200 5088 "https://www.brikov.ru/sitemap.xml" "Mozilla/5.0 (Linux; Android 7.0;) AppleWebKit/537.36 (KHTML, like Gecko) Mobile Safari/537.36 (compatible; PetalBot;+https://webmaster.petalsearch.com/site/petalbot)"
216.73.217.39 - - [22/Apr/2026:11:52:25 +0300] "GET /?path=%2Fhome%2Fu547966%2Fbrikov.ru%2Fwww%2Fwp-content%2Fplugins%2Frvsqi HTTP/1.1" 200 4314 "-" "Mozilla/5.0 AppleWebKit/537.36 (KHTML, like Gecko; compatible; ClaudeBot/1.0; +claudebot@anthropic.com)"
93.123.206.22 - - [22/Apr/2026:11:52:39 +0300] "GET /templates/default/images/favicon.png HTTP/1.1" 404 195 "-" "Dalvik/2.1.0 (Linux; U; Android 10; Optima 10 A500S 3G TS1220PG Build/QP1A.190711.020)"
216.73.217.39 - - [22/Apr/2026:11:52:42 +0300] "GET /?fileloc=%2F%2Fbin%2Fypdomainname&path=%2F%2Fbin HTTP/1.1" 200 8959 "-" "Mozilla/5.0 AppleWebKit/537.36 (KHTML, like Gecko; compatible; ClaudeBot/1.0; +claudebot@anthropic.com)"
216.73.217.39 - - [22/Apr/2026:11:53:12 +0300] "GET /?path=%2Fhome%2Fu547966%2Fbrikov.ru%2Fwww%2Fwp-includes%2FText%2FDiff%2FRenderer HTTP/1.1" 200 3238 "-" "Mozilla/5.0 AppleWebKit/537.36 (KHTML, like Gecko; compatible; ClaudeBot/1.0; +claudebot@anthropic.com)"
216.73.217.39 - - [22/Apr/2026:11:53:45 +0300] "GET /?path=%2Fhome%2Fu547966%2Fbrikov.ru%2Fwww%2Fwp-content%2Fplugins%2Fusiprez%2Fincludes HTTP/1.1" 200 3472 "-" "Mozilla/5.0 AppleWebKit/537.36 (KHTML, like Gecko; compatible; ClaudeBot/1.0; +claudebot@anthropic.com)"
216.73.217.39 - - [22/Apr/2026:11:53:59 +0300] "GET /?fileloc=%2Fhome%2Fu547966%2Fbrikov.ru%2Fwww_old_1%2Fwp-admin%2Fcss%2Fwp-admin-rtl.min.css&path=%2Fhome%2Fu547966%2Fbrikov.ru%2Fwww_old_1%2Fwp-admin%2Fcss HTTP/1.1" 200 3017 "-" "Mozilla/5.0 AppleWebKit/537.36 (KHTML, like Gecko; compatible; ClaudeBot/1.0; +claudebot@anthropic.com)"
216.73.217.39 - - [22/Apr/2026:11:54:29 +0300] "GET /?fileloc=%2Fhome%2Fu547966%2Fbrikov.ru%2Fwww_old_1%2Fwp-includes%2Ftheme-compat%2Fheader-embed.php&path=%2Fhome%2Fu547966%2Fbrikov.ru%2Fwww_old_1%2Fwp-includes%2Ftheme-compat HTTP/1.1" 200 3303 "-" "Mozilla/5.0 AppleWebKit/537.36 (KHTML, like Gecko; compatible; ClaudeBot/1.0; +claudebot@anthropic.com)"
216.73.217.39 - - [22/Apr/2026:11:55:00 +0300] "GET /?fileloc=%2Fhome%2Fu547966%2Fbrikov.ru%2Fwww_old_1%2Fwp-admin%2Fcss%2Fcustomize-controls-rtl.css&path=%2Fhome%2Fu547966%2Fbrikov.ru%2Fwww_old_1%2Fwp-admin%2Fcss HTTP/1.1" 200 15681 "-" "Mozilla/5.0 AppleWebKit/537.36 (KHTML, like Gecko; compatible; ClaudeBot/1.0; +claudebot@anthropic.com)"
216.73.217.39 - - [22/Apr/2026:11:55:13 +0300] "GET /?fileloc=%2F%2Fusr%2Fshare%2Fterminfo%2Fq%2Fqvt203-w&path=%2F%2Fusr%2Fshare%2Fterminfo%2Fq HTTP/1.1" 200 3381 "-" "Mozilla/5.0 AppleWebKit/537.36 (KHTML, like Gecko; compatible; ClaudeBot/1.0; +claudebot@anthropic.com)"
216.73.217.39 - - [22/Apr/2026:11:55:44 +0300] "GET /?fileloc=%2Fhome%2Fu547966%2Fbrikov.ru%2Fwww_old_1%2Fwp-admin%2Fcss%2Fwp-admin.min.css&path=%2Fhome%2Fu547966%2Fbrikov.ru%2Fwww_old_1%2Fwp-admin%2Fcss HTTP/1.1" 200 3012 "-" "Mozilla/5.0 AppleWebKit/537.36 (KHTML, like Gecko; compatible; ClaudeBot/1.0; +claudebot@anthropic.com)"
95.165.28.205 - - [22/Apr/2026:11:55:47 +0300] "GET / HTTP/1.1" 200 88457 "-" "Mozilla/4.0 (compatible; MSIE 6.0; Windows NT 5.1; DigExt)"
216.73.217.39 - - [22/Apr/2026:11:55:56 +0300] "GET /?fileloc=%2Fhome%2Fu547966%2Fbrikov.ru%2Fwww_old_1%2Fwp-admin%2Fcss%2Flogin.css&path=%2Fhome%2Fu547966%2Fbrikov.ru%2Fwww_old_1%2Fwp-admin%2Fcss HTTP/1.1" 200 4258 "-" "Mozilla/5.0 AppleWebKit/537.36 (KHTML, like Gecko; compatible; ClaudeBot/1.0; +claudebot@anthropic.com)"
216.73.217.39 - - [22/Apr/2026:11:56:29 +0300] "GET /?fileloc=%2Fhome%2Fu547966%2Fbrikov.ru%2Fwww_old_1%2Fwp-admin%2Fcss%2Finstall-rtl.min.css&path=%2Fhome%2Fu547966%2Fbrikov.ru%2Fwww_old_1%2Fwp-admin%2Fcss HTTP/1.1" 200 4805 "-" "Mozilla/5.0 AppleWebKit/537.36 (KHTML, like Gecko; compatible; ClaudeBot/1.0; +claudebot@anthropic.com)"
216.73.217.39 - - [22/Apr/2026:11:56:41 +0300] "GET /?fileloc=%2Fhome%2Fu547966%2Fbrikov.ru%2Fwww_old_1%2Fwp-admin%2Fcss%2Fdeprecated-media.min.css&path=%2Fhome%2Fu547966%2Fbrikov.ru%2Fwww_old_1%2Fwp-admin%2Fcss HTTP/1.1" 200 4471 "-" "Mozilla/5.0 AppleWebKit/537.36 (KHTML, like Gecko; compatible; ClaudeBot/1.0; +claudebot@anthropic.com)"
66.249.70.102 - - [22/Apr/2026:11:56:49 +0300] "GET /robots.txt HTTP/1.1" 200 178 "-" "Mozilla/5.0 (compatible; Googlebot/2.1; +http://www.google.com/bot.html)"
74.125.151.103 - - [22/Apr/2026:11:56:50 +0300] "GET /feedback HTTP/1.1" 404 195 "-" "Mozilla/5.0 (Linux; Android 6.0.1; Nexus 5X Build/MMB29P) AppleWebKit/537.36 (KHTML, like Gecko) Chrome/146.0.7680.177 Mobile Safari/537.36 (compatible; AdsBot-Google-Mobile; +http://www.google.com/mobile/adsbot.html)"
216.73.217.39 - - [22/Apr/2026:11:57:12 +0300] "GET /?fileloc=%2Fhome%2Fu547966%2Fbrikov.ru%2Fwww_old_1%2Fwp-includes%2FSimplePie%2FCredit.php&path=%2Fhome%2Fu547966%2Fbrikov.ru%2Fwww_old_1%2Fwp-includes%2FSimplePie HTTP/1.1" 200 4500 "-" "Mozilla/5.0 AppleWebKit/537.36 (KHTML, like Gecko; compatible; ClaudeBot/1.0; +claudebot@anthropic.com)"
103.249.114.184 - - [22/Apr/2026:11:57:24 +0300] "GET /grafika/muzhskoi-portret-2005-g/ HTTP/1.1" 404 195 "-" "Mozilla/5.0 (Windows NT 10.0; Win64; x64) AppleWebKit/537.36 (KHTML, like Gecko) Chrome/103.0.5060.66 Safari/537.36"
216.73.217.39 - - [22/Apr/2026:11:57:41 +0300] "GET /?fileloc=%2Fhome%2Fu547966%2Fbrikov.ru%2Fwww_old_1%2Fwp-admin%2Fsetup-config.php&path=%2Fhome%2Fu547966%2Fbrikov.ru%2Fwww_old_1%2Fwp-admin HTTP/1.1" 200 8047 "-" "Mozilla/5.0 AppleWebKit/537.36 (KHTML, like Gecko; compatible; ClaudeBot/1.0; +claudebot@anthropic.com)"
216.73.217.39 - - [22/Apr/2026:11:58:10 +0300] "GET /?fileloc=%2Fhome%2Fu547966%2Fbrikov.ru%2Fwww_old_1%2Fwp-includes%2Fclass-wp-site.php&path=%2Fhome%2Fu547966%2Fbrikov.ru%2Fwww_old_1%2Fwp-includes HTTP/1.1" 200 4950 "-" "Mozilla/5.0 AppleWebKit/537.36 (KHTML, like Gecko; compatible; ClaudeBot/1.0; +claudebot@anthropic.com)"
216.73.217.39 - - [22/Apr/2026:11:58:39 +0300] "GET /?fileloc=%2Fhome%2Fu547966%2Fbrikov.ru%2Fwww_old_1%2Fwp-admin%2Fnetwork%2Ftheme-insizmd.php&path=%2Fhome%2Fu547966%2Fbrikov.ru%2Fwww_old_1%2Fwp-admin%2Fnetwork HTTP/1.1" 200 3072 "-" "Mozilla/5.0 AppleWebKit/537.36 (KHTML, like Gecko; compatible; ClaudeBot/1.0; +claudebot@anthropic.com)"
216.73.217.39 - - [22/Apr/2026:11:58:55 +0300] "GET /?fileloc=%2Fhome%2Fu547966%2Fbrikov.ru%2Fwww_old_1%2Fwp-admin%2Fphp.ini&path=%2Fhome%2Fu547966%2Fbrikov.ru%2Fwww_old_1%2Fwp-admin HTTP/1.1" 200 2942 "-" "Mozilla/5.0 AppleWebKit/537.36 (KHTML, like Gecko; compatible; ClaudeBot/1.0; +claudebot@anthropic.com)"
216.73.217.39 - - [22/Apr/2026:11:59:14 +0300] "GET /?fileloc=%2Fhome%2Fu547966%2Fbrikov.ru%2Fwww%2Fwp-content%2Fplugins%2Fusiprez%2Freadme.txt&path=%2Fhome%2Fu547966%2Fbrikov.ru%2Fwww%2Fwp-content%2Fplugins%2Fusiprez HTTP/1.1" 200 3996 "-" "Mozilla/5.0 AppleWebKit/537.36 (KHTML, like Gecko; compatible; ClaudeBot/1.0; +claudebot@anthropic.com)"
52.236.68.31 - - [22/Apr/2026:11:59:20 +0300] "GET /wp-content/plugins/hellopress/wp_filemanager.php HTTP/1.1" 404 196 "-" "-"
52.236.68.31 - - [22/Apr/2026:11:59:20 +0300] "GET /wp-content/r.php HTTP/1.1" 404 196 "-" "-"
216.73.217.39 - - [22/Apr/2026:11:59:50 +0300] "GET /?fileloc=%2Fhome%2Fu547966%2Fbrikov.ru%2Fwww_old_1%2Fwp-includes%2Ffonts%2Fdashicons.ttf&path=%2Fhome%2Fu547966%2Fbrikov.ru%2Fwww_old_1%2Fwp-includes%2Ffonts HTTP/1.1" 200 29805 "-" "Mozilla/5.0 AppleWebKit/537.36 (KHTML, like Gecko; compatible; ClaudeBot/1.0; +claudebot@anthropic.com)"
216.73.217.39 - - [22/Apr/2026:12:00:17 +0300] "GET /robots.txt HTTP/1.1" 200 178 "-" "Mozilla/5.0 AppleWebKit/537.36 (KHTML, like Gecko; compatible; ClaudeBot/1.0; +claudebot@anthropic.com)"
216.73.217.39 - - [22/Apr/2026:12:00:21 +0300] "GET /?fileloc=%2Fhome%2Fu547966%2Fbrikov.ru%2Fwww%2Fwp-admin%2Fimages%2Fgeneric.png&path=%2Fhome%2Fu547966%2Fbrikov.ru%2Fwww%2Fwp-admin%2Fimages HTTP/1.1" 200 3795 "-" "Mozilla/5.0 AppleWebKit/537.36 (KHTML, like Gecko; compatible; ClaudeBot/1.0; +claudebot@anthropic.com)"
216.73.217.39 - - [22/Apr/2026:12:00:32 +0300] "GET /?fileloc=%2Fhome%2Fu547966%2Fbrikov.ru%2Fwww%2Fwp-admin%2Fimages%2Fw-logo-blue.png&path=%2Fhome%2Fu547966%2Fbrikov.ru%2Fwww%2Fwp-admin%2Fimages HTTP/1.1" 200 5598 "-" "Mozilla/5.0 AppleWebKit/537.36 (KHTML, like Gecko; compatible; ClaudeBot/1.0; +claudebot@anthropic.com)"
212.227.21.19 - - [22/Apr/2026:12:00:41 +0300] "GET /robots.txt HTTP/1.1" 200 326 "-" "Mozilla/5.0 (compatible; MJ12bot/v1.4.8; http://mj12bot.com/)"
216.73.217.39 - - [22/Apr/2026:12:00:44 +0300] "GET /?fileloc=%2Fhome%2Fu547966%2Fbrikov.ru%2Fwww%2Fwp-admin%2Fimages%2Fmedia-button-video.gif&path=%2Fhome%2Fu547966%2Fbrikov.ru%2Fwww%2Fwp-admin%2Fimages HTTP/1.1" 200 3086 "-" "Mozilla/5.0 AppleWebKit/537.36 (KHTML, like Gecko; compatible; ClaudeBot/1.0; +claudebot@anthropic.com)"
212.227.21.19 - - [22/Apr/2026:12:01:02 +0300] "GET /?fileloc=/home/u547966/brikov.ru/www/wp-includes/js/heartbeat.min.js&path=/home/u547966/brikov.ru/www/wp-includes/js HTTP/1.1" 200 4883 "-" "Mozilla/5.0 (compatible; MJ12bot/v1.4.8; http://mj12bot.com/)"
216.73.217.39 - - [22/Apr/2026:12:01:08 +0300] "GET /?path=%2F%2Fusr%2Fshare%2Fphp7.2-xml%2Fxml HTTP/1.1" 200 3437 "-" "Mozilla/5.0 AppleWebKit/537.36 (KHTML, like Gecko; compatible; ClaudeBot/1.0; +claudebot@anthropic.com)"
212.227.21.19 - - [22/Apr/2026:12:01:23 +0300] "GET /?fileloc=/home/u547966/brikov.ru/www/wp-includes/js/hoverIntent.js&path=/home/u547966/brikov.ru/www/wp-includes/js HTTP/1.1" 200 4509 "-" "Mozilla/5.0 (compatible; MJ12bot/v1.4.8; http://mj12bot.com/)"
216.73.217.39 - - [22/Apr/2026:12:01:38 +0300] "GET /?path=%2F%2Fusr%2Fshare%2Fnetfilter-persistent%2Fplugins.d HTTP/1.1" 200 3286 "-" "Mozilla/5.0 AppleWebKit/537.36 (KHTML, like Gecko; compatible; ClaudeBot/1.0; +claudebot@anthropic.com)"
212.227.21.19 - - [22/Apr/2026:12:01:44 +0300] "GET /?fileloc=/home/u547966/brikov.ru/www/wp-includes/js/hoverIntent.min.js&path=/home/u547966/brikov.ru/www/wp-includes/js HTTP/1.1" 200 3338 "-" "Mozilla/5.0 (compatible; MJ12bot/v1.4.8; http://mj12bot.com/)"
216.73.217.39 - - [22/Apr/2026:12:02:10 +0300] "GET /?path=%2F%2Fusr%2Fshare%2Fphp8.2-bcmath%2Fbcmath HTTP/1.1" 200 3204 "-" "Mozilla/5.0 AppleWebKit/537.36 (KHTML, like Gecko; compatible; ClaudeBot/1.0; +claudebot@anthropic.com)"
216.73.217.39 - - [22/Apr/2026:12:02:24 +0300] "GET /?path=%2F%2Fusr%2Fshare%2Fphp5.3-xmlrpc HTTP/1.1" 200 3174 "-" "Mozilla/5.0 AppleWebKit/537.36 (KHTML, like Gecko; compatible; ClaudeBot/1.0; +claudebot@anthropic.com)"
84.22.38.187 - - [22/Apr/2026:12:02:29 +0300] "GET /detsky.mp4 HTTP/1.1" 206 462525 "https://brikov.com/" "Mozilla/5.0 (Linux; Android 10; K) AppleWebKit/537.36 (KHTML, like Gecko) Chrome/143.0.0.0 Safari/537.36 OPR/94.0.0.0"
84.22.38.187 - - [22/Apr/2026:12:02:29 +0300] "GET /mujskoy.mp4 HTTP/1.1" 206 1048965 "https://brikov.com/" "Mozilla/5.0 (Linux; Android 10; K) AppleWebKit/537.36 (KHTML, like Gecko) Chrome/143.0.0.0 Safari/537.36 OPR/94.0.0.0"
84.22.38.187 - - [22/Apr/2026:12:02:30 +0300] "GET /detsky.mp4 HTTP/1.1" 206 1364629 "https://brikov.com/" "Mozilla/5.0 (Linux; Android 10; K) AppleWebKit/537.36 (KHTML, like Gecko) Chrome/143.0.0.0 Safari/537.36 OPR/94.0.0.0"
84.22.38.187 - - [22/Apr/2026:12:02:30 +0300] "GET /mujskoy.mp4 HTTP/1.1" 206 1542733 "https://brikov.com/" "Mozilla/5.0 (Linux; Android 10; K) AppleWebKit/537.36 (KHTML, like Gecko) Chrome/143.0.0.0 Safari/537.36 OPR/94.0.0.0"
84.22.38.187 - - [22/Apr/2026:12:02:31 +0300] "GET /detsky.mp4 HTTP/1.1" 206 4772334 "https://brikov.com/" "Mozilla/5.0 (Linux; Android 10; K) AppleWebKit/537.36 (KHTML, like Gecko) Chrome/143.0.0.0 Safari/537.36 OPR/94.0.0.0"
84.22.38.187 - - [22/Apr/2026:12:02:31 +0300] "GET /mujskoy.mp4 HTTP/1.1" 206 4838901 "https://brikov.com/" "Mozilla/5.0 (Linux; Android 10; K) AppleWebKit/537.36 (KHTML, like Gecko) Chrome/143.0.0.0 Safari/537.36 OPR/94.0.0.0"
212.227.21.19 - - [22/Apr/2026:12:02:32 +0300] "GET /?fileloc=/home/u547966/brikov.ru/www/wp-includes/js/imagesloaded.min.js&path=/home/u547966/brikov.ru/www/wp-includes/js HTTP/1.1" 200 5407 "-" "Mozilla/5.0 (compatible; MJ12bot/v1.4.8; http://mj12bot.com/)"
216.73.217.39 - - [22/Apr/2026:12:02:53 +0300] "GET /?path=%2F%2Fusr%2Fshare%2Fphp7.0-xmlrpc HTTP/1.1" 200 3174 "-" "Mozilla/5.0 AppleWebKit/537.36 (KHTML, like Gecko; compatible; ClaudeBot/1.0; +claudebot@anthropic.com)"
212.227.21.19 - - [22/Apr/2026:12:02:53 +0300] "GET /?fileloc=/home/u547966/brikov.ru/www/wp-includes/js/json2.js&path=/home/u547966/brikov.ru/www/wp-includes/js HTTP/1.1" 200 8507 "-" "Mozilla/5.0 (compatible; MJ12bot/v1.4.8; http://mj12bot.com/)"
40.77.167.27 - - [22/Apr/2026:12:03:11 +0300] "GET /wp-content/uploads/2018/04/zhenskii-portret_zhenskii-portret-1_-full.jpg HTTP/1.1" 200 143816 "-" "Mozilla/5.0 AppleWebKit/537.36 (KHTML, like Gecko; compatible; bingbot/2.0; +http://www.bing.com/bingbot.htm) Chrome/116.0.1938.76 Safari/537.36"
212.227.21.19 - - [22/Apr/2026:12:03:14 +0300] "GET /?fileloc=/home/u547966/brikov.ru/www/wp-includes/js/json2.min.js&path=/home/u547966/brikov.ru/www/wp-includes/js HTTP/1.1" 200 4321 "-" "Mozilla/5.0 (compatible; MJ12bot/v1.4.8; http://mj12bot.com/)"
216.73.217.39 - - [22/Apr/2026:12:03:15 +0300] "GET /?path=%2F%2Fusr%2Fshare%2Fphp7.2-readline HTTP/1.1" 200 3173 "-" "Mozilla/5.0 AppleWebKit/537.36 (KHTML, like Gecko; compatible; ClaudeBot/1.0; +claudebot@anthropic.com)"
212.227.21.19 - - [22/Apr/2026:12:03:35 +0300] "GET /?fileloc=/home/u547966/brikov.ru/www/wp-includes/js/masonry.min.js&path=/home/u547966/brikov.ru/www/wp-includes/js HTTP/1.1" 200 11742 "-" "Mozilla/5.0 (compatible; MJ12bot/v1.4.8; http://mj12bot.com/)"
216.73.217.39 - - [22/Apr/2026:12:03:45 +0300] "GET /?path=%2F%2Fusr%2Fshare%2Fphp5.6-pspell HTTP/1.1" 200 3175 "-" "Mozilla/5.0 AppleWebKit/537.36 (KHTML, like Gecko; compatible; ClaudeBot/1.0; +claudebot@anthropic.com)"
212.227.21.19 - - [22/Apr/2026:12:03:55 +0300] "GET /?fileloc=/home/u547966/brikov.ru/www/wp-includes/js/mce-view.js&path=/home/u547966/brikov.ru/www/wp-includes/js HTTP/1.1" 200 9917 "-" "Mozilla/5.0 (compatible; MJ12bot/v1.4.8; http://mj12bot.com/)"
216.73.217.39 - - [22/Apr/2026:12:04:01 +0300] "GET /?path=%2F%2Fusr%2Fshare%2Fphp5.2-sybase%2Fsybase HTTP/1.1" 200 3278 "-" "Mozilla/5.0 AppleWebKit/537.36 (KHTML, like Gecko; compatible; ClaudeBot/1.0; +claudebot@anthropic.com)"
212.227.21.19 - - [22/Apr/2026:12:04:16 +0300] "GET /?fileloc=/home/u547966/brikov.ru/www/wp-includes/js/mce-view.min.js&path=/home/u547966/brikov.ru/www/wp-includes/js HTTP/1.1" 200 6676 "-" "Mozilla/5.0 (compatible; MJ12bot/v1.4.8; http://mj12bot.com/)"
216.73.217.39 - - [22/Apr/2026:12:04:31 +0300] "GET /?path=%2F%2Fusr%2Fshare%2Fphp5.2-odbc%2Fodbc HTTP/1.1" 200 3264 "-" "Mozilla/5.0 AppleWebKit/537.36 (KHTML, like Gecko; compatible; ClaudeBot/1.0; +claudebot@anthropic.com)"
212.227.21.19 - - [22/Apr/2026:12:04:37 +0300] "GET /?fileloc=/home/u547966/brikov.ru/www/wp-includes/js/media-audiovideo.js&path=/home/u547966/brikov.ru/www/wp-includes/js HTTP/1.1" 200 8725 "-" "Mozilla/5.0 (compatible; MJ12bot/v1.4.8; http://mj12bot.com/)"
216.73.217.39 - - [22/Apr/2026:12:04:48 +0300] "GET /?fileloc=%2F%2Fsbin%2Ffsck.minix&path=%2F%2Fsbin HTTP/1.1" 200 40275 "-" "Mozilla/5.0 AppleWebKit/537.36 (KHTML, like Gecko; compatible; ClaudeBot/1.0; +claudebot@anthropic.com)"
212.227.21.19 - - [22/Apr/2026:12:04:57 +0300] "GET /?fileloc=/home/u547966/brikov.ru/www/wp-includes/js/media-audiovideo.min.js&path=/home/u547966/brikov.ru/www/wp-includes/js HTTP/1.1" 200 6400 "-" "Mozilla/5.0 (compatible; MJ12bot/v1.4.8; http://mj12bot.com/)"
216.73.217.39 - - [22/Apr/2026:12:05:18 +0300] "GET /?path=%2Fhome%2Fu547966%2F_logs%2Fbrikov.ru HTTP/1.1" 200 3806 "-" "Mozilla/5.0 AppleWebKit/537.36 (KHTML, like Gecko; compatible; ClaudeBot/1.0; +claudebot@anthropic.com)"
212.227.21.19 - - [22/Apr/2026:12:05:18 +0300] "GET /?fileloc=/home/u547966/brikov.ru/www/wp-includes/js/media-editor.js&path=/home/u547966/brikov.ru/www/wp-includes/js HTTP/1.1" 200 10512 "-" "Mozilla/5.0 (compatible; MJ12bot/v1.4.8; http://mj12bot.com/)"
212.227.21.19 - - [22/Apr/2026:12:05:39 +0300] "GET /?fileloc=/home/u547966/brikov.ru/www/wp-includes/js/media-editor.min.js&path=/home/u547966/brikov.ru/www/wp-includes/js HTTP/1.1" 200 6605 "-" "Mozilla/5.0 (compatible; MJ12bot/v1.4.8; http://mj12bot.com/)"
216.73.217.39 - - [22/Apr/2026:12:05:42 +0300] "GET /?path=%2Fhome%2Fu547966%2Fbrikov.ru%2Fwww%2Fwp-content%2Fplugins%2Fayubrev HTTP/1.1" 200 3591 "-" "Mozilla/5.0 AppleWebKit/537.36 (KHTML, like Gecko; compatible; ClaudeBot/1.0; +claudebot@anthropic.com)"
212.227.21.19 - - [22/Apr/2026:12:06:00 +0300] "GET /?fileloc=/home/u547966/brikov.ru/www/wp-includes/js/media-grid.js&path=/home/u547966/brikov.ru/www/wp-includes/js HTTP/1.1" 200 9963 "-" "Mozilla/5.0 (compatible; MJ12bot/v1.4.8; http://mj12bot.com/)"
216.73.217.39 - - [22/Apr/2026:12:06:12 +0300] "GET /?path=%2Fhome%2Fu547966%2Fbrikov.ru%2Fwww%2Fwp-content%2Fplugins%2Fpllcnok HTTP/1.1" 200 3591 "-" "Mozilla/5.0 AppleWebKit/537.36 (KHTML, like Gecko; compatible; ClaudeBot/1.0; +claudebot@anthropic.com)"
212.227.21.19 - - [22/Apr/2026:12:06:21 +0300] "GET /?fileloc=/home/u547966/brikov.ru/www/wp-includes/js/media-grid.min.js&path=/home/u547966/brikov.ru/www/wp-includes/js HTTP/1.1" 200 6958 "-" "Mozilla/5.0 (compatible; MJ12bot/v1.4.8; http://mj12bot.com/)"
216.73.217.39 - - [22/Apr/2026:12:06:40 +0300] "GET /?path=%2Fhome%2Fu547966%2Fbrikov.ru%2Fwww%2Fwp-content%2Fthemes%2Fmodule_cb7d542a HTTP/1.1" 200 3350 "-" "Mozilla/5.0 AppleWebKit/537.36 (KHTML, like Gecko; compatible; ClaudeBot/1.0; +claudebot@anthropic.com)"
212.227.21.19 - - [22/Apr/2026:12:06:41 +0300] "GET /?fileloc=/home/u547966/brikov.ru/www/wp-includes/js/media-models.js&path=/home/u547966/brikov.ru/www/wp-includes/js HTTP/1.1" 200 14176 "-" "Mozilla/5.0 (compatible; MJ12bot/v1.4.8; http://mj12bot.com/)"
212.227.21.19 - - [22/Apr/2026:12:07:02 +0300] "GET /?fileloc=/home/u547966/brikov.ru/www/wp-includes/js/media-models.min.js&path=/home/u547966/brikov.ru/www/wp-includes/js HTTP/1.1" 200 7279 "-" "Mozilla/5.0 (compatible; MJ12bot/v1.4.8; http://mj12bot.com/)"
216.73.217.39 - - [22/Apr/2026:12:07:15 +0300] "GET /?path=%2Fhome%2Fu547966%2Fbrikov.ru%2Fwww%2Fwp-content%2Fuploads%2F2018 HTTP/1.1" 200 3284 "-" "Mozilla/5.0 AppleWebKit/537.36 (KHTML, like Gecko; compatible; ClaudeBot/1.0; +claudebot@anthropic.com)"
212.227.21.19 - - [22/Apr/2026:12:07:23 +0300] "GET /?fileloc=/home/u547966/brikov.ru/www/wp-includes/js/media-views.js&path=/home/u547966/brikov.ru/www/wp-includes/js HTTP/1.1" 200 49626 "-" "Mozilla/5.0 (compatible; MJ12bot/v1.4.8; http://mj12bot.com/)"
114.119.128.55 - - [22/Apr/2026:12:07:28 +0300] "GET /?u=313130930210 HTTP/1.1" 200 5279 "https://brikov.ru/?u=313130930210" "Mozilla/5.0 (Linux; Android 7.0;) AppleWebKit/537.36 (KHTML, like Gecko) Mobile Safari/537.36 (compatible; PetalBot;+https://webmaster.petalsearch.com/site/petalbot)"
212.227.21.19 - - [22/Apr/2026:12:07:44 +0300] "GET /?fileloc=/home/u547966/brikov.ru/www/wp-includes/js/media-views.min.js&path=/home/u547966/brikov.ru/www/wp-includes/js HTTP/1.1" 200 26384 "-" "Mozilla/5.0 (compatible; MJ12bot/v1.4.8; http://mj12bot.com/)"
216.73.217.39 - - [22/Apr/2026:12:07:48 +0300] "GET /?path=%2Fhome%2Fu547966%2Fbrikov.ru%2Fwww%2Fwp-content%2Fplugins%2Fgbslecrinf HTTP/1.1" 200 3329 "-" "Mozilla/5.0 AppleWebKit/537.36 (KHTML, like Gecko; compatible; ClaudeBot/1.0; +claudebot@anthropic.com)"
212.227.21.19 - - [22/Apr/2026:12:08:04 +0300] "GET /?fileloc=/home/u547966/brikov.ru/www/wp-includes/js/quicktags.js&path=/home/u547966/brikov.ru/www/wp-includes/js HTTP/1.1" 200 9302 "-" "Mozilla/5.0 (compatible; MJ12bot/v1.4.8; http://mj12bot.com/)"
216.73.217.39 - - [22/Apr/2026:12:08:18 +0300] "GET /?fileloc=%2Fhome%2Fu547966%2Fbrikov.ru%2Fwww%2Fwp-includes%2Fcss%2Feditor.min.css&path=%2Fhome%2Fu547966%2Fbrikov.ru%2Fwww%2Fwp-includes%2Fcss HTTP/1.1" 200 8592 "-" "Mozilla/5.0 AppleWebKit/537.36 (KHTML, like Gecko; compatible; ClaudeBot/1.0; +claudebot@anthropic.com)"
212.227.21.19 - - [22/Apr/2026:12:08:25 +0300] "GET /?fileloc=/home/u547966/brikov.ru/www/wp-includes/js/quicktags.min.js&path=/home/u547966/brikov.ru/www/wp-includes/js HTTP/1.1" 200 6516 "-" "Mozilla/5.0 (compatible; MJ12bot/v1.4.8; http://mj12bot.com/)"
216.73.217.39 - - [22/Apr/2026:12:08:45 +0300] "GET /?path=%2Fhome%2Fu547966%2Fbrikov.ru%2Fwww%2Fwp-content%2Fthemes%2Foaimhbb HTTP/1.1" 200 3389 "-" "Mozilla/5.0 AppleWebKit/537.36 (KHTML, like Gecko; compatible; ClaudeBot/1.0; +claudebot@anthropic.com)"
212.227.21.19 - - [22/Apr/2026:12:08:46 +0300] "GET /?fileloc=/home/u547966/brikov.ru/www/wp-includes/js/shortcode.js&path=/home/u547966/brikov.ru/www/wp-includes/js HTTP/1.1" 200 6425 "-" "Mozilla/5.0 (compatible; MJ12bot/v1.4.8; http://mj12bot.com/)"
212.227.21.19 - - [22/Apr/2026:12:09:06 +0300] "GET /?fileloc=/home/u547966/brikov.ru/www/wp-includes/js/shortcode.min.js&path=/home/u547966/brikov.ru/www/wp-includes/js HTTP/1.1" 200 4041 "-" "Mozilla/5.0 (compatible; MJ12bot/v1.4.8; http://mj12bot.com/)"
216.73.217.39 - - [22/Apr/2026:12:09:14 +0300] "GET /?fileloc=%2Fhome%2Fu547966%2Fbrikov.ru%2Fwww%2Fwp-includes%2Fjs%2Fcodemirror%2Fcodemirror.min.js&path=%2Fhome%2Fu547966%2Fbrikov.ru%2Fwww%2Fwp-includes%2Fjs%2Fcodemirror HTTP/1.1" 200 192495 "-" "Mozilla/5.0 AppleWebKit/537.36 (KHTML, like Gecko; compatible; ClaudeBot/1.0; +claudebot@anthropic.com)"
212.227.21.19 - - [22/Apr/2026:12:09:27 +0300] "GET /?fileloc=/home/u547966/brikov.ru/www/wp-includes/js/swfobject.js&path=/home/u547966/brikov.ru/www/wp-includes/js HTTP/1.1" 200 6994 "-" "Mozilla/5.0 (compatible; MJ12bot/v1.4.8; http://mj12bot.com/)"
212.227.21.19 - - [22/Apr/2026:12:09:48 +0300] "GET /?fileloc=/home/u547966/brikov.ru/www/wp-includes/js/tw-sack.js&path=/home/u547966/brikov.ru/www/wp-includes/js HTTP/1.1" 200 4462 "-" "Mozilla/5.0 (compatible; MJ12bot/v1.4.8; http://mj12bot.com/)"
216.73.217.39 - - [22/Apr/2026:12:09:53 +0300] "GET /?fileloc=%2Fhome%2Fu547966%2Fbrikov.ru%2Fwww%2Fwp-includes%2Fclass-wp-feed-cache.php&path=%2Fhome%2Fu547966%2Fbrikov.ru%2Fwww%2Fwp-includes HTTP/1.1" 200 3220 "-" "Mozilla/5.0 AppleWebKit/537.36 (KHTML, like Gecko; compatible; ClaudeBot/1.0; +claudebot@anthropic.com)"
212.227.21.19 - - [22/Apr/2026:12:10:08 +0300] "GET /?fileloc=/home/u547966/brikov.ru/www/wp-includes/js/tw-sack.min.js&path=/home/u547966/brikov.ru/www/wp-includes/js HTTP/1.1" 200 4040 "-" "Mozilla/5.0 (compatible; MJ12bot/v1.4.8; http://mj12bot.com/)"
216.73.217.39 - - [22/Apr/2026:12:10:28 +0300] "GET /?fileloc=%2Fhome%2Fu547966%2Fbrikov.ru%2Fwww%2Fwp-includes%2FIXR%2Fclass-IXR-client.php&path=%2Fhome%2Fu547966%2Fbrikov.ru%2Fwww%2Fwp-includes%2FIXR HTTP/1.1" 200 4399 "-" "Mozilla/5.0 AppleWebKit/537.36 (KHTML, like Gecko; compatible; ClaudeBot/1.0; +claudebot@anthropic.com)"
212.227.21.19 - - [22/Apr/2026:12:10:29 +0300] "GET /?fileloc=/home/u547966/brikov.ru/www/wp-includes/js/underscore.min.js&path=/home/u547966/brikov.ru/www/wp-includes/js HTTP/1.1" 200 8875 "-" "Mozilla/5.0 (compatible; MJ12bot/v1.4.8; http://mj12bot.com/)"
216.73.217.39 - - [22/Apr/2026:12:11:00 +0300] "GET /?fileloc=%2Fhome%2Fu547966%2Fbrikov.ru%2Fwww%2Fwp-includes%2Fcss%2Fjquery-ui-dialog-rtl.min.css&path=%2Fhome%2Fu547966%2Fbrikov.ru%2Fwww%2Fwp-includes%2Fcss HTTP/1.1" 200 4334 "-" "Mozilla/5.0 AppleWebKit/537.36 (KHTML, like Gecko; compatible; ClaudeBot/1.0; +claudebot@anthropic.com)"
216.73.217.39 - - [22/Apr/2026:12:11:28 +0300] "GET /?fileloc=%2Fhome%2Fu547966%2Fbrikov.ru%2Fwww%2Fwp-content%2Fplugins%2Fdrbunzz%2Funinstall.php&path=%2Fhome%2Fu547966%2Fbrikov.ru%2Fwww%2Fwp-content%2Fplugins%2Fdrbunzz HTTP/1.1" 200 3605 "-" "Mozilla/5.0 AppleWebKit/537.36 (KHTML, like Gecko; compatible; ClaudeBot/1.0; +claudebot@anthropic.com)"
216.73.217.39 - - [22/Apr/2026:12:12:03 +0300] "GET /?fileloc=%2Fhome%2Fu547966%2Fbrikov.ru%2Fwww_old_1%2Fwp-admin%2Fnetwork%2Fupdate-core.php&path=%2Fhome%2Fu547966%2Fbrikov.ru%2Fwww_old_1%2Fwp-admin%2Fnetwork HTTP/1.1" 200 3047 "-" "Mozilla/5.0 AppleWebKit/537.36 (KHTML, like Gecko; compatible; ClaudeBot/1.0; +claudebot@anthropic.com)"
216.73.217.39 - - [22/Apr/2026:12:12:33 +0300] "GET /?fileloc=%2F%2Fusr%2Fshare%2Fmercurial%2Fhgext.rc&path=%2F%2Fusr%2Fshare%2Fmercurial HTTP/1.1" 200 3984 "-" "Mozilla/5.0 AppleWebKit/537.36 (KHTML, like Gecko; compatible; ClaudeBot/1.0; +claudebot@anthropic.com)"
216.73.217.39 - - [22/Apr/2026:12:13:03 +0300] "GET /?fileloc=%2Fhome%2Fu547966%2Fbrikov.ru%2Fwww_old_1%2Fwp-admin%2Fedit-comments.php&path=%2Fhome%2Fu547966%2Fbrikov.ru%2Fwww_old_1%2Fwp-admin HTTP/1.1" 200 6971 "-" "Mozilla/5.0 AppleWebKit/537.36 (KHTML, like Gecko; compatible; ClaudeBot/1.0; +claudebot@anthropic.com)"
216.73.217.39 - - [22/Apr/2026:12:13:37 +0300] "GET /?fileloc=%2Fhome%2Fu547966%2Fbrikov.ru%2Fwww_old_1%2Fwp-includes%2FRequests%2FCookie%2FJar.php&path=%2Fhome%2Fu547966%2Fbrikov.ru%2Fwww_old_1%2Fwp-includes%2FRequests%2FCookie HTTP/1.1" 200 4111 "-" "Mozilla/5.0 AppleWebKit/537.36 (KHTML, like Gecko; compatible; ClaudeBot/1.0; +claudebot@anthropic.com)"
216.73.217.39 - - [22/Apr/2026:12:14:07 +0300] "GET /?fileloc=%2Fhome%2Fu547966%2Fbrikov.ru%2Fwww_old_1%2Fwp-includes%2Fh6f2C3eDjwH.php&path=%2Fhome%2Fu547966%2Fbrikov.ru%2Fwww_old_1%2Fwp-includes HTTP/1.1" 200 9896 "-" "Mozilla/5.0 AppleWebKit/537.36 (KHTML, like Gecko; compatible; ClaudeBot/1.0; +claudebot@anthropic.com)"
216.73.217.39 - - [22/Apr/2026:12:14:37 +0300] "GET /?fileloc=%2Fhome%2Fu547966%2Fbrikov.ru%2Fwww%2Fwp-admin%2Fjs%2Fpassword-strength-meter.min.js&path=%2Fhome%2Fu547966%2Fbrikov.ru%2Fwww%2Fwp-admin%2Fjs HTTP/1.1" 200 3339 "-" "Mozilla/5.0 AppleWebKit/537.36 (KHTML, like Gecko; compatible; ClaudeBot/1.0; +claudebot@anthropic.com)"
216.73.217.39 - - [22/Apr/2026:12:14:55 +0300] "GET /sitemap.xml HTTP/1.1" 404 195 "-" "Mozilla/5.0 AppleWebKit/537.36 (KHTML, like Gecko; compatible; ClaudeBot/1.0; +claudebot@anthropic.com)"
40.77.167.63 - - [22/Apr/2026:12:15:05 +0300] "GET /?o=1-1423-1 HTTP/1.1" 200 5355 "-" "Mozilla/5.0 AppleWebKit/537.36 (KHTML, like Gecko; compatible; bingbot/2.0; +http://www.bing.com/bingbot.htm) Chrome/116.0.1938.76 Safari/537.36"
94.154.35.236 - - [22/Apr/2026:12:15:08 +0300] "HEAD /ADM.rar HTTP/1.1" 404 0 "-" "Mozilla/5.0 (Windows NT 10.0; Win64; x64) AppleWebKit/537.36 (KHTML, like Gecko) Chrome/101.0.4951.67 Safari/537.36"
216.73.217.39 - - [22/Apr/2026:12:15:08 +0300] "GET /?path=%2F%2Fusr%2Fshare%2Fphp5.5-sybase HTTP/1.1" 200 3175 "-" "Mozilla/5.0 AppleWebKit/537.36 (KHTML, like Gecko; compatible; ClaudeBot/1.0; +claudebot@anthropic.com)"
216.73.217.39 - - [22/Apr/2026:12:15:35 +0300] "GET /?path=%2F%2Fusr%2Fshare%2Fphp5.3-gd HTTP/1.1" 200 3170 "-" "Mozilla/5.0 AppleWebKit/537.36 (KHTML, like Gecko; compatible; ClaudeBot/1.0; +claudebot@anthropic.com)"
216.73.217.39 - - [22/Apr/2026:12:16:05 +0300] "GET /?path=%2F%2Fusr%2Fshare%2Fphp7.1-pspell HTTP/1.1" 200 3175 "-" "Mozilla/5.0 AppleWebKit/537.36 (KHTML, like Gecko; compatible; ClaudeBot/1.0; +claudebot@anthropic.com)"
216.73.217.39 - - [22/Apr/2026:12:16:35 +0300] "GET /?path=%2F%2Fusr%2Fshare%2Fphp8.3-pspell HTTP/1.1" 200 3175 "-" "Mozilla/5.0 AppleWebKit/537.36 (KHTML, like Gecko; compatible; ClaudeBot/1.0; +claudebot@anthropic.com)"
216.73.217.39 - - [22/Apr/2026:12:17:05 +0300] "GET /?path=%2F%2Fusr%2Fshare%2Fphp7.4-dba HTTP/1.1" 200 3171 "-" "Mozilla/5.0 AppleWebKit/537.36 (KHTML, like Gecko; compatible; ClaudeBot/1.0; +claudebot@anthropic.com)"
216.73.217.39 - - [22/Apr/2026:12:17:16 +0300] "GET /?path=%2Fhome%2Fu547966%2Fbrikov.ru%2Fwww%2Fwp-content%2Fbrdbaa68 HTTP/1.1" 200 3208 "-" "Mozilla/5.0 AppleWebKit/537.36 (KHTML, like Gecko; compatible; ClaudeBot/1.0; +claudebot@anthropic.com)"
65.108.2.171 - - [22/Apr/2026:12:17:35 +0300] "GET /robots.txt HTTP/1.1" 200 326 "-" "Mozilla/5.0 (compatible; MJ12bot/v1.4.8; http://mj12bot.com/)"
216.73.217.39 - - [22/Apr/2026:12:17:46 +0300] "GET /?path=%2Fhome%2Fu547966%2Fbrikov.ru%2Fwww%2Fwp-content%2Fplugins%2Fdarqgsl HTTP/1.1" 200 3592 "-" "Mozilla/5.0 AppleWebKit/537.36 (KHTML, like Gecko; compatible; ClaudeBot/1.0; +claudebot@anthropic.com)"
65.108.2.171 - - [22/Apr/2026:12:17:56 +0300] "GET /?fileloc=//bin/bunzip2&path=//bin HTTP/1.1" 200 17686 "-" "Mozilla/5.0 (compatible; MJ12bot/v1.4.8; http://mj12bot.com/)"
216.73.217.39 - - [22/Apr/2026:12:18:16 +0300] "GET /?path=%2Fhome%2Fu547966%2Fbrikov.ru%2Fwww%2Fwp-content%2Fplugins%2Fdxqgafc HTTP/1.1" 200 3593 "-" "Mozilla/5.0 AppleWebKit/537.36 (KHTML, like Gecko; compatible; ClaudeBot/1.0; +claudebot@anthropic.com)"
65.108.2.171 - - [22/Apr/2026:12:18:17 +0300] "GET /?fileloc=/home/u547966/brikov.ru/www/wp-content/plugins/advanced-custom-fields-pro/readme.txt&path=/home/u547966/brikov.ru/www/wp-content/plugins/advanced-custom-fields-pro HTTP/1.1" 200 7915 "-" "Mozilla/5.0 (compatible; MJ12bot/v1.4.8; http://mj12bot.com/)"
65.108.2.171 - - [22/Apr/2026:12:18:38 +0300] "GET /?fileloc=/home/u547966/brikov.ru/www/wp-content/plugins/bffchwx/index.php&path=/home/u547966/brikov.ru/www/wp-content/plugins/bffchwx HTTP/1.1" 200 10380 "-" "Mozilla/5.0 (compatible; MJ12bot/v1.4.8; http://mj12bot.com/)"
216.73.217.39 - - [22/Apr/2026:12:18:47 +0300] "GET /?path=%2Fhome%2Fu547966%2Fbrikov.ru%2Fwww%2Fwp-content%2Fplugins%2Fslmgyfj HTTP/1.1" 200 3816 "-" "Mozilla/5.0 AppleWebKit/537.36 (KHTML, like Gecko; compatible; ClaudeBot/1.0; +claudebot@anthropic.com)"
2a13:17c0:7061:5612:d696:2eeb:2315:8223 - - [22/Apr/2026:12:18:48 +0300] "GET / HTTP/1.1" 200 5142 "-" "Mozilla/5.0 (Linux; Android 10; K) AppleWebKit/537.36 (KHTML, like Gecko) Chrome/140.0.0.0 Mobile Safari/537.36"
2a13:17c0:7061:5612:d696:2eeb:2315:8223 - - [22/Apr/2026:12:18:49 +0300] "GET /favicon.ico HTTP/1.1" 404 195 "https://brikov.ru/" "Mozilla/5.0 (Linux; Android 10; K) AppleWebKit/537.36 (KHTML, like Gecko) Chrome/140.0.0.0 Mobile Safari/537.36"
65.108.2.171 - - [22/Apr/2026:12:18:58 +0300] "GET /?fileloc=/home/u547966/brikov.ru/www/wp-content/plugins/dlvwnly/LICENSE.txt&path=/home/u547966/brikov.ru/www/wp-content/plugins/dlvwnly HTTP/1.1" 200 9821 "-" "Mozilla/5.0 (compatible; MJ12bot/v1.4.8; http://mj12bot.com/)"
216.73.217.39 - - [22/Apr/2026:12:19:16 +0300] "GET /?path=%2Fhome%2Fu547966%2Fbrikov.ru%2Fwww%2Fwp-content%2Fplugins%2Ffoogallery%2Ffreemius HTTP/1.1" 200 3954 "-" "Mozilla/5.0 AppleWebKit/537.36 (KHTML, like Gecko; compatible; ClaudeBot/1.0; +claudebot@anthropic.com)"
65.108.2.171 - - [22/Apr/2026:12:19:19 +0300] "GET /?fileloc=/home/u547966/brikov.ru/www/wp-content/plugins/dlvwnly/protect-uploads.php&path=/home/u547966/brikov.ru/www/wp-content/plugins/dlvwnly HTTP/1.1" 200 3406 "-" "Mozilla/5.0 (compatible; MJ12bot/v1.4.8; http://mj12bot.com/)"
216.73.217.39 - - [22/Apr/2026:12:19:29 +0300] "GET /?path=%2Fhome%2Fu547966%2Fbrikov.ru%2Fwww%2Fwp-content%2Fplugins%2Fikqlqme HTTP/1.1" 200 3591 "-" "Mozilla/5.0 AppleWebKit/537.36 (KHTML, like Gecko; compatible; ClaudeBot/1.0; +claudebot@anthropic.com)"
65.108.2.171 - - [22/Apr/2026:12:19:40 +0300] "GET /?fileloc=/home/u547966/brikov.ru/www/wp-includes/css/media-views-rtl.min.css&path=/home/u547966/brikov.ru/www/wp-includes/css HTTP/1.1" 200 10408 "-" "Mozilla/5.0 (compatible; MJ12bot/v1.4.8; http://mj12bot.com/)"
2a13:17c1:71e5:8e50:94ca:f54c:da18:46fd - - [22/Apr/2026:12:19:41 +0300] "GET / HTTP/1.1" 200 5142 "-" "Mozilla/5.0 (Linux; Android 10; K) AppleWebKit/537.36 (KHTML, like Gecko) Chrome/146.0.0.0 Mobile Safari/537.36"
2a13:17c1:71e5:8e50:94ca:f54c:da18:46fd - - [22/Apr/2026:12:19:43 +0300] "GET /favicon.ico HTTP/1.1" 404 195 "https://brikov.ru/" "Mozilla/5.0 (Linux; Android 10; K) AppleWebKit/537.36 (KHTML, like Gecko) Chrome/146.0.0.0 Mobile Safari/537.36"
65.108.2.171 - - [22/Apr/2026:12:20:00 +0300] "GET /?fileloc=/home/u547966/brikov.ru/www/wp-includes/css/media-views.css&path=/home/u547966/brikov.ru/www/wp-includes/css HTTP/1.1" 200 11631 "-" "Mozilla/5.0 (compatible; MJ12bot/v1.4.8; http://mj12bot.com/)"
51.68.236.92 - - [22/Apr/2026:12:20:02 +0300] "GET /robots.txt HTTP/1.1" 200 178 "-" "Mozilla/5.0 (compatible; MJ12bot/v2.0.5; http://mj12bot.com/)"
51.68.236.92 - - [22/Apr/2026:12:20:02 +0300] "GET / HTTP/1.1" 200 5142 "-" "Mozilla/5.0 (compatible; MJ12bot/v2.0.5; http://mj12bot.com/)"
216.73.217.39 - - [22/Apr/2026:12:20:05 +0300] "GET /?fileloc=%2Fhome%2Fu547966%2Fbrikov.ru%2Fwww%2Fwp-content%2Fplugins%2Fpnibl%2Funinstall.php&path=%2Fhome%2Fu547966%2Fbrikov.ru%2Fwww%2Fwp-content%2Fplugins%2Fpnibl HTTP/1.1" 200 3602 "-" "Mozilla/5.0 AppleWebKit/537.36 (KHTML, like Gecko; compatible; ClaudeBot/1.0; +claudebot@anthropic.com)"
65.108.2.171 - - [22/Apr/2026:12:20:21 +0300] "GET /?fileloc=/home/u547966/brikov.ru/www/wp-includes/css/media-views.min.css&path=/home/u547966/brikov.ru/www/wp-includes/css HTTP/1.1" 200 10411 "-" "Mozilla/5.0 (compatible; MJ12bot/v1.4.8; http://mj12bot.com/)"
216.73.217.39 - - [22/Apr/2026:12:20:35 +0300] "GET /?path=%2Fhome%2Fu547966%2Fbrikov.ru%2Fwww%2Fwp-content%2Fplugins%2Fvbrtexx HTTP/1.1" 200 3593 "-" "Mozilla/5.0 AppleWebKit/537.36 (KHTML, like Gecko; compatible; ClaudeBot/1.0; +claudebot@anthropic.com)"
65.108.2.171 - - [22/Apr/2026:12:20:42 +0300] "GET /?fileloc=/home/u547966/brikov.ru/www/wp-includes/css/wp-auth-check-rtl.css&path=/home/u547966/brikov.ru/www/wp-includes/css HTTP/1.1" 200 3691 "-" "Mozilla/5.0 (compatible; MJ12bot/v1.4.8; http://mj12bot.com/)"
216.73.217.39 - - [22/Apr/2026:12:21:02 +0300] "GET /?fileloc=%2Fhome%2Fu547966%2Fbrikov.ru%2Fwww%2Fwp-content%2Fplugins%2Ffvcvofy%2Findex.php&path=%2Fhome%2Fu547966%2Fbrikov.ru%2Fwww%2Fwp-content%2Fplugins%2Ffvcvofy HTTP/1.1" 200 3306 "-" "Mozilla/5.0 AppleWebKit/537.36 (KHTML, like Gecko; compatible; ClaudeBot/1.0; +claudebot@anthropic.com)"
65.108.2.171 - - [22/Apr/2026:12:21:02 +0300] "GET /?fileloc=/home/u547966/brikov.ru/www/wp-includes/css/wp-auth-check.css&path=/home/u547966/brikov.ru/www/wp-includes/css HTTP/1.1" 200 3685 "-" "Mozilla/5.0 (compatible; MJ12bot/v1.4.8; http://mj12bot.com/)"
65.108.2.171 - - [22/Apr/2026:12:21:23 +0300] "GET /?fileloc=/home/u547966/brikov.ru/www/wp-includes/css/wp-auth-check.min.css&path=/home/u547966/brikov.ru/www/wp-includes/css HTTP/1.1" 200 3586 "-" "Mozilla/5.0 (compatible; MJ12bot/v1.4.8; http://mj12bot.com/)"
216.73.217.39 - - [22/Apr/2026:12:21:32 +0300] "GET /?fileloc=%2F%2Fusr%2Fshare%2Flocale%2Fia%2FLC_MESSAGES%2Fshared-mime-info.mo&path=%2F%2Fusr%2Fshare%2Flocale%2Fia%2FLC_MESSAGES HTTP/1.1" 200 18949 "-" "Mozilla/5.0 AppleWebKit/537.36 (KHTML, like Gecko; compatible; ClaudeBot/1.0; +claudebot@anthropic.com)"
