2600:1f28:365:80b0:c9c4:8163:9ddf:7a57 - - [22/Apr/2026:14:50:16 +0300] "GET /muzhskoi-portret/muzhskoi-portret-v-kostiume/ HTTP/1.1" 404 195 "-" "CCBot/2.0 (https://commoncrawl.org/faq/)"
2001:41d0:303:1eb5::1 - - [22/Apr/2026:14:50:32 +0300] "GET /?path=//etc/pnp4nagios HTTP/1.1" 200 3165 "-" "Mozilla/5.0 (compatible; MJ12bot/v1.4.8; http://mj12bot.com/)"
216.73.217.39 - - [22/Apr/2026:14:50:48 +0300] "GET /?fileloc=%2Fhome%2Fu547966%2Fbrikov.ru%2Fwww%2Fwp-content%2Fthemes%2Fbrikov%2Ftemplates%2Fvistavki.php&path=%2Fhome%2Fu547966%2Fbrikov.ru%2Fwww%2Fwp-content%2Fthemes%2Fbrikov%2Ftemplates HTTP/1.1" 200 3387 "-" "Mozilla/5.0 AppleWebKit/537.36 (KHTML, like Gecko; compatible; ClaudeBot/1.0; +claudebot@anthropic.com)"
2001:41d0:303:1eb5::1 - - [22/Apr/2026:14:50:53 +0300] "GET /?path=//etc/postgresql HTTP/1.1" 200 3209 "-" "Mozilla/5.0 (compatible; MJ12bot/v1.4.8; http://mj12bot.com/)"
216.73.217.39 - - [22/Apr/2026:14:51:03 +0300] "GET /?fileloc=%2Fhome%2Fu547966%2Fbrikov.ru%2Fwww%2Fwp-content%2Fthemes%2Ffojtawe%2Fstyle.css&path=%2Fhome%2Fu547966%2Fbrikov.ru%2Fwww%2Fwp-content%2Fthemes%2Ffojtawe HTTP/1.1" 200 4725 "-" "Mozilla/5.0 AppleWebKit/537.36 (KHTML, like Gecko; compatible; ClaudeBot/1.0; +claudebot@anthropic.com)"
2600:1f28:365:80b0:c9c4:8163:9ddf:7a57 - - [22/Apr/2026:14:51:05 +0300] "GET /zhenskii-portret/portret-zhenshchiny-2009-g/ HTTP/1.1" 404 195 "-" "CCBot/2.0 (https://commoncrawl.org/faq/)"
2001:41d0:303:1eb5::1 - - [22/Apr/2026:14:51:13 +0300] "GET /?path=//etc/postgresql-common HTTP/1.1" 200 3438 "-" "Mozilla/5.0 (compatible; MJ12bot/v1.4.8; http://mj12bot.com/)"
185.156.1.164 - - [22/Apr/2026:14:51:15 +0300] "GET /mujskoy.mp4 HTTP/1.1" 200 4838901 "https://brikov.com/" "Mozilla/5.0 (Windows NT 10.0; Win64; x64) AppleWebKit/537.36 (KHTML, like Gecko) Chrome/112.0.0.0 YaBrowser/23.5.1.785 (corp) Yowser/2.5 Safari/537.36"
185.156.1.164 - - [22/Apr/2026:14:51:15 +0300] "GET /detsky.mp4 HTTP/1.1" 200 4772334 "https://brikov.com/" "Mozilla/5.0 (Windows NT 10.0; Win64; x64) AppleWebKit/537.36 (KHTML, like Gecko) Chrome/112.0.0.0 YaBrowser/23.5.1.785 (corp) Yowser/2.5 Safari/537.36"
185.156.1.164 - - [22/Apr/2026:14:51:15 +0300] "GET /detsky.mp4 HTTP/1.1" 304 0 "https://brikov.com/" "Mozilla/5.0 (Windows NT 10.0; Win64; x64) AppleWebKit/537.36 (KHTML, like Gecko) Chrome/112.0.0.0 YaBrowser/23.5.1.785 (corp) Yowser/2.5 Safari/537.36"
185.156.1.164 - - [22/Apr/2026:14:51:15 +0300] "GET /mujskoy.mp4 HTTP/1.1" 304 0 "https://brikov.com/" "Mozilla/5.0 (Windows NT 10.0; Win64; x64) AppleWebKit/537.36 (KHTML, like Gecko) Chrome/112.0.0.0 YaBrowser/23.5.1.785 (corp) Yowser/2.5 Safari/537.36"
216.73.217.39 - - [22/Apr/2026:14:51:24 +0300] "GET /?path=%2F%2Fusr%2Fshare%2Fphp7.0-recode%2Frecode HTTP/1.1" 200 3202 "-" "Mozilla/5.0 AppleWebKit/537.36 (KHTML, like Gecko; compatible; ClaudeBot/1.0; +claudebot@anthropic.com)"
2001:41d0:303:1eb5::1 - - [22/Apr/2026:14:51:34 +0300] "GET /?path=//etc/ppp HTTP/1.1" 200 3199 "-" "Mozilla/5.0 (compatible; MJ12bot/v1.4.8; http://mj12bot.com/)"
2600:1f28:365:80b0:c9c4:8163:9ddf:7a57 - - [22/Apr/2026:14:51:49 +0300] "GET /kartiny-v-interere/kartina-na-stene/ HTTP/1.1" 404 195 "-" "CCBot/2.0 (https://commoncrawl.org/faq/)"
2a13:17c0:dc2c:d56f:972b:ce8e:35f1:89e2 - - [22/Apr/2026:14:51:54 +0300] "GET / HTTP/1.1" 200 5142 "-" "Mozilla/5.0 (Linux; Android 10; K) AppleWebKit/537.36 (KHTML, like Gecko) Chrome/140.0.0.0 Mobile Safari/537.36"
2001:41d0:303:1eb5::1 - - [22/Apr/2026:14:51:55 +0300] "GET /?path=//etc/profile.d HTTP/1.1" 200 3301 "-" "Mozilla/5.0 (compatible; MJ12bot/v1.4.8; http://mj12bot.com/)"
216.73.217.39 - - [22/Apr/2026:14:51:56 +0300] "GET /?path=%2F%2Fusr%2Fshare%2Fphp5.4-sqlite3 HTTP/1.1" 200 3176 "-" "Mozilla/5.0 AppleWebKit/537.36 (KHTML, like Gecko; compatible; ClaudeBot/1.0; +claudebot@anthropic.com)"
2a13:17c0:dc2c:d56f:972b:ce8e:35f1:89e2 - - [22/Apr/2026:14:51:56 +0300] "GET /favicon.ico HTTP/1.1" 404 195 "https://brikov.ru/" "Mozilla/5.0 (Linux; Android 10; K) AppleWebKit/537.36 (KHTML, like Gecko) Chrome/140.0.0.0 Mobile Safari/537.36"
2a13:17c0:2f52:bcfb:2750:7552:84f4:725f - - [22/Apr/2026:14:52:09 +0300] "GET / HTTP/1.1" 200 5142 "-" "Mozilla/5.0 (Linux; Android 10; K) AppleWebKit/537.36 (KHTML, like Gecko) Chrome/140.0.0.0 Mobile Safari/537.36"
2a13:17c0:2f52:bcfb:2750:7552:84f4:725f - - [22/Apr/2026:14:52:10 +0300] "GET /favicon.ico HTTP/1.1" 404 195 "https://brikov.ru/" "Mozilla/5.0 (Linux; Android 10; K) AppleWebKit/537.36 (KHTML, like Gecko) Chrome/140.0.0.0 Mobile Safari/537.36"
2001:41d0:303:1eb5::1 - - [22/Apr/2026:14:52:15 +0300] "GET /?path=//etc/proftpd HTTP/1.1" 200 3756 "-" "Mozilla/5.0 (compatible; MJ12bot/v1.4.8; http://mj12bot.com/)"
2001:41d0:303:1eb5::1 - - [22/Apr/2026:14:52:36 +0300] "GET /?path=//etc/prometheus-node-exporter HTTP/1.1" 200 2922 "-" "Mozilla/5.0 (compatible; MJ12bot/v1.4.8; http://mj12bot.com/)"
2600:1f28:365:80b0:c9c4:8163:9ddf:7a57 - - [22/Apr/2026:14:52:37 +0300] "GET /peizazh/pasushchiesia-kozy/ HTTP/1.1" 404 195 "-" "CCBot/2.0 (https://commoncrawl.org/faq/)"
216.73.217.39 - - [22/Apr/2026:14:52:48 +0300] "GET /?path=%2F%2Fusr%2Fshare%2Fphp8.4-mbstring HTTP/1.1" 200 3176 "-" "Mozilla/5.0 AppleWebKit/537.36 (KHTML, like Gecko; compatible; ClaudeBot/1.0; +claudebot@anthropic.com)"
2001:41d0:303:1eb5::1 - - [22/Apr/2026:14:52:57 +0300] "GET /?path=//etc/puppetlabs HTTP/1.1" 200 3294 "-" "Mozilla/5.0 (compatible; MJ12bot/v1.4.8; http://mj12bot.com/)"
2001:41d0:303:1eb5::1 - - [22/Apr/2026:14:53:17 +0300] "GET /?path=//etc/python HTTP/1.1" 200 3185 "-" "Mozilla/5.0 (compatible; MJ12bot/v1.4.8; http://mj12bot.com/)"
216.73.217.39 - - [22/Apr/2026:14:53:18 +0300] "GET /?path=%2F%2Fusr%2Fshare%2Fphp5.3-mbstring HTTP/1.1" 200 3175 "-" "Mozilla/5.0 AppleWebKit/537.36 (KHTML, like Gecko; compatible; ClaudeBot/1.0; +claudebot@anthropic.com)"
2600:1f28:365:80b0:c9c4:8163:9ddf:7a57 - - [22/Apr/2026:14:53:21 +0300] "GET /zhenskii-portret/portret-uchitelnitsy/ HTTP/1.1" 404 195 "-" "CCBot/2.0 (https://commoncrawl.org/faq/)"
2001:41d0:303:1eb5::1 - - [22/Apr/2026:14:53:38 +0300] "GET /?path=//etc/python2.7 HTTP/1.1" 200 3189 "-" "Mozilla/5.0 (compatible; MJ12bot/v1.4.8; http://mj12bot.com/)"
216.73.217.39 - - [22/Apr/2026:14:53:50 +0300] "GET /?path=%2F%2Fusr%2Fshare%2Fphp5.4-tidy%2Ftidy HTTP/1.1" 200 3200 "-" "Mozilla/5.0 AppleWebKit/537.36 (KHTML, like Gecko; compatible; ClaudeBot/1.0; +claudebot@anthropic.com)"
2001:41d0:303:1eb5::1 - - [22/Apr/2026:14:53:59 +0300] "GET /?path=//etc/python3 HTTP/1.1" 200 3184 "-" "Mozilla/5.0 (compatible; MJ12bot/v1.4.8; http://mj12bot.com/)"
2600:1f28:365:80b0:c9c4:8163:9ddf:7a57 - - [22/Apr/2026:14:54:03 +0300] "GET /zhenskii-portret/portret-molodoi-devushki-na-svetlom-fone/ HTTP/1.1" 404 195 "-" "CCBot/2.0 (https://commoncrawl.org/faq/)"
84.186.97.18 - - [22/Apr/2026:14:54:13 +0300] "GET /detskii-portret/ HTTP/1.1" 404 195 "-" "Opera/9.14.(Windows NT 6.0; ja-JP) Presto/2.9.163 Version/10.00"
2001:41d0:303:1eb5::1 - - [22/Apr/2026:14:54:19 +0300] "GET /?path=//etc/python3.5 HTTP/1.1" 200 3189 "-" "Mozilla/5.0 (compatible; MJ12bot/v1.4.8; http://mj12bot.com/)"
216.73.217.39 - - [22/Apr/2026:14:54:20 +0300] "GET /?path=%2F%2Fusr%2Fshare%2Fphp5.5-intl%2Fintl HTTP/1.1" 200 3200 "-" "Mozilla/5.0 AppleWebKit/537.36 (KHTML, like Gecko; compatible; ClaudeBot/1.0; +claudebot@anthropic.com)"
2001:41d0:303:1eb5::1 - - [22/Apr/2026:14:54:40 +0300] "GET /?path=//etc/python3.7 HTTP/1.1" 200 3189 "-" "Mozilla/5.0 (compatible; MJ12bot/v1.4.8; http://mj12bot.com/)"
2600:1f28:365:80b0:c9c4:8163:9ddf:7a57 - - [22/Apr/2026:14:54:44 +0300] "GET /portret-po-fotografii/portret-s-cherno-beloi-fotografii/ HTTP/1.1" 404 195 "-" "CCBot/2.0 (https://commoncrawl.org/faq/)"
216.73.217.39 - - [22/Apr/2026:14:54:50 +0300] "GET /?path=%2F%2Fusr%2Fshare%2Fgdb%2Fsystem-gdbinit HTTP/1.1" 200 3277 "-" "Mozilla/5.0 AppleWebKit/537.36 (KHTML, like Gecko; compatible; ClaudeBot/1.0; +claudebot@anthropic.com)"
2001:41d0:303:1eb5::1 - - [22/Apr/2026:14:55:01 +0300] "GET /?path=//etc/rc0.d HTTP/1.1" 200 4770 "-" "Mozilla/5.0 (compatible; MJ12bot/v1.4.8; http://mj12bot.com/)"
216.73.217.39 - - [22/Apr/2026:14:55:20 +0300] "GET /?path=%2F%2Fusr%2Fshare%2Fjoe%2Fcharmaps HTTP/1.1" 200 3202 "-" "Mozilla/5.0 AppleWebKit/537.36 (KHTML, like Gecko; compatible; ClaudeBot/1.0; +claudebot@anthropic.com)"
2001:41d0:303:1eb5::1 - - [22/Apr/2026:14:55:21 +0300] "GET /?path=//etc/rc1.d HTTP/1.1" 200 4581 "-" "Mozilla/5.0 (compatible; MJ12bot/v1.4.8; http://mj12bot.com/)"
216.73.217.39 - - [22/Apr/2026:14:55:30 +0300] "GET /?fileloc=%2F%2Frun%2Fsshd.pid&path=%2F%2Frun HTTP/1.1" 200 2850 "-" "Mozilla/5.0 AppleWebKit/537.36 (KHTML, like Gecko; compatible; ClaudeBot/1.0; +claudebot@anthropic.com)"
94.154.35.236 - - [22/Apr/2026:14:55:36 +0300] "HEAD /%D0%B1%D0%B5%D0%BA.rar HTTP/1.1" 404 0 "-" "Mozilla/5.0 (Windows NT 10.0; Win64; x64) AppleWebKit/537.36 (KHTML, like Gecko) Chrome/101.0.4951.67 Safari/537.36"
2001:41d0:303:1eb5::1 - - [22/Apr/2026:14:55:42 +0300] "GET /?path=//etc/rc2.d HTTP/1.1" 200 4911 "-" "Mozilla/5.0 (compatible; MJ12bot/v1.4.8; http://mj12bot.com/)"
52.167.144.187 - - [22/Apr/2026:14:55:53 +0300] "GET /?o=1-1399-19 HTTP/1.1" 200 5355 "-" "Mozilla/5.0 AppleWebKit/537.36 (KHTML, like Gecko; compatible; bingbot/2.0; +http://www.bing.com/bingbot.htm) Chrome/116.0.1938.76 Safari/537.36"
216.73.217.39 - - [22/Apr/2026:14:56:00 +0300] "GET /?path=%2F%2Fusr%2Fshare%2Flocale%2Fkk%2FLC_MESSAGES HTTP/1.1" 200 3622 "-" "Mozilla/5.0 AppleWebKit/537.36 (KHTML, like Gecko; compatible; ClaudeBot/1.0; +claudebot@anthropic.com)"
2001:41d0:303:1eb5::1 - - [22/Apr/2026:14:56:03 +0300] "GET /?path=//etc/rc3.d HTTP/1.1" 200 4912 "-" "Mozilla/5.0 (compatible; MJ12bot/v1.4.8; http://mj12bot.com/)"
2001:41d0:303:1eb5::1 - - [22/Apr/2026:14:56:23 +0300] "GET /?path=//etc/rc4.d HTTP/1.1" 200 5006 "-" "Mozilla/5.0 (compatible; MJ12bot/v1.4.8; http://mj12bot.com/)"
216.73.217.39 - - [22/Apr/2026:14:56:30 +0300] "GET /?path=%2F%2Fusr%2Fshare%2Flocale%2Fnds%2FLC_MESSAGES HTTP/1.1" 200 3486 "-" "Mozilla/5.0 AppleWebKit/537.36 (KHTML, like Gecko; compatible; ClaudeBot/1.0; +claudebot@anthropic.com)"
2001:41d0:303:1eb5::1 - - [22/Apr/2026:14:56:44 +0300] "GET /?path=//etc/rc5.d HTTP/1.1" 200 4912 "-" "Mozilla/5.0 (compatible; MJ12bot/v1.4.8; http://mj12bot.com/)"
216.73.217.39 - - [22/Apr/2026:14:57:00 +0300] "GET /?path=%2Fhome%2Fu547966%2Fbrikov.ru%2Fwww%2Fwp-includes%2FText%2FDiff%2FEngine HTTP/1.1" 200 3389 "-" "Mozilla/5.0 AppleWebKit/537.36 (KHTML, like Gecko; compatible; ClaudeBot/1.0; +claudebot@anthropic.com)"
2600:1f28:365:80b0:c9c4:8163:9ddf:7a57 - - [22/Apr/2026:14:57:21 +0300] "GET /muzhskoi-portret/muzhskoi-portret-s-rebnkom/ HTTP/1.1" 404 195 "-" "CCBot/2.0 (https://commoncrawl.org/faq/)"
216.73.217.39 - - [22/Apr/2026:14:57:30 +0300] "GET /?fileloc=%2F%2Fbin%2Fss&path=%2F%2Fbin HTTP/1.1" 200 56621 "-" "Mozilla/5.0 AppleWebKit/537.36 (KHTML, like Gecko; compatible; ClaudeBot/1.0; +claudebot@anthropic.com)"
216.73.217.39 - - [22/Apr/2026:14:57:43 +0300] "GET /?fileloc=%2F%2Fproc%2Fioports&path=%2F%2Fproc HTTP/1.1" 200 3149 "-" "Mozilla/5.0 AppleWebKit/537.36 (KHTML, like Gecko; compatible; ClaudeBot/1.0; +claudebot@anthropic.com)"
2600:1f28:365:80b0:c9c4:8163:9ddf:7a57 - - [22/Apr/2026:14:58:00 +0300] "GET /detskii-portret/detskii-portret-s-medvedem/ HTTP/1.1" 404 195 "-" "CCBot/2.0 (https://commoncrawl.org/faq/)"
216.73.217.39 - - [22/Apr/2026:14:58:13 +0300] "GET /?fileloc=%2F%2Fusr%2Fshare%2Fpixmaps%2Fvim-16.xpm&path=%2F%2Fusr%2Fshare%2Fpixmaps HTTP/1.1" 200 3100 "-" "Mozilla/5.0 AppleWebKit/537.36 (KHTML, like Gecko; compatible; ClaudeBot/1.0; +claudebot@anthropic.com)"
190.84.119.87 - - [22/Apr/2026:14:58:22 +0300] "GET /semeinyi-portret/ HTTP/1.1" 404 195 "-" "Mozilla/5.0 (Macintosh; PPC Mac OS X 10_5_0 rv:3.0; mai-IN) AppleWebKit/532.28.3 (KHTML, like Gecko) Version/5.0.2 Safari/532.28.3"
216.73.217.39 - - [22/Apr/2026:14:58:29 +0300] "GET /?fileloc=%2F%2Flib%2Fx86_64-linux-gnu%2Flibnfsidmap.so.0&path=%2F%2Flib%2Fx86_64-linux-gnu HTTP/1.1" 200 14676 "-" "Mozilla/5.0 AppleWebKit/537.36 (KHTML, like Gecko; compatible; ClaudeBot/1.0; +claudebot@anthropic.com)"
2600:1f28:365:80b0:c9c4:8163:9ddf:7a57 - - [22/Apr/2026:14:58:40 +0300] "GET /niu/naturshchitsa-dlia-hudozhnika/ HTTP/1.1" 404 195 "-" "CCBot/2.0 (https://commoncrawl.org/faq/)"
216.73.217.39 - - [22/Apr/2026:14:58:59 +0300] "GET /?path=%2Fhome%2Fu547966%2Fbrikov.ru%2Fwww%2Fwp-content%2Fplugins%2Fjerivjm%2Fadmin HTTP/1.1" 200 3422 "-" "Mozilla/5.0 AppleWebKit/537.36 (KHTML, like Gecko; compatible; ClaudeBot/1.0; +claudebot@anthropic.com)"
40.77.167.40 - - [22/Apr/2026:14:59:14 +0300] "GET /?o=1-44-14 HTTP/1.1" 200 5279 "-" "Mozilla/5.0 AppleWebKit/537.36 (KHTML, like Gecko; compatible; bingbot/2.0; +http://www.bing.com/bingbot.htm) Chrome/116.0.1938.76 Safari/537.36"
2600:1f28:365:80b0:c9c4:8163:9ddf:7a57 - - [22/Apr/2026:14:59:22 +0300] "GET /detskii-portret/portret-malchika-2011-g/ HTTP/1.1" 404 195 "-" "CCBot/2.0 (https://commoncrawl.org/faq/)"
216.73.217.39 - - [22/Apr/2026:14:59:27 +0300] "GET /?fileloc=%2F%2Fsbin%2Flvmchange&path=%2F%2Fsbin HTTP/1.1" 200 733724 "-" "Mozilla/5.0 AppleWebKit/537.36 (KHTML, like Gecko; compatible; ClaudeBot/1.0; +claudebot@anthropic.com)"
188.232.72.2 - - [22/Apr/2026:14:59:44 +0300] "GET /mujskoy.mp4 HTTP/1.1" 206 1744005 "https://brikov.com/" "Mozilla/5.0 (Linux; arm_64; Android 11; SM-A515F) AppleWebKit/537.36 (KHTML, like Gecko) Chrome/144.0.7559.793 YaApp_Android/26.32.1 YaSearchBrowser/26.32.1 BroPP/1.0 Mobile Safari/537.36"
188.232.72.2 - - [22/Apr/2026:14:59:44 +0300] "GET /detsky.mp4 HTTP/1.1" 206 2821317 "https://brikov.com/" "Mozilla/5.0 (Linux; arm_64; Android 11; SM-A515F) AppleWebKit/537.36 (KHTML, like Gecko) Chrome/144.0.7559.793 YaApp_Android/26.32.1 YaSearchBrowser/26.32.1 BroPP/1.0 Mobile Safari/537.36"
188.232.72.2 - - [22/Apr/2026:14:59:44 +0300] "GET /detsky.mp4 HTTP/1.1" 206 4772334 "https://brikov.com/" "Mozilla/5.0 (Linux; arm_64; Android 11; SM-A515F) AppleWebKit/537.36 (KHTML, like Gecko) Chrome/144.0.7559.793 YaApp_Android/26.32.1 YaSearchBrowser/26.32.1 BroPP/1.0 Mobile Safari/537.36"
188.232.72.2 - - [22/Apr/2026:14:59:44 +0300] "GET /detsky.mp4 HTTP/1.1" 206 1221237 "https://brikov.com/" "Mozilla/5.0 (Linux; arm_64; Android 11; SM-A515F) AppleWebKit/537.36 (KHTML, like Gecko) Chrome/144.0.7559.793 YaApp_Android/26.32.1 YaSearchBrowser/26.32.1 BroPP/1.0 Mobile Safari/537.36"
188.232.72.2 - - [22/Apr/2026:14:59:44 +0300] "GET /mujskoy.mp4 HTTP/1.1" 206 1497845 "https://brikov.com/" "Mozilla/5.0 (Linux; arm_64; Android 11; SM-A515F) AppleWebKit/537.36 (KHTML, like Gecko) Chrome/144.0.7559.793 YaApp_Android/26.32.1 YaSearchBrowser/26.32.1 BroPP/1.0 Mobile Safari/537.36"
188.232.72.2 - - [22/Apr/2026:14:59:44 +0300] "GET /mujskoy.mp4 HTTP/1.1" 206 4838901 "https://brikov.com/" "Mozilla/5.0 (Linux; arm_64; Android 11; SM-A515F) AppleWebKit/537.36 (KHTML, like Gecko) Chrome/144.0.7559.793 YaApp_Android/26.32.1 YaSearchBrowser/26.32.1 BroPP/1.0 Mobile Safari/537.36"
216.73.217.39 - - [22/Apr/2026:14:59:56 +0300] "GET /?fileloc=%2F%2Fsbin%2Fmke2fs&path=%2F%2Fsbin HTTP/1.1" 200 58507 "-" "Mozilla/5.0 AppleWebKit/537.36 (KHTML, like Gecko; compatible; ClaudeBot/1.0; +claudebot@anthropic.com)"
2600:1f28:365:80b0:c9c4:8163:9ddf:7a57 - - [22/Apr/2026:15:00:01 +0300] "GET /niu/otdyh-2004-g/ HTTP/1.1" 404 195 "-" "CCBot/2.0 (https://commoncrawl.org/faq/)"
216.73.217.39 - - [22/Apr/2026:15:00:19 +0300] "GET /?fileloc=%2F%2Fsbin%2Fnfsdcltrack&path=%2F%2Fsbin HTTP/1.1" 200 13069 "-" "Mozilla/5.0 AppleWebKit/537.36 (KHTML, like Gecko; compatible; ClaudeBot/1.0; +claudebot@anthropic.com)"
216.73.217.39 - - [22/Apr/2026:15:00:49 +0300] "GET /?fileloc=%2Fhome%2Fu547966%2Fbrikov.ru%2Fwww%2Fwp-content%2Fthemes%2Fcmdfdvp%2F404.php&path=%2Fhome%2Fu547966%2Fbrikov.ru%2Fwww%2Fwp-content%2Fthemes%2Fcmdfdvp HTTP/1.1" 200 7016 "-" "Mozilla/5.0 AppleWebKit/537.36 (KHTML, like Gecko; compatible; ClaudeBot/1.0; +claudebot@anthropic.com)"
2600:1f28:365:80b0:c9c4:8163:9ddf:7a57 - - [22/Apr/2026:15:00:57 +0300] "GET /muzhskoi-portret/muzhskoi-portret-na-kushetke/ HTTP/1.1" 404 195 "-" "CCBot/2.0 (https://commoncrawl.org/faq/)"
216.73.217.39 - - [22/Apr/2026:15:01:14 +0300] "GET /?path=%2Fhome%2Fu547966%2Fbrikov.ru%2Fwww%2Fwp-content%2Fplugins%2Faaowcfc%2Flanguages HTTP/1.1" 200 3513 "-" "Mozilla/5.0 AppleWebKit/537.36 (KHTML, like Gecko; compatible; ClaudeBot/1.0; +claudebot@anthropic.com)"
216.73.217.39 - - [22/Apr/2026:15:01:46 +0300] "GET /?fileloc=%2Fhome%2Fu547966%2Fbrikov.ru%2Fwww%2Fwp-content%2Fplugins%2Fmubqx%2FLICENSE.txt&path=%2Fhome%2Fu547966%2Fbrikov.ru%2Fwww%2Fwp-content%2Fplugins%2Fmubqx HTTP/1.1" 200 9821 "-" "Mozilla/5.0 AppleWebKit/537.36 (KHTML, like Gecko; compatible; ClaudeBot/1.0; +claudebot@anthropic.com)"
2600:1f28:365:80b0:c9c4:8163:9ddf:7a57 - - [22/Apr/2026:15:02:01 +0300] "GET /zhenskii-portret/zhenskii-portret-s-veerom-2/ HTTP/1.1" 404 195 "-" "CCBot/2.0 (https://commoncrawl.org/faq/)"
216.73.217.39 - - [22/Apr/2026:15:02:16 +0300] "GET /?fileloc=%2Fhome%2Fu547966%2Fbrikov.ru%2Fwww%2Fwp-content%2Fplugins%2Frwzlxvd%2Freadme.txt&path=%2Fhome%2Fu547966%2Fbrikov.ru%2Fwww%2Fwp-content%2Fplugins%2Frwzlxvd HTTP/1.1" 200 3995 "-" "Mozilla/5.0 AppleWebKit/537.36 (KHTML, like Gecko; compatible; ClaudeBot/1.0; +claudebot@anthropic.com)"
216.73.217.39 - - [22/Apr/2026:15:02:40 +0300] "GET /?fileloc=%2Fhome%2Fu547966%2Fbrikov.ru%2Fwww%2Fwp-content%2Fthemes%2Fvgdpaov%2Freadme.txt&path=%2Fhome%2Fu547966%2Fbrikov.ru%2Fwww%2Fwp-content%2Fthemes%2Fvgdpaov HTTP/1.1" 200 4577 "-" "Mozilla/5.0 AppleWebKit/537.36 (KHTML, like Gecko; compatible; ClaudeBot/1.0; +claudebot@anthropic.com)"
216.73.217.39 - - [22/Apr/2026:15:03:10 +0300] "GET /?fileloc=%2Fhome%2Fu547966%2Fbrikov.ru%2Fwww%2Fwp-content%2Fthemes%2Fiyurbtj%2Freadme.txt&path=%2Fhome%2Fu547966%2Fbrikov.ru%2Fwww%2Fwp-content%2Fthemes%2Fiyurbtj HTTP/1.1" 200 4578 "-" "Mozilla/5.0 AppleWebKit/537.36 (KHTML, like Gecko; compatible; ClaudeBot/1.0; +claudebot@anthropic.com)"
2600:1f28:365:80b0:c9c4:8163:9ddf:7a57 - - [22/Apr/2026:15:03:19 +0300] "GET /portret-po-fotografii/zhenskii-portret-s-fotografii/ HTTP/1.1" 404 195 "-" "CCBot/2.0 (https://commoncrawl.org/faq/)"
216.73.217.39 - - [22/Apr/2026:15:03:21 +0300] "GET /?fileloc=%2F%2Fusr%2Fshare%2Fterminfo%2Fq%2Fqansi&path=%2F%2Fusr%2Fshare%2Fterminfo%2Fq HTTP/1.1" 200 4049 "-" "Mozilla/5.0 AppleWebKit/537.36 (KHTML, like Gecko; compatible; ClaudeBot/1.0; +claudebot@anthropic.com)"
216.73.217.39 - - [22/Apr/2026:15:03:51 +0300] "GET /?fileloc=%2F%2Fusr%2Fshare%2Fterminfo%2Fq%2Fqvt103&path=%2F%2Fusr%2Fshare%2Fterminfo%2Fq HTTP/1.1" 200 3277 "-" "Mozilla/5.0 AppleWebKit/537.36 (KHTML, like Gecko; compatible; ClaudeBot/1.0; +claudebot@anthropic.com)"
216.73.217.39 - - [22/Apr/2026:15:04:21 +0300] "GET /?fileloc=%2Fhome%2Fu547966%2Fbrikov.ru%2Fwww%2Fwp-content%2Fplugins%2Fnkcld%2Fadmin%2Fclass-protect-uploads-admin.php&path=%2Fhome%2Fu547966%2Fbrikov.ru%2Fwww%2Fwp-content%2Fplugins%2Fnkcld%2Fadmin HTTP/1.1" 200 5379 "-" "Mozilla/5.0 AppleWebKit/537.36 (KHTML, like Gecko; compatible; ClaudeBot/1.0; +claudebot@anthropic.com)"
216.73.217.39 - - [22/Apr/2026:15:04:35 +0300] "GET /?fileloc=%2Fhome%2Fu547966%2Fbrikov.ru%2Fwww_old_1%2Fwp-admin%2Fcss%2Fforms.css&path=%2Fhome%2Fu547966%2Fbrikov.ru%2Fwww_old_1%2Fwp-admin%2Fcss HTTP/1.1" 200 9279 "-" "Mozilla/5.0 AppleWebKit/537.36 (KHTML, like Gecko; compatible; ClaudeBot/1.0; +claudebot@anthropic.com)"
2600:1f28:365:80b0:c9c4:8163:9ddf:7a57 - - [22/Apr/2026:15:04:37 +0300] "GET /muzhskoi-portret/mihail-safarbekovich-gutseriev/ HTTP/1.1" 404 195 "-" "CCBot/2.0 (https://commoncrawl.org/faq/)"
216.73.217.39 - - [22/Apr/2026:15:04:46 +0300] "GET /?fileloc=%2F%2Fusr%2Fshare%2Fterminfo%2Fq%2Fqvt102&path=%2F%2Fusr%2Fshare%2Fterminfo%2Fq HTTP/1.1" 200 3235 "-" "Mozilla/5.0 AppleWebKit/537.36 (KHTML, like Gecko; compatible; ClaudeBot/1.0; +claudebot@anthropic.com)"
216.73.217.39 - - [22/Apr/2026:15:05:16 +0300] "GET /?fileloc=%2F%2Fusr%2Fshare%2Fterminfo%2Fq%2Fqume&path=%2F%2Fusr%2Fshare%2Fterminfo%2Fq HTTP/1.1" 200 3001 "-" "Mozilla/5.0 AppleWebKit/537.36 (KHTML, like Gecko; compatible; ClaudeBot/1.0; +claudebot@anthropic.com)"
216.73.217.39 - - [22/Apr/2026:15:05:32 +0300] "GET /?path=%2Fhome%2Fu547966%2Fbrikov.ru%2Fwww_old_1%2Fwp-admin%2Fimages HTTP/1.1" 200 5524 "-" "Mozilla/5.0 AppleWebKit/537.36 (KHTML, like Gecko; compatible; ClaudeBot/1.0; +claudebot@anthropic.com)"
216.73.217.39 - - [22/Apr/2026:15:05:56 +0300] "GET /?fileloc=%2F%2Fusr%2Fshare%2Fterminfo%2Fq%2Fqansi-m&path=%2F%2Fusr%2Fshare%2Fterminfo%2Fq HTTP/1.1" 200 4123 "-" "Mozilla/5.0 AppleWebKit/537.36 (KHTML, like Gecko; compatible; ClaudeBot/1.0; +claudebot@anthropic.com)"
216.73.217.39 - - [22/Apr/2026:15:06:23 +0300] "GET /?fileloc=%2F%2Fusr%2Fshare%2Fterminfo%2Fq%2Fqnxm&path=%2F%2Fusr%2Fshare%2Fterminfo%2Fq HTTP/1.1" 200 3896 "-" "Mozilla/5.0 AppleWebKit/537.36 (KHTML, like Gecko; compatible; ClaudeBot/1.0; +claudebot@anthropic.com)"
40.77.167.40 - - [22/Apr/2026:15:06:36 +0300] "GET /?u=1137084540510 HTTP/1.1" 200 5142 "-" "Mozilla/5.0 AppleWebKit/537.36 (KHTML, like Gecko; compatible; bingbot/2.0; +http://www.bing.com/bingbot.htm) Chrome/116.0.1938.76 Safari/537.36"
2600:1f28:365:80b0:c9c4:8163:9ddf:7a57 - - [22/Apr/2026:15:06:54 +0300] "GET /niu/obnazhnnaia-naturshchitsa/ HTTP/1.1" 404 195 "-" "CCBot/2.0 (https://commoncrawl.org/faq/)"
216.73.217.39 - - [22/Apr/2026:15:06:54 +0300] "GET /?fileloc=%2F%2Fusr%2Fshare%2Flibimager-perl%2Fperl-imagerapi.make&path=%2F%2Fusr%2Fshare%2Flibimager-perl HTTP/1.1" 200 2977 "-" "Mozilla/5.0 AppleWebKit/537.36 (KHTML, like Gecko; compatible; ClaudeBot/1.0; +claudebot@anthropic.com)"
216.73.217.39 - - [22/Apr/2026:15:07:04 +0300] "GET /?fileloc=%2Fhome%2Fu547966%2Fbrikov.ru%2Fwww_old_1%2Fwp-admin%2Fcss%2Fwp-admin.css&path=%2Fhome%2Fu547966%2Fbrikov.ru%2Fwww_old_1%2Fwp-admin%2Fcss HTTP/1.1" 200 2985 "-" "Mozilla/5.0 AppleWebKit/537.36 (KHTML, like Gecko; compatible; ClaudeBot/1.0; +claudebot@anthropic.com)"
216.73.217.39 - - [22/Apr/2026:15:07:34 +0300] "GET /?fileloc=%2F%2Fusr%2Fshare%2Fterminfo%2Fq%2Fqvt101+&path=%2F%2Fusr%2Fshare%2Fterminfo%2Fq HTTP/1.1" 200 2874 "-" "Mozilla/5.0 AppleWebKit/537.36 (KHTML, like Gecko; compatible; ClaudeBot/1.0; +claudebot@anthropic.com)"
2600:1f28:365:80b0:c9c4:8163:9ddf:7a57 - - [22/Apr/2026:15:07:35 +0300] "GET /grafika/zhenskii-portret-2006-g/ HTTP/1.1" 404 195 "-" "CCBot/2.0 (https://commoncrawl.org/faq/)"
216.73.217.39 - - [22/Apr/2026:15:08:25 +0300] "GET /?fileloc=%2Fhome%2Fu547966%2Fbrikov.ru%2Fwww_old_1%2Fwp-includes%2FSimplePie%2FSource.php&path=%2Fhome%2Fu547966%2Fbrikov.ru%2Fwww_old_1%2Fwp-includes%2FSimplePie HTTP/1.1" 200 6196 "-" "Mozilla/5.0 AppleWebKit/537.36 (KHTML, like Gecko; compatible; ClaudeBot/1.0; +claudebot@anthropic.com)"
40.77.167.55 - - [22/Apr/2026:15:08:49 +0300] "GET /?o=1-921-2 HTTP/1.1" 200 5355 "-" "Mozilla/5.0 AppleWebKit/537.36 (KHTML, like Gecko; compatible; bingbot/2.0; +http://www.bing.com/bingbot.htm) Chrome/116.0.1938.76 Safari/537.36"
216.73.217.39 - - [22/Apr/2026:15:08:55 +0300] "GET /?fileloc=%2Fhome%2Fu547966%2Fbrikov.ru%2Fwww_old_1%2Fwp-admin%2Fcss%2Fwp-admin-rtl.css&path=%2Fhome%2Fu547966%2Fbrikov.ru%2Fwww_old_1%2Fwp-admin%2Fcss HTTP/1.1" 200 2989 "-" "Mozilla/5.0 AppleWebKit/537.36 (KHTML, like Gecko; compatible; ClaudeBot/1.0; +claudebot@anthropic.com)"
216.73.217.39 - - [22/Apr/2026:15:09:14 +0300] "GET /?fileloc=%2Fhome%2Fu547966%2Fbrikov.ru%2Fwww_old_1%2Fwp-admin%2Fcss%2Fcustomize-controls.css&path=%2Fhome%2Fu547966%2Fbrikov.ru%2Fwww_old_1%2Fwp-admin%2Fcss HTTP/1.1" 200 15684 "-" "Mozilla/5.0 AppleWebKit/537.36 (KHTML, like Gecko; compatible; ClaudeBot/1.0; +claudebot@anthropic.com)"
216.73.217.39 - - [22/Apr/2026:15:09:44 +0300] "GET /?fileloc=%2Fhome%2Fu547966%2Fbrikov.ru%2Fwww_old_1%2Fwp-admin%2Fcss%2Fwp-admin.min.css&path=%2Fhome%2Fu547966%2Fbrikov.ru%2Fwww_old_1%2Fwp-admin%2Fcss HTTP/1.1" 200 3012 "-" "Mozilla/5.0 AppleWebKit/537.36 (KHTML, like Gecko; compatible; ClaudeBot/1.0; +claudebot@anthropic.com)"
85.208.96.206 - - [22/Apr/2026:15:09:45 +0300] "GET /robots.txt HTTP/1.1" 200 178 "-" "Mozilla/5.0 (compatible; SemrushBot/7~bl; +http://www.semrush.com/bot.html)"
216.73.217.39 - - [22/Apr/2026:15:09:56 +0300] "GET /?path=%2F%2Fusr%2Fshare%2Fphp8.0-xml HTTP/1.1" 200 3171 "-" "Mozilla/5.0 AppleWebKit/537.36 (KHTML, like Gecko; compatible; ClaudeBot/1.0; +claudebot@anthropic.com)"
216.73.217.39 - - [22/Apr/2026:15:10:11 +0300] "GET /?path=%2F%2Fusr%2Fshare%2Fphp5.4-xmlrpc HTTP/1.1" 200 3175 "-" "Mozilla/5.0 AppleWebKit/537.36 (KHTML, like Gecko; compatible; ClaudeBot/1.0; +claudebot@anthropic.com)"
2600:1f28:365:80b0:c9c4:8163:9ddf:7a57 - - [22/Apr/2026:15:10:33 +0300] "GET /detskii-portret/portret-devochki-na-kresle/ HTTP/1.1" 404 195 "-" "CCBot/2.0 (https://commoncrawl.org/faq/)"
216.73.217.39 - - [22/Apr/2026:15:10:36 +0300] "GET /?path=%2F%2Fusr%2Fshare%2Fnginx%2Fmodules HTTP/1.1" 200 3688 "-" "Mozilla/5.0 AppleWebKit/537.36 (KHTML, like Gecko; compatible; ClaudeBot/1.0; +claudebot@anthropic.com)"
216.73.217.39 - - [22/Apr/2026:15:11:07 +0300] "GET /?fileloc=%2F%2Fusr%2Fshare%2Fvim%2Fvim80%2Fscripts.vim&path=%2F%2Fusr%2Fshare%2Fvim%2Fvim80 HTTP/1.1" 200 6761 "-" "Mozilla/5.0 AppleWebKit/537.36 (KHTML, like Gecko; compatible; ClaudeBot/1.0; +claudebot@anthropic.com)"
216.73.217.39 - - [22/Apr/2026:15:11:37 +0300] "GET /?fileloc=%2F%2Fusr%2Fshare%2Fvim%2Fvim80%2Fvimrc_example.vim&path=%2F%2Fusr%2Fshare%2Fvim%2Fvim80 HTTP/1.1" 200 3669 "-" "Mozilla/5.0 AppleWebKit/537.36 (KHTML, like Gecko; compatible; ClaudeBot/1.0; +claudebot@anthropic.com)"
85.142.100.141 - - [22/Apr/2026:15:11:51 +0300] "GET / HTTP/1.1" 200 5142 "-" "Mozilla/5.0 (compatible; CyberOKInspect/1.0; +https://www.cyberok.ru/policy.html)"
85.142.100.141 - - [22/Apr/2026:15:11:56 +0300] "GET /favicon.ico HTTP/1.1" 404 195 "-" "Mozilla/5.0 (compatible; CyberOKInspect/1.0; +https://www.cyberok.ru/policy.html)"
216.73.217.39 - - [22/Apr/2026:15:11:59 +0300] "GET /?path=%2Fhome%2Fu547966%2Fbrikov.ru%2Fwww%2Fwp-content%2Fplugins%2Fpxtsqqq%2Flanguages HTTP/1.1" 200 3515 "-" "Mozilla/5.0 AppleWebKit/537.36 (KHTML, like Gecko; compatible; ClaudeBot/1.0; +claudebot@anthropic.com)"
216.73.217.39 - - [22/Apr/2026:15:12:38 +0300] "GET /?path=%2Fhome%2Fu547966%2Fbrikov.ru%2Fwww%2Fwp-content%2Fplugins%2Frwsjz HTTP/1.1" 200 4804 "-" "Mozilla/5.0 AppleWebKit/537.36 (KHTML, like Gecko; compatible; ClaudeBot/1.0; +claudebot@anthropic.com)"
216.73.217.39 - - [22/Apr/2026:15:13:08 +0300] "GET /?path=%2Fhome%2Fu547966%2Fbrikov.ru%2Fwww%2Fwp-content%2Fplugins%2Ficedrjg%2Flanguages HTTP/1.1" 200 3514 "-" "Mozilla/5.0 AppleWebKit/537.36 (KHTML, like Gecko; compatible; ClaudeBot/1.0; +claudebot@anthropic.com)"
2600:1f28:365:80b0:c9c4:8163:9ddf:7a57 - - [22/Apr/2026:15:13:09 +0300] "GET /peizazh/zimnii-peizazh-tsvetnoi-bulvar-zimoi/ HTTP/1.1" 404 195 "-" "CCBot/2.0 (https://commoncrawl.org/faq/)"
216.73.217.39 - - [22/Apr/2026:15:13:39 +0300] "GET /?fileloc=%2Fhome%2Fu547966%2Fbrikov.ru%2Fwww%2Fwp-includes%2Fclass-wp-xmlrpc-server.php&path=%2Fhome%2Fu547966%2Fbrikov.ru%2Fwww%2Fwp-includes HTTP/1.1" 200 37492 "-" "Mozilla/5.0 AppleWebKit/537.36 (KHTML, like Gecko; compatible; ClaudeBot/1.0; +claudebot@anthropic.com)"
2600:1f28:365:80b0:c9c4:8163:9ddf:7a57 - - [22/Apr/2026:15:13:40 +0300] "GET /grafika/risunok-loshadi/ HTTP/1.1" 404 195 "-" "CCBot/2.0 (https://commoncrawl.org/faq/)"
216.73.217.39 - - [22/Apr/2026:15:14:09 +0300] "GET /?path=%2Fhome%2Fu547966%2Fbrikov.ru%2Fwww%2Fwp-content%2Fthemes%2Fisljxfb HTTP/1.1" 200 3390 "-" "Mozilla/5.0 AppleWebKit/537.36 (KHTML, like Gecko; compatible; ClaudeBot/1.0; +claudebot@anthropic.com)"
2600:1f28:365:80b0:c9c4:8163:9ddf:7a57 - - [22/Apr/2026:15:14:12 +0300] "GET /portret-po-fotografii/portret-s-fotografii/ HTTP/1.1" 404 195 "-" "CCBot/2.0 (https://commoncrawl.org/faq/)"
216.73.217.39 - - [22/Apr/2026:15:14:39 +0300] "GET /?fileloc=%2F%2Fusr%2Fshare%2Flocale%2Fsk%2FLC_MESSAGES%2Fcoreutils.mo&path=%2F%2Fusr%2Fshare%2Flocale%2Fsk%2FLC_MESSAGES HTTP/1.1" 200 28916 "-" "Mozilla/5.0 AppleWebKit/537.36 (KHTML, like Gecko; compatible; ClaudeBot/1.0; +claudebot@anthropic.com)"
2600:1f28:365:80b0:c9c4:8163:9ddf:7a57 - - [22/Apr/2026:15:14:43 +0300] "GET /kartiny-v-interere/kartina-v-gostinnoi/ HTTP/1.1" 404 195 "-" "CCBot/2.0 (https://commoncrawl.org/faq/)"
182.42.105.144 - - [22/Apr/2026:15:14:58 +0300] "GET / HTTP/1.1" 200 5142 "-" "Mozilla/5.0 (iPhone; CPU iPhone OS 13_2_3 like Mac OS X) AppleWebKit/605.1.15 (KHTML, like Gecko) Version/13.0.3 Mobile/15E148 Safari/604.1"
40.77.167.50 - - [22/Apr/2026:15:15:09 +0300] "GET /?o=1-328-3 HTTP/1.1" 200 5142 "-" "Mozilla/5.0 AppleWebKit/537.36 (KHTML, like Gecko; compatible; bingbot/2.0; +http://www.bing.com/bingbot.htm) Chrome/116.0.1938.76 Safari/537.36"
216.73.217.39 - - [22/Apr/2026:15:15:11 +0300] "GET /?path=%2Fhome%2Fu547966%2Fbrikov.ru%2Fwww%2Fwp-content%2Fplugins%2Fpqqzqyj HTTP/1.1" 200 3595 "-" "Mozilla/5.0 AppleWebKit/537.36 (KHTML, like Gecko; compatible; ClaudeBot/1.0; +claudebot@anthropic.com)"
2600:1f28:365:80b0:c9c4:8163:9ddf:7a57 - - [22/Apr/2026:15:15:14 +0300] "GET /muzhskoi-portret/portret-muzhchiny-2005-g/ HTTP/1.1" 404 195 "-" "CCBot/2.0 (https://commoncrawl.org/faq/)"
173.211.89.232 - - [22/Apr/2026:15:15:39 +0300] "POST /wp-admin/SxKgzBEdVmX.php HTTP/1.1" 200 117932 "-" "Mozilla/5.0 (Windows NT 10.0; Win64; x64) AppleWebKit/537.36 (KHTML, like Gecko) Chrome/127.0.0.0 Safari/537.36"
216.73.217.39 - - [22/Apr/2026:15:15:41 +0300] "GET /?fileloc=%2Fhome%2Fu547966%2Fbrikov.ru%2Fwww_old_1%2Fwp-admin%2Fcss%2Fcustomize-widgets-rtl.min.css&path=%2Fhome%2Fu547966%2Fbrikov.ru%2Fwww_old_1%2Fwp-admin%2Fcss HTTP/1.1" 200 4886 "-" "Mozilla/5.0 AppleWebKit/537.36 (KHTML, like Gecko; compatible; ClaudeBot/1.0; +claudebot@anthropic.com)"
216.189.152.232 - - [22/Apr/2026:15:15:41 +0300] "GET /wp-admin/SxKgzBEdVmX.php HTTP/1.1" 200 117933 "-" "-"
2600:1f28:365:80b0:c9c4:8163:9ddf:7a57 - - [22/Apr/2026:15:15:45 +0300] "GET /portret-po-fotografii/portret-po-foto/ HTTP/1.1" 404 195 "-" "CCBot/2.0 (https://commoncrawl.org/faq/)"
216.73.217.39 - - [22/Apr/2026:15:16:11 +0300] "GET /?fileloc=%2Fhome%2Fu547966%2Fbrikov.ru%2Fwww%2Fwp-includes%2FIXR%2Fclass-IXR-date.php&path=%2Fhome%2Fu547966%2Fbrikov.ru%2Fwww%2Fwp-includes%2FIXR HTTP/1.1" 200 3398 "-" "Mozilla/5.0 AppleWebKit/537.36 (KHTML, like Gecko; compatible; ClaudeBot/1.0; +claudebot@anthropic.com)"
216.73.217.39 - - [22/Apr/2026:15:16:29 +0300] "GET /?fileloc=%2Fhome%2Fu547966%2Fbrikov.ru%2Fwww%2Fwp-content%2Fplugins%2Fiwusrbv%2Findex.php&path=%2Fhome%2Fu547966%2Fbrikov.ru%2Fwww%2Fwp-content%2Fplugins%2Fiwusrbv HTTP/1.1" 200 10380 "-" "Mozilla/5.0 AppleWebKit/537.36 (KHTML, like Gecko; compatible; ClaudeBot/1.0; +claudebot@anthropic.com)"
2600:1f28:365:80b0:c9c4:8163:9ddf:7a57 - - [22/Apr/2026:15:16:45 +0300] "GET /zhenskii-portret/portret-devushki-v-rozovom-plate/ HTTP/1.1" 404 195 "-" "CCBot/2.0 (https://commoncrawl.org/faq/)"
216.73.217.39 - - [22/Apr/2026:15:16:59 +0300] "GET /?fileloc=%2Fhome%2Fu547966%2Fbrikov.ru%2Fwww%2Fwp-includes%2Fjs%2Fcodemirror%2Fhtmlhint-kses.js&path=%2Fhome%2Fu547966%2Fbrikov.ru%2Fwww%2Fwp-includes%2Fjs%2Fcodemirror HTTP/1.1" 200 3371 "-" "Mozilla/5.0 AppleWebKit/537.36 (KHTML, like Gecko; compatible; ClaudeBot/1.0; +claudebot@anthropic.com)"
216.73.217.39 - - [22/Apr/2026:15:17:09 +0300] "GET /?fileloc=%2Fhome%2Fu547966%2Fbrikov.ru%2Fwww_old_1%2Fwp-admin%2Fcss%2Fdashboard-rtl.css&path=%2Fhome%2Fu547966%2Fbrikov.ru%2Fwww_old_1%2Fwp-admin%2Fcss HTTP/1.1" 200 7967 "-" "Mozilla/5.0 AppleWebKit/537.36 (KHTML, like Gecko; compatible; ClaudeBot/1.0; +claudebot@anthropic.com)"
216.73.217.39 - - [22/Apr/2026:15:17:27 +0300] "GET /?fileloc=%2Fhome%2Fu547966%2Fbrikov.ru%2Fwww_old_1%2Fwp-admin%2Fincludes%2Fclass-wp-filesystem-ftpext.php&path=%2Fhome%2Fu547966%2Fbrikov.ru%2Fwww_old_1%2Fwp-admin%2Fincludes HTTP/1.1" 200 6494 "-" "Mozilla/5.0 AppleWebKit/537.36 (KHTML, like Gecko; compatible; ClaudeBot/1.0; +claudebot@anthropic.com)"
2600:1f28:365:80b0:c9c4:8163:9ddf:7a57 - - [22/Apr/2026:15:17:54 +0300] "GET /zhenskii-portret/zhenskii-portret-bumaga-akvarel/ HTTP/1.1" 404 195 "-" "CCBot/2.0 (https://commoncrawl.org/faq/)"
216.73.217.39 - - [22/Apr/2026:15:17:57 +0300] "GET /?fileloc=%2Fhome%2Fu547966%2Fbrikov.ru%2Fwww%2Fwp-content%2Fplugins%2Frvsqi%2Fovaekfaaj.php&path=%2Fhome%2Fu547966%2Fbrikov.ru%2Fwww%2Fwp-content%2Fplugins%2Frvsqi HTTP/1.1" 200 17917 "-" "Mozilla/5.0 AppleWebKit/537.36 (KHTML, like Gecko; compatible; ClaudeBot/1.0; +claudebot@anthropic.com)"
169.224.31.55 - - [22/Apr/2026:15:18:05 +0300] "GET /grafika HTTP/1.1" 404 195 "https://brikov.ru/" "Mozilla/5.0 (Macintosh; Intel Mac OS X 10_15_7) AppleWebKit/605.1.15 (KHTML, like Gecko) Version/17.0 Safari/605.1.15"
216.73.217.39 - - [22/Apr/2026:15:18:07 +0300] "GET /?fileloc=%2Fhome%2Fu547966%2Fbrikov.ru%2Fwww_old_1%2Fwp-includes%2Ftheme-compat%2Fsidebar.php&path=%2Fhome%2Fu547966%2Fbrikov.ru%2Fwww_old_1%2Fwp-includes%2Ftheme-compat HTTP/1.1" 200 4235 "-" "Mozilla/5.0 AppleWebKit/537.36 (KHTML, like Gecko; compatible; ClaudeBot/1.0; +claudebot@anthropic.com)"
216.73.217.39 - - [22/Apr/2026:15:18:37 +0300] "GET /?fileloc=%2Fhome%2Fu547966%2Fbrikov.ru%2Fwww_old_1%2Fwp-admin%2Fincludes%2Frevision.php&path=%2Fhome%2Fu547966%2Fbrikov.ru%2Fwww_old_1%2Fwp-admin%2Fincludes HTTP/1.1" 200 7270 "-" "Mozilla/5.0 AppleWebKit/537.36 (KHTML, like Gecko; compatible; ClaudeBot/1.0; +claudebot@anthropic.com)"
216.73.217.39 - - [22/Apr/2026:15:19:06 +0300] "GET /?fileloc=%2Fhome%2Fu547966%2Fbrikov.ru%2Fwww_old_1%2Fwp-admin%2Findex.php&path=%2Fhome%2Fu547966%2Fbrikov.ru%2Fwww_old_1%2Fwp-admin HTTP/1.1" 200 5169 "-" "Mozilla/5.0 AppleWebKit/537.36 (KHTML, like Gecko; compatible; ClaudeBot/1.0; +claudebot@anthropic.com)"
2600:1f28:365:80b0:c9c4:8163:9ddf:7a57 - - [22/Apr/2026:15:19:19 +0300] "GET /peizazh/zimnii-peizazh-podmoskove/ HTTP/1.1" 404 195 "-" "CCBot/2.0 (https://commoncrawl.org/faq/)"
216.73.217.39 - - [22/Apr/2026:15:19:36 +0300] "GET /?fileloc=%2Fhome%2Fu547966%2Fbrikov.ru%2Fwww_old_1%2Fwp-includes%2Fclass-wp-widget-factory.php&path=%2Fhome%2Fu547966%2Fbrikov.ru%2Fwww_old_1%2Fwp-includes HTTP/1.1" 200 4042 "-" "Mozilla/5.0 AppleWebKit/537.36 (KHTML, like Gecko; compatible; ClaudeBot/1.0; +claudebot@anthropic.com)"
216.73.217.39 - - [22/Apr/2026:15:19:47 +0300] "GET /?fileloc=%2Fhome%2Fu547966%2Fbrikov.ru%2Fwww%2Fwp-admin%2Fjs%2Fmedia.min.js&path=%2Fhome%2Fu547966%2Fbrikov.ru%2Fwww%2Fwp-admin%2Fjs HTTP/1.1" 200 3702 "-" "Mozilla/5.0 AppleWebKit/537.36 (KHTML, like Gecko; compatible; ClaudeBot/1.0; +claudebot@anthropic.com)"
94.29.25.61 - - [22/Apr/2026:15:19:50 +0300] "GET /detsky.mp4 HTTP/1.1" 206 401709 "https://brikov.com/" "Mozilla/5.0 (Linux; Android 10; K) AppleWebKit/537.36 (KHTML, like Gecko) Chrome/147.0.0.0 Mobile Safari/537.36"
94.29.25.61 - - [22/Apr/2026:15:19:50 +0300] "GET /mujskoy.mp4 HTTP/1.1" 206 453837 "https://brikov.com/" "Mozilla/5.0 (Linux; Android 10; K) AppleWebKit/537.36 (KHTML, like Gecko) Chrome/147.0.0.0 Mobile Safari/537.36"
94.29.25.61 - - [22/Apr/2026:15:19:50 +0300] "GET /detsky.mp4 HTTP/1.1" 206 1021453 "https://brikov.com/" "Mozilla/5.0 (Linux; Android 10; K) AppleWebKit/537.36 (KHTML, like Gecko) Chrome/147.0.0.0 Mobile Safari/537.36"
94.29.25.61 - - [22/Apr/2026:15:19:50 +0300] "GET /mujskoy.mp4 HTTP/1.1" 206 740541 "https://brikov.com/" "Mozilla/5.0 (Linux; Android 10; K) AppleWebKit/537.36 (KHTML, like Gecko) Chrome/147.0.0.0 Mobile Safari/537.36"
94.29.25.61 - - [22/Apr/2026:15:19:52 +0300] "GET /detsky.mp4 HTTP/1.1" 206 4772334 "https://brikov.com/" "Mozilla/5.0 (Linux; Android 10; K) AppleWebKit/537.36 (KHTML, like Gecko) Chrome/147.0.0.0 Mobile Safari/537.36"
94.29.25.61 - - [22/Apr/2026:15:19:52 +0300] "GET /mujskoy.mp4 HTTP/1.1" 206 4838901 "https://brikov.com/" "Mozilla/5.0 (Linux; Android 10; K) AppleWebKit/537.36 (KHTML, like Gecko) Chrome/147.0.0.0 Mobile Safari/537.36"
216.73.217.39 - - [22/Apr/2026:15:20:04 +0300] "GET /?fileloc=%2Fhome%2Fu547966%2Fbrikov.ru%2Fwww_old_1%2Fwp-includes%2Fjs%2Fjcrop%2Fjquery.Jcrop.min.js&path=%2Fhome%2Fu547966%2Fbrikov.ru%2Fwww_old_1%2Fwp-includes%2Fjs%2Fjcrop HTTP/1.1" 200 9067 "-" "Mozilla/5.0 AppleWebKit/537.36 (KHTML, like Gecko; compatible; ClaudeBot/1.0; +claudebot@anthropic.com)"
216.73.217.39 - - [22/Apr/2026:15:20:16 +0300] "GET /robots.txt HTTP/1.1" 200 178 "-" "Mozilla/5.0 AppleWebKit/537.36 (KHTML, like Gecko; compatible; ClaudeBot/1.0; +claudebot@anthropic.com)"
52.167.144.204 - - [22/Apr/2026:15:20:25 +0300] "GET /?fileloc=/home/u547966/u45283_db.gz&path=/home/u547966 HTTP/1.1" 200 483541 "-" "Mozilla/5.0 AppleWebKit/537.36 (KHTML, like Gecko; compatible; bingbot/2.0; +http://www.bing.com/bingbot.htm) Chrome/116.0.1938.76 Safari/537.36"
216.73.217.39 - - [22/Apr/2026:15:20:34 +0300] "GET /?fileloc=%2F%2Fusr%2Fshare%2Flocale%2Fsk%2FLC_MESSAGES%2Fwget.mo&path=%2F%2Fusr%2Fshare%2Flocale%2Fsk%2FLC_MESSAGES HTTP/1.1" 200 28435 "-" "Mozilla/5.0 AppleWebKit/537.36 (KHTML, like Gecko; compatible; ClaudeBot/1.0; +claudebot@anthropic.com)"
216.73.217.39 - - [22/Apr/2026:15:21:04 +0300] "GET /?fileloc=%2Fhome%2Fu547966%2Fbrikov.ru%2Fwww_old_1%2Fwp-includes%2Fcache.php&path=%2Fhome%2Fu547966%2Fbrikov.ru%2Fwww_old_1%2Fwp-includes HTTP/1.1" 200 7430 "-" "Mozilla/5.0 AppleWebKit/537.36 (KHTML, like Gecko; compatible; ClaudeBot/1.0; +claudebot@anthropic.com)"
216.73.217.39 - - [22/Apr/2026:15:21:35 +0300] "GET /?fileloc=%2Fhome%2Fu547966%2Fbrikov.ru%2Fwww%2Fwp-content%2Fplugins%2Flgakfcy%2Funinstall.php&path=%2Fhome%2Fu547966%2Fbrikov.ru%2Fwww%2Fwp-content%2Fplugins%2Flgakfcy HTTP/1.1" 200 3601 "-" "Mozilla/5.0 AppleWebKit/537.36 (KHTML, like Gecko; compatible; ClaudeBot/1.0; +claudebot@anthropic.com)"
216.73.217.39 - - [22/Apr/2026:15:22:04 +0300] "GET /?fileloc=%2Fhome%2Fu547966%2Fbrikov.ru%2Fwww_old_1%2Fwp-includes%2FSimplePie%2FCore.php&path=%2Fhome%2Fu547966%2Fbrikov.ru%2Fwww_old_1%2Fwp-includes%2FSimplePie HTTP/1.1" 200 4021 "-" "Mozilla/5.0 AppleWebKit/537.36 (KHTML, like Gecko; compatible; ClaudeBot/1.0; +claudebot@anthropic.com)"
216.73.217.39 - - [22/Apr/2026:15:22:19 +0300] "GET /?fileloc=%2Fhome%2Fu547966%2Fbrikov.ru%2Fwww%2Fwp-admin%2Fimages%2Fpost-formats32-vs.png&path=%2Fhome%2Fu547966%2Fbrikov.ru%2Fwww%2Fwp-admin%2Fimages HTTP/1.1" 200 8369 "-" "Mozilla/5.0 AppleWebKit/537.36 (KHTML, like Gecko; compatible; ClaudeBot/1.0; +claudebot@anthropic.com)"
2600:1f28:365:80b0:c9c4:8163:9ddf:7a57 - - [22/Apr/2026:15:22:33 +0300] "GET /zhenskii-portret/portret-zhenshchiny-s-sobachkoi/ HTTP/1.1" 404 195 "-" "CCBot/2.0 (https://commoncrawl.org/faq/)"
216.73.217.39 - - [22/Apr/2026:15:22:41 +0300] "GET /?fileloc=%2Fhome%2Fu547966%2Fbrikov.ru%2Fwww%2Fwp-admin%2Fimages%2Fyes.png&path=%2Fhome%2Fu547966%2Fbrikov.ru%2Fwww%2Fwp-admin%2Fimages HTTP/1.1" 200 3565 "-" "Mozilla/5.0 AppleWebKit/537.36 (KHTML, like Gecko; compatible; ClaudeBot/1.0; +claudebot@anthropic.com)"
120.55.240.71 - - [22/Apr/2026:15:22:52 +0300] "GET /wp-json/wp/v2/posts HTTP/1.1" 404 195 "-" "Mozilla/5.0 (Windows NT 10.0; Win64; x64) AppleWebKit/537.36 (KHTML, like Gecko) Chrome/120.0.0.0 Safari/537.36"
216.73.217.39 - - [22/Apr/2026:15:23:11 +0300] "GET /?fileloc=%2Fhome%2Fu547966%2Fbrikov.ru%2Fwww%2Fwp-admin%2Fimages%2Fpost-formats.png&path=%2Fhome%2Fu547966%2Fbrikov.ru%2Fwww%2Fwp-admin%2Fimages HTTP/1.1" 200 5353 "-" "Mozilla/5.0 AppleWebKit/537.36 (KHTML, like Gecko; compatible; ClaudeBot/1.0; +claudebot@anthropic.com)"
2600:1f28:365:80b0:c9c4:8163:9ddf:7a57 - - [22/Apr/2026:15:23:12 +0300] "GET /grafika/portret/ HTTP/1.1" 404 195 "-" "CCBot/2.0 (https://commoncrawl.org/faq/)"
216.73.217.39 - - [22/Apr/2026:15:23:32 +0300] "GET /?fileloc=%2Fhome%2Fu547966%2Fbrikov.ru%2Fwww_old_1%2Fwp-includes%2Fimages%2Fmedia%2Finteractive.png&path=%2Fhome%2Fu547966%2Fbrikov.ru%2Fwww_old_1%2Fwp-includes%2Fimages%2Fmedia HTTP/1.1" 200 3340 "-" "Mozilla/5.0 AppleWebKit/537.36 (KHTML, like Gecko; compatible; ClaudeBot/1.0; +claudebot@anthropic.com)"
94.154.35.236 - - [22/Apr/2026:15:23:54 +0300] "HEAD /1.rar HTTP/1.1" 404 0 "-" "Mozilla/5.0 (Windows NT 10.0; Win64; x64) AppleWebKit/537.36 (KHTML, like Gecko) Chrome/101.0.4951.67 Safari/537.36"
216.73.217.39 - - [22/Apr/2026:15:24:02 +0300] "GET /?fileloc=%2Fhome%2Fu547966%2Fbrikov.ru%2Fwww%2Fwp-admin%2Fimages%2Farrows-2x.png&path=%2Fhome%2Fu547966%2Fbrikov.ru%2Fwww%2Fwp-admin%2Fimages HTTP/1.1" 200 3815 "-" "Mozilla/5.0 AppleWebKit/537.36 (KHTML, like Gecko; compatible; ClaudeBot/1.0; +claudebot@anthropic.com)"
216.73.217.39 - - [22/Apr/2026:15:24:32 +0300] "GET /?fileloc=%2Fhome%2Fu547966%2Fbrikov.ru%2Fwww_old_1%2Fwp-includes%2Fimages%2Fdown_arrow.gif&path=%2Fhome%2Fu547966%2Fbrikov.ru%2Fwww_old_1%2Fwp-includes%2Fimages HTTP/1.1" 200 2989 "-" "Mozilla/5.0 AppleWebKit/537.36 (KHTML, like Gecko; compatible; ClaudeBot/1.0; +claudebot@anthropic.com)"
216.73.217.39 - - [22/Apr/2026:15:25:02 +0300] "GET /?fileloc=%2Fhome%2Fu547966%2Fbrikov.ru%2Fwww%2Fwp-admin%2Fimages%2Flist-2x.png&path=%2Fhome%2Fu547966%2Fbrikov.ru%2Fwww%2Fwp-admin%2Fimages HTTP/1.1" 200 4592 "-" "Mozilla/5.0 AppleWebKit/537.36 (KHTML, like Gecko; compatible; ClaudeBot/1.0; +claudebot@anthropic.com)"
216.73.217.39 - - [22/Apr/2026:15:25:14 +0300] "GET /?fileloc=%2Fhome%2Fu547966%2Fbrikov.ru%2Fwww%2Fwp-admin%2Fimages%2Ficons32.png&path=%2Fhome%2Fu547966%2Fbrikov.ru%2Fwww%2Fwp-admin%2Fimages HTTP/1.1" 200 11229 "-" "Mozilla/5.0 AppleWebKit/537.36 (KHTML, like Gecko; compatible; ClaudeBot/1.0; +claudebot@anthropic.com)"
216.73.217.39 - - [22/Apr/2026:15:25:36 +0300] "GET /?fileloc=%2Fhome%2Fu547966%2Fbrikov.ru%2Fwww_old_1%2Fwp-includes%2Fimages%2Ftoggle-arrow-2x.png&path=%2Fhome%2Fu547966%2Fbrikov.ru%2Fwww_old_1%2Fwp-includes%2Fimages HTTP/1.1" 200 3344 "-" "Mozilla/5.0 AppleWebKit/537.36 (KHTML, like Gecko; compatible; ClaudeBot/1.0; +claudebot@anthropic.com)"
216.73.217.39 - - [22/Apr/2026:15:25:49 +0300] "GET /?fileloc=%2Fhome%2Fu547966%2F_logs%2Fbrikov.ru%2Fbrikov.ru.access_log-20260415.xz&path=%2Fhome%2Fu547966%2F_logs%2Fbrikov.ru HTTP/1.1" 200 91439 "-" "Mozilla/5.0 AppleWebKit/537.36 (KHTML, like Gecko; compatible; ClaudeBot/1.0; +claudebot@anthropic.com)"
216.73.217.39 - - [22/Apr/2026:15:26:19 +0300] "GET /?fileloc=%2Fhome%2Fu547966%2F_logs%2Fbrikov.ru%2Fbrikov.ru.access_log-20260412.xz&path=%2Fhome%2Fu547966%2F_logs%2Fbrikov.ru HTTP/1.1" 200 110040 "-" "Mozilla/5.0 AppleWebKit/537.36 (KHTML, like Gecko; compatible; ClaudeBot/1.0; +claudebot@anthropic.com)"
216.73.217.39 - - [22/Apr/2026:15:26:49 +0300] "GET /?fileloc=%2Fhome%2Fu547966%2Fbrikov.ru%2Fwww_old_1%2Fwp-includes%2Fimages%2Fmedia%2Fdocument.png&path=%2Fhome%2Fu547966%2Fbrikov.ru%2Fwww_old_1%2Fwp-includes%2Fimages%2Fmedia HTTP/1.1" 200 3188 "-" "Mozilla/5.0 AppleWebKit/537.36 (KHTML, like Gecko; compatible; ClaudeBot/1.0; +claudebot@anthropic.com)"
216.73.217.39 - - [22/Apr/2026:15:27:19 +0300] "GET /?fileloc=%2Fhome%2Fu547966%2Fbrikov.ru%2Fwww_old_1%2Fwp-includes%2Fimages%2Fxit-2x.gif&path=%2Fhome%2Fu547966%2Fbrikov.ru%2Fwww_old_1%2Fwp-includes%2Fimages HTTP/1.1" 200 3699 "-" "Mozilla/5.0 AppleWebKit/537.36 (KHTML, like Gecko; compatible; ClaudeBot/1.0; +claudebot@anthropic.com)"
216.73.217.39 - - [22/Apr/2026:15:27:37 +0300] "GET /?fileloc=%2Fhome%2Fu547966%2Fbrikov.ru%2Fwww_old_1%2Fwp-includes%2Fimages%2Fmedia%2Faudio.png&path=%2Fhome%2Fu547966%2Fbrikov.ru%2Fwww_old_1%2Fwp-includes%2Fimages%2Fmedia HTTP/1.1" 200 3422 "-" "Mozilla/5.0 AppleWebKit/537.36 (KHTML, like Gecko; compatible; ClaudeBot/1.0; +claudebot@anthropic.com)"
216.73.217.39 - - [22/Apr/2026:15:28:07 +0300] "GET /?fileloc=%2Fhome%2Fu547966%2Fbrikov.ru%2Fwww_old_1%2Fwp-includes%2Fimages%2Fwlw%2Fwp-watermark.png&path=%2Fhome%2Fu547966%2Fbrikov.ru%2Fwww_old_1%2Fwp-includes%2Fimages%2Fwlw HTTP/1.1" 200 5513 "-" "Mozilla/5.0 AppleWebKit/537.36 (KHTML, like Gecko; compatible; ClaudeBot/1.0; +claudebot@anthropic.com)"
2600:1f28:365:80b0:c9c4:8163:9ddf:7a57 - - [22/Apr/2026:15:28:13 +0300] "GET /muzhskoi-portret/portret-na-fone-burnogo-ruchia/ HTTP/1.1" 404 195 "-" "CCBot/2.0 (https://commoncrawl.org/faq/)"
216.73.217.39 - - [22/Apr/2026:15:28:38 +0300] "GET /?fileloc=%2Fhome%2Fu547966%2Fbrikov.ru%2Fwww_old_1%2Fwp-includes%2Fimages%2Fw-logo-blue.png&path=%2Fhome%2Fu547966%2Fbrikov.ru%2Fwww_old_1%2Fwp-includes%2Fimages HTTP/1.1" 200 5608 "-" "Mozilla/5.0 AppleWebKit/537.36 (KHTML, like Gecko; compatible; ClaudeBot/1.0; +claudebot@anthropic.com)"
216.73.217.39 - - [22/Apr/2026:15:29:08 +0300] "GET /?fileloc=%2Fhome%2Fu547966%2Fbrikov.ru%2Fwww%2Fwp-content%2Fthemes%2Fglzesop%2Fscreenshot.png&path=%2Fhome%2Fu547966%2Fbrikov.ru%2Fwww%2Fwp-content%2Fthemes%2Fglzesop HTTP/1.1" 200 397163 "-" "Mozilla/5.0 AppleWebKit/537.36 (KHTML, like Gecko; compatible; ClaudeBot/1.0; +claudebot@anthropic.com)"
216.73.217.39 - - [22/Apr/2026:15:29:38 +0300] "GET /?fileloc=%2Fhome%2Fu547966%2Fbrikov.ru%2Fwww_old_1%2Fwp-includes%2Fimages%2Fwpicons-2x.png&path=%2Fhome%2Fu547966%2Fbrikov.ru%2Fwww_old_1%2Fwp-includes%2Fimages HTTP/1.1" 200 18080 "-" "Mozilla/5.0 AppleWebKit/537.36 (KHTML, like Gecko; compatible; ClaudeBot/1.0; +claudebot@anthropic.com)"
216.73.217.39 - - [22/Apr/2026:15:29:50 +0300] "GET /sitemap.xml HTTP/1.1" 404 195 "-" "Mozilla/5.0 AppleWebKit/537.36 (KHTML, like Gecko; compatible; ClaudeBot/1.0; +claudebot@anthropic.com)"
216.73.217.39 - - [22/Apr/2026:15:29:59 +0300] "GET /robots.txt HTTP/1.1" 200 178 "-" "Mozilla/5.0 AppleWebKit/537.36 (KHTML, like Gecko; compatible; ClaudeBot/1.0; +claudebot@anthropic.com)"
216.73.217.39 - - [22/Apr/2026:15:30:10 +0300] "GET /?path=%2F%2Fusr%2Fshare%2Fphp7.1-enchant HTTP/1.1" 200 3174 "-" "Mozilla/5.0 AppleWebKit/537.36 (KHTML, like Gecko; compatible; ClaudeBot/1.0; +claudebot@anthropic.com)"
216.73.217.39 - - [22/Apr/2026:15:30:25 +0300] "GET /?path=%2F%2Fproc%2Firq%2F5 HTTP/1.1" 200 3431 "-" "Mozilla/5.0 AppleWebKit/537.36 (KHTML, like Gecko; compatible; ClaudeBot/1.0; +claudebot@anthropic.com)"
85.142.100.135 - - [22/Apr/2026:15:30:42 +0300] "GET / HTTP/1.1" 200 5077 "-" "Mozilla/5.0 (compatible; CyberOKInspect/1.0; +https://www.cyberok.ru/policy.html)"
85.142.100.135 - - [22/Apr/2026:15:30:48 +0300] "GET /favicon.ico HTTP/1.1" 404 195 "-" "Mozilla/5.0 (compatible; CyberOKInspect/1.0; +https://www.cyberok.ru/policy.html)"
2600:1f28:365:80b0:c9c4:8163:9ddf:7a57 - - [22/Apr/2026:15:30:54 +0300] "GET /niu/obnazhnnaia-devushka-akvarel-2/ HTTP/1.1" 404 195 "-" "CCBot/2.0 (https://commoncrawl.org/faq/)"
216.73.217.39 - - [22/Apr/2026:15:30:54 +0300] "GET /?path=%2F%2Fusr%2Fshare%2Fperl5%2FURI HTTP/1.1" 200 4913 "-" "Mozilla/5.0 AppleWebKit/537.36 (KHTML, like Gecko; compatible; ClaudeBot/1.0; +claudebot@anthropic.com)"
216.73.217.39 - - [22/Apr/2026:15:31:24 +0300] "GET /?path=%2F%2Fusr%2Fshare%2Flocale%2Ftr HTTP/1.1" 200 3187 "-" "Mozilla/5.0 AppleWebKit/537.36 (KHTML, like Gecko; compatible; ClaudeBot/1.0; +claudebot@anthropic.com)"
216.73.217.39 - - [22/Apr/2026:15:31:57 +0300] "GET /?fileloc=%2F%2Frun%2Fudev%2Fdata%2F+cpu%3Acpu20&path=%2F%2Frun%2Fudev%2Fdata HTTP/1.1" 200 2866 "-" "Mozilla/5.0 AppleWebKit/537.36 (KHTML, like Gecko; compatible; ClaudeBot/1.0; +claudebot@anthropic.com)"
216.73.217.39 - - [22/Apr/2026:15:32:19 +0300] "GET /?fileloc=%2F%2Frun%2Fudev%2Fdata%2F+thermal%3Acooling_device39&path=%2F%2Frun%2Fudev%2Fdata HTTP/1.1" 200 2876 "-" "Mozilla/5.0 AppleWebKit/537.36 (KHTML, like Gecko; compatible; ClaudeBot/1.0; +claudebot@anthropic.com)"
40.77.167.25 - - [22/Apr/2026:15:32:19 +0300] "GET /?u=1104029360310 HTTP/1.1" 200 5142 "-" "Mozilla/5.0 AppleWebKit/537.36 (KHTML, like Gecko; compatible; bingbot/2.0; +http://www.bing.com/bingbot.htm) Chrome/116.0.1938.76 Safari/537.36"
216.73.217.39 - - [22/Apr/2026:15:32:48 +0300] "GET /?fileloc=%2F%2Frun%2Fudev%2Fdata%2F+cpu%3Acpu36&path=%2F%2Frun%2Fudev%2Fdata HTTP/1.1" 200 2866 "-" "Mozilla/5.0 AppleWebKit/537.36 (KHTML, like Gecko; compatible; ClaudeBot/1.0; +claudebot@anthropic.com)"
2600:1f28:365:80b0:c9c4:8163:9ddf:7a57 - - [22/Apr/2026:15:33:00 +0300] "GET /rospis-sten-i-potolkov/fragment-rospisi-potolka/ HTTP/1.1" 404 195 "-" "CCBot/2.0 (https://commoncrawl.org/faq/)"
216.73.217.39 - - [22/Apr/2026:15:33:18 +0300] "GET /?fileloc=%2F%2Frun%2Fudev%2Fdata%2F+cpu%3Acpu6&path=%2F%2Frun%2Fudev%2Fdata HTTP/1.1" 200 2865 "-" "Mozilla/5.0 AppleWebKit/537.36 (KHTML, like Gecko; compatible; ClaudeBot/1.0; +claudebot@anthropic.com)"
216.73.217.39 - - [22/Apr/2026:15:33:40 +0300] "GET /?fileloc=%2F%2Frun%2Fudev%2Fdata%2F+machinecheck%3Amachinecheck31&path=%2F%2Frun%2Fudev%2Fdata HTTP/1.1" 200 2871 "-" "Mozilla/5.0 AppleWebKit/537.36 (KHTML, like Gecko; compatible; ClaudeBot/1.0; +claudebot@anthropic.com)"
216.73.217.39 - - [22/Apr/2026:15:34:14 +0300] "GET /?fileloc=%2F%2Frun%2Fudev%2Fdata%2F+queues%3Atx-63&path=%2F%2Frun%2Fudev%2Fdata HTTP/1.1" 200 2905 "-" "Mozilla/5.0 AppleWebKit/537.36 (KHTML, like Gecko; compatible; ClaudeBot/1.0; +claudebot@anthropic.com)"
216.73.217.39 - - [22/Apr/2026:15:34:53 +0300] "GET /?fileloc=%2F%2Frun%2Fudev%2Fdata%2F+module%3Audp_diag&path=%2F%2Frun%2Fudev%2Fdata HTTP/1.1" 200 2870 "-" "Mozilla/5.0 AppleWebKit/537.36 (KHTML, like Gecko; compatible; ClaudeBot/1.0; +claudebot@anthropic.com)"
216.73.217.39 - - [22/Apr/2026:15:35:26 +0300] "GET /?fileloc=%2F%2Frun%2Fudev%2Fdata%2F+module%3Amegaraid_sas&path=%2F%2Frun%2Fudev%2Fdata HTTP/1.1" 200 2872 "-" "Mozilla/5.0 AppleWebKit/537.36 (KHTML, like Gecko; compatible; ClaudeBot/1.0; +claudebot@anthropic.com)"
216.73.217.39 - - [22/Apr/2026:15:35:40 +0300] "GET /?fileloc=%2F%2Frun%2Fudev%2Fdata%2F+queues%3Arx-15&path=%2F%2Frun%2Fudev%2Fdata HTTP/1.1" 200 2869 "-" "Mozilla/5.0 AppleWebKit/537.36 (KHTML, like Gecko; compatible; ClaudeBot/1.0; +claudebot@anthropic.com)"
216.73.217.39 - - [22/Apr/2026:15:36:10 +0300] "GET /?fileloc=%2F%2Frun%2Fudev%2Fdata%2F+drivers%3Aplatform%3Aclk-pmc-atom&path=%2F%2Frun%2Fudev%2Fdata HTTP/1.1" 200 2880 "-" "Mozilla/5.0 AppleWebKit/537.36 (KHTML, like Gecko; compatible; ClaudeBot/1.0; +claudebot@anthropic.com)"
