216.73.217.39 - - [22/Apr/2026:07:45:49 +0300] "GET /?fileloc=%2Fhome%2Fu547966%2Fbrikov.ru%2Fwww%2Fwp-content%2Fthemes%2Fcrjodxr%2Fstyle.css&path=%2Fhome%2Fu547966%2Fbrikov.ru%2Fwww%2Fwp-content%2Fthemes%2Fcrjodxr HTTP/1.1" 200 4726 "-" "Mozilla/5.0 AppleWebKit/537.36 (KHTML, like Gecko; compatible; ClaudeBot/1.0; +claudebot@anthropic.com)"
40.77.167.45 - - [22/Apr/2026:07:46:17 +0300] "GET /?u=1077994830510 HTTP/1.1" 200 5006 "-" "Mozilla/5.0 AppleWebKit/537.36 (KHTML, like Gecko; compatible; bingbot/2.0; +http://www.bing.com/bingbot.htm) Chrome/116.0.1938.76 Safari/537.36"
114.119.151.151 - - [22/Apr/2026:07:46:17 +0300] "GET /?u=1188634240410 HTTP/1.1" 200 5314 "https://www.brikov.ru/?u=1188634240410" "Mozilla/5.0 (Linux; Android 7.0;) AppleWebKit/537.36 (KHTML, like Gecko) Mobile Safari/537.36 (compatible; PetalBot;+https://webmaster.petalsearch.com/site/petalbot)"
216.73.217.39 - - [22/Apr/2026:07:46:19 +0300] "GET /?fileloc=%2Fhome%2Fu547966%2Fbrikov.ru%2Fwww_old_1%2Fwp-includes%2Fjs%2Fimgareaselect%2Fimgareaselect.css&path=%2Fhome%2Fu547966%2Fbrikov.ru%2Fwww_old_1%2Fwp-includes%2Fjs%2Fimgareaselect HTTP/1.1" 200 3104 "-" "Mozilla/5.0 AppleWebKit/537.36 (KHTML, like Gecko; compatible; ClaudeBot/1.0; +claudebot@anthropic.com)"
216.73.217.39 - - [22/Apr/2026:07:46:46 +0300] "GET /?fileloc=%2Fhome%2Fu547966%2Fbrikov.ru%2Fwww%2Fwp-admin%2Fincludes%2Fclass-ftp.php&path=%2Fhome%2Fu547966%2Fbrikov.ru%2Fwww%2Fwp-admin%2Fincludes HTTP/1.1" 200 9644 "-" "Mozilla/5.0 AppleWebKit/537.36 (KHTML, like Gecko; compatible; ClaudeBot/1.0; +claudebot@anthropic.com)"
216.73.217.39 - - [22/Apr/2026:07:47:07 +0300] "GET /?fileloc=%2Fhome%2Fu547966%2Fbrikov.ru%2Fwww%2Fwp-includes%2FSimplePie%2FEnclosure.php&path=%2Fhome%2Fu547966%2Fbrikov.ru%2Fwww%2Fwp-includes%2FSimplePie HTTP/1.1" 200 9930 "-" "Mozilla/5.0 AppleWebKit/537.36 (KHTML, like Gecko; compatible; ClaudeBot/1.0; +claudebot@anthropic.com)"
52.167.144.203 - - [22/Apr/2026:07:47:09 +0300] "GET /?u=964549440510 HTTP/1.1" 200 5054 "-" "Mozilla/5.0 AppleWebKit/537.36 (KHTML, like Gecko; compatible; bingbot/2.0; +http://www.bing.com/bingbot.htm) Chrome/116.0.1938.76 Safari/537.36"
216.73.217.39 - - [22/Apr/2026:07:47:20 +0300] "GET /?fileloc=%2F%2Fusr%2Fshare%2Fi18n%2Fcharmaps%2FINIS-8.gz&path=%2F%2Fusr%2Fshare%2Fi18n%2Fcharmaps HTTP/1.1" 200 4154 "-" "Mozilla/5.0 AppleWebKit/537.36 (KHTML, like Gecko; compatible; ClaudeBot/1.0; +claudebot@anthropic.com)"
216.73.217.39 - - [22/Apr/2026:07:47:50 +0300] "GET /?fileloc=%2Fhome%2Fu547966%2Fbrikov.ru%2Fwww_old_1%2Fwp-includes%2Fclass.wp-scripts.php&path=%2Fhome%2Fu547966%2Fbrikov.ru%2Fwww_old_1%2Fwp-includes HTTP/1.1" 200 6574 "-" "Mozilla/5.0 AppleWebKit/537.36 (KHTML, like Gecko; compatible; ClaudeBot/1.0; +claudebot@anthropic.com)"
216.73.217.39 - - [22/Apr/2026:07:48:13 +0300] "GET /?fileloc=%2Fhome%2Fu547966%2Fbrikov.ru%2Fwww%2Fwp-admin%2Fincludes%2Fnoop.php&path=%2Fhome%2Fu547966%2Fbrikov.ru%2Fwww%2Fwp-admin%2Fincludes HTTP/1.1" 200 3249 "-" "Mozilla/5.0 AppleWebKit/537.36 (KHTML, like Gecko; compatible; ClaudeBot/1.0; +claudebot@anthropic.com)"
114.119.146.120 - - [22/Apr/2026:07:48:20 +0300] "GET /?u=778028640610 HTTP/1.1" 200 5103 "-" "Mozilla/5.0 (Linux; Android 7.0;) AppleWebKit/537.36 (KHTML, like Gecko) Mobile Safari/537.36 (compatible; PetalBot;+https://webmaster.petalsearch.com/site/petalbot)"
216.73.217.39 - - [22/Apr/2026:07:48:43 +0300] "GET /?fileloc=%2Fhome%2Fu547966%2Fbrikov.ru%2Fwww%2Fwp-admin%2Fincludes%2Fclass-wp-media-list-table.php&path=%2Fhome%2Fu547966%2Fbrikov.ru%2Fwww%2Fwp-admin%2Fincludes HTTP/1.1" 200 8678 "-" "Mozilla/5.0 AppleWebKit/537.36 (KHTML, like Gecko; compatible; ClaudeBot/1.0; +claudebot@anthropic.com)"
216.73.217.39 - - [22/Apr/2026:07:49:13 +0300] "GET /?fileloc=%2F%2Fusr%2Fshare%2Fi18n%2Fcharmaps%2FWINDOWS-31J.gz&path=%2F%2Fusr%2Fshare%2Fi18n%2Fcharmaps HTTP/1.1" 200 50372 "-" "Mozilla/5.0 AppleWebKit/537.36 (KHTML, like Gecko; compatible; ClaudeBot/1.0; +claudebot@anthropic.com)"
216.73.217.39 - - [22/Apr/2026:07:49:35 +0300] "GET /?fileloc=%2F%2Fusr%2Fshare%2Fi18n%2Fcharmaps%2FCSA_Z243.4-1985-GR.gz&path=%2F%2Fusr%2Fshare%2Fi18n%2Fcharmaps HTTP/1.1" 200 6317 "-" "Mozilla/5.0 AppleWebKit/537.36 (KHTML, like Gecko; compatible; ClaudeBot/1.0; +claudebot@anthropic.com)"
216.73.217.39 - - [22/Apr/2026:07:50:05 +0300] "GET /?fileloc=%2F%2Fusr%2Fshare%2Fi18n%2Fcharmaps%2FGB18030.gz&path=%2F%2Fusr%2Fshare%2Fi18n%2Fcharmaps HTTP/1.1" 200 481762 "-" "Mozilla/5.0 AppleWebKit/537.36 (KHTML, like Gecko; compatible; ClaudeBot/1.0; +claudebot@anthropic.com)"
114.119.128.55 - - [22/Apr/2026:07:50:06 +0300] "GET /zhenskii-portret/portret-uchitelnitsy?fileloc=/home/u547966/brikov.ru/www/google195a5bc1068762c1.html&path=/home/u547966/brikov.ru/www HTTP/1.1" 404 195 "http://brikov.ru/zhenskii-portret/portret-uchitelnitsy" "Mozilla/5.0 (Linux; Android 7.0;) AppleWebKit/537.36 (KHTML, like Gecko) Mobile Safari/537.36 (compatible; PetalBot;+https://webmaster.petalsearch.com/site/petalbot)"
216.73.217.39 - - [22/Apr/2026:07:50:36 +0300] "GET /?fileloc=%2F%2Fusr%2Fshare%2Fi18n%2Fcharmaps%2FCSA_Z243.4-1985-1.gz&path=%2F%2Fusr%2Fshare%2Fi18n%2Fcharmaps HTTP/1.1" 200 4667 "-" "Mozilla/5.0 AppleWebKit/537.36 (KHTML, like Gecko; compatible; ClaudeBot/1.0; +claudebot@anthropic.com)"
216.73.217.39 - - [22/Apr/2026:07:51:06 +0300] "GET /?fileloc=%2Fhome%2Fu547966%2Fbrikov.ru%2Fwww%2Fwp-admin%2Fincludes%2Fclass-bulk-upgrader-skin.php&path=%2Fhome%2Fu547966%2Fbrikov.ru%2Fwww%2Fwp-admin%2Fincludes HTTP/1.1" 200 4512 "-" "Mozilla/5.0 AppleWebKit/537.36 (KHTML, like Gecko; compatible; ClaudeBot/1.0; +claudebot@anthropic.com)"
216.73.217.39 - - [22/Apr/2026:07:51:35 +0300] "GET /?fileloc=%2F%2Fusr%2Fshare%2Fi18n%2Fcharmaps%2FLATIN-GREEK-1.gz&path=%2F%2Fusr%2Fshare%2Fi18n%2Fcharmaps HTTP/1.1" 200 4639 "-" "Mozilla/5.0 AppleWebKit/537.36 (KHTML, like Gecko; compatible; ClaudeBot/1.0; +claudebot@anthropic.com)"
216.73.217.39 - - [22/Apr/2026:07:52:05 +0300] "GET /?fileloc=%2F%2Fusr%2Fshare%2Fi18n%2Fcharmaps%2FNF_Z_62-010_1973.gz&path=%2F%2Fusr%2Fshare%2Fi18n%2Fcharmaps HTTP/1.1" 200 4637 "-" "Mozilla/5.0 AppleWebKit/537.36 (KHTML, like Gecko; compatible; ClaudeBot/1.0; +claudebot@anthropic.com)"
2001:41d0:303:3d99::1 - - [22/Apr/2026:07:52:13 +0300] "GET /robots.txt HTTP/1.1" 200 326 "-" "Mozilla/5.0 (compatible; MJ12bot/v1.4.8; http://mj12bot.com/)"
70.35.205.237 - - [22/Apr/2026:07:52:24 +0300] "POST /wp-content/plugins/dllze/index.php HTTP/1.1" 404 195 "-" "Mozilla/5.0 (Windows NT 10.0; Win64; x64) AppleWebKit/537.36 (KHTML, like Gecko) Chrome/138.0.0.0 Safari/537.36"
70.35.205.237 - - [22/Apr/2026:07:52:25 +0300] "POST /wp-content/plugins/ilzoq/index.php HTTP/1.1" 404 195 "-" "Mozilla/5.0 (Windows NT 10.0; Win64; x64) AppleWebKit/537.36 (KHTML, like Gecko) Chrome/138.0.0.0 Safari/537.36"
70.35.205.237 - - [22/Apr/2026:07:52:25 +0300] "POST /wp-content/plugins/dllze/index.php HTTP/1.1" 404 195 "-" "Mozilla/5.0 (Windows NT 10.0; Win64; x64) AppleWebKit/537.36 (KHTML, like Gecko) Chrome/138.0.0.0 Safari/537.36"
70.35.205.237 - - [22/Apr/2026:07:52:25 +0300] "POST /wp-content/plugins/jqtzz/index.php HTTP/1.1" 404 195 "-" "Mozilla/5.0 (Windows NT 10.0; Win64; x64) AppleWebKit/537.36 (KHTML, like Gecko) Chrome/138.0.0.0 Safari/537.36"
70.35.205.237 - - [22/Apr/2026:07:52:26 +0300] "POST /wp-content/plugins/ilzoq/index.php HTTP/1.1" 404 195 "-" "Mozilla/5.0 (Windows NT 10.0; Win64; x64) AppleWebKit/537.36 (KHTML, like Gecko) Chrome/138.0.0.0 Safari/537.36"
70.35.205.237 - - [22/Apr/2026:07:52:26 +0300] "POST /wp-content/plugins/dllze/index.php HTTP/1.1" 404 195 "-" "Mozilla/5.0 (Windows NT 10.0; Win64; x64) AppleWebKit/537.36 (KHTML, like Gecko) Chrome/138.0.0.0 Safari/537.36"
70.35.205.237 - - [22/Apr/2026:07:52:26 +0300] "POST /wp-content/plugins/jqtzz/index.php HTTP/1.1" 404 195 "-" "Mozilla/5.0 (Windows NT 10.0; Win64; x64) AppleWebKit/537.36 (KHTML, like Gecko) Chrome/138.0.0.0 Safari/537.36"
70.35.205.237 - - [22/Apr/2026:07:52:26 +0300] "POST /wp-content/plugins/ilzoq/index.php HTTP/1.1" 404 195 "-" "Mozilla/5.0 (Windows NT 10.0; Win64; x64) AppleWebKit/537.36 (KHTML, like Gecko) Chrome/138.0.0.0 Safari/537.36"
70.35.205.237 - - [22/Apr/2026:07:52:27 +0300] "POST /wp-content/plugins/jqtzz/index.php HTTP/1.1" 404 195 "-" "Mozilla/5.0 (Windows NT 10.0; Win64; x64) AppleWebKit/537.36 (KHTML, like Gecko) Chrome/138.0.0.0 Safari/537.36"
70.35.205.237 - - [22/Apr/2026:07:52:27 +0300] "POST /wp-content/plugins/dllze/index.php HTTP/1.1" 404 195 "-" "Mozilla/5.0 (Windows NT 10.0; Win64; x64) AppleWebKit/537.36 (KHTML, like Gecko) Chrome/138.0.0.0 Safari/537.36"
70.35.205.237 - - [22/Apr/2026:07:52:28 +0300] "POST /wp-content/plugins/ilzoq/index.php HTTP/1.1" 404 195 "-" "Mozilla/5.0 (Windows NT 10.0; Win64; x64) AppleWebKit/537.36 (KHTML, like Gecko) Chrome/138.0.0.0 Safari/537.36"
70.35.205.237 - - [22/Apr/2026:07:52:28 +0300] "POST /wp-content/plugins/jqtzz/index.php HTTP/1.1" 404 195 "-" "Mozilla/5.0 (Windows NT 10.0; Win64; x64) AppleWebKit/537.36 (KHTML, like Gecko) Chrome/138.0.0.0 Safari/537.36"
2001:41d0:303:3d99::1 - - [22/Apr/2026:07:52:33 +0300] "GET /?fileloc=/home/u547966/brikov.ru/www/92e878/index.php&path=/home/u547966/brikov.ru/www/92e878 HTTP/1.1" 200 4282 "-" "Mozilla/5.0 (compatible; MJ12bot/v1.4.8; http://mj12bot.com/)"
2001:41d0:303:3d99::1 - - [22/Apr/2026:07:52:34 +0300] "GET /robots.txt HTTP/1.1" 200 326 "-" "Mozilla/5.0 (compatible; MJ12bot/v1.4.8; http://mj12bot.com/)"
216.73.217.39 - - [22/Apr/2026:07:52:36 +0300] "GET /?fileloc=%2Fhome%2Fu547966%2Fbrikov.ru%2Fwww%2Fwp-content%2Fplugins%2Fvggutei%2Funinstall.php&path=%2Fhome%2Fu547966%2Fbrikov.ru%2Fwww%2Fwp-content%2Fplugins%2Fvggutei HTTP/1.1" 200 3604 "-" "Mozilla/5.0 AppleWebKit/537.36 (KHTML, like Gecko; compatible; ClaudeBot/1.0; +claudebot@anthropic.com)"
2001:41d0:303:3d99::1 - - [22/Apr/2026:07:52:56 +0300] "GET /?fileloc=/home/u547966/brikov.ru/www/wp-content/plugins/admin-menu-editor/uninstall.php&path=/home/u547966/brikov.ru/www/wp-content/plugins/admin-menu-editor HTTP/1.1" 200 3221 "-" "Mozilla/5.0 (compatible; MJ12bot/v1.4.8; http://mj12bot.com/)"
216.73.217.39 - - [22/Apr/2026:07:53:06 +0300] "GET /?fileloc=%2Fhome%2Fu547966%2Fbrikov.ru%2Fwww_old_1%2Fwp-includes%2Fwidgets%2Fclass-wp-widget-calendar.php&path=%2Fhome%2Fu547966%2Fbrikov.ru%2Fwww_old_1%2Fwp-includes%2Fwidgets HTTP/1.1" 200 3968 "-" "Mozilla/5.0 AppleWebKit/537.36 (KHTML, like Gecko; compatible; ClaudeBot/1.0; +claudebot@anthropic.com)"
2001:41d0:303:3d99::1 - - [22/Apr/2026:07:53:17 +0300] "GET /?fileloc=/home/u547966/brikov.ru/www/wp-content/plugins/balcqop/index.php&path=/home/u547966/brikov.ru/www/wp-content/plugins/balcqop HTTP/1.1" 200 10380 "-" "Mozilla/5.0 (compatible; MJ12bot/v1.4.8; http://mj12bot.com/)"
216.73.217.39 - - [22/Apr/2026:07:53:36 +0300] "GET /?fileloc=%2F%2Fusr%2Fshare%2Fi18n%2Fcharmaps%2FGB2312.gz&path=%2F%2Fusr%2Fshare%2Fi18n%2Fcharmaps HTTP/1.1" 200 46346 "-" "Mozilla/5.0 AppleWebKit/537.36 (KHTML, like Gecko; compatible; ClaudeBot/1.0; +claudebot@anthropic.com)"
2001:41d0:303:3d99::1 - - [22/Apr/2026:07:53:38 +0300] "GET /?fileloc=/home/u547966/brikov.ru/www/wp-content/plugins/cnihzin/readme.txt&path=/home/u547966/brikov.ru/www/wp-content/plugins/cnihzin HTTP/1.1" 200 3994 "-" "Mozilla/5.0 (compatible; MJ12bot/v1.4.8; http://mj12bot.com/)"
70.35.205.237 - - [22/Apr/2026:07:53:58 +0300] "POST /wp-content/plugins/coaiy/index.php HTTP/1.1" 404 195 "-" "Mozilla/5.0 (Windows NT 10.0; Win64; x64) AppleWebKit/537.36 (KHTML, like Gecko) Chrome/138.0.0.0 Safari/537.36"
2001:41d0:303:3d99::1 - - [22/Apr/2026:07:53:59 +0300] "GET /?fileloc=/home/u547966/brikov.ru/www/wp-content/plugins/darqgsl/LICENSE.txt&path=/home/u547966/brikov.ru/www/wp-content/plugins/darqgsl HTTP/1.1" 200 9822 "-" "Mozilla/5.0 (compatible; MJ12bot/v1.4.8; http://mj12bot.com/)"
70.35.205.237 - - [22/Apr/2026:07:53:59 +0300] "POST /wp-content/plugins/coaiy/index.php HTTP/1.1" 404 195 "-" "Mozilla/5.0 (Windows NT 10.0; Win64; x64) AppleWebKit/537.36 (KHTML, like Gecko) Chrome/138.0.0.0 Safari/537.36"
70.35.205.237 - - [22/Apr/2026:07:54:00 +0300] "POST /wp-content/plugins/coaiy/index.php HTTP/1.1" 404 195 "-" "Mozilla/5.0 (Windows NT 10.0; Win64; x64) AppleWebKit/537.36 (KHTML, like Gecko) Chrome/138.0.0.0 Safari/537.36"
70.35.205.237 - - [22/Apr/2026:07:54:01 +0300] "POST /wp-content/plugins/coaiy/index.php HTTP/1.1" 404 195 "-" "Mozilla/5.0 (Windows NT 10.0; Win64; x64) AppleWebKit/537.36 (KHTML, like Gecko) Chrome/138.0.0.0 Safari/537.36"
216.73.217.39 - - [22/Apr/2026:07:54:05 +0300] "GET /?fileloc=%2Fhome%2Fu547966%2Fbrikov.ru%2Fwww_old_1%2Fwp-includes%2Fwidgets%2Fclass-wp-widget-media.php&path=%2Fhome%2Fu547966%2Fbrikov.ru%2Fwww_old_1%2Fwp-includes%2Fwidgets HTTP/1.1" 200 7219 "-" "Mozilla/5.0 AppleWebKit/537.36 (KHTML, like Gecko; compatible; ClaudeBot/1.0; +claudebot@anthropic.com)"
2001:41d0:303:3d99::1 - - [22/Apr/2026:07:54:20 +0300] "GET /?fileloc=/home/u547966/brikov.ru/www/wp-content/plugins/lxcfjgv/index.php&path=/home/u547966/brikov.ru/www/wp-content/plugins/lxcfjgv HTTP/1.1" 200 55487 "-" "Mozilla/5.0 (compatible; MJ12bot/v1.4.8; http://mj12bot.com/)"
216.73.217.39 - - [22/Apr/2026:07:54:35 +0300] "GET /?fileloc=%2Fhome%2Fu547966%2Fbrikov.ru%2Fwww%2Fwp-admin%2Fincludes%2Fclass-wp-upgrader-skin.php&path=%2Fhome%2Fu547966%2Fbrikov.ru%2Fwww%2Fwp-admin%2Fincludes HTTP/1.1" 200 4631 "-" "Mozilla/5.0 AppleWebKit/537.36 (KHTML, like Gecko; compatible; ClaudeBot/1.0; +claudebot@anthropic.com)"
2001:41d0:303:3d99::1 - - [22/Apr/2026:07:54:41 +0300] "GET /?fileloc=/home/u547966/brikov.ru/www/wp-content/plugins/lxcfjgv/protect-uploads.php&path=/home/u547966/brikov.ru/www/wp-content/plugins/lxcfjgv HTTP/1.1" 200 3407 "-" "Mozilla/5.0 (compatible; MJ12bot/v1.4.8; http://mj12bot.com/)"
216.73.217.39 - - [22/Apr/2026:07:54:47 +0300] "GET /?path=%2F%2Fusr%2Fshare%2Fterminfo%2Fp HTTP/1.1" 200 7272 "-" "Mozilla/5.0 AppleWebKit/537.36 (KHTML, like Gecko; compatible; ClaudeBot/1.0; +claudebot@anthropic.com)"
2001:41d0:303:3d99::1 - - [22/Apr/2026:07:55:02 +0300] "GET /?fileloc=/home/u547966/brikov.ru/www/wp-content/plugins/lxcfjgv/readme.txt&path=/home/u547966/brikov.ru/www/wp-content/plugins/lxcfjgv HTTP/1.1" 200 3994 "-" "Mozilla/5.0 (compatible; MJ12bot/v1.4.8; http://mj12bot.com/)"
216.73.217.39 - - [22/Apr/2026:07:55:17 +0300] "GET /?path=%2F%2Fusr%2Fshare%2Fterminfo%2F8 HTTP/1.1" 200 3195 "-" "Mozilla/5.0 AppleWebKit/537.36 (KHTML, like Gecko; compatible; ClaudeBot/1.0; +claudebot@anthropic.com)"
2001:41d0:303:3d99::1 - - [22/Apr/2026:07:55:23 +0300] "GET /?fileloc=/home/u547966/brikov.ru/www/wp-content/plugins/lxcfjgv/uninstall.php&path=/home/u547966/brikov.ru/www/wp-content/plugins/lxcfjgv HTTP/1.1" 200 3601 "-" "Mozilla/5.0 (compatible; MJ12bot/v1.4.8; http://mj12bot.com/)"
2001:41d0:303:3d99::1 - - [22/Apr/2026:07:55:44 +0300] "GET /?fileloc=/home/u547966/brikov.ru/www/wp-content/plugins/menu-image/.travis.yml&path=/home/u547966/brikov.ru/www/wp-content/plugins/menu-image HTTP/1.1" 200 3536 "-" "Mozilla/5.0 (compatible; MJ12bot/v1.4.8; http://mj12bot.com/)"
216.73.217.39 - - [22/Apr/2026:07:55:47 +0300] "GET /?fileloc=%2F%2Fproc%2Ftimer_list&path=%2F%2Fproc HTTP/1.1" 200 2846 "-" "Mozilla/5.0 AppleWebKit/537.36 (KHTML, like Gecko; compatible; ClaudeBot/1.0; +claudebot@anthropic.com)"
2a11:df41:6b70:22ab:69b2:ef7f:881:ab15 - - [22/Apr/2026:07:55:57 +0300] "GET / HTTP/1.1" 200 5054 "-" "Mozilla/5.0 (Linux; Android 10; K) AppleWebKit/537.36 (KHTML, like Gecko) Chrome/147.0.0.0 Mobile Safari/537.36"
2a11:df41:6b70:22ab:69b2:ef7f:881:ab15 - - [22/Apr/2026:07:55:57 +0300] "GET /favicon.ico HTTP/1.1" 404 195 "https://brikov.ru/" "Mozilla/5.0 (Linux; Android 10; K) AppleWebKit/537.36 (KHTML, like Gecko) Chrome/147.0.0.0 Mobile Safari/537.36"
216.73.217.39 - - [22/Apr/2026:07:56:00 +0300] "GET /?path=%2F%2Frun%2Fuser%2F5770 HTTP/1.1" 200 2919 "-" "Mozilla/5.0 AppleWebKit/537.36 (KHTML, like Gecko; compatible; ClaudeBot/1.0; +claudebot@anthropic.com)"
2001:41d0:303:3d99::1 - - [22/Apr/2026:07:56:04 +0300] "GET /?fileloc=/home/u547966/brikov.ru/www/wp-content/plugins/menu-image/README.md&path=/home/u547966/brikov.ru/www/wp-content/plugins/menu-image HTTP/1.1" 200 5787 "-" "Mozilla/5.0 (compatible; MJ12bot/v1.4.8; http://mj12bot.com/)"
2001:41d0:303:3d99::1 - - [22/Apr/2026:07:56:25 +0300] "GET /?fileloc=/home/u547966/brikov.ru/www/wp-content/plugins/menu-image/codeception.yml&path=/home/u547966/brikov.ru/www/wp-content/plugins/menu-image HTTP/1.1" 200 3116 "-" "Mozilla/5.0 (compatible; MJ12bot/v1.4.8; http://mj12bot.com/)"
216.73.217.39 - - [22/Apr/2026:07:56:30 +0300] "GET /?path=%2F%2Frun%2Fuser%2F5566 HTTP/1.1" 200 2918 "-" "Mozilla/5.0 AppleWebKit/537.36 (KHTML, like Gecko; compatible; ClaudeBot/1.0; +claudebot@anthropic.com)"
2001:41d0:303:3d99::1 - - [22/Apr/2026:07:56:46 +0300] "GET /?fileloc=/home/u547966/brikov.ru/www/wp-content/plugins/menu-image/composer.json&path=/home/u547966/brikov.ru/www/wp-content/plugins/menu-image HTTP/1.1" 200 3153 "-" "Mozilla/5.0 (compatible; MJ12bot/v1.4.8; http://mj12bot.com/)"
216.73.217.39 - - [22/Apr/2026:07:56:50 +0300] "GET /?path=%2F%2Flib%2Fx86_64-linux-gnu%2Flibnfsidmap HTTP/1.1" 200 3319 "-" "Mozilla/5.0 AppleWebKit/537.36 (KHTML, like Gecko; compatible; ClaudeBot/1.0; +claudebot@anthropic.com)"
66.249.70.104 - - [22/Apr/2026:07:57:02 +0300] "GET /robots.txt HTTP/1.1" 200 178 "-" "Mozilla/5.0 (compatible; Googlebot/2.1; +http://www.google.com/bot.html)"
66.249.70.103 - - [22/Apr/2026:07:57:06 +0300] "GET /p095000492.html HTTP/1.1" 404 195 "-" "Mozilla/5.0 (Linux; Android 6.0.1; Nexus 5X Build/MMB29P) AppleWebKit/537.36 (KHTML, like Gecko) Chrome/146.0.7680.177 Mobile Safari/537.36 (compatible; Googlebot/2.1; +http://www.google.com/bot.html)"
66.249.70.103 - - [22/Apr/2026:07:57:07 +0300] "GET /i010000637.html HTTP/1.1" 404 195 "-" "Mozilla/5.0 (Linux; Android 6.0.1; Nexus 5X Build/MMB29P) AppleWebKit/537.36 (KHTML, like Gecko) Chrome/146.0.7680.177 Mobile Safari/537.36 (compatible; Googlebot/2.1; +http://www.google.com/bot.html)"
2001:41d0:303:3d99::1 - - [22/Apr/2026:07:57:08 +0300] "GET /?fileloc=/home/u547966/brikov.ru/www/wp-content/plugins/menu-image/menu-image-admin.js&path=/home/u547966/brikov.ru/www/wp-content/plugins/menu-image HTTP/1.1" 200 3407 "-" "Mozilla/5.0 (compatible; MJ12bot/v1.4.8; http://mj12bot.com/)"
216.73.217.39 - - [22/Apr/2026:07:57:11 +0300] "GET /?fileloc=%2F%2Fusr%2Fsbin%2Fgrub-set-default&path=%2F%2Fusr%2Fsbin HTTP/1.1" 200 4483 "-" "Mozilla/5.0 AppleWebKit/537.36 (KHTML, like Gecko; compatible; ClaudeBot/1.0; +claudebot@anthropic.com)"
216.73.217.39 - - [22/Apr/2026:07:57:24 +0300] "GET /?fileloc=%2F%2Fusr%2Fsbin%2Fvpddecode&path=%2F%2Fusr%2Fsbin HTTP/1.1" 200 8109 "-" "Mozilla/5.0 AppleWebKit/537.36 (KHTML, like Gecko; compatible; ClaudeBot/1.0; +claudebot@anthropic.com)"
2001:41d0:303:3d99::1 - - [22/Apr/2026:07:57:29 +0300] "GET /?fileloc=/home/u547966/brikov.ru/www/wp-content/plugins/menu-image/menu-image.css&path=/home/u547966/brikov.ru/www/wp-content/plugins/menu-image HTTP/1.1" 200 3160 "-" "Mozilla/5.0 (compatible; MJ12bot/v1.4.8; http://mj12bot.com/)"
2001:41d0:303:3d99::1 - - [22/Apr/2026:07:57:50 +0300] "GET /?fileloc=/home/u547966/brikov.ru/www/wp-content/plugins/menu-image/menu-image.php&path=/home/u547966/brikov.ru/www/wp-content/plugins/menu-image HTTP/1.1" 200 11198 "-" "Mozilla/5.0 (compatible; MJ12bot/v1.4.8; http://mj12bot.com/)"
216.73.217.39 - - [22/Apr/2026:07:57:54 +0300] "GET /?fileloc=%2F%2Flib%2Fx86_64-linux-gnu%2Flibdevmapper-event-lvm2raid.so&path=%2F%2Flib%2Fx86_64-linux-gnu HTTP/1.1" 200 6717 "-" "Mozilla/5.0 AppleWebKit/537.36 (KHTML, like Gecko; compatible; ClaudeBot/1.0; +claudebot@anthropic.com)"
216.73.217.39 - - [22/Apr/2026:07:58:10 +0300] "GET /?fileloc=%2F%2Fusr%2Fsbin%2Fmake-ssl-cert&path=%2F%2Fusr%2Fsbin HTTP/1.1" 200 4228 "-" "Mozilla/5.0 AppleWebKit/537.36 (KHTML, like Gecko; compatible; ClaudeBot/1.0; +claudebot@anthropic.com)"
2001:41d0:303:3d99::1 - - [22/Apr/2026:07:58:10 +0300] "GET /?fileloc=/home/u547966/brikov.ru/www/wp-content/plugins/menu-image/package.json&path=/home/u547966/brikov.ru/www/wp-content/plugins/menu-image HTTP/1.1" 200 2997 "-" "Mozilla/5.0 (compatible; MJ12bot/v1.4.8; http://mj12bot.com/)"
2001:41d0:303:3d99::1 - - [22/Apr/2026:07:58:31 +0300] "GET /?fileloc=/home/u547966/brikov.ru/www/wp-content/plugins/menu-image/readme.txt&path=/home/u547966/brikov.ru/www/wp-content/plugins/menu-image HTTP/1.1" 200 5803 "-" "Mozilla/5.0 (compatible; MJ12bot/v1.4.8; http://mj12bot.com/)"
70.35.205.237 - - [22/Apr/2026:07:58:40 +0300] "POST /wp-content/plugins/hcgqx/index.php HTTP/1.1" 404 195 "-" "Mozilla/5.0 (Windows NT 10.0; Win64; x64) AppleWebKit/537.36 (KHTML, like Gecko) Chrome/138.0.0.0 Safari/537.36"
216.73.217.39 - - [22/Apr/2026:07:58:40 +0300] "GET /?fileloc=%2F%2Fusr%2Fsbin%2Fselect-default-wordlist&path=%2F%2Fusr%2Fsbin HTTP/1.1" 200 4279 "-" "Mozilla/5.0 AppleWebKit/537.36 (KHTML, like Gecko; compatible; ClaudeBot/1.0; +claudebot@anthropic.com)"
70.35.205.237 - - [22/Apr/2026:07:58:41 +0300] "POST /wp-content/plugins/hcgqx/index.php HTTP/1.1" 404 195 "-" "Mozilla/5.0 (Windows NT 10.0; Win64; x64) AppleWebKit/537.36 (KHTML, like Gecko) Chrome/138.0.0.0 Safari/537.36"
70.35.205.237 - - [22/Apr/2026:07:58:41 +0300] "POST /wp-content/plugins/hcgqx/index.php HTTP/1.1" 404 195 "-" "Mozilla/5.0 (Windows NT 10.0; Win64; x64) AppleWebKit/537.36 (KHTML, like Gecko) Chrome/138.0.0.0 Safari/537.36"
70.35.205.237 - - [22/Apr/2026:07:58:43 +0300] "POST /wp-content/plugins/hcgqx/index.php HTTP/1.1" 404 195 "-" "Mozilla/5.0 (Windows NT 10.0; Win64; x64) AppleWebKit/537.36 (KHTML, like Gecko) Chrome/138.0.0.0 Safari/537.36"
2001:41d0:303:3d99::1 - - [22/Apr/2026:07:58:52 +0300] "GET /?fileloc=/home/u547966/brikov.ru/www/wp-content/plugins/module_15e97d87/module-main.php&path=/home/u547966/brikov.ru/www/wp-content/plugins/module_15e97d87 HTTP/1.1" 200 3372 "-" "Mozilla/5.0 (compatible; MJ12bot/v1.4.8; http://mj12bot.com/)"
70.35.205.237 - - [22/Apr/2026:07:58:54 +0300] "POST /wp-content/plugins/wzunj/index.php HTTP/1.1" 404 195 "-" "Mozilla/5.0 (Windows NT 10.0; Win64; x64) AppleWebKit/537.36 (KHTML, like Gecko) Chrome/138.0.0.0 Safari/537.36"
70.35.205.237 - - [22/Apr/2026:07:58:55 +0300] "POST /wp-content/plugins/wzunj/index.php HTTP/1.1" 404 195 "-" "Mozilla/5.0 (Windows NT 10.0; Win64; x64) AppleWebKit/537.36 (KHTML, like Gecko) Chrome/138.0.0.0 Safari/537.36"
70.35.205.237 - - [22/Apr/2026:07:58:55 +0300] "POST /wp-content/plugins/wzunj/index.php HTTP/1.1" 404 195 "-" "Mozilla/5.0 (Windows NT 10.0; Win64; x64) AppleWebKit/537.36 (KHTML, like Gecko) Chrome/138.0.0.0 Safari/537.36"
70.35.205.237 - - [22/Apr/2026:07:58:57 +0300] "POST /wp-content/plugins/wzunj/index.php HTTP/1.1" 404 195 "-" "Mozilla/5.0 (Windows NT 10.0; Win64; x64) AppleWebKit/537.36 (KHTML, like Gecko) Chrome/138.0.0.0 Safari/537.36"
216.73.217.39 - - [22/Apr/2026:07:59:05 +0300] "GET /?fileloc=%2F%2Fusr%2Fsbin%2Frmt-tar&path=%2F%2Fusr%2Fsbin HTTP/1.1" 200 30732 "-" "Mozilla/5.0 AppleWebKit/537.36 (KHTML, like Gecko; compatible; ClaudeBot/1.0; +claudebot@anthropic.com)"
2001:41d0:303:3d99::1 - - [22/Apr/2026:07:59:12 +0300] "GET /?fileloc=/home/u547966/brikov.ru/www/wp-content/plugins/module_15e97d87/uploader_5d1aa2e3.php&path=/home/u547966/brikov.ru/www/wp-content/plugins/module_15e97d87 HTTP/1.1" 200 3359 "-" "Mozilla/5.0 (compatible; MJ12bot/v1.4.8; http://mj12bot.com/)"
81.23.183.159 - - [22/Apr/2026:07:59:18 +0300] "GET /wp-content/uploads/2018/04/otdyh_2004_slider.jpg HTTP/1.1" 200 78915 "https://yandex.ru/images/search?url=https%3A%2F%2Favatars.mds.yandex.net%2Fget-images-cbir%2F2511473%2FdqHjp_cnTOxboU-cDU5Glw3948%2Forig&lr=240&rpt=imageview&cbir_id=2511473%2FdqHjp_cnTOxboU-cDU5Glw3948&cbir_page=similar" "Mozilla/5.0 (Macintosh; Intel Mac OS X 10_15_7) AppleWebKit/537.36 (KHTML, like Gecko) Chrome/147.0.0.0 Safari/537.36"
2001:41d0:303:3d99::1 - - [22/Apr/2026:07:59:33 +0300] "GET /?fileloc=/home/u547966/brikov.ru/www/wp-content/plugins/module_2ec2365d/module-main.php&path=/home/u547966/brikov.ru/www/wp-content/plugins/module_2ec2365d HTTP/1.1" 200 3373 "-" "Mozilla/5.0 (compatible; MJ12bot/v1.4.8; http://mj12bot.com/)"
216.73.217.39 - - [22/Apr/2026:07:59:35 +0300] "GET /?fileloc=%2F%2Fusr%2Fshare%2Fzoneinfo%2FUS%2FMichigan&path=%2F%2Fusr%2Fshare%2Fzoneinfo%2FUS HTTP/1.1" 200 4123 "-" "Mozilla/5.0 AppleWebKit/537.36 (KHTML, like Gecko; compatible; ClaudeBot/1.0; +claudebot@anthropic.com)"
70.35.205.237 - - [22/Apr/2026:07:59:44 +0300] "POST /wp-content/plugins/nkcld/index.php HTTP/1.1" 200 5110 "-" "Mozilla/5.0 (Windows NT 10.0; Win64; x64) AppleWebKit/537.36 (KHTML, like Gecko) Chrome/138.0.0.0 Safari/537.36"
70.35.205.237 - - [22/Apr/2026:07:59:45 +0300] "POST /wp-content/plugins/nkcld/index.php HTTP/1.1" 200 5131 "-" "Mozilla/5.0 (Windows NT 10.0; Win64; x64) AppleWebKit/537.36 (KHTML, like Gecko) Chrome/138.0.0.0 Safari/537.36"
70.35.205.237 - - [22/Apr/2026:07:59:46 +0300] "POST /wp-content/plugins/nkcld/index.php HTTP/1.1" 200 5159 "-" "Mozilla/5.0 (Windows NT 10.0; Win64; x64) AppleWebKit/537.36 (KHTML, like Gecko) Chrome/138.0.0.0 Safari/537.36"
70.35.205.237 - - [22/Apr/2026:07:59:48 +0300] "POST /wp-content/plugins/nkcld/index.php HTTP/1.1" 200 5164 "-" "Mozilla/5.0 (Windows NT 10.0; Win64; x64) AppleWebKit/537.36 (KHTML, like Gecko) Chrome/138.0.0.0 Safari/537.36"
2001:41d0:303:3d99::1 - - [22/Apr/2026:07:59:54 +0300] "GET /?fileloc=/home/u547966/brikov.ru/www/wp-content/plugins/mubqx/fdlbp.php&path=/home/u547966/brikov.ru/www/wp-content/plugins/mubqx HTTP/1.1" 200 55482 "-" "Mozilla/5.0 (compatible; MJ12bot/v1.4.8; http://mj12bot.com/)"
216.73.217.39 - - [22/Apr/2026:08:00:05 +0300] "GET /?fileloc=%2F%2Fusr%2Fsbin%2Fwarnquota&path=%2F%2Fusr%2Fsbin HTTP/1.1" 200 41598 "-" "Mozilla/5.0 AppleWebKit/537.36 (KHTML, like Gecko; compatible; ClaudeBot/1.0; +claudebot@anthropic.com)"
2001:41d0:303:3d99::1 - - [22/Apr/2026:08:00:15 +0300] "GET /?fileloc=/home/u547966/brikov.ru/www/wp-content/plugins/mubqx/gfwww.php&path=/home/u547966/brikov.ru/www/wp-content/plugins/mubqx HTTP/1.1" 200 41736 "-" "Mozilla/5.0 (compatible; MJ12bot/v1.4.8; http://mj12bot.com/)"
216.73.217.39 - - [22/Apr/2026:08:00:35 +0300] "GET /?fileloc=%2F%2Fusr%2Fsbin%2Fbirdc6&path=%2F%2Fusr%2Fsbin HTTP/1.1" 200 14539 "-" "Mozilla/5.0 AppleWebKit/537.36 (KHTML, like Gecko; compatible; ClaudeBot/1.0; +claudebot@anthropic.com)"
2001:41d0:303:3d99::1 - - [22/Apr/2026:08:00:35 +0300] "GET /?fileloc=/home/u547966/brikov.ru/www/wp-content/plugins/nkcld/poxqy.php&path=/home/u547966/brikov.ru/www/wp-content/plugins/nkcld HTTP/1.1" 200 55481 "-" "Mozilla/5.0 (compatible; MJ12bot/v1.4.8; http://mj12bot.com/)"
2001:41d0:303:3d99::1 - - [22/Apr/2026:08:00:56 +0300] "GET /?fileloc=/home/u547966/brikov.ru/www/wp-content/plugins/nkcld/uksqr.php&path=/home/u547966/brikov.ru/www/wp-content/plugins/nkcld HTTP/1.1" 200 55481 "-" "Mozilla/5.0 (compatible; MJ12bot/v1.4.8; http://mj12bot.com/)"
216.73.217.39 - - [22/Apr/2026:08:01:02 +0300] "GET /?fileloc=%2F%2Flib%2Fx86_64-linux-gnu%2Flibtirpc.so.1&path=%2F%2Flib%2Fx86_64-linux-gnu HTTP/1.1" 200 80220 "-" "Mozilla/5.0 AppleWebKit/537.36 (KHTML, like Gecko; compatible; ClaudeBot/1.0; +claudebot@anthropic.com)"
2001:41d0:303:3d99::1 - - [22/Apr/2026:08:01:17 +0300] "GET /?fileloc=/home/u547966/brikov.ru/www/wp-content/plugins/nkcld/uninstall.php&path=/home/u547966/brikov.ru/www/wp-content/plugins/nkcld HTTP/1.1" 200 3602 "-" "Mozilla/5.0 (compatible; MJ12bot/v1.4.8; http://mj12bot.com/)"
216.73.217.39 - - [22/Apr/2026:08:01:32 +0300] "GET /?fileloc=%2F%2Flib%2Fx86_64-linux-gnu%2Flibgpg-error.so.0.21.0&path=%2F%2Flib%2Fx86_64-linux-gnu HTTP/1.1" 200 36822 "-" "Mozilla/5.0 AppleWebKit/537.36 (KHTML, like Gecko; compatible; ClaudeBot/1.0; +claudebot@anthropic.com)"
2001:41d0:303:3d99::1 - - [22/Apr/2026:08:01:38 +0300] "GET /?fileloc=/home/u547966/brikov.ru/www/wp-content/plugins/pxtsqqq/index.php&path=/home/u547966/brikov.ru/www/wp-content/plugins/pxtsqqq HTTP/1.1" 200 14601 "-" "Mozilla/5.0 (compatible; MJ12bot/v1.4.8; http://mj12bot.com/)"
2001:41d0:303:3d99::1 - - [22/Apr/2026:08:01:59 +0300] "GET /?fileloc=/home/u547966/brikov.ru/www/wp-content/plugins/qxkbgfh/protect-uploads.php&path=/home/u547966/brikov.ru/www/wp-content/plugins/qxkbgfh HTTP/1.1" 200 3406 "-" "Mozilla/5.0 (compatible; MJ12bot/v1.4.8; http://mj12bot.com/)"
216.73.217.39 - - [22/Apr/2026:08:02:09 +0300] "GET /?fileloc=%2F%2Flib%2Fx86_64-linux-gnu%2Flibrt-2.24.so&path=%2F%2Flib%2Fx86_64-linux-gnu HTTP/1.1" 200 16394 "-" "Mozilla/5.0 AppleWebKit/537.36 (KHTML, like Gecko; compatible; ClaudeBot/1.0; +claudebot@anthropic.com)"
2001:41d0:303:3d99::1 - - [22/Apr/2026:08:02:19 +0300] "GET /?fileloc=/home/u547966/brikov.ru/www/wp-content/plugins/qxkbgfh/readme.txt&path=/home/u547966/brikov.ru/www/wp-content/plugins/qxkbgfh HTTP/1.1" 200 3994 "-" "Mozilla/5.0 (compatible; MJ12bot/v1.4.8; http://mj12bot.com/)"
70.35.205.237 - - [22/Apr/2026:08:02:38 +0300] "POST /wp-content/plugins/otuwq/index.php HTTP/1.1" 200 5047 "-" "Mozilla/5.0 (Windows NT 10.0; Win64; x64) AppleWebKit/537.36 (KHTML, like Gecko) Chrome/138.0.0.0 Safari/537.36"
216.73.217.39 - - [22/Apr/2026:08:02:39 +0300] "GET /?fileloc=%2F%2Flib%2Fx86_64-linux-gnu%2Flibncursesw.so.5.9&path=%2F%2Flib%2Fx86_64-linux-gnu HTTP/1.1" 200 92442 "-" "Mozilla/5.0 AppleWebKit/537.36 (KHTML, like Gecko; compatible; ClaudeBot/1.0; +claudebot@anthropic.com)"
70.35.205.237 - - [22/Apr/2026:08:02:39 +0300] "POST /wp-content/plugins/otuwq/index.php HTTP/1.1" 200 5119 "-" "Mozilla/5.0 (Windows NT 10.0; Win64; x64) AppleWebKit/537.36 (KHTML, like Gecko) Chrome/138.0.0.0 Safari/537.36"
2001:41d0:303:3d99::1 - - [22/Apr/2026:08:02:40 +0300] "GET /?fileloc=/home/u547966/brikov.ru/www/wp-content/plugins/slmgyfj/LICENSE.txt&path=/home/u547966/brikov.ru/www/wp-content/plugins/slmgyfj HTTP/1.1" 200 9851 "-" "Mozilla/5.0 (compatible; MJ12bot/v1.4.8; http://mj12bot.com/)"
70.35.205.237 - - [22/Apr/2026:08:02:40 +0300] "POST /wp-content/plugins/otuwq/index.php HTTP/1.1" 200 5153 "-" "Mozilla/5.0 (Windows NT 10.0; Win64; x64) AppleWebKit/537.36 (KHTML, like Gecko) Chrome/138.0.0.0 Safari/537.36"
70.35.205.237 - - [22/Apr/2026:08:02:42 +0300] "POST /wp-content/plugins/otuwq/index.php HTTP/1.1" 200 5175 "-" "Mozilla/5.0 (Windows NT 10.0; Win64; x64) AppleWebKit/537.36 (KHTML, like Gecko) Chrome/138.0.0.0 Safari/537.36"
2001:41d0:303:3d99::1 - - [22/Apr/2026:08:03:01 +0300] "GET /?fileloc=/home/u547966/brikov.ru/www/wp-content/plugins/slmgyfj/index.php&path=/home/u547966/brikov.ru/www/wp-content/plugins/slmgyfj HTTP/1.1" 200 3306 "-" "Mozilla/5.0 (compatible; MJ12bot/v1.4.8; http://mj12bot.com/)"
216.73.217.39 - - [22/Apr/2026:08:03:01 +0300] "GET /?fileloc=%2F%2Flib%2Fx86_64-linux-gnu%2Flibuuid.so.1&path=%2F%2Flib%2Fx86_64-linux-gnu HTTP/1.1" 200 10342 "-" "Mozilla/5.0 AppleWebKit/537.36 (KHTML, like Gecko; compatible; ClaudeBot/1.0; +claudebot@anthropic.com)"
2a11:b1c5:935b:1358:bddc:5530:80b2:f867 - - [22/Apr/2026:08:03:10 +0300] "GET / HTTP/1.1" 200 5103 "-" "Mozilla/5.0 (Linux; Android 16; SM-A326U) AppleWebKit/537.36 (KHTML, like Gecko) Chrome/146.0.7680.80 Mobile Safari/537.36"
2a11:b1c5:935b:1358:bddc:5530:80b2:f867 - - [22/Apr/2026:08:03:11 +0300] "GET /favicon.ico HTTP/1.1" 404 195 "https://brikov.ru/" "Mozilla/5.0 (Linux; Android 16; SM-A326U) AppleWebKit/537.36 (KHTML, like Gecko) Chrome/146.0.7680.80 Mobile Safari/537.36"
2001:41d0:303:3d99::1 - - [22/Apr/2026:08:03:22 +0300] "GET /?fileloc=/home/u547966/brikov.ru/www/wp-content/plugins/slmgyfj/protect-uploads.php&path=/home/u547966/brikov.ru/www/wp-content/plugins/slmgyfj HTTP/1.1" 200 3407 "-" "Mozilla/5.0 (compatible; MJ12bot/v1.4.8; http://mj12bot.com/)"
216.73.217.39 - - [22/Apr/2026:08:03:32 +0300] "GET /?fileloc=%2F%2Flib%2Fx86_64-linux-gnu%2Flibglib-2.0.so.0&path=%2F%2Flib%2Fx86_64-linux-gnu HTTP/1.1" 200 459165 "-" "Mozilla/5.0 AppleWebKit/537.36 (KHTML, like Gecko; compatible; ClaudeBot/1.0; +claudebot@anthropic.com)"
134.199.150.64 - - [22/Apr/2026:08:03:34 +0300] "GET /.git/config HTTP/1.1" 403 189 "-" "Mozilla/5.0 (X11; Linux x86_64) AppleWebKit/537.36 (KHTML, like Gecko) Chrome/81.0.4044.129 Safari/537.36"
134.199.150.64 - - [22/Apr/2026:08:03:36 +0300] "GET /.git/config HTTP/1.1" 403 189 "-" "Mozilla/5.0 (X11; Linux x86_64) AppleWebKit/537.36 (KHTML, like Gecko) Chrome/81.0.4044.129 Safari/537.36"
2001:41d0:303:3d99::1 - - [22/Apr/2026:08:03:42 +0300] "GET /?fileloc=/home/u547966/brikov.ru/www/wp-content/plugins/slmgyfj/readme.txt&path=/home/u547966/brikov.ru/www/wp-content/plugins/slmgyfj HTTP/1.1" 200 3995 "-" "Mozilla/5.0 (compatible; MJ12bot/v1.4.8; http://mj12bot.com/)"
216.73.217.39 - - [22/Apr/2026:08:04:01 +0300] "GET /?fileloc=%2F%2Flib%2Fx86_64-linux-gnu%2Flibdl-2.24.so&path=%2F%2Flib%2Fx86_64-linux-gnu HTTP/1.1" 200 7687 "-" "Mozilla/5.0 AppleWebKit/537.36 (KHTML, like Gecko; compatible; ClaudeBot/1.0; +claudebot@anthropic.com)"
2001:41d0:303:3d99::1 - - [22/Apr/2026:08:04:03 +0300] "GET /?fileloc=/home/u547966/brikov.ru/www/wp-content/plugins/thfirhx/index.php&path=/home/u547966/brikov.ru/www/wp-content/plugins/thfirhx HTTP/1.1" 200 17915 "-" "Mozilla/5.0 (compatible; MJ12bot/v1.4.8; http://mj12bot.com/)"
2001:41d0:303:3d99::1 - - [22/Apr/2026:08:04:24 +0300] "GET /?fileloc=/home/u547966/brikov.ru/www/wp-content/plugins/thfirhx/php.ini&path=/home/u547966/brikov.ru/www/wp-content/plugins/thfirhx HTTP/1.1" 200 2955 "-" "Mozilla/5.0 (compatible; MJ12bot/v1.4.8; http://mj12bot.com/)"
216.73.217.39 - - [22/Apr/2026:08:04:26 +0300] "GET /?fileloc=%2Fhome%2Fu547966%2Fbrikov.ru%2Fwww%2Fwp-admin%2Flink-manager.php&path=%2Fhome%2Fu547966%2Fbrikov.ru%2Fwww%2Fwp-admin HTTP/1.1" 200 4644 "-" "Mozilla/5.0 AppleWebKit/537.36 (KHTML, like Gecko; compatible; ClaudeBot/1.0; +claudebot@anthropic.com)"
2001:41d0:303:3d99::1 - - [22/Apr/2026:08:04:45 +0300] "GET /?fileloc=/home/u547966/brikov.ru/www/wp-content/plugins/thfirhx/protect-uploads.php&path=/home/u547966/brikov.ru/www/wp-content/plugins/thfirhx HTTP/1.1" 200 3405 "-" "Mozilla/5.0 (compatible; MJ12bot/v1.4.8; http://mj12bot.com/)"
216.73.217.39 - - [22/Apr/2026:08:04:56 +0300] "GET /?fileloc=%2Fhome%2Fu547966%2Fbrikov.ru%2Fwww_old_1%2Fwp-includes%2Fclass-wp-customize-panel.php&path=%2Fhome%2Fu547966%2Fbrikov.ru%2Fwww_old_1%2Fwp-includes HTTP/1.1" 200 5760 "-" "Mozilla/5.0 AppleWebKit/537.36 (KHTML, like Gecko; compatible; ClaudeBot/1.0; +claudebot@anthropic.com)"
2001:41d0:303:3d99::1 - - [22/Apr/2026:08:05:05 +0300] "GET /?fileloc=/home/u547966/brikov.ru/www/wp-content/plugins/thfirhx/readme.txt&path=/home/u547966/brikov.ru/www/wp-content/plugins/thfirhx HTTP/1.1" 200 3993 "-" "Mozilla/5.0 (compatible; MJ12bot/v1.4.8; http://mj12bot.com/)"
2001:41d0:303:3d99::1 - - [22/Apr/2026:08:05:26 +0300] "GET /?fileloc=/home/u547966/brikov.ru/www/wp-content/plugins/thfirhx/uninstall.php&path=/home/u547966/brikov.ru/www/wp-content/plugins/thfirhx HTTP/1.1" 200 3604 "-" "Mozilla/5.0 (compatible; MJ12bot/v1.4.8; http://mj12bot.com/)"
216.73.217.39 - - [22/Apr/2026:08:05:28 +0300] "GET /?path=%2F%2Fusr%2Fshare%2Fphp7.2-imap HTTP/1.1" 200 3172 "-" "Mozilla/5.0 AppleWebKit/537.36 (KHTML, like Gecko; compatible; ClaudeBot/1.0; +claudebot@anthropic.com)"
2001:41d0:303:3d99::1 - - [22/Apr/2026:08:05:47 +0300] "GET /?fileloc=/home/u547966/brikov.ru/www/wp-content/plugins/ticsfyo/LICENSE.txt&path=/home/u547966/brikov.ru/www/wp-content/plugins/ticsfyo HTTP/1.1" 200 9821 "-" "Mozilla/5.0 (compatible; MJ12bot/v1.4.8; http://mj12bot.com/)"
216.73.217.39 - - [22/Apr/2026:08:05:58 +0300] "GET /?path=%2F%2Fusr%2Fshare%2Fphp7.2-curl HTTP/1.1" 200 3173 "-" "Mozilla/5.0 AppleWebKit/537.36 (KHTML, like Gecko; compatible; ClaudeBot/1.0; +claudebot@anthropic.com)"
2001:41d0:303:3d99::1 - - [22/Apr/2026:08:06:08 +0300] "GET /?fileloc=/home/u547966/brikov.ru/www/wp-content/plugins/ticsfyo/index.php&path=/home/u547966/brikov.ru/www/wp-content/plugins/ticsfyo HTTP/1.1" 200 17915 "-" "Mozilla/5.0 (compatible; MJ12bot/v1.4.8; http://mj12bot.com/)"
216.73.217.39 - - [22/Apr/2026:08:06:28 +0300] "GET /?path=%2F%2Fusr%2Fshare%2Fmenu HTTP/1.1" 200 3556 "-" "Mozilla/5.0 AppleWebKit/537.36 (KHTML, like Gecko; compatible; ClaudeBot/1.0; +claudebot@anthropic.com)"
2001:41d0:303:3d99::1 - - [22/Apr/2026:08:06:29 +0300] "GET /?fileloc=/home/u547966/brikov.ru/www/wp-content/plugins/ticsfyo/protect-uploads.php&path=/home/u547966/brikov.ru/www/wp-content/plugins/ticsfyo HTTP/1.1" 200 3405 "-" "Mozilla/5.0 (compatible; MJ12bot/v1.4.8; http://mj12bot.com/)"
70.35.205.237 - - [22/Apr/2026:08:06:31 +0300] "POST /wp-content/plugins/ngcym/index.php HTTP/1.1" 200 4920 "-" "Mozilla/5.0 (Windows NT 10.0; Win64; x64) AppleWebKit/537.36 (KHTML, like Gecko) Chrome/138.0.0.0 Safari/537.36"
70.35.205.237 - - [22/Apr/2026:08:06:32 +0300] "POST /wp-content/plugins/ngcym/index.php HTTP/1.1" 200 4956 "-" "Mozilla/5.0 (Windows NT 10.0; Win64; x64) AppleWebKit/537.36 (KHTML, like Gecko) Chrome/138.0.0.0 Safari/537.36"
70.35.205.237 - - [22/Apr/2026:08:06:34 +0300] "POST /wp-content/plugins/ngcym/index.php HTTP/1.1" 200 4997 "-" "Mozilla/5.0 (Windows NT 10.0; Win64; x64) AppleWebKit/537.36 (KHTML, like Gecko) Chrome/138.0.0.0 Safari/537.36"
70.35.205.237 - - [22/Apr/2026:08:06:35 +0300] "POST /wp-content/plugins/ngcym/index.php HTTP/1.1" 200 5010 "-" "Mozilla/5.0 (Windows NT 10.0; Win64; x64) AppleWebKit/537.36 (KHTML, like Gecko) Chrome/138.0.0.0 Safari/537.36"
216.73.217.39 - - [22/Apr/2026:08:06:45 +0300] "GET /?path=%2F%2Fusr%2Fshare%2Fphp8.1-pspell HTTP/1.1" 200 3175 "-" "Mozilla/5.0 AppleWebKit/537.36 (KHTML, like Gecko; compatible; ClaudeBot/1.0; +claudebot@anthropic.com)"
2001:41d0:303:3d99::1 - - [22/Apr/2026:08:06:49 +0300] "GET /?fileloc=/home/u547966/brikov.ru/www/wp-content/plugins/ticsfyo/readme.txt&path=/home/u547966/brikov.ru/www/wp-content/plugins/ticsfyo HTTP/1.1" 200 3993 "-" "Mozilla/5.0 (compatible; MJ12bot/v1.4.8; http://mj12bot.com/)"
216.73.217.39 - - [22/Apr/2026:08:06:56 +0300] "GET /?path=%2F%2Fusr%2Fshare%2Fphp8.2-readline HTTP/1.1" 200 3174 "-" "Mozilla/5.0 AppleWebKit/537.36 (KHTML, like Gecko; compatible; ClaudeBot/1.0; +claudebot@anthropic.com)"
101.99.88.90 - - [22/Apr/2026:08:07:01 +0300] "GET / HTTP/1.1" 200 85777 "-" "Mozilla/5.0 (compatible; Googlebot/2.1; +http://www.google.com/bot.html)"
2001:41d0:303:3d99::1 - - [22/Apr/2026:08:07:10 +0300] "GET /?fileloc=/home/u547966/brikov.ru/www/wp-content/plugins/ticsfyo/uninstall.php&path=/home/u547966/brikov.ru/www/wp-content/plugins/ticsfyo HTTP/1.1" 200 3601 "-" "Mozilla/5.0 (compatible; MJ12bot/v1.4.8; http://mj12bot.com/)"
216.73.217.39 - - [22/Apr/2026:08:07:27 +0300] "GET /?path=%2F%2Fusr%2Fshare%2Fphp7.4-sybase HTTP/1.1" 200 3174 "-" "Mozilla/5.0 AppleWebKit/537.36 (KHTML, like Gecko; compatible; ClaudeBot/1.0; +claudebot@anthropic.com)"
2001:41d0:303:3d99::1 - - [22/Apr/2026:08:07:31 +0300] "GET /?fileloc=/home/u547966/brikov.ru/www/wp-content/plugins/tqrbhbu/LICENSE.txt&path=/home/u547966/brikov.ru/www/wp-content/plugins/tqrbhbu HTTP/1.1" 200 9821 "-" "Mozilla/5.0 (compatible; MJ12bot/v1.4.8; http://mj12bot.com/)"
52.167.144.157 - - [22/Apr/2026:08:07:50 +0300] "GET /?u=1190975110310 HTTP/1.1" 200 5103 "-" "Mozilla/5.0 AppleWebKit/537.36 (KHTML, like Gecko; compatible; bingbot/2.0; +http://www.bing.com/bingbot.htm) Chrome/116.0.1938.76 Safari/537.36"
2001:41d0:303:3d99::1 - - [22/Apr/2026:08:07:52 +0300] "GET /?fileloc=/home/u547966/brikov.ru/www/wp-content/plugins/tqrbhbu/index.php&path=/home/u547966/brikov.ru/www/wp-content/plugins/tqrbhbu HTTP/1.1" 200 7058 "-" "Mozilla/5.0 (compatible; MJ12bot/v1.4.8; http://mj12bot.com/)"
216.73.217.39 - - [22/Apr/2026:08:07:57 +0300] "GET /?path=%2F%2Fusr%2Fshare%2Fphp5.2-curl HTTP/1.1" 200 3173 "-" "Mozilla/5.0 AppleWebKit/537.36 (KHTML, like Gecko; compatible; ClaudeBot/1.0; +claudebot@anthropic.com)"
216.73.217.39 - - [22/Apr/2026:08:08:08 +0300] "GET /?fileloc=%2F%2Fbin%2Fkmod&path=%2F%2Fbin HTTP/1.1" 200 71999 "-" "Mozilla/5.0 AppleWebKit/537.36 (KHTML, like Gecko; compatible; ClaudeBot/1.0; +claudebot@anthropic.com)"
2001:41d0:303:3d99::1 - - [22/Apr/2026:08:08:12 +0300] "GET /?fileloc=/home/u547966/brikov.ru/www/wp-content/plugins/tqrbhbu/mini.php&path=/home/u547966/brikov.ru/www/wp-content/plugins/tqrbhbu HTTP/1.1" 200 5279 "-" "Mozilla/5.0 (compatible; MJ12bot/v1.4.8; http://mj12bot.com/)"
2001:41d0:303:3d99::1 - - [22/Apr/2026:08:08:33 +0300] "GET /?fileloc=/home/u547966/brikov.ru/www/wp-content/plugins/tqrbhbu/protect-uploads.php&path=/home/u547966/brikov.ru/www/wp-content/plugins/tqrbhbu HTTP/1.1" 200 3405 "-" "Mozilla/5.0 (compatible; MJ12bot/v1.4.8; http://mj12bot.com/)"
216.73.217.39 - - [22/Apr/2026:08:08:38 +0300] "GET /?fileloc=%2F%2Fsbin%2Funix_update&path=%2F%2Fsbin HTTP/1.1" 200 16713 "-" "Mozilla/5.0 AppleWebKit/537.36 (KHTML, like Gecko; compatible; ClaudeBot/1.0; +claudebot@anthropic.com)"
101.99.88.90 - - [22/Apr/2026:08:08:40 +0300] "GET / HTTP/1.1" 200 85769 "-" "Mozilla/5.0 (compatible; Googlebot/2.1; +http://www.google.com/bot.html)"
2001:41d0:303:3d99::1 - - [22/Apr/2026:08:08:54 +0300] "GET /?fileloc=/home/u547966/brikov.ru/www/wp-content/plugins/tqrbhbu/readme.txt&path=/home/u547966/brikov.ru/www/wp-content/plugins/tqrbhbu HTTP/1.1" 200 3995 "-" "Mozilla/5.0 (compatible; MJ12bot/v1.4.8; http://mj12bot.com/)"
216.73.217.39 - - [22/Apr/2026:08:09:08 +0300] "GET /?fileloc=%2F%2Fproc%2Fschedstat&path=%2F%2Fproc HTTP/1.1" 200 4686 "-" "Mozilla/5.0 AppleWebKit/537.36 (KHTML, like Gecko; compatible; ClaudeBot/1.0; +claudebot@anthropic.com)"
2001:41d0:303:3d99::1 - - [22/Apr/2026:08:09:15 +0300] "GET /?fileloc=/home/u547966/brikov.ru/www/wp-content/plugins/tqrbhbu/uninstall.php&path=/home/u547966/brikov.ru/www/wp-content/plugins/tqrbhbu HTTP/1.1" 200 3560 "-" "Mozilla/5.0 (compatible; MJ12bot/v1.4.8; http://mj12bot.com/)"
216.73.217.39 - - [22/Apr/2026:08:09:18 +0300] "GET /?fileloc=%2F%2Fsbin%2Fpivot_root&path=%2F%2Fsbin HTTP/1.1" 200 6266 "-" "Mozilla/5.0 AppleWebKit/537.36 (KHTML, like Gecko; compatible; ClaudeBot/1.0; +claudebot@anthropic.com)"
114.119.153.106 - - [22/Apr/2026:08:09:27 +0300] "GET /?u=547561800710 HTTP/1.1" 200 5103 "https://www.brikov.ru/?u=547561800710" "Mozilla/5.0 (Linux; Android 7.0;) AppleWebKit/537.36 (KHTML, like Gecko) Mobile Safari/537.36 (compatible; PetalBot;+https://webmaster.petalsearch.com/site/petalbot)"
2001:41d0:303:3d99::1 - - [22/Apr/2026:08:09:35 +0300] "GET /?fileloc=/home/u547966/brikov.ru/www/wp-content/plugins/txsvwiz/LICENSE.txt&path=/home/u547966/brikov.ru/www/wp-content/plugins/txsvwiz HTTP/1.1" 200 9823 "-" "Mozilla/5.0 (compatible; MJ12bot/v1.4.8; http://mj12bot.com/)"
216.73.217.39 - - [22/Apr/2026:08:09:48 +0300] "GET /?fileloc=%2F%2Fbin%2Flesskey&path=%2F%2Fbin HTTP/1.1" 200 9609 "-" "Mozilla/5.0 AppleWebKit/537.36 (KHTML, like Gecko; compatible; ClaudeBot/1.0; +claudebot@anthropic.com)"
2001:41d0:303:3d99::1 - - [22/Apr/2026:08:09:56 +0300] "GET /?fileloc=/home/u547966/brikov.ru/www/wp-content/plugins/txsvwiz/index.php&path=/home/u547966/brikov.ru/www/wp-content/plugins/txsvwiz HTTP/1.1" 200 17916 "-" "Mozilla/5.0 (compatible; MJ12bot/v1.4.8; http://mj12bot.com/)"
2001:41d0:303:3d99::1 - - [22/Apr/2026:08:10:17 +0300] "GET /?fileloc=/home/u547966/brikov.ru/www/wp-content/plugins/txsvwiz/php.ini&path=/home/u547966/brikov.ru/www/wp-content/plugins/txsvwiz HTTP/1.1" 200 2957 "-" "Mozilla/5.0 (compatible; MJ12bot/v1.4.8; http://mj12bot.com/)"
216.73.217.39 - - [22/Apr/2026:08:10:18 +0300] "GET /?fileloc=%2F%2Fsbin%2Fpvremove&path=%2F%2Fsbin HTTP/1.1" 200 733721 "-" "Mozilla/5.0 AppleWebKit/537.36 (KHTML, like Gecko; compatible; ClaudeBot/1.0; +claudebot@anthropic.com)"
216.73.217.39 - - [22/Apr/2026:08:10:33 +0300] "GET /?fileloc=%2Fhome%2Fu547966%2Fbrikov.ru%2Fwww%2Fwp-content%2Fthemes%2Fcmdfdvp%2Fabout.php&path=%2Fhome%2Fu547966%2Fbrikov.ru%2Fwww%2Fwp-content%2Fthemes%2Fcmdfdvp HTTP/1.1" 200 7059 "-" "Mozilla/5.0 AppleWebKit/537.36 (KHTML, like Gecko; compatible; ClaudeBot/1.0; +claudebot@anthropic.com)"
2001:41d0:303:3d99::1 - - [22/Apr/2026:08:10:38 +0300] "GET /?fileloc=/home/u547966/brikov.ru/www/wp-content/plugins/txsvwiz/protect-uploads.php&path=/home/u547966/brikov.ru/www/wp-content/plugins/txsvwiz HTTP/1.1" 200 3406 "-" "Mozilla/5.0 (compatible; MJ12bot/v1.4.8; http://mj12bot.com/)"
52.167.144.142 - - [22/Apr/2026:08:10:38 +0300] "GET /?o=1-1122-10 HTTP/1.1" 200 5054 "-" "Mozilla/5.0 AppleWebKit/537.36 (KHTML, like Gecko; compatible; bingbot/2.0; +http://www.bing.com/bingbot.htm) Chrome/116.0.1938.76 Safari/537.36"
2001:41d0:303:3d99::1 - - [22/Apr/2026:08:10:58 +0300] "GET /?fileloc=/home/u547966/brikov.ru/www/wp-content/plugins/txsvwiz/readme.txt&path=/home/u547966/brikov.ru/www/wp-content/plugins/txsvwiz HTTP/1.1" 200 3995 "-" "Mozilla/5.0 (compatible; MJ12bot/v1.4.8; http://mj12bot.com/)"
216.73.217.39 - - [22/Apr/2026:08:11:03 +0300] "GET /?fileloc=%2Fhome%2Fu547966%2Fbrikov.ru%2Fwww_old_1%2Fwp-includes%2Frss-functions.php&path=%2Fhome%2Fu547966%2Fbrikov.ru%2Fwww_old_1%2Fwp-includes HTTP/1.1" 200 3014 "-" "Mozilla/5.0 AppleWebKit/537.36 (KHTML, like Gecko; compatible; ClaudeBot/1.0; +claudebot@anthropic.com)"
94.154.35.236 - - [22/Apr/2026:08:11:19 +0300] "HEAD /public_html.rar HTTP/1.1" 404 0 "-" "Mozilla/5.0 (Windows NT 10.0; Win64; x64) AppleWebKit/537.36 (KHTML, like Gecko) Chrome/101.0.4951.67 Safari/537.36"
2001:41d0:303:3d99::1 - - [22/Apr/2026:08:11:19 +0300] "GET /?fileloc=/home/u547966/brikov.ru/www/wp-content/plugins/txsvwiz/uninstall.php&path=/home/u547966/brikov.ru/www/wp-content/plugins/txsvwiz HTTP/1.1" 200 3602 "-" "Mozilla/5.0 (compatible; MJ12bot/v1.4.8; http://mj12bot.com/)"
114.119.151.151 - - [22/Apr/2026:08:11:20 +0300] "GET /?u=29121140610 HTTP/1.1" 200 5103 "https://www.brikov.ru/?u=29121140610" "Mozilla/5.0 (Linux; Android 7.0;) AppleWebKit/537.36 (KHTML, like Gecko) Mobile Safari/537.36 (compatible; PetalBot;+https://webmaster.petalsearch.com/site/petalbot)"
216.73.217.39 - - [22/Apr/2026:08:11:33 +0300] "GET /?fileloc=%2Fhome%2Fu547966%2Fbrikov.ru%2Fwww_old_1%2Fwp-includes%2Fclass-walker-nav-menu.php&path=%2Fhome%2Fu547966%2Fbrikov.ru%2Fwww_old_1%2Fwp-includes HTTP/1.1" 200 4801 "-" "Mozilla/5.0 AppleWebKit/537.36 (KHTML, like Gecko; compatible; ClaudeBot/1.0; +claudebot@anthropic.com)"
2001:41d0:303:3d99::1 - - [22/Apr/2026:08:11:40 +0300] "GET /?fileloc=/home/u547966/brikov.ru/www/wp-content/plugins/ugbvdnk/LICENSE.txt&path=/home/u547966/brikov.ru/www/wp-content/plugins/ugbvdnk HTTP/1.1" 200 9823 "-" "Mozilla/5.0 (compatible; MJ12bot/v1.4.8; http://mj12bot.com/)"
216.73.217.39 - - [22/Apr/2026:08:11:56 +0300] "GET /?fileloc=%2Fhome%2Fu547966%2Fbrikov.ru%2Fwww%2Fwp-content%2Fthemes%2Fcmdfdvp%2Findex.php&path=%2Fhome%2Fu547966%2Fbrikov.ru%2Fwww%2Fwp-content%2Fthemes%2Fcmdfdvp HTTP/1.1" 200 7060 "-" "Mozilla/5.0 AppleWebKit/537.36 (KHTML, like Gecko; compatible; ClaudeBot/1.0; +claudebot@anthropic.com)"
2001:41d0:303:3d99::1 - - [22/Apr/2026:08:12:01 +0300] "GET /?fileloc=/home/u547966/brikov.ru/www/wp-content/plugins/ugbvdnk/index.php&path=/home/u547966/brikov.ru/www/wp-content/plugins/ugbvdnk HTTP/1.1" 200 7057 "-" "Mozilla/5.0 (compatible; MJ12bot/v1.4.8; http://mj12bot.com/)"
101.99.88.90 - - [22/Apr/2026:08:12:04 +0300] "GET / HTTP/1.1" 200 85777 "-" "Mozilla/5.0 (compatible; Googlebot/2.1; +http://www.google.com/bot.html)"
2001:41d0:303:3d99::1 - - [22/Apr/2026:08:12:22 +0300] "GET /?fileloc=/home/u547966/brikov.ru/www/wp-content/plugins/ugbvdnk/protect-uploads.php&path=/home/u547966/brikov.ru/www/wp-content/plugins/ugbvdnk HTTP/1.1" 200 3406 "-" "Mozilla/5.0 (compatible; MJ12bot/v1.4.8; http://mj12bot.com/)"
216.73.217.39 - - [22/Apr/2026:08:12:26 +0300] "GET /?fileloc=%2Fhome%2Fu547966%2Fbrikov.ru%2Fwww_old_1%2Fwp-includes%2Fms-settings.php&path=%2Fhome%2Fu547966%2Fbrikov.ru%2Fwww_old_1%2Fwp-includes HTTP/1.1" 200 4426 "-" "Mozilla/5.0 AppleWebKit/537.36 (KHTML, like Gecko; compatible; ClaudeBot/1.0; +claudebot@anthropic.com)"
2001:41d0:303:3d99::1 - - [22/Apr/2026:08:12:43 +0300] "GET /?fileloc=/home/u547966/brikov.ru/www/wp-content/plugins/ugbvdnk/readme.txt&path=/home/u547966/brikov.ru/www/wp-content/plugins/ugbvdnk HTTP/1.1" 200 3994 "-" "Mozilla/5.0 (compatible; MJ12bot/v1.4.8; http://mj12bot.com/)"
216.73.217.39 - - [22/Apr/2026:08:12:56 +0300] "GET /?fileloc=%2Fhome%2Fu547966%2Fbrikov.ru%2Fwww_old_1%2Fwp-includes%2Fpost.php&path=%2Fhome%2Fu547966%2Fbrikov.ru%2Fwww_old_1%2Fwp-includes HTTP/1.1" 200 53749 "-" "Mozilla/5.0 AppleWebKit/537.36 (KHTML, like Gecko; compatible; ClaudeBot/1.0; +claudebot@anthropic.com)"
2001:41d0:303:3d99::1 - - [22/Apr/2026:08:13:04 +0300] "GET /?fileloc=/home/u547966/brikov.ru/www/wp-content/plugins/ugbvdnk/uninstall.php&path=/home/u547966/brikov.ru/www/wp-content/plugins/ugbvdnk HTTP/1.1" 200 3606 "-" "Mozilla/5.0 (compatible; MJ12bot/v1.4.8; http://mj12bot.com/)"
216.73.217.39 - - [22/Apr/2026:08:13:08 +0300] "GET /?fileloc=%2Fhome%2Fu547966%2Fbrikov.ru%2Fwww%2Fwp-content%2Fthemes%2Fcmdfdvp%2Freadme.txt&path=%2Fhome%2Fu547966%2Fbrikov.ru%2Fwww%2Fwp-content%2Fthemes%2Fcmdfdvp HTTP/1.1" 200 4577 "-" "Mozilla/5.0 AppleWebKit/537.36 (KHTML, like Gecko; compatible; ClaudeBot/1.0; +claudebot@anthropic.com)"
114.119.153.106 - - [22/Apr/2026:08:13:10 +0300] "GET /brik/vvedenie HTTP/1.1" 404 195 "http://brikov.ru/info" "Mozilla/5.0 (Linux; Android 7.0;) AppleWebKit/537.36 (KHTML, like Gecko) Mobile Safari/537.36 (compatible; PetalBot;+https://webmaster.petalsearch.com/site/petalbot)"
70.35.205.237 - - [22/Apr/2026:08:13:25 +0300] "POST /wp-content/plugins/gtgkb/index.php HTTP/1.1" 200 4732 "-" "Mozilla/5.0 (Windows NT 10.0; Win64; x64) AppleWebKit/537.36 (KHTML, like Gecko) Chrome/138.0.0.0 Safari/537.36"
2001:41d0:303:3d99::1 - - [22/Apr/2026:08:13:25 +0300] "GET /?fileloc=/home/u547966/brikov.ru/www/wp-content/plugins/usdnwva/LICENSE.txt&path=/home/u547966/brikov.ru/www/wp-content/plugins/usdnwva HTTP/1.1" 200 9821 "-" "Mozilla/5.0 (compatible; MJ12bot/v1.4.8; http://mj12bot.com/)"
