HEX

Warning: set_time_limit() [function.set-time-limit]: Cannot set time limit - prohibited by configuration in /home/u547966/brikov.ru/www/wp-content/plugins/admin-menu-editor/menu-editor.php on line 745
Server: Apache
System: Linux 4.19.0-0.bpo.9-amd64 x86_64 at red40
User: u547966 (5490)
PHP: 5.3.29-mh2
Disabled: syslog, dl, popen, proc_open, proc_nice, proc_get_status, proc_close, proc_terminate, posix_mkfifo, chown, chgrp, accelerator_reset, opcache_reset, accelerator_get_status, opcache_get_status, pcntl_alarm, pcntl_fork, pcntl_waitpid, pcntl_wait, pcntl_wifexited, pcntl_wifstopped, pcntl_wifsignaled, pcntl_wifcontinued, pcntl_wexitstatus, pcntl_wtermsig, pcntl_wstopsig, pcntl_signal, pcntl_signal_dispatch, pcntl_get_last_error, pcntl_strerror, pcntl_sigprocmask, pcntl_sigwaitinfo, pcntl_sigtimedwait, pcntl_exec, pcntl_getpriority, pcntl_setpriority
Upload Files
File: /home/u547966/_logs/brikov.ru/brikov.ru.access_log
114.119.158.106 - - [22/Apr/2026:00:19:16 +0300] "GET /?o=1-1730-1 HTTP/1.1" 200 5104 "https://brikov.ru/?o=1-1730-1" "Mozilla/5.0 (Linux; Android 7.0;) AppleWebKit/537.36 (KHTML, like Gecko) Mobile Safari/537.36 (compatible; PetalBot;+https://webmaster.petalsearch.com/site/petalbot)"
65.108.125.120 - - [22/Apr/2026:00:19:35 +0300] "GET /?fileloc=/home/u547966/brikov.ru/www/wp-content/plugins/ngcym/vevjd.php&path=/home/u547966/brikov.ru/www/wp-content/plugins/ngcym HTTP/1.1" 200 55482 "-" "Mozilla/5.0 (compatible; MJ12bot/v1.4.8; http://mj12bot.com/)"
52.167.144.230 - - [22/Apr/2026:00:19:45 +0300] "GET /?o=1-413-9 HTTP/1.1" 200 5315 "-" "Mozilla/5.0 AppleWebKit/537.36 (KHTML, like Gecko; compatible; bingbot/2.0; +http://www.bing.com/bingbot.htm) Chrome/116.0.1938.76 Safari/537.36"
65.108.125.120 - - [22/Apr/2026:00:19:55 +0300] "GET /?fileloc=/home/u547966/brikov.ru/www/wp-content/plugins/ngcym/xureb.php&path=/home/u547966/brikov.ru/www/wp-content/plugins/ngcym HTTP/1.1" 200 41984 "-" "Mozilla/5.0 (compatible; MJ12bot/v1.4.8; http://mj12bot.com/)"
65.108.125.120 - - [22/Apr/2026:00:20:16 +0300] "GET /?fileloc=/home/u547966/brikov.ru/www/wp-content/plugins/ngcym/ytgha.php&path=/home/u547966/brikov.ru/www/wp-content/plugins/ngcym HTTP/1.1" 200 63011 "-" "Mozilla/5.0 (compatible; MJ12bot/v1.4.8; http://mj12bot.com/)"
46.201.189.113 - - [22/Apr/2026:00:20:21 +0300] "GET /grafika/ HTTP/1.1" 404 195 "-" "Mozilla/5.0 (iPod; U; CPU iPhone OS 4_2 like Mac OS X; rw-RW) AppleWebKit/535.7.2 (KHTML, like Gecko) Version/4.0.5 Mobile/8B114 Safari/6535.7.2"
65.108.125.120 - - [22/Apr/2026:00:20:37 +0300] "GET /?fileloc=/home/u547966/brikov.ru/www/wp-content/plugins/ngcym/zcfzj.php&path=/home/u547966/brikov.ru/www/wp-content/plugins/ngcym HTTP/1.1" 200 63014 "-" "Mozilla/5.0 (compatible; MJ12bot/v1.4.8; http://mj12bot.com/)"
216.73.217.39 - - [22/Apr/2026:00:20:38 +0300] "GET /?fileloc=%2Fhome%2Fu547966%2Fbrikov.ru%2Fwww%2Fwp-includes%2Fjs%2Fswfupload%2Flicense.txt&path=%2Fhome%2Fu547966%2Fbrikov.ru%2Fwww%2Fwp-includes%2Fjs%2Fswfupload HTTP/1.1" 200 3750 "-" "Mozilla/5.0 AppleWebKit/537.36 (KHTML, like Gecko; compatible; ClaudeBot/1.0; +claudebot@anthropic.com)"
65.108.125.120 - - [22/Apr/2026:00:20:57 +0300] "GET /?fileloc=/home/u547966/brikov.ru/www/wp-content/plugins/nkcld/LICENSE.txt&path=/home/u547966/brikov.ru/www/wp-content/plugins/nkcld HTTP/1.1" 200 9820 "-" "Mozilla/5.0 (compatible; MJ12bot/v1.4.8; http://mj12bot.com/)"
114.119.128.55 - - [22/Apr/2026:00:21:18 +0300] "GET /?u=354638550310 HTTP/1.1" 200 5286 "-" "Mozilla/5.0 (Linux; Android 7.0;) AppleWebKit/537.36 (KHTML, like Gecko) Mobile Safari/537.36 (compatible; PetalBot;+https://webmaster.petalsearch.com/site/petalbot)"
65.108.125.120 - - [22/Apr/2026:00:21:18 +0300] "GET /?fileloc=/home/u547966/brikov.ru/www/wp-content/plugins/nkcld/abfnt.php&path=/home/u547966/brikov.ru/www/wp-content/plugins/nkcld HTTP/1.1" 200 55513 "-" "Mozilla/5.0 (compatible; MJ12bot/v1.4.8; http://mj12bot.com/)"
65.108.125.120 - - [22/Apr/2026:00:21:39 +0300] "GET /?fileloc=/home/u547966/brikov.ru/www/wp-content/plugins/nkcld/aeyax.php&path=/home/u547966/brikov.ru/www/wp-content/plugins/nkcld HTTP/1.1" 200 41945 "-" "Mozilla/5.0 (compatible; MJ12bot/v1.4.8; http://mj12bot.com/)"
65.108.125.120 - - [22/Apr/2026:00:22:00 +0300] "GET /?fileloc=/home/u547966/brikov.ru/www/wp-content/plugins/nkcld/bbfza.php&path=/home/u547966/brikov.ru/www/wp-content/plugins/nkcld HTTP/1.1" 200 55481 "-" "Mozilla/5.0 (compatible; MJ12bot/v1.4.8; http://mj12bot.com/)"
65.108.125.120 - - [22/Apr/2026:00:22:20 +0300] "GET /?fileloc=/home/u547966/brikov.ru/www/wp-content/plugins/nkcld/cpkna.php&path=/home/u547966/brikov.ru/www/wp-content/plugins/nkcld HTTP/1.1" 200 55481 "-" "Mozilla/5.0 (compatible; MJ12bot/v1.4.8; http://mj12bot.com/)"
65.108.125.120 - - [22/Apr/2026:00:22:41 +0300] "GET /?fileloc=/home/u547966/brikov.ru/www/wp-content/plugins/nkcld/dnhew.php&path=/home/u547966/brikov.ru/www/wp-content/plugins/nkcld HTTP/1.1" 200 41559 "-" "Mozilla/5.0 (compatible; MJ12bot/v1.4.8; http://mj12bot.com/)"
65.108.125.120 - - [22/Apr/2026:00:23:02 +0300] "GET /?fileloc=/home/u547966/brikov.ru/www/wp-content/plugins/nkcld/eegnb.php&path=/home/u547966/brikov.ru/www/wp-content/plugins/nkcld HTTP/1.1" 200 41627 "-" "Mozilla/5.0 (compatible; MJ12bot/v1.4.8; http://mj12bot.com/)"
114.119.152.86 - - [22/Apr/2026:00:23:21 +0300] "GET /?o=1-440-1 HTTP/1.1" 200 5104 "https://brikov.ru/?o=1-440-1" "Mozilla/5.0 (Linux; Android 7.0;) AppleWebKit/537.36 (KHTML, like Gecko) Mobile Safari/537.36 (compatible; PetalBot;+https://webmaster.petalsearch.com/site/petalbot)"
65.108.125.120 - - [22/Apr/2026:00:23:22 +0300] "GET /?fileloc=/home/u547966/brikov.ru/www/wp-content/plugins/nkcld/efjai.php&path=/home/u547966/brikov.ru/www/wp-content/plugins/nkcld HTTP/1.1" 200 63012 "-" "Mozilla/5.0 (compatible; MJ12bot/v1.4.8; http://mj12bot.com/)"
65.108.125.120 - - [22/Apr/2026:00:23:43 +0300] "GET /?fileloc=/home/u547966/brikov.ru/www/wp-content/plugins/nkcld/entwi.php&path=/home/u547966/brikov.ru/www/wp-content/plugins/nkcld HTTP/1.1" 200 41983 "-" "Mozilla/5.0 (compatible; MJ12bot/v1.4.8; http://mj12bot.com/)"
65.108.125.120 - - [22/Apr/2026:00:24:04 +0300] "GET /?fileloc=/home/u547966/brikov.ru/www/wp-content/plugins/nkcld/evaxz.php&path=/home/u547966/brikov.ru/www/wp-content/plugins/nkcld HTTP/1.1" 200 55481 "-" "Mozilla/5.0 (compatible; MJ12bot/v1.4.8; http://mj12bot.com/)"
216.73.217.39 - - [22/Apr/2026:00:24:15 +0300] "GET /?fileloc=%2Fhome%2Fu547966%2Fbrikov.ru%2Fwww_old_1%2Fwp-content%2FOmjA7NpqB4E.php&path=%2Fhome%2Fu547966%2Fbrikov.ru%2Fwww_old_1%2Fwp-content HTTP/1.1" 200 42817 "-" "Mozilla/5.0 AppleWebKit/537.36 (KHTML, like Gecko; compatible; ClaudeBot/1.0; +claudebot@anthropic.com)"
65.108.125.120 - - [22/Apr/2026:00:24:24 +0300] "GET /?fileloc=/home/u547966/brikov.ru/www/wp-content/plugins/nkcld/fnrgn.php&path=/home/u547966/brikov.ru/www/wp-content/plugins/nkcld HTTP/1.1" 200 41984 "-" "Mozilla/5.0 (compatible; MJ12bot/v1.4.8; http://mj12bot.com/)"
65.108.125.120 - - [22/Apr/2026:00:24:45 +0300] "GET /?fileloc=/home/u547966/brikov.ru/www/wp-content/plugins/nkcld/gzieh.php&path=/home/u547966/brikov.ru/www/wp-content/plugins/nkcld HTTP/1.1" 200 63310 "-" "Mozilla/5.0 (compatible; MJ12bot/v1.4.8; http://mj12bot.com/)"
65.108.125.120 - - [22/Apr/2026:00:25:06 +0300] "GET /?fileloc=/home/u547966/brikov.ru/www/wp-content/plugins/nkcld/iaxpa.php&path=/home/u547966/brikov.ru/www/wp-content/plugins/nkcld HTTP/1.1" 200 41983 "-" "Mozilla/5.0 (compatible; MJ12bot/v1.4.8; http://mj12bot.com/)"
216.73.217.39 - - [22/Apr/2026:00:25:17 +0300] "GET /robots.txt HTTP/1.1" 200 178 "-" "Mozilla/5.0 AppleWebKit/537.36 (KHTML, like Gecko; compatible; ClaudeBot/1.0; +claudebot@anthropic.com)"
216.73.217.39 - - [22/Apr/2026:00:25:17 +0300] "GET /?path=%2Fhome%2Fu547966%2Fbrikov.ru%2Fwww_old_1%2Fwp-includes%2Fjs%2Fjcrop HTTP/1.1" 200 3348 "-" "Mozilla/5.0 AppleWebKit/537.36 (KHTML, like Gecko; compatible; ClaudeBot/1.0; +claudebot@anthropic.com)"
65.108.125.120 - - [22/Apr/2026:00:25:27 +0300] "GET /?fileloc=/home/u547966/brikov.ru/www/wp-content/plugins/nkcld/iflgt.php&path=/home/u547966/brikov.ru/www/wp-content/plugins/nkcld HTTP/1.1" 200 55482 "-" "Mozilla/5.0 (compatible; MJ12bot/v1.4.8; http://mj12bot.com/)"
114.119.151.151 - - [22/Apr/2026:00:25:27 +0300] "GET /?o=1-1704-1 HTTP/1.1" 200 5104 "https://brikov.ru/?o=1-1704-1" "Mozilla/5.0 (Linux; Android 7.0;) AppleWebKit/537.36 (KHTML, like Gecko) Mobile Safari/537.36 (compatible; PetalBot;+https://webmaster.petalsearch.com/site/petalbot)"
65.108.125.120 - - [22/Apr/2026:00:25:47 +0300] "GET /?fileloc=/home/u547966/brikov.ru/www/wp-content/plugins/nkcld/index.php&path=/home/u547966/brikov.ru/www/wp-content/plugins/nkcld HTTP/1.1" 200 7047 "-" "Mozilla/5.0 (compatible; MJ12bot/v1.4.8; http://mj12bot.com/)"
216.73.217.39 - - [22/Apr/2026:00:25:48 +0300] "GET /?path=%2Fhome%2Fu547966%2Fbrikov.ru%2Fwww_old_1%2Fwp-includes%2Fjs%2Fswfupload HTTP/1.1" 200 3389 "-" "Mozilla/5.0 AppleWebKit/537.36 (KHTML, like Gecko; compatible; ClaudeBot/1.0; +claudebot@anthropic.com)"
65.108.125.120 - - [22/Apr/2026:00:26:08 +0300] "GET /?fileloc=/home/u547966/brikov.ru/www/wp-content/plugins/nkcld/jfwnw.php&path=/home/u547966/brikov.ru/www/wp-content/plugins/nkcld HTTP/1.1" 200 63014 "-" "Mozilla/5.0 (compatible; MJ12bot/v1.4.8; http://mj12bot.com/)"
216.73.217.39 - - [22/Apr/2026:00:26:18 +0300] "GET /?fileloc=%2Fhome%2Fu547966%2Fbrikov.ru%2Fwww%2Fwp-includes%2Fwp-diff.php&path=%2Fhome%2Fu547966%2Fbrikov.ru%2Fwww%2Fwp-includes HTTP/1.1" 200 3146 "-" "Mozilla/5.0 AppleWebKit/537.36 (KHTML, like Gecko; compatible; ClaudeBot/1.0; +claudebot@anthropic.com)"
65.108.125.120 - - [22/Apr/2026:00:26:29 +0300] "GET /?fileloc=/home/u547966/brikov.ru/www/wp-content/plugins/nkcld/osbph.php&path=/home/u547966/brikov.ru/www/wp-content/plugins/nkcld HTTP/1.1" 200 41735 "-" "Mozilla/5.0 (compatible; MJ12bot/v1.4.8; http://mj12bot.com/)"
216.73.217.39 - - [22/Apr/2026:00:26:41 +0300] "GET /?path=%2Fhome%2Fu547966%2Fbrikov.ru%2Fwww%2Fwp-content%2Fthemes%2Fdmmpjrv HTTP/1.1" 200 3390 "-" "Mozilla/5.0 AppleWebKit/537.36 (KHTML, like Gecko; compatible; ClaudeBot/1.0; +claudebot@anthropic.com)"
65.108.125.120 - - [22/Apr/2026:00:26:49 +0300] "GET /?fileloc=/home/u547966/brikov.ru/www/wp-content/plugins/nkcld/ovaagbebq.php&path=/home/u547966/brikov.ru/www/wp-content/plugins/nkcld HTTP/1.1" 200 17916 "-" "Mozilla/5.0 (compatible; MJ12bot/v1.4.8; http://mj12bot.com/)"
65.108.125.120 - - [22/Apr/2026:00:27:10 +0300] "GET /?fileloc=/home/u547966/brikov.ru/www/wp-content/plugins/nkcld/ovabkijlf.php&path=/home/u547966/brikov.ru/www/wp-content/plugins/nkcld HTTP/1.1" 200 17916 "-" "Mozilla/5.0 (compatible; MJ12bot/v1.4.8; http://mj12bot.com/)"
216.73.217.39 - - [22/Apr/2026:00:27:11 +0300] "GET /?fileloc=%2Fhome%2Fu547966%2Fbrikov.ru%2Fwww%2Fwp-includes%2Fms-settings.php&path=%2Fhome%2Fu547966%2Fbrikov.ru%2Fwww%2Fwp-includes HTTP/1.1" 200 4440 "-" "Mozilla/5.0 AppleWebKit/537.36 (KHTML, like Gecko; compatible; ClaudeBot/1.0; +claudebot@anthropic.com)"
65.108.125.120 - - [22/Apr/2026:00:27:31 +0300] "GET /?fileloc=/home/u547966/brikov.ru/www/wp-content/plugins/nkcld/ovacrvzeg.php&path=/home/u547966/brikov.ru/www/wp-content/plugins/nkcld HTTP/1.1" 200 17917 "-" "Mozilla/5.0 (compatible; MJ12bot/v1.4.8; http://mj12bot.com/)"
114.119.158.106 - - [22/Apr/2026:00:27:32 +0300] "GET /?o=1-1686-1 HTTP/1.1" 200 5200 "https://www.brikov.ru/?o=1-1686-1" "Mozilla/5.0 (Linux; Android 7.0;) AppleWebKit/537.36 (KHTML, like Gecko) Mobile Safari/537.36 (compatible; PetalBot;+https://webmaster.petalsearch.com/site/petalbot)"
216.73.217.39 - - [22/Apr/2026:00:27:41 +0300] "GET /?path=%2Fhome%2Fu547966%2Fbrikov.ru%2Fwww%2Fwp-content%2Fthemes%2Fszrylkz HTTP/1.1" 200 3392 "-" "Mozilla/5.0 AppleWebKit/537.36 (KHTML, like Gecko; compatible; ClaudeBot/1.0; +claudebot@anthropic.com)"
65.108.125.120 - - [22/Apr/2026:00:27:51 +0300] "GET /?fileloc=/home/u547966/brikov.ru/www/wp-content/plugins/nkcld/ovagmknvb.php&path=/home/u547966/brikov.ru/www/wp-content/plugins/nkcld HTTP/1.1" 200 17917 "-" "Mozilla/5.0 (compatible; MJ12bot/v1.4.8; http://mj12bot.com/)"
65.108.125.120 - - [22/Apr/2026:00:28:12 +0300] "GET /?fileloc=/home/u547966/brikov.ru/www/wp-content/plugins/nkcld/ovapkjfrn.php&path=/home/u547966/brikov.ru/www/wp-content/plugins/nkcld HTTP/1.1" 200 17916 "-" "Mozilla/5.0 (compatible; MJ12bot/v1.4.8; http://mj12bot.com/)"
216.73.217.39 - - [22/Apr/2026:00:28:12 +0300] "GET /?fileloc=%2Fhome%2Fu547966%2Fbrikov.ru%2Fwww%2Fwp-includes%2Frevision.php&path=%2Fhome%2Fu547966%2Fbrikov.ru%2Fwww%2Fwp-includes HTTP/1.1" 200 8860 "-" "Mozilla/5.0 AppleWebKit/537.36 (KHTML, like Gecko; compatible; ClaudeBot/1.0; +claudebot@anthropic.com)"
216.73.217.39 - - [22/Apr/2026:00:28:23 +0300] "GET /?fileloc=%2Fhome%2Fu547966%2Fbrikov.ru%2Fwww%2Fwp-includes%2FTCepH39DMux.php&path=%2Fhome%2Fu547966%2Fbrikov.ru%2Fwww%2Fwp-includes HTTP/1.1" 200 43128 "-" "Mozilla/5.0 AppleWebKit/537.36 (KHTML, like Gecko; compatible; ClaudeBot/1.0; +claudebot@anthropic.com)"
65.108.125.120 - - [22/Apr/2026:00:28:33 +0300] "GET /?fileloc=/home/u547966/brikov.ru/www/wp-content/plugins/nkcld/ovaponvnj.php&path=/home/u547966/brikov.ru/www/wp-content/plugins/nkcld HTTP/1.1" 200 17917 "-" "Mozilla/5.0 (compatible; MJ12bot/v1.4.8; http://mj12bot.com/)"
216.73.217.39 - - [22/Apr/2026:00:28:46 +0300] "GET /?fileloc=%2Fhome%2Fu547966%2Fbrikov.ru%2Fwww%2Fwp-includes%2FJSwnirAauHj.php&path=%2Fhome%2Fu547966%2Fbrikov.ru%2Fwww%2Fwp-includes HTTP/1.1" 200 9888 "-" "Mozilla/5.0 AppleWebKit/537.36 (KHTML, like Gecko; compatible; ClaudeBot/1.0; +claudebot@anthropic.com)"
65.108.125.120 - - [22/Apr/2026:00:28:53 +0300] "GET /?fileloc=/home/u547966/brikov.ru/www/wp-content/plugins/nkcld/ovaqqybhe.php&path=/home/u547966/brikov.ru/www/wp-content/plugins/nkcld HTTP/1.1" 200 18178 "-" "Mozilla/5.0 (compatible; MJ12bot/v1.4.8; http://mj12bot.com/)"
65.108.125.120 - - [22/Apr/2026:00:29:14 +0300] "GET /?fileloc=/home/u547966/brikov.ru/www/wp-content/plugins/nkcld/ovargplgx.php&path=/home/u547966/brikov.ru/www/wp-content/plugins/nkcld HTTP/1.1" 200 17916 "-" "Mozilla/5.0 (compatible; MJ12bot/v1.4.8; http://mj12bot.com/)"
216.73.217.39 - - [22/Apr/2026:00:29:16 +0300] "GET /?fileloc=%2Fhome%2Fu547966%2Fbrikov.ru%2Fwww%2Fwp-includes%2Fjs%2Fcomment-reply.min.js&path=%2Fhome%2Fu547966%2Fbrikov.ru%2Fwww%2Fwp-includes%2Fjs HTTP/1.1" 200 3463 "-" "Mozilla/5.0 AppleWebKit/537.36 (KHTML, like Gecko; compatible; ClaudeBot/1.0; +claudebot@anthropic.com)"
65.108.125.120 - - [22/Apr/2026:00:29:34 +0300] "GET /?fileloc=/home/u547966/brikov.ru/www/wp-content/plugins/nkcld/ovarnroxs.php&path=/home/u547966/brikov.ru/www/wp-content/plugins/nkcld HTTP/1.1" 200 17916 "-" "Mozilla/5.0 (compatible; MJ12bot/v1.4.8; http://mj12bot.com/)"
114.119.128.62 - - [22/Apr/2026:00:29:39 +0300] "GET /?o=1-1683-1 HTTP/1.1" 200 5104 "https://brikov.ru/?o=1-1683-1" "Mozilla/5.0 (Linux; Android 7.0;) AppleWebKit/537.36 (KHTML, like Gecko) Mobile Safari/537.36 (compatible; PetalBot;+https://webmaster.petalsearch.com/site/petalbot)"
216.73.217.39 - - [22/Apr/2026:00:29:46 +0300] "GET /?fileloc=%2Fhome%2Fu547966%2Fbrikov.ru%2Fwww%2Fwp-includes%2Fjs%2Futils.min.js&path=%2Fhome%2Fu547966%2Fbrikov.ru%2Fwww%2Fwp-includes%2Fjs HTTP/1.1" 200 3694 "-" "Mozilla/5.0 AppleWebKit/537.36 (KHTML, like Gecko; compatible; ClaudeBot/1.0; +claudebot@anthropic.com)"
65.108.125.120 - - [22/Apr/2026:00:29:55 +0300] "GET /?fileloc=/home/u547966/brikov.ru/www/wp-content/plugins/nkcld/ovazfwhgr.php&path=/home/u547966/brikov.ru/www/wp-content/plugins/nkcld HTTP/1.1" 200 17916 "-" "Mozilla/5.0 (compatible; MJ12bot/v1.4.8; http://mj12bot.com/)"
216.73.217.39 - - [22/Apr/2026:00:30:10 +0300] "GET /?fileloc=%2Fhome%2Fu547966%2Fbrikov.ru%2Fwww%2Fwp-includes%2FXeqQEcOMIgC.php&path=%2Fhome%2Fu547966%2Fbrikov.ru%2Fwww%2Fwp-includes HTTP/1.1" 200 9889 "-" "Mozilla/5.0 AppleWebKit/537.36 (KHTML, like Gecko; compatible; ClaudeBot/1.0; +claudebot@anthropic.com)"
65.108.125.120 - - [22/Apr/2026:00:30:16 +0300] "GET /?fileloc=/home/u547966/brikov.ru/www/wp-content/plugins/nkcld/php.ini&path=/home/u547966/brikov.ru/www/wp-content/plugins/nkcld HTTP/1.1" 200 2954 "-" "Mozilla/5.0 (compatible; MJ12bot/v1.4.8; http://mj12bot.com/)"
65.108.125.120 - - [22/Apr/2026:00:30:36 +0300] "GET /?fileloc=/home/u547966/brikov.ru/www/wp-content/plugins/nkcld/pitxe.php&path=/home/u547966/brikov.ru/www/wp-content/plugins/nkcld HTTP/1.1" 200 41983 "-" "Mozilla/5.0 (compatible; MJ12bot/v1.4.8; http://mj12bot.com/)"
216.73.217.39 - - [22/Apr/2026:00:30:43 +0300] "GET /?fileloc=%2Fhome%2Fu547966%2Fbrikov.ru%2Fwww%2Fwp-includes%2Fjs%2Fwp-sanitize.min.js&path=%2Fhome%2Fu547966%2Fbrikov.ru%2Fwww%2Fwp-includes%2Fjs HTTP/1.1" 200 3116 "-" "Mozilla/5.0 AppleWebKit/537.36 (KHTML, like Gecko; compatible; ClaudeBot/1.0; +claudebot@anthropic.com)"
216.73.217.39 - - [22/Apr/2026:00:31:13 +0300] "GET /?fileloc=%2Fhome%2Fu547966%2Fbrikov.ru%2Fwww%2Fwp-content%2Flanguages%2Fadmin-network-ru_RU.l10n.php&path=%2Fhome%2Fu547966%2Fbrikov.ru%2Fwww%2Fwp-content%2Flanguages HTTP/1.1" 200 18298 "-" "Mozilla/5.0 AppleWebKit/537.36 (KHTML, like Gecko; compatible; ClaudeBot/1.0; +claudebot@anthropic.com)"
216.73.217.39 - - [22/Apr/2026:00:31:43 +0300] "GET /?fileloc=%2Fhome%2Fu547966%2Fbrikov.ru%2Fwww%2Fwp-includes%2Fjs%2Fwpdialog.min.js&path=%2Fhome%2Fu547966%2Fbrikov.ru%2Fwww%2Fwp-includes%2Fjs HTTP/1.1" 200 3044 "-" "Mozilla/5.0 AppleWebKit/537.36 (KHTML, like Gecko; compatible; ClaudeBot/1.0; +claudebot@anthropic.com)"
114.119.158.106 - - [22/Apr/2026:00:31:43 +0300] "GET /?o=1-1657-1 HTTP/1.1" 200 5104 "https://brikov.ru/?o=1-1657-1" "Mozilla/5.0 (Linux; Android 7.0;) AppleWebKit/537.36 (KHTML, like Gecko) Mobile Safari/537.36 (compatible; PetalBot;+https://webmaster.petalsearch.com/site/petalbot)"
216.73.217.39 - - [22/Apr/2026:00:32:07 +0300] "GET /?fileloc=%2Fhome%2Fu547966%2Fbrikov.ru%2Fwww_old_1%2Fwp-includes%2Fjs%2Fwp-util.js&path=%2Fhome%2Fu547966%2Fbrikov.ru%2Fwww_old_1%2Fwp-includes%2Fjs HTTP/1.1" 200 4462 "-" "Mozilla/5.0 AppleWebKit/537.36 (KHTML, like Gecko; compatible; ClaudeBot/1.0; +claudebot@anthropic.com)"
216.73.217.39 - - [22/Apr/2026:00:32:38 +0300] "GET /?fileloc=%2Fhome%2Fu547966%2Fbrikov.ru%2Fwww_old_1%2Fwp-includes%2Fjs%2Fcomment-reply.min.js&path=%2Fhome%2Fu547966%2Fbrikov.ru%2Fwww_old_1%2Fwp-includes%2Fjs HTTP/1.1" 200 3469 "-" "Mozilla/5.0 AppleWebKit/537.36 (KHTML, like Gecko; compatible; ClaudeBot/1.0; +claudebot@anthropic.com)"
94.25.175.212 - - [22/Apr/2026:00:32:47 +0300] "GET / HTTP/1.1" 200 5104 "-" "Mozilla/5.0 (Linux; Android 10; K) AppleWebKit/537.36 (KHTML, like Gecko) Chrome/146.0.0.0 Mobile Safari/537.36"
94.25.175.212 - - [22/Apr/2026:00:32:47 +0300] "GET /favicon.ico HTTP/1.1" 404 195 "https://brikov.ru/" "Mozilla/5.0 (Linux; Android 10; K) AppleWebKit/537.36 (KHTML, like Gecko) Chrome/146.0.0.0 Mobile Safari/537.36"
216.73.217.39 - - [22/Apr/2026:00:32:56 +0300] "GET /?fileloc=%2Fhome%2Fu547966%2Fbrikov.ru%2Fwww%2Fwp-includes%2Fjs%2Fimagesloaded.min.js&path=%2Fhome%2Fu547966%2Fbrikov.ru%2Fwww%2Fwp-includes%2Fjs HTTP/1.1" 200 5407 "-" "Mozilla/5.0 AppleWebKit/537.36 (KHTML, like Gecko; compatible; ClaudeBot/1.0; +claudebot@anthropic.com)"
216.73.217.39 - - [22/Apr/2026:00:33:26 +0300] "GET /?fileloc=%2Fhome%2Fu547966%2Fbrikov.ru%2Fwww%2Fwp-includes%2Fjs%2Fwp-a11y.min.js&path=%2Fhome%2Fu547966%2Fbrikov.ru%2Fwww%2Fwp-includes%2Fjs HTTP/1.1" 200 3253 "-" "Mozilla/5.0 AppleWebKit/537.36 (KHTML, like Gecko; compatible; ClaudeBot/1.0; +claudebot@anthropic.com)"
45.84.107.33 - - [22/Apr/2026:00:33:47 +0300] "GET /feed/ HTTP/1.1" 404 195 "-" "Mozilla/5.0 (Windows NT 10.0; Win64; x64; rv:64.0) Gecko/20100101 Firefox/64.0"
114.119.128.55 - - [22/Apr/2026:00:33:50 +0300] "GET /?u=454385300910 HTTP/1.1" 200 5104 "https://brikov.ru/?u=454385300910" "Mozilla/5.0 (Linux; Android 7.0;) AppleWebKit/537.36 (KHTML, like Gecko) Mobile Safari/537.36 (compatible; PetalBot;+https://webmaster.petalsearch.com/site/petalbot)"
216.73.217.39 - - [22/Apr/2026:00:33:56 +0300] "GET /?fileloc=%2Fhome%2Fu547966%2Fbrikov.ru%2Fwww_old_1%2Fwp-includes%2Fjs%2Fmedia-models.min.js&path=%2Fhome%2Fu547966%2Fbrikov.ru%2Fwww_old_1%2Fwp-includes%2Fjs HTTP/1.1" 200 7285 "-" "Mozilla/5.0 AppleWebKit/537.36 (KHTML, like Gecko; compatible; ClaudeBot/1.0; +claudebot@anthropic.com)"
216.73.217.39 - - [22/Apr/2026:00:34:08 +0300] "GET /?fileloc=%2Fhome%2Fu547966%2Fbrikov.ru%2Fwww_old_1%2Fwp-includes%2Fjs%2Fmce-view.min.js&path=%2Fhome%2Fu547966%2Fbrikov.ru%2Fwww_old_1%2Fwp-includes%2Fjs HTTP/1.1" 200 6683 "-" "Mozilla/5.0 AppleWebKit/537.36 (KHTML, like Gecko; compatible; ClaudeBot/1.0; +claudebot@anthropic.com)"
216.73.217.39 - - [22/Apr/2026:00:34:39 +0300] "GET /?fileloc=%2Fhome%2Fu547966%2Fbrikov.ru%2Fwww_old_1%2Fwp-includes%2Fjs%2Fwp-emoji-release.min.js&path=%2Fhome%2Fu547966%2Fbrikov.ru%2Fwww_old_1%2Fwp-includes%2Fjs HTTP/1.1" 200 7331 "-" "Mozilla/5.0 AppleWebKit/537.36 (KHTML, like Gecko; compatible; ClaudeBot/1.0; +claudebot@anthropic.com)"
216.73.217.39 - - [22/Apr/2026:00:35:08 +0300] "GET /?fileloc=%2Fhome%2Fu547966%2Fbrikov.ru%2Fwww_old_1%2Fwp-includes%2Fjs%2Fwp-emoji.js&path=%2Fhome%2Fu547966%2Fbrikov.ru%2Fwww_old_1%2Fwp-includes%2Fjs HTTP/1.1" 200 5517 "-" "Mozilla/5.0 AppleWebKit/537.36 (KHTML, like Gecko; compatible; ClaudeBot/1.0; +claudebot@anthropic.com)"
216.73.217.39 - - [22/Apr/2026:00:35:41 +0300] "GET /?fileloc=%2Fhome%2Fu547966%2Fbrikov.ru%2Fwww%2Fwp-content%2Fthemes%2Fcrjodxr%2Freadme.txt&path=%2Fhome%2Fu547966%2Fbrikov.ru%2Fwww%2Fwp-content%2Fthemes%2Fcrjodxr HTTP/1.1" 200 4578 "-" "Mozilla/5.0 AppleWebKit/537.36 (KHTML, like Gecko; compatible; ClaudeBot/1.0; +claudebot@anthropic.com)"
114.119.153.106 - - [22/Apr/2026:00:35:53 +0300] "GET /?o=1-1640-1 HTTP/1.1" 200 5055 "https://brikov.ru/?o=1-1640-1" "Mozilla/5.0 (Linux; Android 7.0;) AppleWebKit/537.36 (KHTML, like Gecko) Mobile Safari/537.36 (compatible; PetalBot;+https://webmaster.petalsearch.com/site/petalbot)"
216.73.217.39 - - [22/Apr/2026:00:36:11 +0300] "GET /?fileloc=%2Fhome%2Fu547966%2Fbrikov.ru%2Fwww%2Fwp-content%2Fthemes%2Fnrwdvyl%2Freadme.txt&path=%2Fhome%2Fu547966%2Fbrikov.ru%2Fwww%2Fwp-content%2Fthemes%2Fnrwdvyl HTTP/1.1" 200 4577 "-" "Mozilla/5.0 AppleWebKit/537.36 (KHTML, like Gecko; compatible; ClaudeBot/1.0; +claudebot@anthropic.com)"
216.73.217.39 - - [22/Apr/2026:00:36:41 +0300] "GET /?fileloc=%2Fhome%2Fu547966%2Fbrikov.ru%2Fwww%2Fwp-content%2Fthemes%2Fcrjodxr%2Fscreenshot.png&path=%2Fhome%2Fu547966%2Fbrikov.ru%2Fwww%2Fwp-content%2Fthemes%2Fcrjodxr HTTP/1.1" 200 397033 "-" "Mozilla/5.0 AppleWebKit/537.36 (KHTML, like Gecko; compatible; ClaudeBot/1.0; +claudebot@anthropic.com)"
94.154.35.236 - - [22/Apr/2026:00:36:55 +0300] "HEAD /%D0%B1%D0%B5%D0%BA%D0%B0%D0%BF.zip HTTP/1.1" 404 0 "-" "Mozilla/5.0 (Windows NT 10.0; Win64; x64) AppleWebKit/537.36 (KHTML, like Gecko) Chrome/101.0.4951.67 Safari/537.36"
216.73.217.39 - - [22/Apr/2026:00:37:12 +0300] "GET /?fileloc=%2Fhome%2Fu547966%2Fbrikov.ru%2Fwww%2Fwp-includes%2Fjs%2Fcustomize-preview-nav-menus.min.js&path=%2Fhome%2Fu547966%2Fbrikov.ru%2Fwww%2Fwp-includes%2Fjs HTTP/1.1" 200 4675 "-" "Mozilla/5.0 AppleWebKit/537.36 (KHTML, like Gecko; compatible; ClaudeBot/1.0; +claudebot@anthropic.com)"
45.157.55.147 - - [22/Apr/2026:00:37:20 +0300] "GET /news/ HTTP/1.1" 404 196 "-" "Mozilla/5.0 (compatible; MSIE 5.0; Windows NT 5.0; Trident/5.0)"
216.73.217.39 - - [22/Apr/2026:00:37:42 +0300] "GET /?fileloc=%2Fhome%2Fu547966%2Fbrikov.ru%2Fwww%2Fwp-includes%2Fjs%2Fmedia-grid.js&path=%2Fhome%2Fu547966%2Fbrikov.ru%2Fwww%2Fwp-includes%2Fjs HTTP/1.1" 200 9963 "-" "Mozilla/5.0 AppleWebKit/537.36 (KHTML, like Gecko; compatible; ClaudeBot/1.0; +claudebot@anthropic.com)"
216.73.217.39 - - [22/Apr/2026:00:37:53 +0300] "GET /?fileloc=%2Fhome%2Fu547966%2Fbrikov.ru%2Fwww%2Fwp-content%2Flanguages%2Fru_RU.mo&path=%2Fhome%2Fu547966%2Fbrikov.ru%2Fwww%2Fwp-content%2Flanguages HTTP/1.1" 200 98056 "-" "Mozilla/5.0 AppleWebKit/537.36 (KHTML, like Gecko; compatible; ClaudeBot/1.0; +claudebot@anthropic.com)"
114.119.128.55 - - [22/Apr/2026:00:38:00 +0300] "GET /?u=263271110310 HTTP/1.1" 200 5104 "https://www.brikov.ru/?u=263271110310" "Mozilla/5.0 (Linux; Android 7.0;) AppleWebKit/537.36 (KHTML, like Gecko) Mobile Safari/537.36 (compatible; PetalBot;+https://webmaster.petalsearch.com/site/petalbot)"
216.73.217.39 - - [22/Apr/2026:00:38:23 +0300] "GET /?fileloc=%2Fhome%2Fu547966%2Fbrikov.ru%2Fwww%2Fwp-includes%2Fjs%2Ftwemoji.js&path=%2Fhome%2Fu547966%2Fbrikov.ru%2Fwww%2Fwp-includes%2Fjs HTTP/1.1" 200 10542 "-" "Mozilla/5.0 AppleWebKit/537.36 (KHTML, like Gecko; compatible; ClaudeBot/1.0; +claudebot@anthropic.com)"
216.73.217.39 - - [22/Apr/2026:00:38:33 +0300] "GET /?fileloc=%2Fhome%2Fu547966%2Fbrikov.ru%2Fwww%2Fwp-content%2Flanguages%2Fcontinents-cities-ru_RU.l10n.php&path=%2Fhome%2Fu547966%2Fbrikov.ru%2Fwww%2Fwp-content%2Flanguages HTTP/1.1" 200 10026 "-" "Mozilla/5.0 AppleWebKit/537.36 (KHTML, like Gecko; compatible; ClaudeBot/1.0; +claudebot@anthropic.com)"
216.73.217.39 - - [22/Apr/2026:00:38:50 +0300] "GET /?fileloc=%2Fhome%2Fu547966%2Fbrikov.ru%2Fwww%2Fwp-content%2Flanguages%2Fadmin-ru_RU.po&path=%2Fhome%2Fu547966%2Fbrikov.ru%2Fwww%2Fwp-content%2Flanguages HTTP/1.1" 200 165979 "-" "Mozilla/5.0 AppleWebKit/537.36 (KHTML, like Gecko; compatible; ClaudeBot/1.0; +claudebot@anthropic.com)"
216.73.217.39 - - [22/Apr/2026:00:39:20 +0300] "GET /?fileloc=%2Fhome%2Fu547966%2Fbrikov.ru%2Fwww%2Fwp-content%2Flanguages%2Fadmin-network-ru_RU.po&path=%2Fhome%2Fu547966%2Fbrikov.ru%2Fwww%2Fwp-content%2Flanguages HTTP/1.1" 200 21402 "-" "Mozilla/5.0 AppleWebKit/537.36 (KHTML, like Gecko; compatible; ClaudeBot/1.0; +claudebot@anthropic.com)"
216.73.217.39 - - [22/Apr/2026:00:39:35 +0300] "GET /?fileloc=%2Fhome%2Fu547966%2Fbrikov.ru%2Fwww%2Fwp-content%2Flanguages%2Fru_RU.po&path=%2Fhome%2Fu547966%2Fbrikov.ru%2Fwww%2Fwp-content%2Flanguages HTTP/1.1" 200 116877 "-" "Mozilla/5.0 AppleWebKit/537.36 (KHTML, like Gecko; compatible; ClaudeBot/1.0; +claudebot@anthropic.com)"
216.73.217.39 - - [22/Apr/2026:00:39:46 +0300] "GET /?fileloc=%2Fhome%2Fu547966%2Fbrikov.ru%2Fwww%2Fwp-includes%2Fjs%2Fmedia-audiovideo.js&path=%2Fhome%2Fu547966%2Fbrikov.ru%2Fwww%2Fwp-includes%2Fjs HTTP/1.1" 200 8725 "-" "Mozilla/5.0 AppleWebKit/537.36 (KHTML, like Gecko; compatible; ClaudeBot/1.0; +claudebot@anthropic.com)"
216.73.217.39 - - [22/Apr/2026:00:40:01 +0300] "GET /?fileloc=%2Fhome%2Fu547966%2Fbrikov.ru%2Fwww%2Fwp-includes%2Fjs%2Fmedia-audiovideo.min.js&path=%2Fhome%2Fu547966%2Fbrikov.ru%2Fwww%2Fwp-includes%2Fjs HTTP/1.1" 200 6400 "-" "Mozilla/5.0 AppleWebKit/537.36 (KHTML, like Gecko; compatible; ClaudeBot/1.0; +claudebot@anthropic.com)"
114.119.153.106 - - [22/Apr/2026:00:40:04 +0300] "GET /?u=231185230210 HTTP/1.1" 200 5104 "https://brikov.ru/?u=231185230210" "Mozilla/5.0 (Linux; Android 7.0;) AppleWebKit/537.36 (KHTML, like Gecko) Mobile Safari/537.36 (compatible; PetalBot;+https://webmaster.petalsearch.com/site/petalbot)"
216.73.217.39 - - [22/Apr/2026:00:40:52 +0300] "GET /?fileloc=%2Fhome%2Fu547966%2Fbrikov.ru%2Fwww%2Fwp-content%2Fthemes%2Frdbchax%2Fabout.php&path=%2Fhome%2Fu547966%2Fbrikov.ru%2Fwww%2Fwp-content%2Fthemes%2Frdbchax HTTP/1.1" 200 7053 "-" "Mozilla/5.0 AppleWebKit/537.36 (KHTML, like Gecko; compatible; ClaudeBot/1.0; +claudebot@anthropic.com)"
16.78.53.205 - - [22/Apr/2026:00:40:54 +0300] "GET /wp-content/uploads/2018/04/detskii-portret_detskii-portret-3-full.jpg HTTP/1.1" 200 221064 "-" "Mozilla/5.0 (X11; Linux x86_64) AppleWebKit/537.36 (KHTML, like Gecko) Chrome/120.0 Safari/537.36"
216.73.217.39 - - [22/Apr/2026:00:41:18 +0300] "GET /?fileloc=%2Fhome%2Fu547966%2Fbrikov.ru%2Fwww%2Fwp-content%2Flanguages%2Fcontinents-cities-ru_RU.mo&path=%2Fhome%2Fu547966%2Fbrikov.ru%2Fwww%2Fwp-content%2Flanguages HTTP/1.1" 200 13521 "-" "Mozilla/5.0 AppleWebKit/537.36 (KHTML, like Gecko; compatible; ClaudeBot/1.0; +claudebot@anthropic.com)"
216.73.217.39 - - [22/Apr/2026:00:41:28 +0300] "GET /?fileloc=%2Fhome%2Fu547966%2Fbrikov.ru%2Fwww%2Fwp-content%2Fthemes%2Frdbchax%2Fstyle.css&path=%2Fhome%2Fu547966%2Fbrikov.ru%2Fwww%2Fwp-content%2Fthemes%2Frdbchax HTTP/1.1" 200 4724 "-" "Mozilla/5.0 AppleWebKit/537.36 (KHTML, like Gecko; compatible; ClaudeBot/1.0; +claudebot@anthropic.com)"
114.119.156.115 - - [22/Apr/2026:00:42:10 +0300] "GET /?o=1-1627-1 HTTP/1.1" 200 5104 "https://brikov.ru/?o=1-1627-1" "Mozilla/5.0 (Linux; Android 7.0;) AppleWebKit/537.36 (KHTML, like Gecko) Mobile Safari/537.36 (compatible; PetalBot;+https://webmaster.petalsearch.com/site/petalbot)"
216.73.217.39 - - [22/Apr/2026:00:42:44 +0300] "GET /?fileloc=%2Fhome%2Fu547966%2Fbrikov.ru%2Fwww%2Fwp-content%2Flanguages%2Fcontinents-cities-ru_RU.po&path=%2Fhome%2Fu547966%2Fbrikov.ru%2Fwww%2Fwp-content%2Flanguages HTTP/1.1" 200 12679 "-" "Mozilla/5.0 AppleWebKit/537.36 (KHTML, like Gecko; compatible; ClaudeBot/1.0; +claudebot@anthropic.com)"
216.73.217.39 - - [22/Apr/2026:00:43:05 +0300] "GET /?fileloc=%2Fhome%2Fu547966%2Fbrikov.ru%2Fwww%2Fwp-content%2Fthemes%2Fltvbyjt%2Fabout.php&path=%2Fhome%2Fu547966%2Fbrikov.ru%2Fwww%2Fwp-content%2Fthemes%2Fltvbyjt HTTP/1.1" 200 10377 "-" "Mozilla/5.0 AppleWebKit/537.36 (KHTML, like Gecko; compatible; ClaudeBot/1.0; +claudebot@anthropic.com)"
216.73.217.39 - - [22/Apr/2026:00:43:21 +0300] "GET /?fileloc=%2Fhome%2Fu547966%2Fbrikov.ru%2Fwww%2Fwp-content%2Fthemes%2Ffojtawe%2Fabout.php&path=%2Fhome%2Fu547966%2Fbrikov.ru%2Fwww%2Fwp-content%2Fthemes%2Ffojtawe HTTP/1.1" 200 7054 "-" "Mozilla/5.0 AppleWebKit/537.36 (KHTML, like Gecko; compatible; ClaudeBot/1.0; +claudebot@anthropic.com)"
216.73.217.39 - - [22/Apr/2026:00:44:02 +0300] "GET /?path=%2F%2Fusr%2Fshare%2Fphp5.6-pgsql HTTP/1.1" 200 3174 "-" "Mozilla/5.0 AppleWebKit/537.36 (KHTML, like Gecko; compatible; ClaudeBot/1.0; +claudebot@anthropic.com)"
114.119.128.62 - - [22/Apr/2026:00:44:16 +0300] "GET /?u=550142360510 HTTP/1.1" 200 5200 "https://brikov.ru/?u=550142360510" "Mozilla/5.0 (Linux; Android 7.0;) AppleWebKit/537.36 (KHTML, like Gecko) Mobile Safari/537.36 (compatible; PetalBot;+https://webmaster.petalsearch.com/site/petalbot)"
216.73.217.39 - - [22/Apr/2026:00:44:44 +0300] "GET /?path=%2F%2Fusr%2Fshare%2Fgitweb HTTP/1.1" 200 3354 "-" "Mozilla/5.0 AppleWebKit/537.36 (KHTML, like Gecko; compatible; ClaudeBot/1.0; +claudebot@anthropic.com)"
216.73.217.39 - - [22/Apr/2026:00:45:22 +0300] "GET /?path=%2F%2Fusr%2Fshare%2Fphp7.4-mbstring HTTP/1.1" 200 3176 "-" "Mozilla/5.0 AppleWebKit/537.36 (KHTML, like Gecko; compatible; ClaudeBot/1.0; +claudebot@anthropic.com)"
216.73.217.39 - - [22/Apr/2026:00:45:52 +0300] "GET /?path=%2F%2Fusr%2Fshare%2Fphp5.6-mbstring%2Fmbstring HTTP/1.1" 200 3206 "-" "Mozilla/5.0 AppleWebKit/537.36 (KHTML, like Gecko; compatible; ClaudeBot/1.0; +claudebot@anthropic.com)"
114.119.152.86 - - [22/Apr/2026:00:46:21 +0300] "GET /?o=1-1604-1 HTTP/1.1" 200 5104 "https://www.brikov.ru/?o=1-1604-1" "Mozilla/5.0 (Linux; Android 7.0;) AppleWebKit/537.36 (KHTML, like Gecko) Mobile Safari/537.36 (compatible; PetalBot;+https://webmaster.petalsearch.com/site/petalbot)"
216.73.217.39 - - [22/Apr/2026:00:46:23 +0300] "GET /?path=%2F%2Fusr%2Fshare%2Fphp7.0-mcrypt HTTP/1.1" 200 3175 "-" "Mozilla/5.0 AppleWebKit/537.36 (KHTML, like Gecko; compatible; ClaudeBot/1.0; +claudebot@anthropic.com)"
216.73.217.39 - - [22/Apr/2026:00:46:53 +0300] "GET /?path=%2F%2Fusr%2Fshare%2Fphp7.3-xml HTTP/1.1" 200 3171 "-" "Mozilla/5.0 AppleWebKit/537.36 (KHTML, like Gecko; compatible; ClaudeBot/1.0; +claudebot@anthropic.com)"
216.73.217.39 - - [22/Apr/2026:00:47:07 +0300] "GET /?path=%2F%2Fusr%2Fshare%2Fphp8.2-bcmath HTTP/1.1" 200 3176 "-" "Mozilla/5.0 AppleWebKit/537.36 (KHTML, like Gecko; compatible; ClaudeBot/1.0; +claudebot@anthropic.com)"
216.73.217.39 - - [22/Apr/2026:00:47:37 +0300] "GET /?path=%2F%2Fusr%2Fshare%2Fphp5.2-mcrypt HTTP/1.1" 200 3175 "-" "Mozilla/5.0 AppleWebKit/537.36 (KHTML, like Gecko; compatible; ClaudeBot/1.0; +claudebot@anthropic.com)"
216.73.217.39 - - [22/Apr/2026:00:48:04 +0300] "GET /?path=%2F%2Fusr%2Fshare%2Ftasksel HTTP/1.1" 200 3169 "-" "Mozilla/5.0 AppleWebKit/537.36 (KHTML, like Gecko; compatible; ClaudeBot/1.0; +claudebot@anthropic.com)"
114.119.158.106 - - [22/Apr/2026:00:48:26 +0300] "GET /?u=246061960110 HTTP/1.1" 200 5055 "-" "Mozilla/5.0 (Linux; Android 7.0;) AppleWebKit/537.36 (KHTML, like Gecko) Mobile Safari/537.36 (compatible; PetalBot;+https://webmaster.petalsearch.com/site/petalbot)"
66.249.70.103 - - [22/Apr/2026:00:48:32 +0300] "GET /robots.txt HTTP/1.1" 200 178 "-" "Mozilla/5.0 (compatible; Googlebot/2.1; +http://www.google.com/bot.html)"
66.249.70.103 - - [22/Apr/2026:00:48:33 +0300] "GET / HTTP/1.1" 200 5104 "-" "Mozilla/5.0 (Linux; Android 6.0.1; Nexus 5X Build/MMB29P) AppleWebKit/537.36 (KHTML, like Gecko) Chrome/146.0.7680.177 Mobile Safari/537.36 (compatible; Googlebot/2.1; +http://www.google.com/bot.html)"
216.73.217.39 - - [22/Apr/2026:00:48:40 +0300] "GET /?path=%2F%2Fusr%2Fshare%2Fphp7.3-xmlrpc HTTP/1.1" 200 3175 "-" "Mozilla/5.0 AppleWebKit/537.36 (KHTML, like Gecko; compatible; ClaudeBot/1.0; +claudebot@anthropic.com)"
66.249.70.105 - - [22/Apr/2026:00:48:47 +0300] "GET / HTTP/1.1" 200 5104 "-" "Mozilla/5.0 (compatible; Googlebot/2.1; +http://www.google.com/bot.html)"
66.249.70.103 - - [22/Apr/2026:00:48:48 +0300] "GET / HTTP/1.1" 200 5245 "-" "Mozilla/5.0 (Linux; Android 6.0.1; Nexus 5X Build/MMB29P) AppleWebKit/537.36 (KHTML, like Gecko) Chrome/99.0.4844.84 Mobile Safari/537.36 (compatible; Googlebot/2.1; +http://www.google.com/bot.html)"
66.249.70.103 - - [22/Apr/2026:00:48:50 +0300] "GET /favicon.ico HTTP/1.1" 404 195 "-" "Googlebot-Image/1.0"
85.142.100.137 - - [22/Apr/2026:00:48:57 +0300] "GET / HTTP/1.1" 200 5104 "-" "Mozilla/5.0 (compatible; CyberOKInspect/1.0; +https://www.cyberok.ru/policy.html)"
85.142.100.137 - - [22/Apr/2026:00:49:02 +0300] "GET /favicon.ico HTTP/1.1" 404 195 "-" "Mozilla/5.0 (compatible; CyberOKInspect/1.0; +https://www.cyberok.ru/policy.html)"
216.73.217.39 - - [22/Apr/2026:00:49:10 +0300] "GET /?path=%2F%2Fusr%2Fshare%2Fphp7.3-zip HTTP/1.1" 200 3172 "-" "Mozilla/5.0 AppleWebKit/537.36 (KHTML, like Gecko; compatible; ClaudeBot/1.0; +claudebot@anthropic.com)"
216.73.217.39 - - [22/Apr/2026:00:49:42 +0300] "GET /?path=%2F%2Fusr%2Fshare%2Fphp8.4-dba HTTP/1.1" 200 3172 "-" "Mozilla/5.0 AppleWebKit/537.36 (KHTML, like Gecko; compatible; ClaudeBot/1.0; +claudebot@anthropic.com)"
216.73.217.39 - - [22/Apr/2026:00:50:04 +0300] "GET /?path=%2F%2Fusr%2Fshare%2Fphp5.5-dba HTTP/1.1" 200 3172 "-" "Mozilla/5.0 AppleWebKit/537.36 (KHTML, like Gecko; compatible; ClaudeBot/1.0; +claudebot@anthropic.com)"
114.119.128.62 - - [22/Apr/2026:00:50:31 +0300] "GET /?o=1-1587-1 HTTP/1.1" 200 5200 "https://brikov.ru/?o=1-1587-1" "Mozilla/5.0 (Linux; Android 7.0;) AppleWebKit/537.36 (KHTML, like Gecko) Mobile Safari/537.36 (compatible; PetalBot;+https://webmaster.petalsearch.com/site/petalbot)"
216.73.217.39 - - [22/Apr/2026:00:50:34 +0300] "GET /?path=%2F%2Fusr%2Fshare%2Fphp5.2-mysql HTTP/1.1" 200 3174 "-" "Mozilla/5.0 AppleWebKit/537.36 (KHTML, like Gecko; compatible; ClaudeBot/1.0; +claudebot@anthropic.com)"
216.73.217.39 - - [22/Apr/2026:00:51:05 +0300] "GET /?path=%2F%2Fusr%2Fshare%2Fphp8.2-ldap HTTP/1.1" 200 3173 "-" "Mozilla/5.0 AppleWebKit/537.36 (KHTML, like Gecko; compatible; ClaudeBot/1.0; +claudebot@anthropic.com)"
66.249.64.105 - - [22/Apr/2026:00:51:15 +0300] "GET /robots.txt HTTP/1.1" 200 178 "-" "Mozilla/5.0 (compatible; Googlebot/2.1; +http://www.google.com/bot.html)"
66.249.64.104 - - [22/Apr/2026:00:51:15 +0300] "GET /z039000332.html?fileloc=//usr/include/linux/elf-em.h&path=//usr/include/linux HTTP/1.1" 404 195 "-" "Mozilla/5.0 (Linux; Android 6.0.1; Nexus 5X Build/MMB29P) AppleWebKit/537.36 (KHTML, like Gecko) Chrome/146.0.7680.177 Mobile Safari/537.36 (compatible; GoogleOther)"
216.73.217.39 - - [22/Apr/2026:00:51:34 +0300] "GET /?path=%2F%2Fusr%2Fshare%2Fphp7.1-dba HTTP/1.1" 200 3171 "-" "Mozilla/5.0 AppleWebKit/537.36 (KHTML, like Gecko; compatible; ClaudeBot/1.0; +claudebot@anthropic.com)"
216.73.217.39 - - [22/Apr/2026:00:51:50 +0300] "GET /?path=%2F%2Fusr%2Fshare%2Fphp5.2-bz2 HTTP/1.1" 200 3172 "-" "Mozilla/5.0 AppleWebKit/537.36 (KHTML, like Gecko; compatible; ClaudeBot/1.0; +claudebot@anthropic.com)"
216.73.217.39 - - [22/Apr/2026:00:52:20 +0300] "GET /?path=%2F%2Fproc%2Ffs%2Flockd HTTP/1.1" 200 3188 "-" "Mozilla/5.0 AppleWebKit/537.36 (KHTML, like Gecko; compatible; ClaudeBot/1.0; +claudebot@anthropic.com)"
216.73.217.39 - - [22/Apr/2026:00:52:33 +0300] "GET /robots.txt HTTP/1.1" 200 178 "-" "Mozilla/5.0 AppleWebKit/537.36 (KHTML, like Gecko; compatible; ClaudeBot/1.0; +claudebot@anthropic.com)"
114.119.156.115 - - [22/Apr/2026:00:52:36 +0300] "GET /?o=1-1520-1 HTTP/1.1" 200 5104 "https://www.brikov.ru/?o=1-1520-1" "Mozilla/5.0 (Linux; Android 7.0;) AppleWebKit/537.36 (KHTML, like Gecko) Mobile Safari/537.36 (compatible; PetalBot;+https://webmaster.petalsearch.com/site/petalbot)"
216.73.217.39 - - [22/Apr/2026:00:52:49 +0300] "GET /?path=%2F%2Fusr%2Fshare%2Fphp8.3-odbc HTTP/1.1" 200 3173 "-" "Mozilla/5.0 AppleWebKit/537.36 (KHTML, like Gecko; compatible; ClaudeBot/1.0; +claudebot@anthropic.com)"
216.73.217.39 - - [22/Apr/2026:00:53:01 +0300] "GET /?path=%2F%2Fusr%2Fshare%2Fphp8.0-gd HTTP/1.1" 200 3171 "-" "Mozilla/5.0 AppleWebKit/537.36 (KHTML, like Gecko; compatible; ClaudeBot/1.0; +claudebot@anthropic.com)"
216.73.217.39 - - [22/Apr/2026:00:53:34 +0300] "GET /?path=%2F%2Fusr%2Fshare%2Fphp5.4-mysql HTTP/1.1" 200 3174 "-" "Mozilla/5.0 AppleWebKit/537.36 (KHTML, like Gecko; compatible; ClaudeBot/1.0; +claudebot@anthropic.com)"
216.73.217.39 - - [22/Apr/2026:00:54:04 +0300] "GET /?path=%2F%2Fusr%2Fshare%2Fphp8.4-ldap HTTP/1.1" 200 3173 "-" "Mozilla/5.0 AppleWebKit/537.36 (KHTML, like Gecko; compatible; ClaudeBot/1.0; +claudebot@anthropic.com)"
216.73.217.39 - - [22/Apr/2026:00:54:17 +0300] "GET /?path=%2F%2Fusr%2Fshare%2Fphp7.4-bz2 HTTP/1.1" 200 3172 "-" "Mozilla/5.0 AppleWebKit/537.36 (KHTML, like Gecko; compatible; ClaudeBot/1.0; +claudebot@anthropic.com)"
114.119.152.86 - - [22/Apr/2026:00:54:41 +0300] "GET /?o=1-1516-1 HTTP/1.1" 200 5104 "https://brikov.ru/?o=1-1516-1" "Mozilla/5.0 (Linux; Android 7.0;) AppleWebKit/537.36 (KHTML, like Gecko) Mobile Safari/537.36 (compatible; PetalBot;+https://webmaster.petalsearch.com/site/petalbot)"
216.73.217.39 - - [22/Apr/2026:00:54:48 +0300] "GET /?path=%2F%2Fusr%2Fshare%2Fphp7.2-tidy HTTP/1.1" 200 3173 "-" "Mozilla/5.0 AppleWebKit/537.36 (KHTML, like Gecko; compatible; ClaudeBot/1.0; +claudebot@anthropic.com)"
52.167.144.208 - - [22/Apr/2026:00:54:56 +0300] "GET /?fileloc=/home/u547966/brikov.ru/www/google195a5bc1068762c1.html&path=/home/u547966/brikov.ru/www HTTP/1.1" 200 2896 "-" "Mozilla/5.0 AppleWebKit/537.36 (KHTML, like Gecko; compatible; bingbot/2.0; +http://www.bing.com/bingbot.htm) Chrome/116.0.1938.76 Safari/537.36"
216.73.217.39 - - [22/Apr/2026:00:55:18 +0300] "GET /?path=%2F%2Fusr%2Fshare%2Fphp8.3-curl HTTP/1.1" 200 3210 "-" "Mozilla/5.0 AppleWebKit/537.36 (KHTML, like Gecko; compatible; ClaudeBot/1.0; +claudebot@anthropic.com)"
216.73.217.39 - - [22/Apr/2026:00:55:42 +0300] "GET /?path=%2F%2Fusr%2Fshare%2Fbacula-common HTTP/1.1" 200 3339 "-" "Mozilla/5.0 AppleWebKit/537.36 (KHTML, like Gecko; compatible; ClaudeBot/1.0; +claudebot@anthropic.com)"
216.73.217.39 - - [22/Apr/2026:00:56:08 +0300] "GET /?path=%2F%2Fusr%2Fshare%2Fphp8.0-bz2 HTTP/1.1" 200 3172 "-" "Mozilla/5.0 AppleWebKit/537.36 (KHTML, like Gecko; compatible; ClaudeBot/1.0; +claudebot@anthropic.com)"
216.73.217.39 - - [22/Apr/2026:00:56:38 +0300] "GET /?path=%2F%2Fusr%2Fshare%2Fnginx HTTP/1.1" 200 3267 "-" "Mozilla/5.0 AppleWebKit/537.36 (KHTML, like Gecko; compatible; ClaudeBot/1.0; +claudebot@anthropic.com)"
114.119.158.106 - - [22/Apr/2026:00:56:48 +0300] "GET /?u=93960080210 HTTP/1.1" 200 5104 "https://brikov.ru/?u=93960080210" "Mozilla/5.0 (Linux; Android 7.0;) AppleWebKit/537.36 (KHTML, like Gecko) Mobile Safari/537.36 (compatible; PetalBot;+https://webmaster.petalsearch.com/site/petalbot)"
216.73.217.39 - - [22/Apr/2026:00:57:11 +0300] "GET /?path=%2F%2Fusr%2Fshare%2Fzoneinfo HTTP/1.1" 200 5414 "-" "Mozilla/5.0 AppleWebKit/537.36 (KHTML, like Gecko; compatible; ClaudeBot/1.0; +claudebot@anthropic.com)"
216.73.217.39 - - [22/Apr/2026:00:57:27 +0300] "GET /?path=%2F%2Fusr%2Fshare%2Fapport HTTP/1.1" 200 3176 "-" "Mozilla/5.0 AppleWebKit/537.36 (KHTML, like Gecko; compatible; ClaudeBot/1.0; +claudebot@anthropic.com)"
216.73.217.39 - - [22/Apr/2026:00:57:56 +0300] "GET /?path=%2F%2Fusr%2Fshare%2Fgdb HTTP/1.1" 200 3308 "-" "Mozilla/5.0 AppleWebKit/537.36 (KHTML, like Gecko; compatible; ClaudeBot/1.0; +claudebot@anthropic.com)"
216.73.217.39 - - [22/Apr/2026:00:58:32 +0300] "GET /?path=%2F%2Fusr%2Fshare%2Fphp8.0-enchant HTTP/1.1" 200 3174 "-" "Mozilla/5.0 AppleWebKit/537.36 (KHTML, like Gecko; compatible; ClaudeBot/1.0; +claudebot@anthropic.com)"
216.73.217.39 - - [22/Apr/2026:00:58:43 +0300] "GET /?path=%2F%2Fusr%2Fshare%2Fperl-openssl-defaults HTTP/1.1" 200 3284 "-" "Mozilla/5.0 AppleWebKit/537.36 (KHTML, like Gecko; compatible; ClaudeBot/1.0; +claudebot@anthropic.com)"
114.119.128.62 - - [22/Apr/2026:00:58:53 +0300] "GET /?u=790715830210 HTTP/1.1" 200 5104 "https://brikov.ru/?u=790715830210" "Mozilla/5.0 (Linux; Android 7.0;) AppleWebKit/537.36 (KHTML, like Gecko) Mobile Safari/537.36 (compatible; PetalBot;+https://webmaster.petalsearch.com/site/petalbot)"
216.73.217.39 - - [22/Apr/2026:00:58:55 +0300] "GET /?path=%2F%2Fusr%2Fshare%2Fbird HTTP/1.1" 200 3349 "-" "Mozilla/5.0 AppleWebKit/537.36 (KHTML, like Gecko; compatible; ClaudeBot/1.0; +claudebot@anthropic.com)"
216.73.217.39 - - [22/Apr/2026:00:59:10 +0300] "GET /?path=%2F%2Fusr%2Fshare%2Fphp8.4-enchant HTTP/1.1" 200 3174 "-" "Mozilla/5.0 AppleWebKit/537.36 (KHTML, like Gecko; compatible; ClaudeBot/1.0; +claudebot@anthropic.com)"
216.73.217.39 - - [22/Apr/2026:00:59:40 +0300] "GET /?path=%2F%2Fusr%2Fshare%2Fneedrestart HTTP/1.1" 200 3195 "-" "Mozilla/5.0 AppleWebKit/537.36 (KHTML, like Gecko; compatible; ClaudeBot/1.0; +claudebot@anthropic.com)"
216.73.217.39 - - [22/Apr/2026:01:00:10 +0300] "GET /?path=%2F%2Fusr%2Fshare%2Funattended-upgrades HTTP/1.1" 200 3372 "-" "Mozilla/5.0 AppleWebKit/537.36 (KHTML, like Gecko; compatible; ClaudeBot/1.0; +claudebot@anthropic.com)"
216.73.217.39 - - [22/Apr/2026:01:00:40 +0300] "GET /?path=%2F%2Fusr%2Fshare%2Fi18n HTTP/1.1" 200 3328 "-" "Mozilla/5.0 AppleWebKit/537.36 (KHTML, like Gecko; compatible; ClaudeBot/1.0; +claudebot@anthropic.com)"
114.119.156.115 - - [22/Apr/2026:01:00:57 +0300] "GET /?o=1-1509-1 HTTP/1.1" 200 5200 "https://brikov.ru/?o=1-1509-1" "Mozilla/5.0 (Linux; Android 7.0;) AppleWebKit/537.36 (KHTML, like Gecko) Mobile Safari/537.36 (compatible; PetalBot;+https://webmaster.petalsearch.com/site/petalbot)"
216.73.217.39 - - [22/Apr/2026:01:01:10 +0300] "GET /?path=%2F%2Fusr%2Fshare%2Ficons HTTP/1.1" 200 3209 "-" "Mozilla/5.0 AppleWebKit/537.36 (KHTML, like Gecko; compatible; ClaudeBot/1.0; +claudebot@anthropic.com)"
216.73.217.39 - - [22/Apr/2026:01:01:40 +0300] "GET /?path=%2F%2Fusr%2Fshare%2Fzsh HTTP/1.1" 200 3176 "-" "Mozilla/5.0 AppleWebKit/537.36 (KHTML, like Gecko; compatible; ClaudeBot/1.0; +claudebot@anthropic.com)"
216.73.217.39 - - [22/Apr/2026:01:02:10 +0300] "GET /?path=%2F%2Fusr%2Fshare%2Fdpkg HTTP/1.1" 200 3702 "-" "Mozilla/5.0 AppleWebKit/537.36 (KHTML, like Gecko; compatible; ClaudeBot/1.0; +claudebot@anthropic.com)"
216.73.217.39 - - [22/Apr/2026:01:02:40 +0300] "GET /?path=%2F%2Fproc%2Ffs%2Fxfs HTTP/1.1" 200 3270 "-" "Mozilla/5.0 AppleWebKit/537.36 (KHTML, like Gecko; compatible; ClaudeBot/1.0; +claudebot@anthropic.com)"
216.73.217.39 - - [22/Apr/2026:01:02:51 +0300] "GET /?path=%2F%2Fusr%2Fshare%2Flibdbi-perl HTTP/1.1" 200 3200 "-" "Mozilla/5.0 AppleWebKit/537.36 (KHTML, like Gecko; compatible; ClaudeBot/1.0; +claudebot@anthropic.com)"
114.119.153.106 - - [22/Apr/2026:01:03:07 +0300] "GET /?o=1-1456-1 HTTP/1.1" 200 5153 "https://brikov.ru/?o=1-1456-1" "Mozilla/5.0 (Linux; Android 7.0;) AppleWebKit/537.36 (KHTML, like Gecko) Mobile Safari/537.36 (compatible; PetalBot;+https://webmaster.petalsearch.com/site/petalbot)"
216.73.217.39 - - [22/Apr/2026:01:03:21 +0300] "GET /?path=%2F%2Fusr%2Fshare%2Fmercurial HTTP/1.1" 200 3472 "-" "Mozilla/5.0 AppleWebKit/537.36 (KHTML, like Gecko; compatible; ClaudeBot/1.0; +claudebot@anthropic.com)"
94.154.35.236 - - [22/Apr/2026:01:03:45 +0300] "HEAD /adlogger.zip HTTP/1.1" 404 0 "-" "Mozilla/5.0 (Windows NT 10.0; Win64; x64) AppleWebKit/537.36 (KHTML, like Gecko) Chrome/101.0.4951.67 Safari/537.36"
216.73.217.39 - - [22/Apr/2026:01:03:51 +0300] "GET /?fileloc=%2F%2Fproc%2Fsysvipc%2Fmsg&path=%2F%2Fproc%2Fsysvipc HTTP/1.1" 200 2912 "-" "Mozilla/5.0 AppleWebKit/537.36 (KHTML, like Gecko; compatible; ClaudeBot/1.0; +claudebot@anthropic.com)"
216.73.217.39 - - [22/Apr/2026:01:04:24 +0300] "GET /?fileloc=%2Fhome%2Fu547966%2Fbrikov.ru%2Fwww%2Fwp-admin%2Fincludes%2Fcomment.php&path=%2Fhome%2Fu547966%2Fbrikov.ru%2Fwww%2Fwp-admin%2Fincludes HTTP/1.1" 200 4937 "-" "Mozilla/5.0 AppleWebKit/537.36 (KHTML, like Gecko; compatible; ClaudeBot/1.0; +claudebot@anthropic.com)"
216.73.217.39 - - [22/Apr/2026:01:04:49 +0300] "GET /?fileloc=%2Fhome%2Fu547966%2Fbrikov.ru%2Fwww%2Fwp-admin%2Fincludes%2Fscreen.php&path=%2Fhome%2Fu547966%2Fbrikov.ru%2Fwww%2Fwp-admin%2Fincludes HTTP/1.1" 200 4660 "-" "Mozilla/5.0 AppleWebKit/537.36 (KHTML, like Gecko; compatible; ClaudeBot/1.0; +claudebot@anthropic.com)"
114.119.146.120 - - [22/Apr/2026:01:05:11 +0300] "GET /?o=1-14-1 HTTP/1.1" 200 5286 "https://brikov.ru/?o=1-14-1" "Mozilla/5.0 (Linux; Android 7.0;) AppleWebKit/537.36 (KHTML, like Gecko) Mobile Safari/537.36 (compatible; PetalBot;+https://webmaster.petalsearch.com/site/petalbot)"
216.73.217.39 - - [22/Apr/2026:01:05:19 +0300] "GET /?fileloc=%2Fhome%2Fu547966%2Fbrikov.ru%2Fwww%2Fwp-admin%2Fincludes%2Fclass-wp-terms-list-table.php&path=%2Fhome%2Fu547966%2Fbrikov.ru%2Fwww%2Fwp-admin%2Fincludes HTTP/1.1" 200 7902 "-" "Mozilla/5.0 AppleWebKit/537.36 (KHTML, like Gecko; compatible; ClaudeBot/1.0; +claudebot@anthropic.com)"
216.73.217.39 - - [22/Apr/2026:01:05:49 +0300] "GET /?fileloc=%2Fhome%2Fu547966%2Fbrikov.ru%2Fwww%2Fwp-admin%2Fincludes%2Fupdate.php&path=%2Fhome%2Fu547966%2Fbrikov.ru%2Fwww%2Fwp-admin%2Fincludes HTTP/1.1" 200 9341 "-" "Mozilla/5.0 AppleWebKit/537.36 (KHTML, like Gecko; compatible; ClaudeBot/1.0; +claudebot@anthropic.com)"
216.73.217.39 - - [22/Apr/2026:01:06:21 +0300] "GET /?fileloc=%2Fhome%2Fu547966%2Fbrikov.ru%2Fwww%2Fwp-admin%2Fincludes%2Fbookmark.php&path=%2Fhome%2Fu547966%2Fbrikov.ru%2Fwww%2Fwp-admin%2Fincludes HTTP/1.1" 200 5450 "-" "Mozilla/5.0 AppleWebKit/537.36 (KHTML, like Gecko; compatible; ClaudeBot/1.0; +claudebot@anthropic.com)"
216.73.217.39 - - [22/Apr/2026:01:06:51 +0300] "GET /?fileloc=%2Fhome%2Fu547966%2Fbrikov.ru%2Fwww%2Fwp-includes%2Fembed.php&path=%2Fhome%2Fu547966%2Fbrikov.ru%2Fwww%2Fwp-includes HTTP/1.1" 200 15254 "-" "Mozilla/5.0 AppleWebKit/537.36 (KHTML, like Gecko; compatible; ClaudeBot/1.0; +claudebot@anthropic.com)"
114.119.152.86 - - [22/Apr/2026:01:07:18 +0300] "GET /?u=350345710210 HTTP/1.1" 200 5315 "https://brikov.ru/?u=350345710210" "Mozilla/5.0 (Linux; Android 7.0;) AppleWebKit/537.36 (KHTML, like Gecko) Mobile Safari/537.36 (compatible; PetalBot;+https://webmaster.petalsearch.com/site/petalbot)"
216.73.217.39 - - [22/Apr/2026:01:07:21 +0300] "GET /?fileloc=%2Fhome%2Fu547966%2Fbrikov.ru%2Fwww%2Fwp-admin%2Fincludes%2Fclass-plugin-installer-skin.php&path=%2Fhome%2Fu547966%2Fbrikov.ru%2Fwww%2Fwp-admin%2Fincludes HTTP/1.1" 200 4159 "-" "Mozilla/5.0 AppleWebKit/537.36 (KHTML, like Gecko; compatible; ClaudeBot/1.0; +claudebot@anthropic.com)"
40.77.167.150 - - [22/Apr/2026:01:07:40 +0300] "GET /?u=930503800310 HTTP/1.1" 200 5200 "-" "Mozilla/5.0 AppleWebKit/537.36 (KHTML, like Gecko; compatible; bingbot/2.0; +http://www.bing.com/bingbot.htm) Chrome/116.0.1938.76 Safari/537.36"
216.73.217.39 - - [22/Apr/2026:01:07:52 +0300] "GET /?fileloc=%2Fhome%2Fu547966%2Fbrikov.ru%2Fwww%2Fwp-admin%2Fincludes%2Fclass-theme-upgrader-skin.php&path=%2Fhome%2Fu547966%2Fbrikov.ru%2Fwww%2Fwp-admin%2Fincludes HTTP/1.1" 200 4091 "-" "Mozilla/5.0 AppleWebKit/537.36 (KHTML, like Gecko; compatible; ClaudeBot/1.0; +claudebot@anthropic.com)"
216.73.217.39 - - [22/Apr/2026:01:08:24 +0300] "GET /?path=%2Fhome%2Fu547966%2Fbrikov.ru%2Fwww%2Fwp-content%2Fthemes%2Fbrikov%2Ftemplates HTTP/1.1" 200 3879 "-" "Mozilla/5.0 AppleWebKit/537.36 (KHTML, like Gecko; compatible; ClaudeBot/1.0; +claudebot@anthropic.com)"
216.73.217.39 - - [22/Apr/2026:01:08:52 +0300] "GET /?fileloc=%2Fhome%2Fu547966%2Fbrikov.ru%2Fwww%2Fwp-admin%2Fincludes%2Fcredits.php&path=%2Fhome%2Fu547966%2Fbrikov.ru%2Fwww%2Fwp-admin%2Fincludes HTTP/1.1" 200 3767 "-" "Mozilla/5.0 AppleWebKit/537.36 (KHTML, like Gecko; compatible; ClaudeBot/1.0; +claudebot@anthropic.com)"
216.73.217.39 - - [22/Apr/2026:01:09:07 +0300] "GET /?fileloc=%2Fhome%2Fu547966%2Fbrikov.ru%2Fwww%2Fwp-content%2Fthemes%2Fxfvxfoq%2Freadme.txt&path=%2Fhome%2Fu547966%2Fbrikov.ru%2Fwww%2Fwp-content%2Fthemes%2Fxfvxfoq HTTP/1.1" 200 4579 "-" "Mozilla/5.0 AppleWebKit/537.36 (KHTML, like Gecko; compatible; ClaudeBot/1.0; +claudebot@anthropic.com)"
114.119.146.120 - - [22/Apr/2026:01:09:18 +0300] "GET /?o=1-1396-1 HTTP/1.1" 200 5200 "https://www.brikov.ru/?o=1-1396-1" "Mozilla/5.0 (Linux; Android 7.0;) AppleWebKit/537.36 (KHTML, like Gecko) Mobile Safari/537.36 (compatible; PetalBot;+https://webmaster.petalsearch.com/site/petalbot)"
216.73.217.39 - - [22/Apr/2026:01:09:38 +0300] "GET /?fileloc=%2Fhome%2Fu547966%2Fbrikov.ru%2Fwww%2Fwp-content%2Fthemes%2Fxfvxfoq%2Fscreenshot.png&path=%2Fhome%2Fu547966%2Fbrikov.ru%2Fwww%2Fwp-content%2Fthemes%2Fxfvxfoq HTTP/1.1" 200 397164 "-" "Mozilla/5.0 AppleWebKit/537.36 (KHTML, like Gecko; compatible; ClaudeBot/1.0; +claudebot@anthropic.com)"
