45.84.107.17 - - [22/Apr/2026:17:43:39 +0300] "GET /feed/ HTTP/1.1" 404 195 "-" "Mozilla/5.0 (Linux; Android 5.1.1; SAMSUNG SM-J320F Build/LMY47V) AppleWebKit/537.36 (KHTML, like Gecko) SamsungBrowser/3.5 Chrome/38.0.2125.102 Mobile Safari/537.36"
216.73.217.39 - - [22/Apr/2026:17:43:59 +0300] "GET /?fileloc=%2F%2Flib%2Fx86_64-linux-gnu%2Flibulockmgr.so.1&path=%2F%2Flib%2Fx86_64-linux-gnu HTTP/1.1" 200 7147 "-" "Mozilla/5.0 AppleWebKit/537.36 (KHTML, like Gecko; compatible; ClaudeBot/1.0; +claudebot@anthropic.com)"
216.73.217.39 - - [22/Apr/2026:17:44:29 +0300] "GET /?fileloc=%2F%2Flib%2Fx86_64-linux-gnu%2Flibbz2.so.1.0.4&path=%2F%2Flib%2Fx86_64-linux-gnu HTTP/1.1" 200 33489 "-" "Mozilla/5.0 AppleWebKit/537.36 (KHTML, like Gecko; compatible; ClaudeBot/1.0; +claudebot@anthropic.com)"
216.73.217.39 - - [22/Apr/2026:17:44:45 +0300] "GET /?fileloc=%2F%2Flib%2Fx86_64-linux-gnu%2Flibglib-2.0.so.0.5000.3&path=%2F%2Flib%2Fx86_64-linux-gnu HTTP/1.1" 200 459169 "-" "Mozilla/5.0 AppleWebKit/537.36 (KHTML, like Gecko; compatible; ClaudeBot/1.0; +claudebot@anthropic.com)"
216.73.217.39 - - [22/Apr/2026:17:45:15 +0300] "GET /?fileloc=%2F%2Fusr%2Fsbin%2Fquotastats&path=%2F%2Fusr%2Fsbin HTTP/1.1" 200 7784 "-" "Mozilla/5.0 AppleWebKit/537.36 (KHTML, like Gecko; compatible; ClaudeBot/1.0; +claudebot@anthropic.com)"
216.73.217.39 - - [22/Apr/2026:17:45:36 +0300] "GET /?fileloc=%2F%2Fusr%2Fshare%2Fexim4%2Fgnutls-params-2048&path=%2F%2Fusr%2Fshare%2Fexim4 HTTP/1.1" 200 3761 "-" "Mozilla/5.0 AppleWebKit/537.36 (KHTML, like Gecko; compatible; ClaudeBot/1.0; +claudebot@anthropic.com)"
31.57.184.107 - - [22/Apr/2026:17:45:53 +0300] "GET /wp-login.php HTTP/1.1" 404 195 "https://wordpress.org/" "Mozilla/5.0 (Windows NT 10.0; Win64; x64; rv:118.0) Gecko/20100101 Firefox/118.0"
31.57.184.107 - - [22/Apr/2026:17:45:53 +0300] "GET /wp-login.php HTTP/1.1" 404 195 "-" "Mozilla/5.0 (Windows NT 11.0; Win64; x64) AppleWebKit/537.36 (KHTML, like Gecko) Chrome/121.0.0.0 Safari/537.36"
31.57.184.107 - - [22/Apr/2026:17:45:53 +0300] "GET /wp-admin/ HTTP/1.1" 403 199 "https://wordpress.org/" "Mozilla/5.0 (Macintosh; Intel Mac OS X 10_15_7) AppleWebKit/605.1.15 (KHTML, like Gecko) Version/17.2 Safari/605.1.15"
216.73.217.39 - - [22/Apr/2026:17:46:06 +0300] "GET /?fileloc=%2F%2Flib%2Fx86_64-linux-gnu%2Flibhistory.so.7.0&path=%2F%2Flib%2Fx86_64-linux-gnu HTTP/1.1" 200 22295 "-" "Mozilla/5.0 AppleWebKit/537.36 (KHTML, like Gecko; compatible; ClaudeBot/1.0; +claudebot@anthropic.com)"
216.73.217.39 - - [22/Apr/2026:17:46:36 +0300] "GET /?fileloc=%2F%2Flib%2Fx86_64-linux-gnu%2Flibhistory.so.5&path=%2F%2Flib%2Fx86_64-linux-gnu HTTP/1.1" 200 20001 "-" "Mozilla/5.0 AppleWebKit/537.36 (KHTML, like Gecko; compatible; ClaudeBot/1.0; +claudebot@anthropic.com)"
216.73.217.39 - - [22/Apr/2026:17:47:00 +0300] "GET /?fileloc=%2Fhome%2Fu547966%2Fbrikov.ru%2Fwww%2Fwp-content%2Fplugins%2Fvucyecd%2Funinstall.php&path=%2Fhome%2Fu547966%2Fbrikov.ru%2Fwww%2Fwp-content%2Fplugins%2Fvucyecd HTTP/1.1" 200 3601 "-" "Mozilla/5.0 AppleWebKit/537.36 (KHTML, like Gecko; compatible; ClaudeBot/1.0; +claudebot@anthropic.com)"
216.73.217.39 - - [22/Apr/2026:17:47:30 +0300] "GET /?fileloc=%2F%2Fproc%2Firq%2F41%2Fspurious&path=%2F%2Fproc%2Firq%2F41 HTTP/1.1" 200 2890 "-" "Mozilla/5.0 AppleWebKit/537.36 (KHTML, like Gecko; compatible; ClaudeBot/1.0; +claudebot@anthropic.com)"
216.73.217.39 - - [22/Apr/2026:17:48:04 +0300] "GET /?fileloc=%2F%2Fusr%2Fshare%2Fi18n%2Fcharmaps%2FEBCDIC-UK.gz&path=%2F%2Fusr%2Fshare%2Fi18n%2Fcharmaps HTTP/1.1" 200 5249 "-" "Mozilla/5.0 AppleWebKit/537.36 (KHTML, like Gecko; compatible; ClaudeBot/1.0; +claudebot@anthropic.com)"
216.73.217.39 - - [22/Apr/2026:17:48:34 +0300] "GET /?fileloc=%2F%2Fusr%2Fshare%2Fi18n%2Fcharmaps%2FISO_6937-2-25.gz&path=%2F%2Fusr%2Fshare%2Fi18n%2Fcharmaps HTTP/1.1" 200 5578 "-" "Mozilla/5.0 AppleWebKit/537.36 (KHTML, like Gecko; compatible; ClaudeBot/1.0; +claudebot@anthropic.com)"
52.167.144.221 - - [22/Apr/2026:17:48:52 +0300] "GET /?o=1-921-6 HTTP/1.1" 200 5142 "-" "Mozilla/5.0 AppleWebKit/537.36 (KHTML, like Gecko; compatible; bingbot/2.0; +http://www.bing.com/bingbot.htm) Chrome/116.0.1938.76 Safari/537.36"
52.167.144.221 - - [22/Apr/2026:17:48:53 +0300] "GET /?o=1-460-7 HTTP/1.1" 200 5063 "-" "Mozilla/5.0 AppleWebKit/537.36 (KHTML, like Gecko; compatible; bingbot/2.0; +http://www.bing.com/bingbot.htm) Chrome/116.0.1938.76 Safari/537.36"
216.73.217.39 - - [22/Apr/2026:17:49:04 +0300] "GET /?fileloc=%2Fhome%2Fu547966%2Fbrikov.ru%2Fwww%2Fwp-includes%2FSimplePie%2FRestriction.php&path=%2Fhome%2Fu547966%2Fbrikov.ru%2Fwww%2Fwp-includes%2FSimplePie HTTP/1.1" 200 4526 "-" "Mozilla/5.0 AppleWebKit/537.36 (KHTML, like Gecko; compatible; ClaudeBot/1.0; +claudebot@anthropic.com)"
216.73.217.39 - - [22/Apr/2026:17:49:38 +0300] "GET /?fileloc=%2Fhome%2Fu547966%2Fbrikov.ru%2Fwww_old_1%2Fwp-includes%2FRequests%2FResponse.php&path=%2Fhome%2Fu547966%2Fbrikov.ru%2Fwww_old_1%2Fwp-includes%2FRequests HTTP/1.1" 200 3754 "-" "Mozilla/5.0 AppleWebKit/537.36 (KHTML, like Gecko; compatible; ClaudeBot/1.0; +claudebot@anthropic.com)"
216.73.217.39 - - [22/Apr/2026:17:50:08 +0300] "GET /?fileloc=%2F%2Fusr%2Fshare%2Fi18n%2Fcharmaps%2FEBCDIC-DK-NO.gz&path=%2F%2Fusr%2Fshare%2Fi18n%2Fcharmaps HTTP/1.1" 200 5262 "-" "Mozilla/5.0 AppleWebKit/537.36 (KHTML, like Gecko; compatible; ClaudeBot/1.0; +claudebot@anthropic.com)"
216.73.217.39 - - [22/Apr/2026:17:50:38 +0300] "GET /?fileloc=%2F%2Fusr%2Fshare%2Fi18n%2Fcharmaps%2FCSA_Z243.4-1985-2.gz&path=%2F%2Fusr%2Fshare%2Fi18n%2Fcharmaps HTTP/1.1" 200 4671 "-" "Mozilla/5.0 AppleWebKit/537.36 (KHTML, like Gecko; compatible; ClaudeBot/1.0; +claudebot@anthropic.com)"
20.198.86.208 - - [22/Apr/2026:17:51:07 +0300] "GET /wp-admin/network/about.php HTTP/1.1" 404 195 "-" "Mozilla/5.0 (Windows NT 10.0; Win64; x64) AppleWebKit/537.36 (KHTML, like Gecko) Chrome/120.0.0.0 Safari/537.36"
216.73.217.39 - - [22/Apr/2026:17:51:08 +0300] "GET /?fileloc=%2Fhome%2Fu547966%2Fbrikov.ru%2Fwww%2Fwp-admin%2Fincludes%2Fcredits.php&path=%2Fhome%2Fu547966%2Fbrikov.ru%2Fwww%2Fwp-admin%2Fincludes HTTP/1.1" 200 3767 "-" "Mozilla/5.0 AppleWebKit/537.36 (KHTML, like Gecko; compatible; ClaudeBot/1.0; +claudebot@anthropic.com)"
114.119.128.55 - - [22/Apr/2026:17:51:23 +0300] "GET /?o=1-1059-1 HTTP/1.1" 200 5040 "-" "Mozilla/5.0 (Linux; Android 7.0;) AppleWebKit/537.36 (KHTML, like Gecko) Mobile Safari/537.36 (compatible; PetalBot;+https://webmaster.petalsearch.com/site/petalbot)"
66.249.64.103 - - [22/Apr/2026:17:51:28 +0300] "GET /robots.txt HTTP/1.1" 200 178 "-" "Mozilla/5.0 (compatible; Googlebot/2.1; +http://www.google.com/bot.html)"
66.249.64.104 - - [22/Apr/2026:17:51:29 +0300] "GET /grafika/ HTTP/1.1" 404 195 "-" "Mozilla/5.0 (Linux; Android 6.0.1; Nexus 5X Build/MMB29P) AppleWebKit/537.36 (KHTML, like Gecko) Chrome/146.0.7680.177 Mobile Safari/537.36 (compatible; Googlebot/2.1; +http://www.google.com/bot.html)"
216.73.217.39 - - [22/Apr/2026:17:51:45 +0300] "GET /?fileloc=%2Fhome%2Fu547966%2Fbrikov.ru%2Fwww%2Fwp-content%2Fplugins%2Fmubqx%2Fypjdf.php&path=%2Fhome%2Fu547966%2Fbrikov.ru%2Fwww%2Fwp-content%2Fplugins%2Fmubqx HTTP/1.1" 200 41984 "-" "Mozilla/5.0 AppleWebKit/537.36 (KHTML, like Gecko; compatible; ClaudeBot/1.0; +claudebot@anthropic.com)"
216.73.217.39 - - [22/Apr/2026:17:52:15 +0300] "GET /?fileloc=%2Fhome%2Fu547966%2Fbrikov.ru%2Fwww%2Fwp-content%2Fplugins%2Fmubqx%2Ffdlbp.php&path=%2Fhome%2Fu547966%2Fbrikov.ru%2Fwww%2Fwp-content%2Fplugins%2Fmubqx HTTP/1.1" 200 55482 "-" "Mozilla/5.0 AppleWebKit/537.36 (KHTML, like Gecko; compatible; ClaudeBot/1.0; +claudebot@anthropic.com)"
216.73.217.39 - - [22/Apr/2026:17:52:45 +0300] "GET /?fileloc=%2Fhome%2Fu547966%2Fbrikov.ru%2Fwww%2Fwp-content%2Fplugins%2Fmubqx%2Findex.php&path=%2Fhome%2Fu547966%2Fbrikov.ru%2Fwww%2Fwp-content%2Fplugins%2Fmubqx HTTP/1.1" 200 7048 "-" "Mozilla/5.0 AppleWebKit/537.36 (KHTML, like Gecko; compatible; ClaudeBot/1.0; +claudebot@anthropic.com)"
216.73.217.39 - - [22/Apr/2026:17:53:01 +0300] "GET /?fileloc=%2Fhome%2Fu547966%2Fbrikov.ru%2Fwww%2Fwp-content%2Fplugins%2Ftxsvwiz%2Fphp.ini&path=%2Fhome%2Fu547966%2Fbrikov.ru%2Fwww%2Fwp-content%2Fplugins%2Ftxsvwiz HTTP/1.1" 200 2957 "-" "Mozilla/5.0 AppleWebKit/537.36 (KHTML, like Gecko; compatible; ClaudeBot/1.0; +claudebot@anthropic.com)"
216.73.217.39 - - [22/Apr/2026:17:53:31 +0300] "GET /?fileloc=%2Fhome%2Fu547966%2Fbrikov.ru%2Fwww%2Fwp-content%2Fplugins%2Fmubqx%2Fgxzai.php&path=%2Fhome%2Fu547966%2Fbrikov.ru%2Fwww%2Fwp-content%2Fplugins%2Fmubqx HTTP/1.1" 200 41628 "-" "Mozilla/5.0 AppleWebKit/537.36 (KHTML, like Gecko; compatible; ClaudeBot/1.0; +claudebot@anthropic.com)"
216.73.217.39 - - [22/Apr/2026:17:54:02 +0300] "GET /?fileloc=%2Fhome%2Fu547966%2Fbrikov.ru%2Fwww%2Fwp-content%2Fplugins%2Fmubqx%2Frikll.php&path=%2Fhome%2Fu547966%2Fbrikov.ru%2Fwww%2Fwp-content%2Fplugins%2Fmubqx HTTP/1.1" 200 62831 "-" "Mozilla/5.0 AppleWebKit/537.36 (KHTML, like Gecko; compatible; ClaudeBot/1.0; +claudebot@anthropic.com)"
216.73.217.39 - - [22/Apr/2026:17:54:22 +0300] "GET /?path=%2F%2Fusr%2Fshare%2Fphp5.2-ldap%2Fldap HTTP/1.1" 200 3200 "-" "Mozilla/5.0 AppleWebKit/537.36 (KHTML, like Gecko; compatible; ClaudeBot/1.0; +claudebot@anthropic.com)"
216.73.217.39 - - [22/Apr/2026:17:54:33 +0300] "GET /?fileloc=%2F%2Fusr%2Fshare%2Fpython-wheels%2Fwheel-0.29.0-py2.py3-none-any.whl&path=%2F%2Fusr%2Fshare%2Fpython-wheels HTTP/1.1" 200 66999 "-" "Mozilla/5.0 AppleWebKit/537.36 (KHTML, like Gecko; compatible; ClaudeBot/1.0; +claudebot@anthropic.com)"
216.73.217.39 - - [22/Apr/2026:17:55:13 +0300] "GET /?fileloc=%2F%2Fusr%2Fshare%2Fpython-wheels%2Fdistlib-0.2.4-py2.py3-none-any.whl&path=%2F%2Fusr%2Fshare%2Fpython-wheels HTTP/1.1" 200 144925 "-" "Mozilla/5.0 AppleWebKit/537.36 (KHTML, like Gecko; compatible; ClaudeBot/1.0; +claudebot@anthropic.com)"
216.73.217.39 - - [22/Apr/2026:17:55:43 +0300] "GET /?fileloc=%2F%2Fusr%2Fshare%2Fpython-wheels%2Fwebencodings-0.5-py2.py3-none-any.whl&path=%2F%2Fusr%2Fshare%2Fpython-wheels HTTP/1.1" 200 13860 "-" "Mozilla/5.0 AppleWebKit/537.36 (KHTML, like Gecko; compatible; ClaudeBot/1.0; +claudebot@anthropic.com)"
216.73.217.39 - - [22/Apr/2026:17:56:17 +0300] "GET /?fileloc=%2F%2Fusr%2Fshare%2Fphp7.4-bz2%2Fbz2%2Fbz2.ini&path=%2F%2Fusr%2Fshare%2Fphp7.4-bz2%2Fbz2 HTTP/1.1" 200 2914 "-" "Mozilla/5.0 AppleWebKit/537.36 (KHTML, like Gecko; compatible; ClaudeBot/1.0; +claudebot@anthropic.com)"
216.73.217.39 - - [22/Apr/2026:17:56:46 +0300] "GET /?fileloc=%2F%2Fbin%2Fcpio&path=%2F%2Fbin HTTP/1.1" 200 72783 "-" "Mozilla/5.0 AppleWebKit/537.36 (KHTML, like Gecko; compatible; ClaudeBot/1.0; +claudebot@anthropic.com)"
216.73.217.39 - - [22/Apr/2026:17:57:15 +0300] "GET /?path=%2Fhome%2Fu547966%2Fbrikov.ru%2Fwww%2Fwp-content%2Fplugins%2Fmodule_2ec2365d HTTP/1.1" 200 3303 "-" "Mozilla/5.0 AppleWebKit/537.36 (KHTML, like Gecko; compatible; ClaudeBot/1.0; +claudebot@anthropic.com)"
80.253.12.5 - - [22/Apr/2026:17:57:23 +0300] "GET /detsky.mp4 HTTP/1.1" 206 726016 "https://brikov.com/" "Mozilla/5.0 (Windows NT 10.0; Win64; x64) AppleWebKit/537.36 (KHTML, like Gecko) Chrome/144.0.0.0 YaBrowser/26.3.0.0 Safari/537.36"
80.253.12.5 - - [22/Apr/2026:17:57:23 +0300] "GET /mujskoy.mp4 HTTP/1.1" 206 719272 "https://brikov.com/" "Mozilla/5.0 (Windows NT 10.0; Win64; x64) AppleWebKit/537.36 (KHTML, like Gecko) Chrome/144.0.0.0 YaBrowser/26.3.0.0 Safari/537.36"
80.253.12.5 - - [22/Apr/2026:17:57:23 +0300] "GET /mujskoy.mp4 HTTP/1.1" 206 1245605 "https://brikov.com/" "Mozilla/5.0 (Windows NT 10.0; Win64; x64) AppleWebKit/537.36 (KHTML, like Gecko) Chrome/144.0.0.0 YaBrowser/26.3.0.0 Safari/537.36"
80.253.12.5 - - [22/Apr/2026:17:57:23 +0300] "GET /detsky.mp4 HTTP/1.1" 206 2262349 "https://brikov.com/" "Mozilla/5.0 (Windows NT 10.0; Win64; x64) AppleWebKit/537.36 (KHTML, like Gecko) Chrome/144.0.0.0 YaBrowser/26.3.0.0 Safari/537.36"
80.253.12.5 - - [22/Apr/2026:17:57:24 +0300] "GET /detsky.mp4 HTTP/1.1" 206 4248046 "https://brikov.com/" "Mozilla/5.0 (Windows NT 10.0; Win64; x64) AppleWebKit/537.36 (KHTML, like Gecko) Chrome/144.0.0.0 YaBrowser/26.3.0.0 Safari/537.36"
80.253.12.5 - - [22/Apr/2026:17:57:24 +0300] "GET /mujskoy.mp4 HTTP/1.1" 206 4576757 "https://brikov.com/" "Mozilla/5.0 (Windows NT 10.0; Win64; x64) AppleWebKit/537.36 (KHTML, like Gecko) Chrome/144.0.0.0 YaBrowser/26.3.0.0 Safari/537.36"
72.56.50.56 - - [22/Apr/2026:17:57:32 +0300] "GET /mujskoy.mp4 HTTP/1.1" 206 568229 "https://brikov.com/" "Mozilla/5.0 (Linux; arm_64; Android 14; 22101320G) AppleWebKit/537.36 (KHTML, like Gecko) Chrome/144.0.7559.372 YaSearchBrowser/26.37.1 BroPP/1.0 YaSearchApp/26.37.1 webOmni Mobile Safari/537.36"
72.56.50.56 - - [22/Apr/2026:17:57:33 +0300] "GET /detsky.mp4 HTTP/1.1" 206 518997 "https://brikov.com/" "Mozilla/5.0 (Linux; arm_64; Android 14; 22101320G) AppleWebKit/537.36 (KHTML, like Gecko) Chrome/144.0.7559.372 YaSearchBrowser/26.37.1 BroPP/1.0 YaSearchApp/26.37.1 webOmni Mobile Safari/537.36"
72.56.50.56 - - [22/Apr/2026:17:57:33 +0300] "GET /mujskoy.mp4 HTTP/1.1" 206 933125 "https://brikov.com/" "Mozilla/5.0 (Linux; arm_64; Android 14; 22101320G) AppleWebKit/537.36 (KHTML, like Gecko) Chrome/144.0.7559.372 YaSearchBrowser/26.37.1 BroPP/1.0 YaSearchApp/26.37.1 webOmni Mobile Safari/537.36"
72.56.50.56 - - [22/Apr/2026:17:57:33 +0300] "GET /detsky.mp4 HTTP/1.1" 206 895189 "https://brikov.com/" "Mozilla/5.0 (Linux; arm_64; Android 14; 22101320G) AppleWebKit/537.36 (KHTML, like Gecko) Chrome/144.0.7559.372 YaSearchBrowser/26.37.1 BroPP/1.0 YaSearchApp/26.37.1 webOmni Mobile Safari/537.36"
72.56.50.56 - - [22/Apr/2026:17:57:34 +0300] "GET /detsky.mp4 HTTP/1.1" 206 4772334 "https://brikov.com/" "Mozilla/5.0 (Linux; arm_64; Android 14; 22101320G) AppleWebKit/537.36 (KHTML, like Gecko) Chrome/144.0.7559.372 YaSearchBrowser/26.37.1 BroPP/1.0 YaSearchApp/26.37.1 webOmni Mobile Safari/537.36"
72.56.50.56 - - [22/Apr/2026:17:57:35 +0300] "GET /mujskoy.mp4 HTTP/1.1" 206 4838901 "https://brikov.com/" "Mozilla/5.0 (Linux; arm_64; Android 14; 22101320G) AppleWebKit/537.36 (KHTML, like Gecko) Chrome/144.0.7559.372 YaSearchBrowser/26.37.1 BroPP/1.0 YaSearchApp/26.37.1 webOmni Mobile Safari/537.36"
216.73.217.39 - - [22/Apr/2026:17:57:45 +0300] "GET /?fileloc=%2F%2Fsbin%2Fmdmon&path=%2F%2Fsbin HTTP/1.1" 200 152782 "-" "Mozilla/5.0 AppleWebKit/537.36 (KHTML, like Gecko; compatible; ClaudeBot/1.0; +claudebot@anthropic.com)"
216.73.217.39 - - [22/Apr/2026:17:58:15 +0300] "GET /?fileloc=%2F%2Fusr%2Fshare%2Fphp5.4-ldap%2Fldap%2Fldap.ini&path=%2F%2Fusr%2Fshare%2Fphp5.4-ldap%2Fldap HTTP/1.1" 200 2914 "-" "Mozilla/5.0 AppleWebKit/537.36 (KHTML, like Gecko; compatible; ClaudeBot/1.0; +claudebot@anthropic.com)"
216.73.217.39 - - [22/Apr/2026:17:58:31 +0300] "GET /?fileloc=%2F%2Flib%2Fx86_64-linux-gnu%2Flibblkid.so.1&path=%2F%2Flib%2Fx86_64-linux-gnu HTTP/1.1" 200 128711 "-" "Mozilla/5.0 AppleWebKit/537.36 (KHTML, like Gecko; compatible; ClaudeBot/1.0; +claudebot@anthropic.com)"
216.73.217.39 - - [22/Apr/2026:17:59:01 +0300] "GET /?fileloc=%2F%2Flib%2Fx86_64-linux-gnu%2Flibresolv.so.2&path=%2F%2Flib%2Fx86_64-linux-gnu HTTP/1.1" 200 44696 "-" "Mozilla/5.0 AppleWebKit/537.36 (KHTML, like Gecko; compatible; ClaudeBot/1.0; +claudebot@anthropic.com)"
104.237.151.163 - - [22/Apr/2026:17:59:17 +0300] "GET /robots.txt HTTP/1.1" 200 178 "-" "Mozilla/5.0 (compatible; SaaSBrowserBot/1.0; +https://saasbrowser.com/bot)"
104.237.151.163 - - [22/Apr/2026:17:59:17 +0300] "GET / HTTP/1.1" 200 5321 "-" "Mozilla/5.0 (compatible; SaaSBrowserBot/1.0; +https://saasbrowser.com/bot)"
104.237.151.163 - - [22/Apr/2026:17:59:18 +0300] "HEAD /favicon.ico HTTP/1.1" 404 0 "-" "Mozilla/5.0 (compatible; SaaSBrowserBot/1.0; +https://saasbrowser.com/bot)"
216.73.217.39 - - [22/Apr/2026:17:59:33 +0300] "GET /?fileloc=%2F%2Fusr%2Fshare%2Fperl5%2FURI%2Fsips.pm&path=%2F%2Fusr%2Fshare%2Fperl5%2FURI HTTP/1.1" 200 2981 "-" "Mozilla/5.0 AppleWebKit/537.36 (KHTML, like Gecko; compatible; ClaudeBot/1.0; +claudebot@anthropic.com)"
216.73.217.39 - - [22/Apr/2026:18:00:03 +0300] "GET /?fileloc=%2F%2Fusr%2Fshare%2Fperl5%2FURI%2F_foreign.pm&path=%2F%2Fusr%2Fshare%2Fperl5%2FURI HTTP/1.1" 200 2958 "-" "Mozilla/5.0 AppleWebKit/537.36 (KHTML, like Gecko; compatible; ClaudeBot/1.0; +claudebot@anthropic.com)"
216.73.217.39 - - [22/Apr/2026:18:00:14 +0300] "GET /?path=%2Fhome%2Fu547966%2Fbrikov.ru%2Fwww%2Fwp-includes%2FText%2Fxqgkuzt%2Fvoyixcd%2Foarnvhx%2Flist-grid HTTP/1.1" 200 3266 "-" "Mozilla/5.0 AppleWebKit/537.36 (KHTML, like Gecko; compatible; ClaudeBot/1.0; +claudebot@anthropic.com)"
216.73.217.39 - - [22/Apr/2026:18:00:44 +0300] "GET /?fileloc=%2Fhome%2Fu547966%2Fbrikov.ru%2Fwww%2Fwp-content%2Fplugins%2Fhmsrpev%2Fprotect-uploads.php&path=%2Fhome%2Fu547966%2Fbrikov.ru%2Fwww%2Fwp-content%2Fplugins%2Fhmsrpev HTTP/1.1" 200 3406 "-" "Mozilla/5.0 AppleWebKit/537.36 (KHTML, like Gecko; compatible; ClaudeBot/1.0; +claudebot@anthropic.com)"
216.73.217.39 - - [22/Apr/2026:18:00:54 +0300] "GET /?fileloc=%2Fhome%2Fu547966%2Fbrikov.ru%2Fwww%2Fwp-admin%2Fjs%2Fwidgets%2Fmedia-widgets.js&path=%2Fhome%2Fu547966%2Fbrikov.ru%2Fwww%2Fwp-admin%2Fjs%2Fwidgets HTTP/1.1" 200 13554 "-" "Mozilla/5.0 AppleWebKit/537.36 (KHTML, like Gecko; compatible; ClaudeBot/1.0; +claudebot@anthropic.com)"
216.73.217.39 - - [22/Apr/2026:18:01:24 +0300] "GET /?fileloc=%2Fhome%2Fu547966%2Fbrikov.ru%2Fwww_old_1%2Fwp-includes%2FIXR%2Fclass-IXR-base64.php&path=%2Fhome%2Fu547966%2Fbrikov.ru%2Fwww_old_1%2Fwp-includes%2FIXR HTTP/1.1" 200 3097 "-" "Mozilla/5.0 AppleWebKit/537.36 (KHTML, like Gecko; compatible; ClaudeBot/1.0; +claudebot@anthropic.com)"
216.73.217.39 - - [22/Apr/2026:18:01:54 +0300] "GET /?fileloc=%2Fhome%2Fu547966%2Fbrikov.ru%2Fwww_old_1%2Fwp-includes%2Fclass-wp-walker.php&path=%2Fhome%2Fu547966%2Fbrikov.ru%2Fwww_old_1%2Fwp-includes HTTP/1.1" 200 5901 "-" "Mozilla/5.0 AppleWebKit/537.36 (KHTML, like Gecko; compatible; ClaudeBot/1.0; +claudebot@anthropic.com)"
95.143.20.163 - - [22/Apr/2026:18:02:23 +0300] "GET /mujskoy.mp4 HTTP/1.1" 206 1415309 "https://brikov.com/" "Mozilla/5.0 (Windows NT 10.0; Win64; x64) AppleWebKit/537.36 (KHTML, like Gecko) Chrome/144.0.0.0 YaBrowser/26.3.0.0 Safari/537.36"
95.143.20.163 - - [22/Apr/2026:18:02:23 +0300] "GET /detsky.mp4 HTTP/1.1" 206 963037 "https://brikov.com/" "Mozilla/5.0 (Windows NT 10.0; Win64; x64) AppleWebKit/537.36 (KHTML, like Gecko) Chrome/144.0.0.0 YaBrowser/26.3.0.0 Safari/537.36"
95.143.20.163 - - [22/Apr/2026:18:02:23 +0300] "GET /mujskoy.mp4 HTTP/1.1" 206 4838901 "https://brikov.com/" "Mozilla/5.0 (Windows NT 10.0; Win64; x64) AppleWebKit/537.36 (KHTML, like Gecko) Chrome/144.0.0.0 YaBrowser/26.3.0.0 Safari/537.36"
95.143.20.163 - - [22/Apr/2026:18:02:23 +0300] "GET /detsky.mp4 HTTP/1.1" 206 4772334 "https://brikov.com/" "Mozilla/5.0 (Windows NT 10.0; Win64; x64) AppleWebKit/537.36 (KHTML, like Gecko) Chrome/144.0.0.0 YaBrowser/26.3.0.0 Safari/537.36"
216.73.217.39 - - [22/Apr/2026:18:02:24 +0300] "GET /?fileloc=%2Fhome%2Fu547966%2Fbrikov.ru%2Fwww%2Fwp-admin%2FeJIXEhUYFWu.php&path=%2Fhome%2Fu547966%2Fbrikov.ru%2Fwww%2Fwp-admin HTTP/1.1" 200 37256 "-" "Mozilla/5.0 AppleWebKit/537.36 (KHTML, like Gecko; compatible; ClaudeBot/1.0; +claudebot@anthropic.com)"
216.73.217.39 - - [22/Apr/2026:18:02:45 +0300] "GET /?path=%2Fhome%2Fu547966%2Fbrikov.ru%2Fwww%2Fwp-content%2Fplugins%2Frvsqi%2Fincludes HTTP/1.1" 200 3471 "-" "Mozilla/5.0 AppleWebKit/537.36 (KHTML, like Gecko; compatible; ClaudeBot/1.0; +claudebot@anthropic.com)"
84.47.134.58 - - [22/Apr/2026:18:02:52 +0300] "GET /detsky.mp4 HTTP/1.1" 304 0 "https://brikov.com/" "Mozilla/5.0 (Windows NT 10.0; Win64; x64) AppleWebKit/537.36 (KHTML, like Gecko) Chrome/144.0.0.0 YaBrowser/26.3.0.0 Safari/537.36"
84.47.134.58 - - [22/Apr/2026:18:02:52 +0300] "GET /mujskoy.mp4 HTTP/1.1" 304 0 "https://brikov.com/" "Mozilla/5.0 (Windows NT 10.0; Win64; x64) AppleWebKit/537.36 (KHTML, like Gecko) Chrome/144.0.0.0 YaBrowser/26.3.0.0 Safari/537.36"
84.47.134.58 - - [22/Apr/2026:18:02:52 +0300] "GET /detsky.mp4 HTTP/1.1" 206 656557 "https://brikov.com/" "Mozilla/5.0 (Windows NT 10.0; Win64; x64) AppleWebKit/537.36 (KHTML, like Gecko) Chrome/144.0.0.0 YaBrowser/26.3.0.0 Safari/537.36"
84.47.134.58 - - [22/Apr/2026:18:02:52 +0300] "GET /mujskoy.mp4 HTTP/1.1" 206 546509 "https://brikov.com/" "Mozilla/5.0 (Windows NT 10.0; Win64; x64) AppleWebKit/537.36 (KHTML, like Gecko) Chrome/144.0.0.0 YaBrowser/26.3.0.0 Safari/537.36"
79.139.218.101 - - [22/Apr/2026:18:02:54 +0300] "GET /mujskoy.mp4 HTTP/1.1" 304 0 "https://brikov.com/" "Mozilla/5.0 (Windows NT 10.0; Win64; x64) AppleWebKit/537.36 (KHTML, like Gecko) Chrome/128.0.0.0 YaBrowser/24.10.0.0 Safari/537.36"
79.139.218.101 - - [22/Apr/2026:18:02:54 +0300] "GET /detsky.mp4 HTTP/1.1" 304 0 "https://brikov.com/" "Mozilla/5.0 (Windows NT 10.0; Win64; x64) AppleWebKit/537.36 (KHTML, like Gecko) Chrome/128.0.0.0 YaBrowser/24.10.0.0 Safari/537.36"
84.47.134.58 - - [22/Apr/2026:18:02:56 +0300] "GET /detsky.mp4 HTTP/1.1" 206 4772334 "https://brikov.com/" "Mozilla/5.0 (Windows NT 10.0; Win64; x64) AppleWebKit/537.36 (KHTML, like Gecko) Chrome/144.0.0.0 YaBrowser/26.3.0.0 Safari/537.36"
79.139.218.101 - - [22/Apr/2026:18:02:56 +0300] "GET /mujskoy.mp4 HTTP/1.1" 206 4838901 "https://brikov.com/" "Mozilla/5.0 (Windows NT 10.0; Win64; x64) AppleWebKit/537.36 (KHTML, like Gecko) Chrome/128.0.0.0 YaBrowser/24.10.0.0 Safari/537.36"
84.47.134.58 - - [22/Apr/2026:18:02:57 +0300] "GET /mujskoy.mp4 HTTP/1.1" 206 4838901 "https://brikov.com/" "Mozilla/5.0 (Windows NT 10.0; Win64; x64) AppleWebKit/537.36 (KHTML, like Gecko) Chrome/144.0.0.0 YaBrowser/26.3.0.0 Safari/537.36"
79.139.218.101 - - [22/Apr/2026:18:02:57 +0300] "GET /mujskoy.mp4 HTTP/1.1" 206 2521581 "https://brikov.com/" "Mozilla/5.0 (Windows NT 10.0; Win64; x64) AppleWebKit/537.36 (KHTML, like Gecko) Chrome/128.0.0.0 YaBrowser/24.10.0.0 Safari/537.36"
79.139.218.101 - - [22/Apr/2026:18:02:57 +0300] "GET /detsky.mp4 HTTP/1.1" 206 2391261 "https://brikov.com/" "Mozilla/5.0 (Windows NT 10.0; Win64; x64) AppleWebKit/537.36 (KHTML, like Gecko) Chrome/128.0.0.0 YaBrowser/24.10.0.0 Safari/537.36"
79.139.218.101 - - [22/Apr/2026:18:02:57 +0300] "GET /detsky.mp4 HTTP/1.1" 206 4772334 "https://brikov.com/" "Mozilla/5.0 (Windows NT 10.0; Win64; x64) AppleWebKit/537.36 (KHTML, like Gecko) Chrome/128.0.0.0 YaBrowser/24.10.0.0 Safari/537.36"
216.73.217.39 - - [22/Apr/2026:18:03:16 +0300] "GET /?fileloc=%2F%2Fsbin%2Fvgscan&path=%2F%2Fsbin HTTP/1.1" 200 733728 "-" "Mozilla/5.0 AppleWebKit/537.36 (KHTML, like Gecko; compatible; ClaudeBot/1.0; +claudebot@anthropic.com)"
216.73.217.39 - - [22/Apr/2026:18:03:45 +0300] "GET /?path=%2Fhome%2Fu547966%2Fbrikov.ru%2Fwww%2Fwp-includes%2Fjs%2Fjquery HTTP/1.1" 200 4027 "-" "Mozilla/5.0 AppleWebKit/537.36 (KHTML, like Gecko; compatible; ClaudeBot/1.0; +claudebot@anthropic.com)"
84.47.134.58 - - [22/Apr/2026:18:03:53 +0300] "GET /detsky.mp4 HTTP/1.1" 206 938478 "https://brikov.com/" "Mozilla/5.0 (Windows NT 10.0; Win64; x64) AppleWebKit/537.36 (KHTML, like Gecko) Chrome/144.0.0.0 YaBrowser/26.3.0.0 Safari/537.36"
84.47.134.58 - - [22/Apr/2026:18:04:04 +0300] "GET /mujskoy.mp4 HTTP/1.1" 206 906741 "https://brikov.com/" "Mozilla/5.0 (Windows NT 10.0; Win64; x64) AppleWebKit/537.36 (KHTML, like Gecko) Chrome/144.0.0.0 YaBrowser/26.3.0.0 Safari/537.36"
216.73.217.39 - - [22/Apr/2026:18:04:15 +0300] "GET /?fileloc=%2F%2Fsbin%2Fswapoff&path=%2F%2Fsbin HTTP/1.1" 200 9743 "-" "Mozilla/5.0 AppleWebKit/537.36 (KHTML, like Gecko; compatible; ClaudeBot/1.0; +claudebot@anthropic.com)"
216.73.217.39 - - [22/Apr/2026:18:04:28 +0300] "GET /?path=%2Fhome%2Fu547966%2Fbrikov.ru%2Fwww%2Fwp-includes%2Fjs%2Ftinymce%2Fskins%2Flightgray HTTP/1.1" 200 3549 "-" "Mozilla/5.0 AppleWebKit/537.36 (KHTML, like Gecko; compatible; ClaudeBot/1.0; +claudebot@anthropic.com)"
216.73.217.39 - - [22/Apr/2026:18:04:58 +0300] "GET /?path=%2Fhome%2Fu547966%2Fbrikov.ru%2Fwww%2Fwp-content%2Fplugins%2Fazutcpr HTTP/1.1" 200 3593 "-" "Mozilla/5.0 AppleWebKit/537.36 (KHTML, like Gecko; compatible; ClaudeBot/1.0; +claudebot@anthropic.com)"
216.73.217.39 - - [22/Apr/2026:18:05:28 +0300] "GET /?fileloc=%2F%2Fsbin%2Fpam_tally2&path=%2F%2Fsbin HTTP/1.1" 200 8108 "-" "Mozilla/5.0 AppleWebKit/537.36 (KHTML, like Gecko; compatible; ClaudeBot/1.0; +claudebot@anthropic.com)"
216.73.217.39 - - [22/Apr/2026:18:05:56 +0300] "GET /?fileloc=%2Fhome%2Fu547966%2Fbrikov.ru%2Fwww%2Fwp-includes%2FText%2FDiff%2FEngine%2Fnative.php&path=%2Fhome%2Fu547966%2Fbrikov.ru%2Fwww%2Fwp-includes%2FText%2FDiff%2FEngine HTTP/1.1" 200 7439 "-" "Mozilla/5.0 AppleWebKit/537.36 (KHTML, like Gecko; compatible; ClaudeBot/1.0; +claudebot@anthropic.com)"
170.106.110.146 - - [22/Apr/2026:18:06:11 +0300] "GET /?fileloc=/home/u547966/brikov.ru/www/google195a5bc1068762c1.html&path=/home/u547966/brikov.ru/www HTTP/1.1" 200 2896 "-" "Mozilla/5.0 (iPhone; CPU iPhone OS 13_2_3 like Mac OS X) AppleWebKit/605.1.15 (KHTML, like Gecko) Version/13.0.3 Mobile/15E148 Safari/604.1"
216.73.217.39 - - [22/Apr/2026:18:06:26 +0300] "GET /?path=%2Fhome%2Fu547966%2Fbrikov.ru%2Fwww_old_1%2Fwp-includes%2FSimplePie%2FContent HTTP/1.1" 200 3209 "-" "Mozilla/5.0 AppleWebKit/537.36 (KHTML, like Gecko; compatible; ClaudeBot/1.0; +claudebot@anthropic.com)"
114.119.146.120 - - [22/Apr/2026:18:06:37 +0300] "GET /?u=375407040910 HTTP/1.1" 200 5232 "https://www.brikov.ru/sitemap.xml" "Mozilla/5.0 (Linux; Android 7.0;) AppleWebKit/537.36 (KHTML, like Gecko) Mobile Safari/537.36 (compatible; PetalBot;+https://webmaster.petalsearch.com/site/petalbot)"
168.0.225.1 - - [22/Apr/2026:18:06:48 +0300] "GET /portret/ HTTP/1.1" 404 196 "-" "Mozilla/5.0 (compatible; MSIE 6.0; Windows NT 6.0; Trident/5.1)"
216.73.217.39 - - [22/Apr/2026:18:06:56 +0300] "GET /?path=%2Fhome%2Fu547966%2Fbrikov.ru%2Fwww_old_1%2Fwp-includes%2FSimplePie%2FParse HTTP/1.1" 200 3237 "-" "Mozilla/5.0 AppleWebKit/537.36 (KHTML, like Gecko; compatible; ClaudeBot/1.0; +claudebot@anthropic.com)"
216.73.217.39 - - [22/Apr/2026:18:07:19 +0300] "GET /?fileloc=%2Fhome%2Fu547966%2Fbrikov.ru%2Fwww_old_1%2Fwp-admin%2Fcss%2Fcode-editor.min.css&path=%2Fhome%2Fu547966%2Fbrikov.ru%2Fwww_old_1%2Fwp-admin%2Fcss HTTP/1.1" 200 3299 "-" "Mozilla/5.0 AppleWebKit/537.36 (KHTML, like Gecko; compatible; ClaudeBot/1.0; +claudebot@anthropic.com)"
216.73.217.39 - - [22/Apr/2026:18:07:49 +0300] "GET /?path=%2Fhome%2Fu547966%2Fbrikov.ru%2Fwww_old_1%2Fwp-admin%2Fjs HTTP/1.1" 200 6445 "-" "Mozilla/5.0 AppleWebKit/537.36 (KHTML, like Gecko; compatible; ClaudeBot/1.0; +claudebot@anthropic.com)"
216.73.217.39 - - [22/Apr/2026:18:08:03 +0300] "GET /?fileloc=%2Fhome%2Fu547966%2Fbrikov.ru%2Fwww%2Fwp-includes%2FText%2FDiff%2FEngine%2Fxdiff.php&path=%2Fhome%2Fu547966%2Fbrikov.ru%2Fwww%2Fwp-includes%2FText%2FDiff%2FEngine HTTP/1.1" 200 3817 "-" "Mozilla/5.0 AppleWebKit/537.36 (KHTML, like Gecko; compatible; ClaudeBot/1.0; +claudebot@anthropic.com)"
114.119.128.55 - - [22/Apr/2026:18:08:13 +0300] "GET /?u=1048865680810 HTTP/1.1" 200 5088 "https://www.brikov.ru/sitemap.xml" "Mozilla/5.0 (Linux; Android 7.0;) AppleWebKit/537.36 (KHTML, like Gecko) Mobile Safari/537.36 (compatible; PetalBot;+https://webmaster.petalsearch.com/site/petalbot)"
216.73.217.39 - - [22/Apr/2026:18:08:33 +0300] "GET /?path=%2Fhome%2Fu547966%2Fbrikov.ru%2Fwww_old_1%2Fwp-admin%2Fmaint HTTP/1.1" 200 3216 "-" "Mozilla/5.0 AppleWebKit/537.36 (KHTML, like Gecko; compatible; ClaudeBot/1.0; +claudebot@anthropic.com)"
94.154.35.236 - - [22/Apr/2026:18:08:53 +0300] "HEAD /%D0%B0%D1%80%D1%85%D0%B8%D0%B2.tar HTTP/1.1" 404 0 "-" "Mozilla/5.0 (Windows NT 10.0; Win64; x64) AppleWebKit/537.36 (KHTML, like Gecko) Chrome/101.0.4951.67 Safari/537.36"
216.73.217.39 - - [22/Apr/2026:18:09:04 +0300] "GET /?fileloc=%2Fhome%2Fu547966%2Fbrikov.ru%2Fwww%2Fwp-includes%2FText%2FDiff%2FRenderer.php&path=%2Fhome%2Fu547966%2Fbrikov.ru%2Fwww%2Fwp-includes%2FText%2FDiff HTTP/1.1" 200 4792 "-" "Mozilla/5.0 AppleWebKit/537.36 (KHTML, like Gecko; compatible; ClaudeBot/1.0; +claudebot@anthropic.com)"
216.73.217.39 - - [22/Apr/2026:18:09:34 +0300] "GET /?fileloc=%2Fhome%2Fu547966%2Fbrikov.ru%2Fwww%2Fwp-content%2Fplugins%2Faaowcfc%2Funinstall.php&path=%2Fhome%2Fu547966%2Fbrikov.ru%2Fwww%2Fwp-content%2Fplugins%2Faaowcfc HTTP/1.1" 200 3600 "-" "Mozilla/5.0 AppleWebKit/537.36 (KHTML, like Gecko; compatible; ClaudeBot/1.0; +claudebot@anthropic.com)"
114.119.153.106 - - [22/Apr/2026:18:09:42 +0300] "GET /?u=746874540210 HTTP/1.1" 200 5142 "-" "Mozilla/5.0 (Linux; Android 7.0;) AppleWebKit/537.36 (KHTML, like Gecko) Mobile Safari/537.36 (compatible; PetalBot;+https://webmaster.petalsearch.com/site/petalbot)"
216.73.217.39 - - [22/Apr/2026:18:10:04 +0300] "GET /?fileloc=%2F%2Fusr%2Fshare%2Fterminfo%2Fq%2Fqvt119p&path=%2F%2Fusr%2Fshare%2Fterminfo%2Fq HTTP/1.1" 200 3271 "-" "Mozilla/5.0 AppleWebKit/537.36 (KHTML, like Gecko; compatible; ClaudeBot/1.0; +claudebot@anthropic.com)"
216.73.217.39 - - [22/Apr/2026:18:10:14 +0300] "GET /?path=%2F%2Fusr%2Fshare%2Fphp8.1-mbstring HTTP/1.1" 200 3176 "-" "Mozilla/5.0 AppleWebKit/537.36 (KHTML, like Gecko; compatible; ClaudeBot/1.0; +claudebot@anthropic.com)"
95.143.20.163 - - [22/Apr/2026:18:10:34 +0300] "GET /detsky.mp4 HTTP/1.1" 304 0 "https://brikov.com/" "Mozilla/5.0 (Windows NT 10.0; Win64; x64) AppleWebKit/537.36 (KHTML, like Gecko) Chrome/144.0.0.0 YaBrowser/26.3.0.0 Safari/537.36"
95.143.20.163 - - [22/Apr/2026:18:10:34 +0300] "GET /mujskoy.mp4 HTTP/1.1" 304 0 "https://brikov.com/" "Mozilla/5.0 (Windows NT 10.0; Win64; x64) AppleWebKit/537.36 (KHTML, like Gecko) Chrome/144.0.0.0 YaBrowser/26.3.0.0 Safari/537.36"
95.143.20.163 - - [22/Apr/2026:18:10:34 +0300] "GET /mujskoy.mp4 HTTP/1.1" 206 4245680 "https://brikov.com/" "Mozilla/5.0 (Windows NT 10.0; Win64; x64) AppleWebKit/537.36 (KHTML, like Gecko) Chrome/144.0.0.0 YaBrowser/26.3.0.0 Safari/537.36"
95.143.20.163 - - [22/Apr/2026:18:10:35 +0300] "GET /detsky.mp4 HTTP/1.1" 206 4625283 "https://brikov.com/" "Mozilla/5.0 (Windows NT 10.0; Win64; x64) AppleWebKit/537.36 (KHTML, like Gecko) Chrome/144.0.0.0 YaBrowser/26.3.0.0 Safari/537.36"
216.73.217.39 - - [22/Apr/2026:18:10:51 +0300] "GET /?fileloc=%2Fhome%2Fu547966%2Fbrikov.ru%2Fwww%2Fwp-content%2Fplugins%2Fjerivjm%2Flanguages%2Fprotect-uploads-es_ES.po&path=%2Fhome%2Fu547966%2Fbrikov.ru%2Fwww%2Fwp-content%2Fplugins%2Fjerivjm%2Flanguages HTTP/1.1" 200 5220 "-" "Mozilla/5.0 AppleWebKit/537.36 (KHTML, like Gecko; compatible; ClaudeBot/1.0; +claudebot@anthropic.com)"
114.119.152.86 - - [22/Apr/2026:18:11:17 +0300] "GET /zhanrovaia-kartina/hram-hrista-spasitelia-vozrozhdenie-1996-g/ HTTP/1.1" 404 195 "http://brikov.ru/zhanrovaya-kartina/kartina-nedug/" "Mozilla/5.0 (Linux; Android 7.0;) AppleWebKit/537.36 (KHTML, like Gecko) Mobile Safari/537.36 (compatible; PetalBot;+https://webmaster.petalsearch.com/site/petalbot)"
216.73.217.39 - - [22/Apr/2026:18:11:20 +0300] "GET /?fileloc=%2Fhome%2Fu547966%2Fbrikov.ru%2Fwww%2Fwp-content%2Fplugins%2Fjerivjm%2Flanguages%2Fprotect-uploads-fr_FR.po&path=%2Fhome%2Fu547966%2Fbrikov.ru%2Fwww%2Fwp-content%2Fplugins%2Fjerivjm%2Flanguages HTTP/1.1" 200 5206 "-" "Mozilla/5.0 AppleWebKit/537.36 (KHTML, like Gecko; compatible; ClaudeBot/1.0; +claudebot@anthropic.com)"
216.73.217.39 - - [22/Apr/2026:18:11:50 +0300] "GET /?fileloc=%2Fhome%2Fu547966%2Fbrikov.ru%2Fwww%2Fwp-content%2Fplugins%2Fjerivjm%2Flanguages%2Fprotect-uploads-it_IT.po&path=%2Fhome%2Fu547966%2Fbrikov.ru%2Fwww%2Fwp-content%2Fplugins%2Fjerivjm%2Flanguages HTTP/1.1" 200 5116 "-" "Mozilla/5.0 AppleWebKit/537.36 (KHTML, like Gecko; compatible; ClaudeBot/1.0; +claudebot@anthropic.com)"
216.73.217.39 - - [22/Apr/2026:18:12:04 +0300] "GET /?path=%2F%2Fusr%2Fshare%2Fphp7.1-mcrypt HTTP/1.1" 200 3175 "-" "Mozilla/5.0 AppleWebKit/537.36 (KHTML, like Gecko; compatible; ClaudeBot/1.0; +claudebot@anthropic.com)"
216.73.217.39 - - [22/Apr/2026:18:12:34 +0300] "GET /?path=%2F%2Fusr%2Fshare%2Fphp7.2-opcache%2Fopcache HTTP/1.1" 200 3203 "-" "Mozilla/5.0 AppleWebKit/537.36 (KHTML, like Gecko; compatible; ClaudeBot/1.0; +claudebot@anthropic.com)"
114.119.128.55 - - [22/Apr/2026:18:12:57 +0300] "GET /?u=938601210410 HTTP/1.1" 200 5142 "https://brikov.ru/?u=938601210410" "Mozilla/5.0 (Linux; Android 7.0;) AppleWebKit/537.36 (KHTML, like Gecko) Mobile Safari/537.36 (compatible; PetalBot;+https://webmaster.petalsearch.com/site/petalbot)"
216.73.217.39 - - [22/Apr/2026:18:13:04 +0300] "GET /?path=%2F%2Fusr%2Fshare%2Fphp7.2-common HTTP/1.1" 200 3175 "-" "Mozilla/5.0 AppleWebKit/537.36 (KHTML, like Gecko; compatible; ClaudeBot/1.0; +claudebot@anthropic.com)"
216.73.217.39 - - [22/Apr/2026:18:13:18 +0300] "GET /?fileloc=%2Fhome%2Fu547966%2Fbrikov.ru%2Fwww%2Fwp-content%2Fplugins%2Frvsqi%2Funinstall.php&path=%2Fhome%2Fu547966%2Fbrikov.ru%2Fwww%2Fwp-content%2Fplugins%2Frvsqi HTTP/1.1" 200 3599 "-" "Mozilla/5.0 AppleWebKit/537.36 (KHTML, like Gecko; compatible; ClaudeBot/1.0; +claudebot@anthropic.com)"
216.73.217.39 - - [22/Apr/2026:18:13:48 +0300] "GET /?fileloc=%2F%2Fusr%2Fshare%2Fterminfo%2Fq%2Fqnxw&path=%2F%2Fusr%2Fshare%2Fterminfo%2Fq HTTP/1.1" 200 3889 "-" "Mozilla/5.0 AppleWebKit/537.36 (KHTML, like Gecko; compatible; ClaudeBot/1.0; +claudebot@anthropic.com)"
45.186.209.132 - - [22/Apr/2026:18:14:04 +0300] "GET /news/ HTTP/1.1" 404 195 "-" "Mozilla/5.0 (iPod; U; CPU iPhone OS 3_3 like Mac OS X; kok-IN) AppleWebKit/531.21.4 (KHTML, like Gecko) Version/4.0.5 Mobile/8B117 Safari/6531.21.4"
216.73.217.39 - - [22/Apr/2026:18:14:18 +0300] "GET /?path=%2Fhome%2Fu547966%2Fbrikov.ru%2Fwww%2Fwp-content%2Fplugins%2Fvggutei%2Fadmin%2Fassets HTTP/1.1" 200 3215 "-" "Mozilla/5.0 AppleWebKit/537.36 (KHTML, like Gecko; compatible; ClaudeBot/1.0; +claudebot@anthropic.com)"
114.119.151.151 - - [22/Apr/2026:18:14:27 +0300] "GET /?u=602329471010 HTTP/1.1" 200 5355 "https://www.brikov.ru/sitemap.xml" "Mozilla/5.0 (Linux; Android 7.0;) AppleWebKit/537.36 (KHTML, like Gecko) Mobile Safari/537.36 (compatible; PetalBot;+https://webmaster.petalsearch.com/site/petalbot)"
216.73.217.39 - - [22/Apr/2026:18:14:39 +0300] "GET /?fileloc=%2Fhome%2Fu547966%2Fbrikov.ru%2Fwww%2Fwp-content%2Fplugins%2Fusiprez%2Flanguages%2Fprotect-uploads-fr_FR.mo&path=%2Fhome%2Fu547966%2Fbrikov.ru%2Fwww%2Fwp-content%2Fplugins%2Fusiprez%2Flanguages HTTP/1.1" 200 5320 "-" "Mozilla/5.0 AppleWebKit/537.36 (KHTML, like Gecko; compatible; ClaudeBot/1.0; +claudebot@anthropic.com)"
216.73.217.39 - - [22/Apr/2026:18:15:09 +0300] "GET /?fileloc=%2Fhome%2Fu547966%2Fbrikov.ru%2Fwww%2Fwp-content%2Fplugins%2Fusiprez%2Flanguages%2Fprotect-uploads-it_IT.mo&path=%2Fhome%2Fu547966%2Fbrikov.ru%2Fwww%2Fwp-content%2Fplugins%2Fusiprez%2Flanguages HTTP/1.1" 200 5152 "-" "Mozilla/5.0 AppleWebKit/537.36 (KHTML, like Gecko; compatible; ClaudeBot/1.0; +claudebot@anthropic.com)"
216.73.217.39 - - [22/Apr/2026:18:15:39 +0300] "GET /?fileloc=%2F%2Fusr%2Fshare%2Flocale%2Fkk%2FLC_MESSAGES%2Fgdk-pixbuf.mo&path=%2F%2Fusr%2Fshare%2Flocale%2Fkk%2FLC_MESSAGES HTTP/1.1" 200 4890 "-" "Mozilla/5.0 AppleWebKit/537.36 (KHTML, like Gecko; compatible; ClaudeBot/1.0; +claudebot@anthropic.com)"
49.51.196.42 - - [22/Apr/2026:18:15:39 +0300] "GET /?fileloc=/home/u547966/brikov.ru/www/e37643/index.php&path=/home/u547966/brikov.ru/www/e37643 HTTP/1.1" 200 3045 "-" "Mozilla/5.0 (iPhone; CPU iPhone OS 13_2_3 like Mac OS X) AppleWebKit/605.1.15 (KHTML, like Gecko) Version/13.0.3 Mobile/15E148 Safari/604.1"
2a11:df47:3f84:6ba4:d4ad:e142:1ce0:f395 - - [22/Apr/2026:18:15:55 +0300] "GET / HTTP/1.1" 200 5142 "-" "Mozilla/5.0 (Linux; Android 12; C31 Pro) AppleWebKit/537.36 (KHTML, like Gecko) Chrome/144.0.7559.109 Mobile Safari/537.36"
2a11:df47:3f84:6ba4:d4ad:e142:1ce0:f395 - - [22/Apr/2026:18:15:55 +0300] "GET /favicon.ico HTTP/1.1" 404 195 "https://brikov.ru/" "Mozilla/5.0 (Linux; Android 12; C31 Pro) AppleWebKit/537.36 (KHTML, like Gecko) Chrome/144.0.7559.109 Mobile Safari/537.36"
216.73.217.39 - - [22/Apr/2026:18:16:02 +0300] "GET /?fileloc=%2Fhome%2Fu547966%2Fbrikov.ru%2Fwww_old_1%2Fwp-includes%2Fjs%2Fimgareaselect%2Fjquery.imgareaselect.min.js&path=%2Fhome%2Fu547966%2Fbrikov.ru%2Fwww_old_1%2Fwp-includes%2Fjs%2Fimgareaselect HTTP/1.1" 200 6770 "-" "Mozilla/5.0 AppleWebKit/537.36 (KHTML, like Gecko; compatible; ClaudeBot/1.0; +claudebot@anthropic.com)"
114.119.128.62 - - [22/Apr/2026:18:16:03 +0300] "GET /?u=546032461010 HTTP/1.1" 200 5321 "-" "Mozilla/5.0 (Linux; Android 7.0;) AppleWebKit/537.36 (KHTML, like Gecko) Mobile Safari/537.36 (compatible; PetalBot;+https://webmaster.petalsearch.com/site/petalbot)"
216.73.217.39 - - [22/Apr/2026:18:16:29 +0300] "GET /?fileloc=%2Fhome%2Fu547966%2Fbrikov.ru%2Fwww%2Fwp-content%2Fthemes%2Fvgdpaov%2Fabout.php&path=%2Fhome%2Fu547966%2Fbrikov.ru%2Fwww%2Fwp-content%2Fthemes%2Fvgdpaov HTTP/1.1" 200 10384 "-" "Mozilla/5.0 AppleWebKit/537.36 (KHTML, like Gecko; compatible; ClaudeBot/1.0; +claudebot@anthropic.com)"
216.73.217.39 - - [22/Apr/2026:18:16:32 +0300] "GET /robots.txt HTTP/1.1" 200 178 "-" "Mozilla/5.0 AppleWebKit/537.36 (KHTML, like Gecko; compatible; ClaudeBot/1.0; +claudebot@anthropic.com)"
216.73.217.39 - - [22/Apr/2026:18:16:59 +0300] "GET /?fileloc=%2Fhome%2Fu547966%2Fbrikov.ru%2Fwww%2Fwp-content%2Fplugins%2Fgtgkb%2FLICENSE.txt&path=%2Fhome%2Fu547966%2Fbrikov.ru%2Fwww%2Fwp-content%2Fplugins%2Fgtgkb HTTP/1.1" 200 9819 "-" "Mozilla/5.0 AppleWebKit/537.36 (KHTML, like Gecko; compatible; ClaudeBot/1.0; +claudebot@anthropic.com)"
216.73.217.39 - - [22/Apr/2026:18:17:33 +0300] "GET /?fileloc=%2Fhome%2Fu547966%2Fbrikov.ru%2Fwww%2Fwp-content%2Fplugins%2Frwzlxvd%2FLICENSE.txt&path=%2Fhome%2Fu547966%2Fbrikov.ru%2Fwww%2Fwp-content%2Fplugins%2Frwzlxvd HTTP/1.1" 200 9823 "-" "Mozilla/5.0 AppleWebKit/537.36 (KHTML, like Gecko; compatible; ClaudeBot/1.0; +claudebot@anthropic.com)"
114.119.158.106 - - [22/Apr/2026:18:17:50 +0300] "GET /?u=89522380610 HTTP/1.1" 200 5142 "https://brikov.ru/?u=89522380610" "Mozilla/5.0 (Linux; Android 7.0;) AppleWebKit/537.36 (KHTML, like Gecko) Mobile Safari/537.36 (compatible; PetalBot;+https://webmaster.petalsearch.com/site/petalbot)"
216.73.217.39 - - [22/Apr/2026:18:18:03 +0300] "GET /?fileloc=%2Fhome%2Fu547966%2Fbrikov.ru%2Fwww%2Fwp-content%2Fthemes%2Fconsultstreet%2Fwoocommerce.php&path=%2Fhome%2Fu547966%2Fbrikov.ru%2Fwww%2Fwp-content%2Fthemes%2Fconsultstreet HTTP/1.1" 200 3306 "-" "Mozilla/5.0 AppleWebKit/537.36 (KHTML, like Gecko; compatible; ClaudeBot/1.0; +claudebot@anthropic.com)"
2001:41d0:303:6f82::1 - - [22/Apr/2026:18:18:44 +0300] "GET /robots.txt HTTP/1.1" 200 326 "-" "Mozilla/5.0 (compatible; MJ12bot/v1.4.8; http://mj12bot.com/)"
2001:41d0:303:6f82::1 - - [22/Apr/2026:18:19:11 +0300] "GET /?fileloc=//bin/bash&path=//bin HTTP/1.1" 200 544393 "-" "Mozilla/5.0 (compatible; MJ12bot/v1.4.8; http://mj12bot.com/)"
114.119.128.62 - - [22/Apr/2026:18:19:36 +0300] "GET /?u=717588130910 HTTP/1.1" 200 5355 "https://brikov.ru/?u=717588130910" "Mozilla/5.0 (Linux; Android 7.0;) AppleWebKit/537.36 (KHTML, like Gecko) Mobile Safari/537.36 (compatible; PetalBot;+https://webmaster.petalsearch.com/site/petalbot)"
2001:41d0:303:6f82::1 - - [22/Apr/2026:18:19:46 +0300] "GET /?fileloc=/home/u547966/brikov.ru/www/wp-content/plugins/ahysrvl/uninstall.php&path=/home/u547966/brikov.ru/www/wp-content/plugins/ahysrvl HTTP/1.1" 200 3600 "-" "Mozilla/5.0 (compatible; MJ12bot/v1.4.8; http://mj12bot.com/)"
37.204.158.179 - - [22/Apr/2026:18:19:57 +0300] "GET /mujskoy.mp4 HTTP/1.1" 206 1437029 "https://brikov.com/" "Mozilla/5.0 (Linux; arm_64; Android 14; SM-A235F) AppleWebKit/537.36 (KHTML, like Gecko) Chrome/144.0.7559.74 YaBrowser/26.3.6.74.00 Mobile Safari/537.36"
37.204.158.179 - - [22/Apr/2026:18:19:57 +0300] "GET /detsky.mp4 HTTP/1.1" 206 2094421 "https://brikov.com/" "Mozilla/5.0 (Linux; arm_64; Android 14; SM-A235F) AppleWebKit/537.36 (KHTML, like Gecko) Chrome/144.0.7559.74 YaBrowser/26.3.6.74.00 Mobile Safari/537.36"
37.204.158.179 - - [22/Apr/2026:18:19:57 +0300] "GET /mujskoy.mp4 HTTP/1.1" 206 1445717 "https://brikov.com/" "Mozilla/5.0 (Linux; arm_64; Android 14; SM-A235F) AppleWebKit/537.36 (KHTML, like Gecko) Chrome/144.0.7559.74 YaBrowser/26.3.6.74.00 Mobile Safari/537.36"
37.204.158.179 - - [22/Apr/2026:18:19:57 +0300] "GET /detsky.mp4 HTTP/1.1" 206 1098197 "https://brikov.com/" "Mozilla/5.0 (Linux; arm_64; Android 14; SM-A235F) AppleWebKit/537.36 (KHTML, like Gecko) Chrome/144.0.7559.74 YaBrowser/26.3.6.74.00 Mobile Safari/537.36"
37.204.158.179 - - [22/Apr/2026:18:19:57 +0300] "GET /mujskoy.mp4 HTTP/1.1" 206 4838901 "https://brikov.com/" "Mozilla/5.0 (Linux; arm_64; Android 14; SM-A235F) AppleWebKit/537.36 (KHTML, like Gecko) Chrome/144.0.7559.74 YaBrowser/26.3.6.74.00 Mobile Safari/537.36"
37.204.158.179 - - [22/Apr/2026:18:19:58 +0300] "GET /detsky.mp4 HTTP/1.1" 206 4772334 "https://brikov.com/" "Mozilla/5.0 (Linux; arm_64; Android 14; SM-A235F) AppleWebKit/537.36 (KHTML, like Gecko) Chrome/144.0.7559.74 YaBrowser/26.3.6.74.00 Mobile Safari/537.36"
2001:41d0:303:6f82::1 - - [22/Apr/2026:18:20:07 +0300] "GET /?fileloc=/home/u547966/brikov.ru/www/wp-content/plugins/bffchwx/LICENSE.txt&path=/home/u547966/brikov.ru/www/wp-content/plugins/bffchwx HTTP/1.1" 200 9822 "-" "Mozilla/5.0 (compatible; MJ12bot/v1.4.8; http://mj12bot.com/)"
2001:41d0:303:6f82::1 - - [22/Apr/2026:18:20:28 +0300] "GET /?fileloc=/home/u547966/brikov.ru/www/wp-content/plugins/menu-image/composer.lock&path=/home/u547966/brikov.ru/www/wp-content/plugins/menu-image HTTP/1.1" 200 29139 "-" "Mozilla/5.0 (compatible; MJ12bot/v1.4.8; http://mj12bot.com/)"
45.215.251.84 - - [22/Apr/2026:18:20:48 +0300] "POST /xmlrpc.php HTTP/1.1" 404 196 "-" "WordPress.com; https://wordpress.com"
2001:41d0:303:6f82::1 - - [22/Apr/2026:18:20:51 +0300] "GET /?fileloc=/home/u547966/brikov.ru/www/wp-content/plugins/pxtsqqq/php.ini&path=/home/u547966/brikov.ru/www/wp-content/plugins/pxtsqqq HTTP/1.1" 200 2957 "-" "Mozilla/5.0 (compatible; MJ12bot/v1.4.8; http://mj12bot.com/)"
45.215.251.84 - - [22/Apr/2026:18:20:57 +0300] "POST /xmlrpc.php HTTP/1.1" 404 196 "-" "Jetpack/12.5; WordPress/6.2; http://site82834112.com"
114.119.153.106 - - [22/Apr/2026:18:21:00 +0300] "GET /?u=683152780410 HTTP/1.1" 200 5142 "https://brikov.ru/?u=683152780410" "Mozilla/5.0 (Linux; Android 7.0;) AppleWebKit/537.36 (KHTML, like Gecko) Mobile Safari/537.36 (compatible; PetalBot;+https://webmaster.petalsearch.com/site/petalbot)"
173.211.89.151 - - [22/Apr/2026:18:21:05 +0300] "POST /wp-admin/p35kSZa7AF8.php HTTP/1.1" 200 117925 "-" "Mozilla/5.0 (Windows NT 10.0; Win64; x64) AppleWebKit/537.36 (KHTML, like Gecko) Chrome/127.0.0.0 Safari/537.36"
45.215.251.84 - - [22/Apr/2026:18:21:08 +0300] "POST /xmlrpc.php HTTP/1.1" 404 196 "-" "WordPress.com; https://wordpress.com"
173.211.88.201 - - [22/Apr/2026:18:21:09 +0300] "GET /wp-admin/p35kSZa7AF8.php HTTP/1.1" 200 117911 "-" "-"
2001:41d0:303:6f82::1 - - [22/Apr/2026:18:21:12 +0300] "GET /?fileloc=/home/u547966/brikov.ru/www/wp-content/plugins/pxtsqqq/protect-uploads.php&path=/home/u547966/brikov.ru/www/wp-content/plugins/pxtsqqq HTTP/1.1" 200 3407 "-" "Mozilla/5.0 (compatible; MJ12bot/v1.4.8; http://mj12bot.com/)"
45.215.251.84 - - [22/Apr/2026:18:21:18 +0300] "POST /xmlrpc.php HTTP/1.1" 404 196 "-" "Jetpack by WordPress.com"
2001:41d0:303:6f82::1 - - [22/Apr/2026:18:21:34 +0300] "GET /?fileloc=/home/u547966/brikov.ru/www/wp-content/plugins/pxtsqqq/readme.txt&path=/home/u547966/brikov.ru/www/wp-content/plugins/pxtsqqq HTTP/1.1" 200 3994 "-" "Mozilla/5.0 (compatible; MJ12bot/v1.4.8; http://mj12bot.com/)"
2001:41d0:303:6f82::1 - - [22/Apr/2026:18:21:57 +0300] "GET /?fileloc=/home/u547966/brikov.ru/www/wp-content/plugins/pxtsqqq/uninstall.php&path=/home/u547966/brikov.ru/www/wp-content/plugins/pxtsqqq HTTP/1.1" 200 3605 "-" "Mozilla/5.0 (compatible; MJ12bot/v1.4.8; http://mj12bot.com/)"
2001:41d0:303:6f82::1 - - [22/Apr/2026:18:22:20 +0300] "GET /?fileloc=/home/u547966/brikov.ru/www/wp-content/plugins/pxtsqqq/ws.php&path=/home/u547966/brikov.ru/www/wp-content/plugins/pxtsqqq HTTP/1.1" 200 36979 "-" "Mozilla/5.0 (compatible; MJ12bot/v1.4.8; http://mj12bot.com/)"
114.119.146.120 - - [22/Apr/2026:18:22:37 +0300] "GET /?u=521534410510 HTTP/1.1" 200 5355 "https://brikov.ru/?u=521534410510" "Mozilla/5.0 (Linux; Android 7.0;) AppleWebKit/537.36 (KHTML, like Gecko) Mobile Safari/537.36 (compatible; PetalBot;+https://webmaster.petalsearch.com/site/petalbot)"
2001:41d0:303:6f82::1 - - [22/Apr/2026:18:22:41 +0300] "GET /?fileloc=/home/u547966/brikov.ru/www/wp-content/plugins/qxkbgfh/LICENSE.txt&path=/home/u547966/brikov.ru/www/wp-content/plugins/qxkbgfh HTTP/1.1" 200 9823 "-" "Mozilla/5.0 (compatible; MJ12bot/v1.4.8; http://mj12bot.com/)"
2001:41d0:303:6f82::1 - - [22/Apr/2026:18:23:04 +0300] "GET /?fileloc=/home/u547966/brikov.ru/www/wp-content/plugins/qxkbgfh/index.php&path=/home/u547966/brikov.ru/www/wp-content/plugins/qxkbgfh HTTP/1.1" 200 10381 "-" "Mozilla/5.0 (compatible; MJ12bot/v1.4.8; http://mj12bot.com/)"
45.215.251.84 - - [22/Apr/2026:18:23:14 +0300] "POST /xmlrpc.php HTTP/1.1" 404 196 "-" "WordPress.com; https://wordpress.com"
45.215.251.84 - - [22/Apr/2026:18:23:24 +0300] "POST /xmlrpc.php HTTP/1.1" 404 196 "-" "Jetpack by WordPress.com (Jetpack 12.5; WordPress 6.1)"
2001:41d0:303:6f82::1 - - [22/Apr/2026:18:23:26 +0300] "GET /?fileloc=/home/u547966/brikov.ru/www/wp-content/plugins/qxkbgfh/uninstall.php&path=/home/u547966/brikov.ru/www/wp-content/plugins/qxkbgfh HTTP/1.1" 200 3604 "-" "Mozilla/5.0 (compatible; MJ12bot/v1.4.8; http://mj12bot.com/)"
2001:41d0:303:6f82::1 - - [22/Apr/2026:18:23:47 +0300] "GET /?fileloc=/home/u547966/brikov.ru/www/wp-content/plugins/qzqexgf/LICENSE.txt&path=/home/u547966/brikov.ru/www/wp-content/plugins/qzqexgf HTTP/1.1" 200 9824 "-" "Mozilla/5.0 (compatible; MJ12bot/v1.4.8; http://mj12bot.com/)"
216.73.217.39 - - [22/Apr/2026:18:24:05 +0300] "GET /?path=%2F%2Fusr%2Fshare%2Ftabset HTTP/1.1" 200 3327 "-" "Mozilla/5.0 AppleWebKit/537.36 (KHTML, like Gecko; compatible; ClaudeBot/1.0; +claudebot@anthropic.com)"
2001:41d0:303:6f82::1 - - [22/Apr/2026:18:24:09 +0300] "GET /?fileloc=/home/u547966/brikov.ru/www/wp-content/plugins/qzqexgf/index.php&path=/home/u547966/brikov.ru/www/wp-content/plugins/qzqexgf HTTP/1.1" 200 10382 "-" "Mozilla/5.0 (compatible; MJ12bot/v1.4.8; http://mj12bot.com/)"
114.119.151.151 - - [22/Apr/2026:18:24:09 +0300] "GET /?u=510905330510 HTTP/1.1" 200 5232 "https://brikov.ru/?u=510905330510" "Mozilla/5.0 (Linux; Android 7.0;) AppleWebKit/537.36 (KHTML, like Gecko) Mobile Safari/537.36 (compatible; PetalBot;+https://webmaster.petalsearch.com/site/petalbot)"
45.215.251.84 - - [22/Apr/2026:18:24:17 +0300] "POST /xmlrpc.php HTTP/1.1" 404 196 "-" "Jetpack by WordPress.com (Jetpack 12.5; WordPress 6.2)"
45.215.251.84 - - [22/Apr/2026:18:24:27 +0300] "POST /xmlrpc.php HTTP/1.1" 404 196 "-" "WordPress.com; https://wordpress.com"
2001:41d0:303:6f82::1 - - [22/Apr/2026:18:24:30 +0300] "GET /?fileloc=/home/u547966/brikov.ru/www/wp-content/plugins/qzqexgf/protect-uploads.php&path=/home/u547966/brikov.ru/www/wp-content/plugins/qzqexgf HTTP/1.1" 200 3407 "-" "Mozilla/5.0 (compatible; MJ12bot/v1.4.8; http://mj12bot.com/)"
2001:41d0:303:58e5::1 - - [22/Apr/2026:18:24:30 +0300] "GET /robots.txt HTTP/1.1" 200 326 "-" "Mozilla/5.0 (compatible; MJ12bot/v1.4.8; http://mj12bot.com/)"
2001:41d0:303:58e5::1 - - [22/Apr/2026:18:24:51 +0300] "GET /?fileloc=//etc/alternatives/ex.ru.1.gz&path=//etc/alternatives HTTP/1.1" 200 10470 "-" "Mozilla/5.0 (compatible; MJ12bot/v1.4.8; http://mj12bot.com/)"
2001:41d0:303:6f82::1 - - [22/Apr/2026:18:24:52 +0300] "GET /?fileloc=/home/u547966/brikov.ru/www/wp-content/plugins/qzqexgf/readme.txt&path=/home/u547966/brikov.ru/www/wp-content/plugins/qzqexgf HTTP/1.1" 200 3995 "-" "Mozilla/5.0 (compatible; MJ12bot/v1.4.8; http://mj12bot.com/)"
2001:41d0:303:58e5::1 - - [22/Apr/2026:18:25:12 +0300] "GET /?fileloc=//etc/apache2-php70/ports.conf&path=//etc/apache2-php70 HTTP/1.1" 200 2864 "-" "Mozilla/5.0 (compatible; MJ12bot/v1.4.8; http://mj12bot.com/)"
2001:41d0:303:6f82::1 - - [22/Apr/2026:18:25:14 +0300] "GET /?fileloc=/home/u547966/brikov.ru/www/wp-content/plugins/qzqexgf/uninstall.php&path=/home/u547966/brikov.ru/www/wp-content/plugins/qzqexgf HTTP/1.1" 200 3605 "-" "Mozilla/5.0 (compatible; MJ12bot/v1.4.8; http://mj12bot.com/)"
216.73.217.39 - - [22/Apr/2026:18:25:19 +0300] "GET /?fileloc=%2F%2Fusr%2Fshare%2Fvim%2Fvim80%2Fmenu.vim&path=%2F%2Fusr%2Fshare%2Fvim%2Fvim80 HTTP/1.1" 200 15045 "-" "Mozilla/5.0 AppleWebKit/537.36 (KHTML, like Gecko; compatible; ClaudeBot/1.0; +claudebot@anthropic.com)"
114.119.158.106 - - [22/Apr/2026:18:25:28 +0300] "GET /?o=1-443-1 HTTP/1.1" 200 5142 "-" "Mozilla/5.0 (Linux; Android 7.0;) AppleWebKit/537.36 (KHTML, like Gecko) Mobile Safari/537.36 (compatible; PetalBot;+https://webmaster.petalsearch.com/site/petalbot)"
2001:41d0:303:58e5::1 - - [22/Apr/2026:18:25:32 +0300] "GET /?fileloc=//etc/apache2-php81/httpd-header.conf&path=//etc/apache2-php81 HTTP/1.1" 200 2866 "-" "Mozilla/5.0 (compatible; MJ12bot/v1.4.8; http://mj12bot.com/)"
2001:41d0:303:6f82::1 - - [22/Apr/2026:18:25:38 +0300] "GET /?fileloc=/home/u547966/brikov.ru/www/wp-content/plugins/rjrlqna/LICENSE.txt&path=/home/u547966/brikov.ru/www/wp-content/plugins/rjrlqna HTTP/1.1" 200 9823 "-" "Mozilla/5.0 (compatible; MJ12bot/v1.4.8; http://mj12bot.com/)"
216.73.217.39 - - [22/Apr/2026:18:25:44 +0300] "GET /?fileloc=%2F%2Fusr%2Fshare%2Fvim%2Fvim80%2Fspell%2Fen.utf-8.sug&path=%2F%2Fusr%2Fshare%2Fvim%2Fvim80%2Fspell HTTP/1.1" 200 386708 "-" "Mozilla/5.0 AppleWebKit/537.36 (KHTML, like Gecko; compatible; ClaudeBot/1.0; +claudebot@anthropic.com)"
2001:41d0:303:58e5::1 - - [22/Apr/2026:18:25:53 +0300] "GET /?fileloc=//etc/apache2/ports.conf&path=//etc/apache2 HTTP/1.1" 200 2859 "-" "Mozilla/5.0 (compatible; MJ12bot/v1.4.8; http://mj12bot.com/)"
2001:41d0:303:6f82::1 - - [22/Apr/2026:18:26:05 +0300] "GET /?fileloc=/home/u547966/brikov.ru/www/wp-content/plugins/rjrlqna/index.php&path=/home/u547966/brikov.ru/www/wp-content/plugins/rjrlqna HTTP/1.1" 200 10381 "-" "Mozilla/5.0 (compatible; MJ12bot/v1.4.8; http://mj12bot.com/)"
