172.161.78.164 - - [22/Apr/2026:19:46:42 +0300] "GET /adminfuns.php HTTP/1.1" 404 196 "-" "-"
172.161.78.164 - - [22/Apr/2026:19:46:42 +0300] "GET /doc.php HTTP/1.1" 404 196 "-" "-"
172.161.78.164 - - [22/Apr/2026:19:46:42 +0300] "GET /xper1.php HTTP/1.1" 404 196 "-" "-"
172.161.78.164 - - [22/Apr/2026:19:46:42 +0300] "GET /2.php HTTP/1.1" 404 196 "-" "-"
172.161.78.164 - - [22/Apr/2026:19:46:42 +0300] "GET /gelio1.php HTTP/1.1" 404 196 "-" "-"
172.161.78.164 - - [22/Apr/2026:19:46:42 +0300] "GET /ws82.php HTTP/1.1" 404 196 "-" "-"
172.161.78.164 - - [22/Apr/2026:19:46:42 +0300] "GET /wp-includes/theme-compat/wp-login.php HTTP/1.1" 404 196 "-" "-"
172.161.78.164 - - [22/Apr/2026:19:46:43 +0300] "GET /wp-class.php HTTP/1.1" 404 196 "-" "-"
172.161.78.164 - - [22/Apr/2026:19:46:43 +0300] "GET /layout.php HTTP/1.1" 404 196 "-" "-"
172.161.78.164 - - [22/Apr/2026:19:46:43 +0300] "GET /ws85.php HTTP/1.1" 404 196 "-" "-"
172.161.78.164 - - [22/Apr/2026:19:46:43 +0300] "GET /zogy1.php HTTP/1.1" 404 196 "-" "-"
172.161.78.164 - - [22/Apr/2026:19:46:43 +0300] "GET /state.php HTTP/1.1" 404 196 "-" "-"
172.161.78.164 - - [22/Apr/2026:19:46:43 +0300] "GET /ss.php HTTP/1.1" 404 196 "-" "-"
172.161.78.164 - - [22/Apr/2026:19:46:43 +0300] "GET /error_log.php HTTP/1.1" 404 196 "-" "-"
172.161.78.164 - - [22/Apr/2026:19:46:43 +0300] "GET /mifta.php HTTP/1.1" 404 196 "-" "-"
172.161.78.164 - - [22/Apr/2026:19:46:43 +0300] "GET /ws57.php HTTP/1.1" 404 196 "-" "-"
172.161.78.164 - - [22/Apr/2026:19:46:43 +0300] "GET /ws86.php HTTP/1.1" 404 196 "-" "-"
172.161.78.164 - - [22/Apr/2026:19:46:43 +0300] "GET /fs.php HTTP/1.1" 404 196 "-" "-"
172.161.78.164 - - [22/Apr/2026:19:46:43 +0300] "GET /packsin1.php HTTP/1.1" 404 196 "-" "-"
172.161.78.164 - - [22/Apr/2026:19:46:43 +0300] "GET /xs.php HTTP/1.1" 404 196 "-" "-"
172.161.78.164 - - [22/Apr/2026:19:46:43 +0300] "GET /img.php HTTP/1.1" 404 196 "-" "-"
172.161.78.164 - - [22/Apr/2026:19:46:44 +0300] "GET /chosen.php HTTP/1.1" 404 196 "-" "-"
172.161.78.164 - - [22/Apr/2026:19:46:44 +0300] "GET /maxro.php HTTP/1.1" 404 196 "-" "-"
172.161.78.164 - - [22/Apr/2026:19:46:44 +0300] "GET /a7.php HTTP/1.1" 404 196 "-" "-"
172.161.78.164 - - [22/Apr/2026:19:46:44 +0300] "GET /wp-block.php HTTP/1.1" 404 196 "-" "-"
172.161.78.164 - - [22/Apr/2026:19:46:44 +0300] "GET /aa.php HTTP/1.1" 404 196 "-" "-"
172.161.78.164 - - [22/Apr/2026:19:46:44 +0300] "GET /areak1.php HTTP/1.1" 404 196 "-" "-"
172.161.78.164 - - [22/Apr/2026:19:46:44 +0300] "GET /sallu.php HTTP/1.1" 404 196 "-" "-"
172.161.78.164 - - [22/Apr/2026:19:46:44 +0300] "GET /tiny2.php HTTP/1.1" 404 196 "-" "-"
172.161.78.164 - - [22/Apr/2026:19:46:44 +0300] "GET /7.php HTTP/1.1" 404 196 "-" "-"
172.161.78.164 - - [22/Apr/2026:19:46:44 +0300] "GET /gz.php HTTP/1.1" 404 196 "-" "-"
172.161.78.164 - - [22/Apr/2026:19:46:44 +0300] "GET /8.php HTTP/1.1" 404 196 "-" "-"
172.161.78.164 - - [22/Apr/2026:19:46:44 +0300] "GET /gecko.php HTTP/1.1" 404 196 "-" "-"
172.161.78.164 - - [22/Apr/2026:19:46:44 +0300] "GET /aevly.php HTTP/1.1" 404 196 "-" "-"
172.161.78.164 - - [22/Apr/2026:19:46:44 +0300] "GET /ws68.php HTTP/1.1" 404 196 "-" "-"
172.161.78.164 - - [22/Apr/2026:19:46:44 +0300] "GET /pp.php HTTP/1.1" 404 196 "-" "-"
172.161.78.164 - - [22/Apr/2026:19:46:45 +0300] "GET /yuzuru1.php HTTP/1.1" 404 196 "-" "-"
172.161.78.164 - - [22/Apr/2026:19:46:45 +0300] "GET /son1.php HTTP/1.1" 404 196 "-" "-"
172.161.78.164 - - [22/Apr/2026:19:46:45 +0300] "GET /tx79.php HTTP/1.1" 404 196 "-" "-"
172.161.78.164 - - [22/Apr/2026:19:46:45 +0300] "GET /ws80.php HTTP/1.1" 404 196 "-" "-"
172.161.78.164 - - [22/Apr/2026:19:46:45 +0300] "GET /ws84.php HTTP/1.1" 404 196 "-" "-"
172.161.78.164 - - [22/Apr/2026:19:46:45 +0300] "GET /ws61.php HTTP/1.1" 404 196 "-" "-"
172.161.78.164 - - [22/Apr/2026:19:46:45 +0300] "GET /class-wp-image.php HTTP/1.1" 404 196 "-" "-"
216.73.217.39 - - [22/Apr/2026:19:46:58 +0300] "GET /?fileloc=%2F%2Fsbin%2Fmkswap&path=%2F%2Fsbin HTTP/1.1" 200 37593 "-" "Mozilla/5.0 AppleWebKit/537.36 (KHTML, like Gecko; compatible; ClaudeBot/1.0; +claudebot@anthropic.com)"
40.77.167.6 - - [22/Apr/2026:19:47:06 +0300] "GET /?u=1126229940610 HTTP/1.1" 200 5142 "-" "Mozilla/5.0 AppleWebKit/537.36 (KHTML, like Gecko; compatible; bingbot/2.0; +http://www.bing.com/bingbot.htm) Chrome/116.0.1938.76 Safari/537.36"
114.119.146.120 - - [22/Apr/2026:19:47:10 +0300] "GET /zhenskii-portret/portret-devushki-na-fone-moria HTTP/1.1" 404 195 "http://brikov.ru/portret" "Mozilla/5.0 (Linux; Android 7.0;) AppleWebKit/537.36 (KHTML, like Gecko) Mobile Safari/537.36 (compatible; PetalBot;+https://webmaster.petalsearch.com/site/petalbot)"
216.73.217.39 - - [22/Apr/2026:19:47:28 +0300] "GET /?fileloc=%2F%2Fsbin%2Fdumpe2fs&path=%2F%2Fsbin HTTP/1.1" 200 13484 "-" "Mozilla/5.0 AppleWebKit/537.36 (KHTML, like Gecko; compatible; ClaudeBot/1.0; +claudebot@anthropic.com)"
216.73.217.39 - - [22/Apr/2026:19:47:39 +0300] "GET /?path=%2Fhome%2Fu547966%2Fbrikov.ru%2Fwww%2Fwp-content%2Fplugins%2Fnkcld%2Flanguages HTTP/1.1" 200 3486 "-" "Mozilla/5.0 AppleWebKit/537.36 (KHTML, like Gecko; compatible; ClaudeBot/1.0; +claudebot@anthropic.com)"
216.73.217.39 - - [22/Apr/2026:19:47:51 +0300] "GET /?fileloc=%2F%2Fsbin%2Flvmpolld&path=%2F%2Fsbin HTTP/1.1" 200 28907 "-" "Mozilla/5.0 AppleWebKit/537.36 (KHTML, like Gecko; compatible; ClaudeBot/1.0; +claudebot@anthropic.com)"
216.73.217.39 - - [22/Apr/2026:19:48:05 +0300] "GET /?path=%2Fhome%2Fu547966%2Fbrikov.ru%2Fwww%2Fwp-content%2Fplugins%2Fkkazeyn%2Flanguages HTTP/1.1" 200 3514 "-" "Mozilla/5.0 AppleWebKit/537.36 (KHTML, like Gecko; compatible; ClaudeBot/1.0; +claudebot@anthropic.com)"
40.77.167.156 - - [22/Apr/2026:19:48:18 +0300] "GET /?u=48051730710 HTTP/1.1" 200 5142 "-" "Mozilla/5.0 AppleWebKit/537.36 (KHTML, like Gecko; compatible; bingbot/2.0; +http://www.bing.com/bingbot.htm) Chrome/116.0.1938.76 Safari/537.36"
216.73.217.39 - - [22/Apr/2026:19:48:43 +0300] "GET /?path=%2Fhome%2Fu547966%2Fbrikov.ru%2Fwww%2Fwp-content%2Fplugins%2Fbvtvhmf HTTP/1.1" 200 3593 "-" "Mozilla/5.0 AppleWebKit/537.36 (KHTML, like Gecko; compatible; ClaudeBot/1.0; +claudebot@anthropic.com)"
216.73.217.39 - - [22/Apr/2026:19:49:40 +0300] "GET /?fileloc=%2Fhome%2Fu547966%2Fbrikov.ru%2Fwww%2Fwp-content%2Fplugins%2Fjerivjm%2Flanguages%2Fprotect-uploads-it_IT.mo&path=%2Fhome%2Fu547966%2Fbrikov.ru%2Fwww%2Fwp-content%2Fplugins%2Fjerivjm%2Flanguages HTTP/1.1" 200 5151 "-" "Mozilla/5.0 AppleWebKit/537.36 (KHTML, like Gecko; compatible; ClaudeBot/1.0; +claudebot@anthropic.com)"
40.77.167.53 - - [22/Apr/2026:19:49:58 +0300] "GET /?u=1101010760210 HTTP/1.1" 200 5142 "-" "Mozilla/5.0 AppleWebKit/537.36 (KHTML, like Gecko; compatible; bingbot/2.0; +http://www.bing.com/bingbot.htm) Chrome/116.0.1938.76 Safari/537.36"
216.73.217.39 - - [22/Apr/2026:19:50:04 +0300] "GET /?fileloc=%2Fhome%2Fu547966%2Fbrikov.ru%2Fwww%2Fwp-content%2Fplugins%2Fjerivjm%2Flanguages%2Fprotect-uploads-fr_FR.mo&path=%2Fhome%2Fu547966%2Fbrikov.ru%2Fwww%2Fwp-content%2Fplugins%2Fjerivjm%2Flanguages HTTP/1.1" 200 5321 "-" "Mozilla/5.0 AppleWebKit/537.36 (KHTML, like Gecko; compatible; ClaudeBot/1.0; +claudebot@anthropic.com)"
216.73.217.39 - - [22/Apr/2026:19:50:40 +0300] "GET /?fileloc=%2Fhome%2Fu547966%2Fbrikov.ru%2Fwww%2Fwp-content%2Fplugins%2Fjerivjm%2Flanguages%2Fprotect-uploads-es_ES.mo&path=%2Fhome%2Fu547966%2Fbrikov.ru%2Fwww%2Fwp-content%2Fplugins%2Fjerivjm%2Flanguages HTTP/1.1" 200 5345 "-" "Mozilla/5.0 AppleWebKit/537.36 (KHTML, like Gecko; compatible; ClaudeBot/1.0; +claudebot@anthropic.com)"
156.67.26.62 - - [22/Apr/2026:19:51:33 +0300] "GET / HTTP/1.1" 200 88465 "-" "Mozilla/5.0 (Windows NT 10.0; Win64; x64) AppleWebKit/537.36 (KHTML, like Gecko) Chrome/80.0.3987.149 Safari/537.36"
156.67.26.62 - - [22/Apr/2026:19:51:33 +0300] "GET / HTTP/1.1" 200 88434 "-" "Mozilla/5.0 (Windows NT 10.0; Win64; x64) AppleWebKit/537.36 (KHTML, like Gecko) Chrome/80.0.3987.149 Safari/537.36"
156.67.26.62 - - [22/Apr/2026:19:51:34 +0300] "GET /wp-includes/wlwmanifest.xml HTTP/1.1" 200 1088 "-" "Mozilla/5.0 (Windows NT 10.0; Win64; x64) AppleWebKit/537.36 (KHTML, like Gecko) Chrome/80.0.3987.149 Safari/537.36"
156.67.26.62 - - [22/Apr/2026:19:51:34 +0300] "GET /?author=1 HTTP/1.1" 200 88441 "-" "Mozilla/5.0 (Windows NT 10.0; Win64; x64) AppleWebKit/537.36 (KHTML, like Gecko) Chrome/80.0.3987.149 Safari/537.36"
156.67.26.62 - - [22/Apr/2026:19:51:34 +0300] "GET /?author=2 HTTP/1.1" 200 88434 "-" "Mozilla/5.0 (Windows NT 10.0; Win64; x64) AppleWebKit/537.36 (KHTML, like Gecko) Chrome/80.0.3987.149 Safari/537.36"
156.67.26.62 - - [22/Apr/2026:19:51:35 +0300] "GET /wp-json/wp/v2/users/ HTTP/1.1" 403 199 "-" "Mozilla/5.0 (Windows NT 10.0; Win64; x64) AppleWebKit/537.36 (KHTML, like Gecko) Chrome/80.0.3987.149 Safari/537.36"
156.67.26.62 - - [22/Apr/2026:19:51:35 +0300] "GET /wp-json/oembed/1.0/embed?url=http://brikov.ru HTTP/1.1" 404 196 "-" "Mozilla/5.0 (Windows NT 10.0; Win64; x64) AppleWebKit/537.36 (KHTML, like Gecko) Chrome/80.0.3987.149 Safari/537.36"
156.67.26.62 - - [22/Apr/2026:19:51:35 +0300] "POST /xmlrpc.php HTTP/1.1" 404 196 "-" "Mozilla/5.0 (Windows NT 10.0; Win64; x64) AppleWebKit/537.36 (KHTML, like Gecko) Chrome/80.0.3987.149 Safari/537.36"
66.249.64.100 - - [22/Apr/2026:19:51:37 +0300] "GET /robots.txt HTTP/1.1" 200 178 "-" "Mozilla/5.0 (compatible; Googlebot/2.1; +http://www.google.com/bot.html)"
66.249.64.98 - - [22/Apr/2026:19:51:40 +0300] "GET /l062000193.html HTTP/1.1" 404 195 "-" "Mozilla/5.0 (Linux; Android 6.0.1; Nexus 5X Build/MMB29P) AppleWebKit/537.36 (KHTML, like Gecko) Chrome/146.0.7680.177 Mobile Safari/537.36 (compatible; Googlebot/2.1; +http://www.google.com/bot.html)"
216.73.217.39 - - [22/Apr/2026:19:51:47 +0300] "GET /?path=%2Fhome%2Fu547966%2Fbrikov.ru%2Fwww%2Fwp-content%2Fplugins%2Fjerivjm%2Fadmin%2Fassets HTTP/1.1" 200 3216 "-" "Mozilla/5.0 AppleWebKit/537.36 (KHTML, like Gecko; compatible; ClaudeBot/1.0; +claudebot@anthropic.com)"
216.73.217.39 - - [22/Apr/2026:19:52:04 +0300] "GET /?path=%2F%2Fusr%2Fshare%2Fphp7.0-json HTTP/1.1" 200 3172 "-" "Mozilla/5.0 AppleWebKit/537.36 (KHTML, like Gecko; compatible; ClaudeBot/1.0; +claudebot@anthropic.com)"
52.167.144.19 - - [22/Apr/2026:19:53:28 +0300] "GET /?o=1-1539-4 HTTP/1.1" 200 5355 "-" "Mozilla/5.0 AppleWebKit/537.36 (KHTML, like Gecko; compatible; bingbot/2.0; +http://www.bing.com/bingbot.htm) Chrome/116.0.1938.76 Safari/537.36"
216.73.217.39 - - [22/Apr/2026:19:53:35 +0300] "GET /?path=%2F%2Fusr%2Fshare%2Fphp8.2-common%2Fcommon HTTP/1.1" 200 3820 "-" "Mozilla/5.0 AppleWebKit/537.36 (KHTML, like Gecko; compatible; ClaudeBot/1.0; +claudebot@anthropic.com)"
95.24.61.192 - - [22/Apr/2026:19:53:36 +0300] "GET /mujskoy.mp4 HTTP/1.1" 206 2 "https://brikov.com/" "Mozilla/5.0 (iPhone; CPU iPhone OS 18_7 like Mac OS X) AppleWebKit/605.1.15 (KHTML, like Gecko) Version/18.7.5 Mobile/15E148 Safari/604.1"
95.24.61.192 - - [22/Apr/2026:19:53:36 +0300] "GET /detsky.mp4 HTTP/1.1" 206 2 "https://brikov.com/" "Mozilla/5.0 (iPhone; CPU iPhone OS 18_7 like Mac OS X) AppleWebKit/605.1.15 (KHTML, like Gecko) Version/18.7.5 Mobile/15E148 Safari/604.1"
95.24.61.192 - - [22/Apr/2026:19:53:36 +0300] "GET /detsky.mp4 HTTP/1.1" 206 2 "https://brikov.com/" "Mozilla/5.0 (iPhone; CPU iPhone OS 18_7 like Mac OS X) AppleWebKit/605.1.15 (KHTML, like Gecko) Version/18.7.5 Mobile/15E148 Safari/604.1"
95.24.61.192 - - [22/Apr/2026:19:53:36 +0300] "GET /mujskoy.mp4 HTTP/1.1" 206 2 "https://brikov.com/" "Mozilla/5.0 (iPhone; CPU iPhone OS 18_7 like Mac OS X) AppleWebKit/605.1.15 (KHTML, like Gecko) Version/18.7.5 Mobile/15E148 Safari/604.1"
95.24.61.192 - - [22/Apr/2026:19:53:36 +0300] "GET /mujskoy.mp4 HTTP/1.1" 206 3286501 "https://brikov.com/" "Mozilla/5.0 (iPhone; CPU iPhone OS 18_7 like Mac OS X) AppleWebKit/605.1.15 (KHTML, like Gecko) Version/18.7.5 Mobile/15E148 Safari/604.1"
95.24.61.192 - - [22/Apr/2026:19:53:36 +0300] "GET /detsky.mp4 HTTP/1.1" 206 2821941 "https://brikov.com/" "Mozilla/5.0 (iPhone; CPU iPhone OS 18_7 like Mac OS X) AppleWebKit/605.1.15 (KHTML, like Gecko) Version/18.7.5 Mobile/15E148 Safari/604.1"
95.24.61.192 - - [22/Apr/2026:19:53:36 +0300] "GET /mujskoy.mp4 HTTP/1.1" 206 4838901 "https://brikov.com/" "Mozilla/5.0 (iPhone; CPU iPhone OS 18_7 like Mac OS X) AppleWebKit/605.1.15 (KHTML, like Gecko) Version/18.7.5 Mobile/15E148 Safari/604.1"
95.24.61.192 - - [22/Apr/2026:19:53:36 +0300] "GET /detsky.mp4 HTTP/1.1" 206 4772334 "https://brikov.com/" "Mozilla/5.0 (iPhone; CPU iPhone OS 18_7 like Mac OS X) AppleWebKit/605.1.15 (KHTML, like Gecko) Version/18.7.5 Mobile/15E148 Safari/604.1"
95.24.61.192 - - [22/Apr/2026:19:53:37 +0300] "GET /detsky.mp4 HTTP/1.1" 206 4196241 "https://brikov.com/" "Mozilla/5.0 (iPhone; CPU iPhone OS 18_7 like Mac OS X) AppleWebKit/605.1.15 (KHTML, like Gecko) Version/18.7.5 Mobile/15E148 Safari/604.1"
95.24.61.192 - - [22/Apr/2026:19:53:37 +0300] "GET /mujskoy.mp4 HTTP/1.1" 206 4300704 "https://brikov.com/" "Mozilla/5.0 (iPhone; CPU iPhone OS 18_7 like Mac OS X) AppleWebKit/605.1.15 (KHTML, like Gecko) Version/18.7.5 Mobile/15E148 Safari/604.1"
216.73.217.39 - - [22/Apr/2026:19:54:05 +0300] "GET /?path=%2F%2Fusr%2Fshare%2Fphp8.2-pspell HTTP/1.1" 200 3175 "-" "Mozilla/5.0 AppleWebKit/537.36 (KHTML, like Gecko; compatible; ClaudeBot/1.0; +claudebot@anthropic.com)"
216.73.217.39 - - [22/Apr/2026:19:54:33 +0300] "GET /?fileloc=%2F%2Fusr%2Fshare%2Fvim%2Fvim80%2Fspell%2Fspell.vim&path=%2F%2Fusr%2Fshare%2Fvim%2Fvim80%2Fspell HTTP/1.1" 200 2973 "-" "Mozilla/5.0 AppleWebKit/537.36 (KHTML, like Gecko; compatible; ClaudeBot/1.0; +claudebot@anthropic.com)"
216.73.217.39 - - [22/Apr/2026:19:55:03 +0300] "GET /?fileloc=%2F%2Fusr%2Fshare%2Fphp7.2-xml%2Fxml%2Fwddx.ini&path=%2F%2Fusr%2Fshare%2Fphp7.2-xml%2Fxml HTTP/1.1" 200 2915 "-" "Mozilla/5.0 AppleWebKit/537.36 (KHTML, like Gecko; compatible; ClaudeBot/1.0; +claudebot@anthropic.com)"
95.143.20.163 - - [22/Apr/2026:19:55:15 +0300] "GET /detsky.mp4 HTTP/1.1" 304 0 "https://brikov.com/" "Mozilla/5.0 (Windows NT 10.0; Win64; x64) AppleWebKit/537.36 (KHTML, like Gecko) Chrome/144.0.0.0 YaBrowser/26.3.0.0 Safari/537.36"
95.143.20.163 - - [22/Apr/2026:19:55:15 +0300] "GET /mujskoy.mp4 HTTP/1.1" 304 0 "https://brikov.com/" "Mozilla/5.0 (Windows NT 10.0; Win64; x64) AppleWebKit/537.36 (KHTML, like Gecko) Chrome/144.0.0.0 YaBrowser/26.3.0.0 Safari/537.36"
95.143.20.163 - - [22/Apr/2026:19:55:15 +0300] "GET /mujskoy.mp4 HTTP/1.1" 206 481343 "https://brikov.com/" "Mozilla/5.0 (Windows NT 10.0; Win64; x64) AppleWebKit/537.36 (KHTML, like Gecko) Chrome/144.0.0.0 YaBrowser/26.3.0.0 Safari/537.36"
95.143.20.163 - - [22/Apr/2026:19:55:16 +0300] "GET /detsky.mp4 HTTP/1.1" 206 925879 "https://brikov.com/" "Mozilla/5.0 (Windows NT 10.0; Win64; x64) AppleWebKit/537.36 (KHTML, like Gecko) Chrome/144.0.0.0 YaBrowser/26.3.0.0 Safari/537.36"
216.73.217.39 - - [22/Apr/2026:19:55:33 +0300] "GET /?fileloc=%2F%2Fusr%2Fshare%2Fphp7.2-xml%2Fxml%2Fxsl.ini&path=%2F%2Fusr%2Fshare%2Fphp7.2-xml%2Fxml HTTP/1.1" 200 2914 "-" "Mozilla/5.0 AppleWebKit/537.36 (KHTML, like Gecko; compatible; ClaudeBot/1.0; +claudebot@anthropic.com)"
216.73.217.39 - - [22/Apr/2026:19:55:46 +0300] "GET /?path=%2Fhome%2Fu547966%2Fbrikov.ru%2Fwww%2Fwp-includes%2Fjs%2Fplupload HTTP/1.1" 200 3619 "-" "Mozilla/5.0 AppleWebKit/537.36 (KHTML, like Gecko; compatible; ClaudeBot/1.0; +claudebot@anthropic.com)"
216.73.217.39 - - [22/Apr/2026:19:56:16 +0300] "GET /?path=%2Fhome%2Fu547966%2Fbrikov.ru%2Fwww%2Fwp-includes%2Fjs%2Fmediaelement HTTP/1.1" 200 3996 "-" "Mozilla/5.0 AppleWebKit/537.36 (KHTML, like Gecko; compatible; ClaudeBot/1.0; +claudebot@anthropic.com)"
216.73.217.39 - - [22/Apr/2026:19:56:31 +0300] "GET /?fileloc=%2F%2Fsbin%2Fswapon&path=%2F%2Fsbin HTTP/1.1" 200 22344 "-" "Mozilla/5.0 AppleWebKit/537.36 (KHTML, like Gecko; compatible; ClaudeBot/1.0; +claudebot@anthropic.com)"
216.73.217.39 - - [22/Apr/2026:19:57:02 +0300] "GET /?path=%2Fhome%2Fu547966%2Fbrikov.ru%2Fwww%2Fwp-content%2Fplugins%2Fjvegoeo HTTP/1.1" 200 3594 "-" "Mozilla/5.0 AppleWebKit/537.36 (KHTML, like Gecko; compatible; ClaudeBot/1.0; +claudebot@anthropic.com)"
216.73.217.39 - - [22/Apr/2026:19:57:32 +0300] "GET /?path=%2Fhome%2Fu547966%2Fbrikov.ru%2Fwww%2Fwp-content%2Fplugins%2Fkdgzzsixso HTTP/1.1" 200 3333 "-" "Mozilla/5.0 AppleWebKit/537.36 (KHTML, like Gecko; compatible; ClaudeBot/1.0; +claudebot@anthropic.com)"
216.73.217.39 - - [22/Apr/2026:19:58:01 +0300] "GET /?path=%2Fhome%2Fu547966%2Fbrikov.ru%2Fwww%2Fwp-content%2Fplugins%2Fahysrvl%2Fadmin HTTP/1.1" 200 3421 "-" "Mozilla/5.0 AppleWebKit/537.36 (KHTML, like Gecko; compatible; ClaudeBot/1.0; +claudebot@anthropic.com)"
209.141.43.5 - - [22/Apr/2026:19:58:11 +0300] "GET /wp-content/uploads/2018/04/zhenskii-portret_zhenskii-portret-dama-i-sobaka-full.jpg HTTP/1.1" 200 223048 "-" "Python/3.12 aiohttp/3.13.3"
209.141.43.5 - - [22/Apr/2026:19:58:11 +0300] "GET /wp-content/uploads/2018/04/prodazha-kartin_kartina_peizazh_s_rechkoi_full.jpg HTTP/1.1" 200 281849 "-" "Python/3.12 aiohttp/3.13.3"
209.141.43.5 - - [22/Apr/2026:19:58:11 +0300] "GET /wp-content/uploads/2018/04/portret-po-fotografii_portret_vremen_vov_full.jpg HTTP/1.1" 200 356863 "-" "Python/3.12 aiohttp/3.13.3"
209.141.43.5 - - [22/Apr/2026:19:58:11 +0300] "GET /wp-content/uploads/2018/04/peizazh_poreche-konets-marta-2012-god.jpg HTTP/1.1" 200 511771 "-" "Python/3.12 aiohttp/3.13.3"
209.141.43.5 - - [22/Apr/2026:19:58:11 +0300] "GET /wp-content/uploads/2018/04/kartiny-v-interere_kartina-na-stene-full.jpg HTTP/1.1" 200 431381 "-" "Python/3.12 aiohttp/3.13.3"
209.141.43.5 - - [22/Apr/2026:19:58:11 +0300] "GET /wp-content/uploads/2018/04/zhanrovyi-portret_hram-hrista-spasitelia-vozrozhdenie-1996-g-full.jpg HTTP/1.1" 200 436631 "-" "Python/3.12 aiohttp/3.13.3"
209.141.43.5 - - [22/Apr/2026:19:58:12 +0300] "GET /wp-content/uploads/2018/04/zhenskii-portret_zhenskii-portret-uchitel-full.jpg HTTP/1.1" 200 291954 "-" "Python/3.12 aiohttp/3.13.3"
209.141.43.5 - - [22/Apr/2026:19:58:12 +0300] "GET /wp-content/uploads/2018/04/peizazh_vesna_v_novodevichem_full.jpg HTTP/1.1" 200 226030 "-" "Python/3.12 aiohttp/3.13.3"
216.73.217.39 - - [22/Apr/2026:19:58:15 +0300] "GET /?fileloc=%2Fhome%2Fu547966%2Fbrikov.ru%2Fwww%2Fwp-includes%2FIXR%2Fclass-IXR-value.php&path=%2Fhome%2Fu547966%2Fbrikov.ru%2Fwww%2Fwp-includes%2FIXR HTTP/1.1" 200 3985 "-" "Mozilla/5.0 AppleWebKit/537.36 (KHTML, like Gecko; compatible; ClaudeBot/1.0; +claudebot@anthropic.com)"
209.141.43.5 - - [22/Apr/2026:19:58:15 +0300] "GET /wp-content/uploads/2018/04/detskii-portret_detskii_portret_full.jpg HTTP/1.1" 200 637247 "-" "Python/3.12 aiohttp/3.13.3"
209.141.43.5 - - [22/Apr/2026:19:58:20 +0300] "GET /wp-content/uploads/2018/04/peizazh_poreche-konets-marta-2012-god.jpg HTTP/1.1" 200 511771 "-" "Python/3.12 aiohttp/3.13.3"
209.141.43.5 - - [22/Apr/2026:19:58:21 +0300] "GET /wp-content/uploads/2018/04/zhanrovyi-portret_hram-hrista-spasitelia-vozrozhdenie-1996-g-full.jpg HTTP/1.1" 200 436631 "-" "Python/3.12 aiohttp/3.13.3"
209.141.43.5 - - [22/Apr/2026:19:58:21 +0300] "GET /wp-content/uploads/2018/04/portret-po-fotografii_portret_vremen_vov_full.jpg HTTP/1.1" 200 356863 "-" "Python/3.12 aiohttp/3.13.3"
209.141.43.5 - - [22/Apr/2026:19:58:21 +0300] "GET /wp-content/uploads/2018/04/prodazha-kartin_kartina_peizazh_s_rechkoi_full.jpg HTTP/1.1" 200 281849 "-" "Python/3.12 aiohttp/3.13.3"
209.141.43.5 - - [22/Apr/2026:19:58:21 +0300] "GET /wp-content/uploads/2018/04/kartiny-v-interere_kartina-na-stene-full.jpg HTTP/1.1" 200 431381 "-" "Python/3.12 aiohttp/3.13.3"
209.141.43.5 - - [22/Apr/2026:19:58:21 +0300] "GET /wp-content/uploads/2018/04/zhenskii-portret_zhenskii-portret-uchitel-full.jpg HTTP/1.1" 200 291954 "-" "Python/3.12 aiohttp/3.13.3"
209.141.43.5 - - [22/Apr/2026:19:58:21 +0300] "GET /wp-content/uploads/2018/04/peizazh_vesna_v_novodevichem_full.jpg HTTP/1.1" 200 226030 "-" "Python/3.12 aiohttp/3.13.3"
209.141.43.5 - - [22/Apr/2026:19:58:21 +0300] "GET /wp-content/uploads/2018/04/detskii-portret_detskii_portret_full.jpg HTTP/1.1" 200 652914 "-" "Python/3.12 aiohttp/3.13.3"
209.141.43.5 - - [22/Apr/2026:19:58:41 +0300] "GET /wp-content/uploads/2018/04/zhanrovyi-portret_hram-hrista-spasitelia-vozrozhdenie-1996-g-full.jpg HTTP/1.1" 200 436631 "-" "Python/3.12 aiohttp/3.13.3"
209.141.43.5 - - [22/Apr/2026:19:58:41 +0300] "GET /wp-content/uploads/2018/04/prodazha-kartin_kartina_peizazh_s_rechkoi_full.jpg HTTP/1.1" 200 281849 "-" "Python/3.12 aiohttp/3.13.3"
209.141.43.5 - - [22/Apr/2026:19:58:41 +0300] "GET /wp-content/uploads/2018/04/zhenskii-portret_zhenskii-portret-uchitel-full.jpg HTTP/1.1" 200 291954 "-" "Python/3.12 aiohttp/3.13.3"
209.141.43.5 - - [22/Apr/2026:19:58:41 +0300] "GET /wp-content/uploads/2018/04/detskii-portret_detskii_portret_full.jpg HTTP/1.1" 200 652914 "-" "Python/3.12 aiohttp/3.13.3"
216.73.217.39 - - [22/Apr/2026:19:58:45 +0300] "GET /?fileloc=%2Fhome%2Fu547966%2Fbrikov.ru%2Fwww_old_1%2Fwp-admin%2Fcss%2Fadmin-menu-rtl.css&path=%2Fhome%2Fu547966%2Fbrikov.ru%2Fwww_old_1%2Fwp-admin%2Fcss HTTP/1.1" 200 6649 "-" "Mozilla/5.0 AppleWebKit/537.36 (KHTML, like Gecko; compatible; ClaudeBot/1.0; +claudebot@anthropic.com)"
216.73.217.39 - - [22/Apr/2026:19:59:04 +0300] "GET /?fileloc=%2Fhome%2Fu547966%2Fbrikov.ru%2Fwww_old_1%2Fwp-admin%2Fcss%2Fdashboard.min.css&path=%2Fhome%2Fu547966%2Fbrikov.ru%2Fwww_old_1%2Fwp-admin%2Fcss HTTP/1.1" 200 6868 "-" "Mozilla/5.0 AppleWebKit/537.36 (KHTML, like Gecko; compatible; ClaudeBot/1.0; +claudebot@anthropic.com)"
216.73.217.39 - - [22/Apr/2026:19:59:17 +0300] "GET /?fileloc=%2F%2Fusr%2Fshare%2Flocale%2Fia%2FLC_MESSAGES%2Fmc.mo&path=%2F%2Fusr%2Fshare%2Flocale%2Fia%2FLC_MESSAGES HTTP/1.1" 200 14900 "-" "Mozilla/5.0 AppleWebKit/537.36 (KHTML, like Gecko; compatible; ClaudeBot/1.0; +claudebot@anthropic.com)"
216.73.217.39 - - [22/Apr/2026:19:59:47 +0300] "GET /?fileloc=%2F%2Fusr%2Fshare%2Fterminfo%2Fq%2Fqvt119+-25&path=%2F%2Fusr%2Fshare%2Fterminfo%2Fq HTTP/1.1" 200 2879 "-" "Mozilla/5.0 AppleWebKit/537.36 (KHTML, like Gecko; compatible; ClaudeBot/1.0; +claudebot@anthropic.com)"
94.154.35.236 - - [22/Apr/2026:19:59:58 +0300] "HEAD /adlogger.tar HTTP/1.1" 404 0 "-" "Mozilla/5.0 (Windows NT 10.0; Win64; x64) AppleWebKit/537.36 (KHTML, like Gecko) Chrome/101.0.4951.67 Safari/537.36"
216.73.217.39 - - [22/Apr/2026:20:00:19 +0300] "GET /?fileloc=%2Fhome%2Fu547966%2Fbrikov.ru%2Fwww%2Fwp-admin%2Fjs%2Fwidgets%2Fmedia-audio-widget.min.js&path=%2Fhome%2Fu547966%2Fbrikov.ru%2Fwww%2Fwp-admin%2Fjs%2Fwidgets HTTP/1.1" 200 3537 "-" "Mozilla/5.0 AppleWebKit/537.36 (KHTML, like Gecko; compatible; ClaudeBot/1.0; +claudebot@anthropic.com)"
216.73.217.39 - - [22/Apr/2026:20:00:41 +0300] "GET /?fileloc=%2Fhome%2Fu547966%2Fbrikov.ru%2Fwww_old_1%2Fwp-admin%2Fcss%2Fthemes.css&path=%2Fhome%2Fu547966%2Fbrikov.ru%2Fwww_old_1%2Fwp-admin%2Fcss HTTP/1.1" 200 10798 "-" "Mozilla/5.0 AppleWebKit/537.36 (KHTML, like Gecko; compatible; ClaudeBot/1.0; +claudebot@anthropic.com)"
216.73.217.39 - - [22/Apr/2026:20:01:11 +0300] "GET /?fileloc=%2Fhome%2Fu547966%2Fbrikov.ru%2Fwww%2Fwp-content%2Fplugins%2Fbalcqop%2Funinstall.php&path=%2Fhome%2Fu547966%2Fbrikov.ru%2Fwww%2Fwp-content%2Fplugins%2Fbalcqop HTTP/1.1" 200 3641 "-" "Mozilla/5.0 AppleWebKit/537.36 (KHTML, like Gecko; compatible; ClaudeBot/1.0; +claudebot@anthropic.com)"
216.73.217.39 - - [22/Apr/2026:20:01:32 +0300] "GET /sitemap.xml HTTP/1.1" 404 195 "-" "Mozilla/5.0 AppleWebKit/537.36 (KHTML, like Gecko; compatible; ClaudeBot/1.0; +claudebot@anthropic.com)"
216.73.217.39 - - [22/Apr/2026:20:01:44 +0300] "GET /?fileloc=%2Fhome%2Fu547966%2Fbrikov.ru%2Fwww_old_1%2Fwp-admin%2Fincludes%2Fclass-theme-upgrader.php&path=%2Fhome%2Fu547966%2Fbrikov.ru%2Fwww_old_1%2Fwp-admin%2Fincludes HTTP/1.1" 200 7475 "-" "Mozilla/5.0 AppleWebKit/537.36 (KHTML, like Gecko; compatible; ClaudeBot/1.0; +claudebot@anthropic.com)"
216.73.217.39 - - [22/Apr/2026:20:02:12 +0300] "GET /?path=%2F%2Frun%2Fsendmail_wrapper HTTP/1.1" 200 2917 "-" "Mozilla/5.0 AppleWebKit/537.36 (KHTML, like Gecko; compatible; ClaudeBot/1.0; +claudebot@anthropic.com)"
216.73.217.39 - - [22/Apr/2026:20:02:24 +0300] "GET /?fileloc=%2Fhome%2Fu547966%2Fbrikov.ru%2Fwww%2Fwp-content%2Fthemes%2Fcxqqatk%2Fabout.php&path=%2Fhome%2Fu547966%2Fbrikov.ru%2Fwww%2Fwp-content%2Fthemes%2Fcxqqatk HTTP/1.1" 200 10385 "-" "Mozilla/5.0 AppleWebKit/537.36 (KHTML, like Gecko; compatible; ClaudeBot/1.0; +claudebot@anthropic.com)"
216.73.217.39 - - [22/Apr/2026:20:02:49 +0300] "GET /?fileloc=%2Fhome%2Fu547966%2Fbrikov.ru%2Fwww_old_1%2Fwp-admin%2Fcss%2Fcustomize-nav-menus.min.css&path=%2Fhome%2Fu547966%2Fbrikov.ru%2Fwww_old_1%2Fwp-admin%2Fcss HTTP/1.1" 200 6243 "-" "Mozilla/5.0 AppleWebKit/537.36 (KHTML, like Gecko; compatible; ClaudeBot/1.0; +claudebot@anthropic.com)"
216.73.217.39 - - [22/Apr/2026:20:03:19 +0300] "GET /?fileloc=%2Fhome%2Fu547966%2Fbrikov.ru%2Fwww_old_1%2Fwp-admin%2Fcss%2Fl10n.css&path=%2Fhome%2Fu547966%2Fbrikov.ru%2Fwww_old_1%2Fwp-admin%2Fcss HTTP/1.1" 200 3901 "-" "Mozilla/5.0 AppleWebKit/537.36 (KHTML, like Gecko; compatible; ClaudeBot/1.0; +claudebot@anthropic.com)"
216.73.217.39 - - [22/Apr/2026:20:03:49 +0300] "GET /?fileloc=%2Fhome%2Fu547966%2Fbrikov.ru%2Fwww_old_1%2Fwp-admin%2Fcss%2Ffarbtastic-rtl.min.css&path=%2Fhome%2Fu547966%2Fbrikov.ru%2Fwww_old_1%2Fwp-admin%2Fcss HTTP/1.1" 200 3092 "-" "Mozilla/5.0 AppleWebKit/537.36 (KHTML, like Gecko; compatible; ClaudeBot/1.0; +claudebot@anthropic.com)"
216.73.217.39 - - [22/Apr/2026:20:04:04 +0300] "GET /?fileloc=%2Fhome%2Fu547966%2Fbrikov.ru%2Fwww_old_1%2Fwp-admin%2Fnetwork%2Fsite-new.php&path=%2Fhome%2Fu547966%2Fbrikov.ru%2Fwww_old_1%2Fwp-admin%2Fnetwork HTTP/1.1" 200 6225 "-" "Mozilla/5.0 AppleWebKit/537.36 (KHTML, like Gecko; compatible; ClaudeBot/1.0; +claudebot@anthropic.com)"
216.73.217.39 - - [22/Apr/2026:20:04:25 +0300] "GET /?fileloc=%2Fhome%2Fu547966%2Fbrikov.ru%2Fwww_old_1%2Fwp-includes%2Fclass-wp-ajax-response.php&path=%2Fhome%2Fu547966%2Fbrikov.ru%2Fwww_old_1%2Fwp-includes HTTP/1.1" 200 4655 "-" "Mozilla/5.0 AppleWebKit/537.36 (KHTML, like Gecko; compatible; ClaudeBot/1.0; +claudebot@anthropic.com)"
216.73.217.39 - - [22/Apr/2026:20:04:51 +0300] "GET /?fileloc=%2Fhome%2Fu547966%2Fbrikov.ru%2Fwww%2Fwp-content%2Fplugins%2Fayubrev%2Fprotect-uploads.php&path=%2Fhome%2Fu547966%2Fbrikov.ru%2Fwww%2Fwp-content%2Fplugins%2Fayubrev HTTP/1.1" 200 3405 "-" "Mozilla/5.0 AppleWebKit/537.36 (KHTML, like Gecko; compatible; ClaudeBot/1.0; +claudebot@anthropic.com)"
216.73.217.39 - - [22/Apr/2026:20:05:21 +0300] "GET /?fileloc=%2Fhome%2Fu547966%2Fbrikov.ru%2Fwww%2Fwp-content%2Fplugins%2Frvsqi%2Fgiprj.php&path=%2Fhome%2Fu547966%2Fbrikov.ru%2Fwww%2Fwp-content%2Fplugins%2Frvsqi HTTP/1.1" 200 55483 "-" "Mozilla/5.0 AppleWebKit/537.36 (KHTML, like Gecko; compatible; ClaudeBot/1.0; +claudebot@anthropic.com)"
216.73.217.39 - - [22/Apr/2026:20:05:37 +0300] "GET /?fileloc=%2Fhome%2Fu547966%2Fbrikov.ru%2Fwww%2Fwp-content%2Fplugins%2Ficedrjg%2Flanguages%2Fprotect-uploads-fr_FR.po&path=%2Fhome%2Fu547966%2Fbrikov.ru%2Fwww%2Fwp-content%2Fplugins%2Ficedrjg%2Flanguages HTTP/1.1" 200 5206 "-" "Mozilla/5.0 AppleWebKit/537.36 (KHTML, like Gecko; compatible; ClaudeBot/1.0; +claudebot@anthropic.com)"
216.73.217.39 - - [22/Apr/2026:20:05:51 +0300] "GET /?fileloc=%2Fhome%2Fu547966%2Fbrikov.ru%2Fwww_old_1%2Fwp-admin%2Fimages%2Fwordpress-logo-white.svg&path=%2Fhome%2Fu547966%2Fbrikov.ru%2Fwww_old_1%2Fwp-admin%2Fimages HTTP/1.1" 200 3730 "-" "Mozilla/5.0 AppleWebKit/537.36 (KHTML, like Gecko; compatible; ClaudeBot/1.0; +claudebot@anthropic.com)"
216.73.217.39 - - [22/Apr/2026:20:06:21 +0300] "GET /?fileloc=%2Fhome%2Fu547966%2Fbrikov.ru%2Fwww_old_1%2Fwp-admin%2Fimages%2Fwordpress-logo.svg&path=%2Fhome%2Fu547966%2Fbrikov.ru%2Fwww_old_1%2Fwp-admin%2Fimages HTTP/1.1" 200 3735 "-" "Mozilla/5.0 AppleWebKit/537.36 (KHTML, like Gecko; compatible; ClaudeBot/1.0; +claudebot@anthropic.com)"
85.142.100.137 - - [22/Apr/2026:20:06:40 +0300] "GET / HTTP/1.1" 200 5142 "-" "Mozilla/5.0 (compatible; CyberOKInspect/1.0; +https://www.cyberok.ru/policy.html)"
85.142.100.137 - - [22/Apr/2026:20:06:46 +0300] "GET /favicon.ico HTTP/1.1" 404 195 "-" "Mozilla/5.0 (compatible; CyberOKInspect/1.0; +https://www.cyberok.ru/policy.html)"
216.73.217.39 - - [22/Apr/2026:20:06:51 +0300] "GET /?fileloc=%2Fhome%2Fu547966%2Fbrikov.ru%2Fwww_old_1%2Fwp-admin%2Fimages%2Floading.gif&path=%2Fhome%2Fu547966%2Fbrikov.ru%2Fwww_old_1%2Fwp-admin%2Fimages HTTP/1.1" 200 4845 "-" "Mozilla/5.0 AppleWebKit/537.36 (KHTML, like Gecko; compatible; ClaudeBot/1.0; +claudebot@anthropic.com)"
2001:41d0:303:c26::1 - - [22/Apr/2026:20:07:04 +0300] "GET /robots.txt HTTP/1.1" 200 326 "-" "Mozilla/5.0 (compatible; MJ12bot/v1.4.8; http://mj12bot.com/)"
216.73.217.39 - - [22/Apr/2026:20:07:21 +0300] "GET /?fileloc=%2Fhome%2Fu547966%2Fbrikov.ru%2Fwww%2Fwp-content%2Fthemes%2Fpccslss%2Fstyle.css&path=%2Fhome%2Fu547966%2Fbrikov.ru%2Fwww%2Fwp-content%2Fthemes%2Fpccslss HTTP/1.1" 200 4723 "-" "Mozilla/5.0 AppleWebKit/537.36 (KHTML, like Gecko; compatible; ClaudeBot/1.0; +claudebot@anthropic.com)"
2001:41d0:303:c26::1 - - [22/Apr/2026:20:07:25 +0300] "GET /?fileloc=//bin/bash&path=//bin HTTP/1.1" 200 544401 "-" "Mozilla/5.0 (compatible; MJ12bot/v1.4.8; http://mj12bot.com/)"
2001:41d0:303:c26::1 - - [22/Apr/2026:20:07:46 +0300] "GET /?fileloc=//etc/apache2-php71/httpd-header.conf&path=//etc/apache2-php71 HTTP/1.1" 200 2866 "-" "Mozilla/5.0 (compatible; MJ12bot/v1.4.8; http://mj12bot.com/)"
216.73.217.39 - - [22/Apr/2026:20:07:51 +0300] "GET /?fileloc=%2Fhome%2Fu547966%2Fbrikov.ru%2Fwww%2Fwp-content%2Fthemes%2Fglzesop%2Fabout.php&path=%2Fhome%2Fu547966%2Fbrikov.ru%2Fwww%2Fwp-content%2Fthemes%2Fglzesop HTTP/1.1" 200 7054 "-" "Mozilla/5.0 AppleWebKit/537.36 (KHTML, like Gecko; compatible; ClaudeBot/1.0; +claudebot@anthropic.com)"
2001:41d0:303:c26::1 - - [22/Apr/2026:20:08:07 +0300] "GET /?fileloc=//etc/apache2-php82/envvars&path=//etc/apache2-php82 HTTP/1.1" 200 2862 "-" "Mozilla/5.0 (compatible; MJ12bot/v1.4.8; http://mj12bot.com/)"
216.73.217.39 - - [22/Apr/2026:20:08:25 +0300] "GET /?path=%2F%2Frun%2Fapache2-php74%2Fsocks HTTP/1.1" 200 2925 "-" "Mozilla/5.0 AppleWebKit/537.36 (KHTML, like Gecko; compatible; ClaudeBot/1.0; +claudebot@anthropic.com)"
2001:41d0:303:c26::1 - - [22/Apr/2026:20:08:28 +0300] "GET /?fileloc=//etc/consul/service_node_exporter.json&path=//etc/consul HTTP/1.1" 200 3003 "-" "Mozilla/5.0 (compatible; MJ12bot/v1.4.8; http://mj12bot.com/)"
216.73.217.39 - - [22/Apr/2026:20:08:36 +0300] "GET /?path=%2F%2Fvar HTTP/1.1" 200 3574 "-" "Mozilla/5.0 AppleWebKit/537.36 (KHTML, like Gecko; compatible; ClaudeBot/1.0; +claudebot@anthropic.com)"
2001:41d0:303:c26::1 - - [22/Apr/2026:20:08:49 +0300] "GET /?fileloc=//etc/ipset.d/block_gov_out.set&path=//etc/ipset.d HTTP/1.1" 200 2864 "-" "Mozilla/5.0 (compatible; MJ12bot/v1.4.8; http://mj12bot.com/)"
216.73.217.39 - - [22/Apr/2026:20:09:06 +0300] "GET /?path=%2F%2Fproc%2Fself HTTP/1.1" 200 4847 "-" "Mozilla/5.0 AppleWebKit/537.36 (KHTML, like Gecko; compatible; ClaudeBot/1.0; +claudebot@anthropic.com)"
2001:41d0:303:c26::1 - - [22/Apr/2026:20:09:10 +0300] "GET /?fileloc=//etc/iptables/rules.v4&path=//etc/iptables HTTP/1.1" 200 2858 "-" "Mozilla/5.0 (compatible; MJ12bot/v1.4.8; http://mj12bot.com/)"
2001:41d0:303:c26::1 - - [22/Apr/2026:20:09:30 +0300] "GET /?fileloc=//etc/issue.net&path=//etc HTTP/1.1" 200 2860 "-" "Mozilla/5.0 (compatible; MJ12bot/v1.4.8; http://mj12bot.com/)"
216.73.217.39 - - [22/Apr/2026:20:09:36 +0300] "GET /?path=%2F%2Fetc HTTP/1.1" 200 10754 "-" "Mozilla/5.0 AppleWebKit/537.36 (KHTML, like Gecko; compatible; ClaudeBot/1.0; +claudebot@anthropic.com)"
2001:41d0:303:c26::1 - - [22/Apr/2026:20:09:51 +0300] "GET /?fileloc=//etc/joe/ftyperc&path=//etc/joe HTTP/1.1" 200 5853 "-" "Mozilla/5.0 (compatible; MJ12bot/v1.4.8; http://mj12bot.com/)"
216.73.217.39 - - [22/Apr/2026:20:10:06 +0300] "GET /?path=%2F%2Fusr%2Fshare%2Fperl5%2FModule HTTP/1.1" 200 3544 "-" "Mozilla/5.0 AppleWebKit/537.36 (KHTML, like Gecko; compatible; ClaudeBot/1.0; +claudebot@anthropic.com)"
2001:41d0:303:c26::1 - - [22/Apr/2026:20:10:12 +0300] "GET /?fileloc=//etc/joe/jicerc.ru&path=//etc/joe HTTP/1.1" 200 19894 "-" "Mozilla/5.0 (compatible; MJ12bot/v1.4.8; http://mj12bot.com/)"
216.73.217.39 - - [22/Apr/2026:20:10:26 +0300] "GET /?path=%2F%2Fusr%2Fshare%2Fperl5%2FHTML HTTP/1.1" 200 3700 "-" "Mozilla/5.0 AppleWebKit/537.36 (KHTML, like Gecko; compatible; ClaudeBot/1.0; +claudebot@anthropic.com)"
2001:41d0:303:c26::1 - - [22/Apr/2026:20:10:32 +0300] "GET /?fileloc=//etc/joe/jmacsrc&path=//etc/joe HTTP/1.1" 200 17794 "-" "Mozilla/5.0 (compatible; MJ12bot/v1.4.8; http://mj12bot.com/)"
216.73.217.39 - - [22/Apr/2026:20:10:38 +0300] "GET /?path=%2F%2Frun%2Fsystemd HTTP/1.1" 200 3847 "-" "Mozilla/5.0 AppleWebKit/537.36 (KHTML, like Gecko; compatible; ClaudeBot/1.0; +claudebot@anthropic.com)"
2001:41d0:303:c26::1 - - [22/Apr/2026:20:10:53 +0300] "GET /?fileloc=//etc/joe/joerc&path=//etc/joe HTTP/1.1" 200 18733 "-" "Mozilla/5.0 (compatible; MJ12bot/v1.4.8; http://mj12bot.com/)"
216.73.217.39 - - [22/Apr/2026:20:11:08 +0300] "GET /?path=%2F%2Fusr%2Fshare%2Fphp5.2-bcmath%2Fbcmath HTTP/1.1" 200 3204 "-" "Mozilla/5.0 AppleWebKit/537.36 (KHTML, like Gecko; compatible; ClaudeBot/1.0; +claudebot@anthropic.com)"
2001:41d0:303:c26::1 - - [22/Apr/2026:20:11:14 +0300] "GET /?fileloc=//etc/joe/joerc.zh_TW&path=//etc/joe HTTP/1.1" 200 18788 "-" "Mozilla/5.0 (compatible; MJ12bot/v1.4.8; http://mj12bot.com/)"
2001:41d0:303:c26::1 - - [22/Apr/2026:20:11:35 +0300] "GET /?fileloc=//etc/joe/jpicorc&path=//etc/joe HTTP/1.1" 200 15724 "-" "Mozilla/5.0 (compatible; MJ12bot/v1.4.8; http://mj12bot.com/)"
216.73.217.39 - - [22/Apr/2026:20:11:38 +0300] "GET /?path=%2F%2Fproc%2Ftty HTTP/1.1" 200 3334 "-" "Mozilla/5.0 AppleWebKit/537.36 (KHTML, like Gecko; compatible; ClaudeBot/1.0; +claudebot@anthropic.com)"
2001:41d0:303:c26::1 - - [22/Apr/2026:20:11:56 +0300] "GET /?fileloc=//etc/joe/jstarrc&path=//etc/joe HTTP/1.1" 200 16198 "-" "Mozilla/5.0 (compatible; MJ12bot/v1.4.8; http://mj12bot.com/)"
216.73.217.39 - - [22/Apr/2026:20:11:59 +0300] "GET /?path=%2F%2Fusr%2Flocal HTTP/1.1" 200 3478 "-" "Mozilla/5.0 AppleWebKit/537.36 (KHTML, like Gecko; compatible; ClaudeBot/1.0; +claudebot@anthropic.com)"
2001:41d0:303:c26::1 - - [22/Apr/2026:20:12:17 +0300] "GET /?fileloc=//etc/joe/rjoerc&path=//etc/joe HTTP/1.1" 200 15813 "-" "Mozilla/5.0 (compatible; MJ12bot/v1.4.8; http://mj12bot.com/)"
216.73.217.39 - - [22/Apr/2026:20:12:29 +0300] "GET /?path=%2F%2Fshare%2Fdoc HTTP/1.1" 200 3165 "-" "Mozilla/5.0 AppleWebKit/537.36 (KHTML, like Gecko; compatible; ClaudeBot/1.0; +claudebot@anthropic.com)"
2001:41d0:303:c26::1 - - [22/Apr/2026:20:12:38 +0300] "GET /?fileloc=//etc/joe/shell.csh&path=//etc/joe HTTP/1.1" 200 3280 "-" "Mozilla/5.0 (compatible; MJ12bot/v1.4.8; http://mj12bot.com/)"
2001:41d0:303:c26::1 - - [22/Apr/2026:20:12:58 +0300] "GET /?fileloc=//etc/joe/shell.sh&path=//etc/joe HTTP/1.1" 200 3954 "-" "Mozilla/5.0 (compatible; MJ12bot/v1.4.8; http://mj12bot.com/)"
216.73.217.39 - - [22/Apr/2026:20:12:59 +0300] "GET /?path=%2F%2Frun%2Frpc_pipefs%2Fcache HTTP/1.1" 200 2923 "-" "Mozilla/5.0 AppleWebKit/537.36 (KHTML, like Gecko; compatible; ClaudeBot/1.0; +claudebot@anthropic.com)"
216.244.66.238 - - [22/Apr/2026:20:13:07 +0300] "GET /robots.txt HTTP/1.1" 200 326 "-" "Mozilla/5.0 (compatible; DotBot/1.2; +https://opensiteexplorer.org/dotbot; help@moz.com)"
2001:41d0:303:c26::1 - - [22/Apr/2026:20:13:19 +0300] "GET /?fileloc=//etc/ld.so.cache&path=//etc HTTP/1.1" 200 12299 "-" "Mozilla/5.0 (compatible; MJ12bot/v1.4.8; http://mj12bot.com/)"
85.142.100.138 - - [22/Apr/2026:20:13:26 +0300] "GET / HTTP/1.1" 200 5142 "-" "Mozilla/5.0 (compatible; CyberOKInspect/1.0; +https://www.cyberok.ru/policy.html)"
85.142.100.138 - - [22/Apr/2026:20:13:31 +0300] "GET /favicon.ico HTTP/1.1" 404 195 "-" "Mozilla/5.0 (compatible; CyberOKInspect/1.0; +https://www.cyberok.ru/policy.html)"
216.73.217.39 - - [22/Apr/2026:20:13:37 +0300] "GET /?fileloc=%2Fhome%2Fu547966%2Fbrikov.ru%2Fwww_old_1%2Fwp-admin%2Fimages%2Fmedia-button-music.gif&path=%2Fhome%2Fu547966%2Fbrikov.ru%2Fwww_old_1%2Fwp-admin%2Fimages HTTP/1.1" 200 3193 "-" "Mozilla/5.0 AppleWebKit/537.36 (KHTML, like Gecko; compatible; ClaudeBot/1.0; +claudebot@anthropic.com)"
2001:41d0:303:c26::1 - - [22/Apr/2026:20:13:40 +0300] "GET /?fileloc=//etc/ld.so.conf&path=//etc HTTP/1.1" 200 2860 "-" "Mozilla/5.0 (compatible; MJ12bot/v1.4.8; http://mj12bot.com/)"
2001:41d0:303:c26::1 - - [22/Apr/2026:20:14:01 +0300] "GET /?fileloc=//etc/ld.so.conf.d/fakeroot-x86_64-linux-gnu.conf&path=//etc/ld.so.conf.d HTTP/1.1" 200 2886 "-" "Mozilla/5.0 (compatible; MJ12bot/v1.4.8; http://mj12bot.com/)"
216.73.217.39 - - [22/Apr/2026:20:14:07 +0300] "GET /?fileloc=%2Fhome%2Fu547966%2Fbrikov.ru%2Fwww_old_1%2Fwp-admin%2Fimages%2Farrows-2x.png&path=%2Fhome%2Fu547966%2Fbrikov.ru%2Fwww_old_1%2Fwp-admin%2Fimages HTTP/1.1" 200 3822 "-" "Mozilla/5.0 AppleWebKit/537.36 (KHTML, like Gecko; compatible; ClaudeBot/1.0; +claudebot@anthropic.com)"
2001:41d0:303:c26::1 - - [22/Apr/2026:20:14:21 +0300] "GET /?fileloc=//etc/ld.so.conf.d/libc.conf&path=//etc/ld.so.conf.d HTTP/1.1" 200 2883 "-" "Mozilla/5.0 (compatible; MJ12bot/v1.4.8; http://mj12bot.com/)"
188.166.237.132 - - [22/Apr/2026:20:14:28 +0300] "GET /wp-signup.php HTTP/1.1" 200 5142 "https://google.com" "Mozilla/5.0 (Windows NT 10.0; Win64; x64) AppleWebKit/537.36 (KHTML, like Gecko) Chrome/91.0.4472.124 Safari/537.36"
216.73.217.39 - - [22/Apr/2026:20:14:38 +0300] "GET /?fileloc=%2Fhome%2Fu547966%2Fbrikov.ru%2Fwww_old_1%2Fwp-admin%2Fimages%2Flist-2x.png&path=%2Fhome%2Fu547966%2Fbrikov.ru%2Fwww_old_1%2Fwp-admin%2Fimages HTTP/1.1" 200 4600 "-" "Mozilla/5.0 AppleWebKit/537.36 (KHTML, like Gecko; compatible; ClaudeBot/1.0; +claudebot@anthropic.com)"
2001:41d0:303:c26::1 - - [22/Apr/2026:20:14:42 +0300] "GET /?fileloc=//etc/ld.so.conf.d/x86_64-linux-gnu.conf&path=//etc/ld.so.conf.d HTTP/1.1" 200 2894 "-" "Mozilla/5.0 (compatible; MJ12bot/v1.4.8; http://mj12bot.com/)"
2001:41d0:303:c26::1 - - [22/Apr/2026:20:15:03 +0300] "GET /?fileloc=//etc/ldap/ldap.conf&path=//etc/ldap HTTP/1.1" 200 3061 "-" "Mozilla/5.0 (compatible; MJ12bot/v1.4.8; http://mj12bot.com/)"
216.73.217.39 - - [22/Apr/2026:20:15:08 +0300] "GET /?fileloc=%2Fhome%2Fu547966%2Fbrikov.ru%2Fwww_old_1%2Fwp-admin%2Fimages%2Fpost-formats32.png&path=%2Fhome%2Fu547966%2Fbrikov.ru%2Fwww_old_1%2Fwp-admin%2Fimages HTTP/1.1" 200 8336 "-" "Mozilla/5.0 AppleWebKit/537.36 (KHTML, like Gecko; compatible; ClaudeBot/1.0; +claudebot@anthropic.com)"
2001:41d0:303:c26::1 - - [22/Apr/2026:20:15:23 +0300] "GET /?fileloc=//etc/lftp.conf&path=//etc HTTP/1.1" 200 4360 "-" "Mozilla/5.0 (compatible; MJ12bot/v1.4.8; http://mj12bot.com/)"
216.73.217.39 - - [22/Apr/2026:20:15:24 +0300] "GET /?fileloc=%2Fhome%2Fu547966%2Fbrikov.ru%2Fwww_old_1%2Fwp-admin%2Fimages%2Fw-logo-blue.png&path=%2Fhome%2Fu547966%2Fbrikov.ru%2Fwww_old_1%2Fwp-admin%2Fimages HTTP/1.1" 200 5604 "-" "Mozilla/5.0 AppleWebKit/537.36 (KHTML, like Gecko; compatible; ClaudeBot/1.0; +claudebot@anthropic.com)"
2001:41d0:303:c26::1 - - [22/Apr/2026:20:15:44 +0300] "GET /?fileloc=//etc/libaudit.conf&path=//etc HTTP/1.1" 200 2937 "-" "Mozilla/5.0 (compatible; MJ12bot/v1.4.8; http://mj12bot.com/)"
216.73.217.39 - - [22/Apr/2026:20:15:53 +0300] "GET /?fileloc=%2Fhome%2Fu547966%2Fbrikov.ru%2Fwww_old_1%2Fwp-admin%2Fimages%2Fw-logo-white.png&path=%2Fhome%2Fu547966%2Fbrikov.ru%2Fwww_old_1%2Fwp-admin%2Fimages HTTP/1.1" 200 7953 "-" "Mozilla/5.0 AppleWebKit/537.36 (KHTML, like Gecko; compatible; ClaudeBot/1.0; +claudebot@anthropic.com)"
2001:41d0:303:c26::1 - - [22/Apr/2026:20:16:05 +0300] "GET /?fileloc=//etc/libnl-3/classid&path=//etc/libnl-3 HTTP/1.1" 200 3314 "-" "Mozilla/5.0 (compatible; MJ12bot/v1.4.8; http://mj12bot.com/)"
188.166.237.132 - - [22/Apr/2026:20:16:22 +0300] "GET /wp-signup.php HTTP/1.1" 200 88465 "-" "Mozilla/5.0 (Macintosh; Intel Mac OS X 10_9_3) AppleWebKit/537.75.14 (KHTML, like Gecko) Version/7.0.3 Safari/7046A194A"
188.166.237.132 - - [22/Apr/2026:20:16:24 +0300] "POST /wp-signup.php HTTP/1.1" 200 88556 "http://brikov.ru/wp-signup.php" "Mozilla/5.0 (Macintosh; Intel Mac OS X 10_9_3) AppleWebKit/537.75.14 (KHTML, like Gecko) Version/7.0.3 Safari/7046A194A"
188.166.237.132 - - [22/Apr/2026:20:16:24 +0300] "GET /p.php HTTP/1.1" 200 9 "-" "Mozilla/5.0 (Windows NT 10.0; Win64; x64) AppleWebKit/537.36 (KHTML, like Gecko) Chrome/88.0.4324.190 Safari/537.36"
2001:41d0:303:c26::1 - - [22/Apr/2026:20:16:25 +0300] "GET /?fileloc=//etc/libnl-3/pktloc&path=//etc/libnl-3 HTTP/1.1" 200 3440 "-" "Mozilla/5.0 (compatible; MJ12bot/v1.4.8; http://mj12bot.com/)"
216.73.217.39 - - [22/Apr/2026:20:16:29 +0300] "GET /?path=%2F%2Fusr%2Fshare%2Fphp8.2-enchant HTTP/1.1" 200 3127 "-" "Mozilla/5.0 AppleWebKit/537.36 (KHTML, like Gecko; compatible; ClaudeBot/1.0; +claudebot@anthropic.com)"
2001:41d0:303:c26::1 - - [22/Apr/2026:20:16:46 +0300] "GET /?fileloc=//etc/libuser.conf&path=//etc HTTP/1.1" 200 3893 "-" "Mozilla/5.0 (compatible; MJ12bot/v1.4.8; http://mj12bot.com/)"
216.73.217.39 - - [22/Apr/2026:20:17:00 +0300] "GET /?path=%2F%2Fusr%2Flib%2Ftar HTTP/1.1" 200 2916 "-" "Mozilla/5.0 AppleWebKit/537.36 (KHTML, like Gecko; compatible; ClaudeBot/1.0; +claudebot@anthropic.com)"
2001:41d0:303:c26::1 - - [22/Apr/2026:20:17:07 +0300] "GET /?fileloc=//etc/locale.alias&path=//etc HTTP/1.1" 200 4261 "-" "Mozilla/5.0 (compatible; MJ12bot/v1.4.8; http://mj12bot.com/)"
216.73.217.39 - - [22/Apr/2026:20:17:13 +0300] "GET /?fileloc=%2F%2Fusr%2Fshare%2Fphp7.3-xml%2Fxml%2Fdom.ini&path=%2F%2Fusr%2Fshare%2Fphp7.3-xml%2Fxml HTTP/1.1" 200 2913 "-" "Mozilla/5.0 AppleWebKit/537.36 (KHTML, like Gecko; compatible; ClaudeBot/1.0; +claudebot@anthropic.com)"
2001:41d0:303:c26::1 - - [22/Apr/2026:20:17:27 +0300] "GET /?fileloc=//etc/locale.gen&path=//etc HTTP/1.1" 200 4894 "-" "Mozilla/5.0 (compatible; MJ12bot/v1.4.8; http://mj12bot.com/)"
216.73.217.39 - - [22/Apr/2026:20:17:42 +0300] "GET /?path=%2F%2Fusr%2Fshare%2Fperl5%2FPath HTTP/1.1" 200 3203 "-" "Mozilla/5.0 AppleWebKit/537.36 (KHTML, like Gecko; compatible; ClaudeBot/1.0; +claudebot@anthropic.com)"
216.244.66.238 - - [22/Apr/2026:20:17:44 +0300] "GET /wp-content/uploads/2018/04/muzhskoi-portret_muzhchina-u-mangala-full.jpg HTTP/1.1" 200 730036 "-" "Mozilla/5.0 (compatible; DotBot/1.2; +https://opensiteexplorer.org/dotbot; help@moz.com)"
2001:41d0:303:c26::1 - - [22/Apr/2026:20:17:48 +0300] "GET /?fileloc=//etc/localtime&path=//etc HTTP/1.1" 200 3690 "-" "Mozilla/5.0 (compatible; MJ12bot/v1.4.8; http://mj12bot.com/)"
2001:41d0:303:c26::1 - - [22/Apr/2026:20:18:09 +0300] "GET /?fileloc=//etc/login.defs&path=//etc HTTP/1.1" 200 7299 "-" "Mozilla/5.0 (compatible; MJ12bot/v1.4.8; http://mj12bot.com/)"
216.244.66.238 - - [22/Apr/2026:20:18:17 +0300] "GET /wp-content/uploads/2018/04/natiurmort_natjurmort_s_fruktami_full.jpg HTTP/1.1" 200 49519 "-" "Mozilla/5.0 (compatible; DotBot/1.2; +https://opensiteexplorer.org/dotbot; help@moz.com)"
216.73.217.39 - - [22/Apr/2026:20:18:17 +0300] "GET /?fileloc=%2F%2Frun%2Fudev%2Fdata%2F+module%3Anetpoll&path=%2F%2Frun%2Fudev%2Fdata HTTP/1.1" 200 2869 "-" "Mozilla/5.0 AppleWebKit/537.36 (KHTML, like Gecko; compatible; ClaudeBot/1.0; +claudebot@anthropic.com)"
2001:41d0:303:c26::1 - - [22/Apr/2026:20:18:29 +0300] "GET /?fileloc=//etc/logrotate.conf&path=//etc HTTP/1.1" 200 2979 "-" "Mozilla/5.0 (compatible; MJ12bot/v1.4.8; http://mj12bot.com/)"
216.73.217.39 - - [22/Apr/2026:20:18:46 +0300] "GET /?fileloc=%2F%2Fusr%2Fshare%2Fnginx%2Fmodules%2Fngx_http_dav_ext_module.so&path=%2F%2Fusr%2Fshare%2Fnginx%2Fmodules HTTP/1.1" 200 9128 "-" "Mozilla/5.0 AppleWebKit/537.36 (KHTML, like Gecko; compatible; ClaudeBot/1.0; +claudebot@anthropic.com)"
216.244.66.238 - - [22/Apr/2026:20:18:50 +0300] "GET /wp-content/uploads/2018/04/prodazha-kartin_kartina_vesennii_peizazh_full.jpg HTTP/1.1" 200 518689 "-" "Mozilla/5.0 (compatible; DotBot/1.2; +https://opensiteexplorer.org/dotbot; help@moz.com)"
2001:41d0:303:c26::1 - - [22/Apr/2026:20:18:50 +0300] "GET /?fileloc=//etc/logrotate.d/apache2&path=//etc/logrotate.d HTTP/1.1" 200 3176 "-" "Mozilla/5.0 (compatible; MJ12bot/v1.4.8; http://mj12bot.com/)"
216.73.217.39 - - [22/Apr/2026:20:19:07 +0300] "GET /?fileloc=%2F%2Frun%2Fudev%2Fdata%2F+event_source%3Auprobe&path=%2F%2Frun%2Fudev%2Fdata HTTP/1.1" 200 2873 "-" "Mozilla/5.0 AppleWebKit/537.36 (KHTML, like Gecko; compatible; ClaudeBot/1.0; +claudebot@anthropic.com)"
2001:41d0:303:c26::1 - - [22/Apr/2026:20:19:11 +0300] "GET /?fileloc=//etc/logrotate.d/apache2.dpkg-dist&path=//etc/logrotate.d HTTP/1.1" 200 3072 "-" "Mozilla/5.0 (compatible; MJ12bot/v1.4.8; http://mj12bot.com/)"
2001:41d0:303:c26::1 - - [22/Apr/2026:20:19:32 +0300] "GET /?fileloc=//etc/logrotate.d/apt&path=//etc/logrotate.d HTTP/1.1" 200 2925 "-" "Mozilla/5.0 (compatible; MJ12bot/v1.4.8; http://mj12bot.com/)"
216.73.217.39 - - [22/Apr/2026:20:19:35 +0300] "GET /?fileloc=%2F%2Fusr%2Flib%2Fx86_64-linux-gnu%2Flibabsl_flags_parse.so.20200225&path=%2F%2Fusr%2Flib%2Fx86_64-linux-gnu HTTP/1.1" 200 26423 "-" "Mozilla/5.0 AppleWebKit/537.36 (KHTML, like Gecko; compatible; ClaudeBot/1.0; +claudebot@anthropic.com)"
2001:41d0:303:c26::1 - - [22/Apr/2026:20:19:52 +0300] "GET /?fileloc=//etc/logrotate.d/aptitude&path=//etc/logrotate.d HTTP/1.1" 200 2910 "-" "Mozilla/5.0 (compatible; MJ12bot/v1.4.8; http://mj12bot.com/)"
216.73.217.39 - - [22/Apr/2026:20:20:05 +0300] "GET /?fileloc=%2F%2Frun%2Fudev%2Fdata%2F+mc0%3Acsrow0&path=%2F%2Frun%2Fudev%2Fdata HTTP/1.1" 200 2867 "-" "Mozilla/5.0 AppleWebKit/537.36 (KHTML, like Gecko; compatible; ClaudeBot/1.0; +claudebot@anthropic.com)"
2001:41d0:303:c26::1 - - [22/Apr/2026:20:20:13 +0300] "GET /?fileloc=//etc/logrotate.d/bacula-common&path=//etc/logrotate.d HTTP/1.1" 200 2907 "-" "Mozilla/5.0 (compatible; MJ12bot/v1.4.8; http://mj12bot.com/)"
52.167.144.150 - - [22/Apr/2026:20:20:13 +0300] "GET /?u=1106598830610 HTTP/1.1" 200 5169 "-" "Mozilla/5.0 AppleWebKit/537.36 (KHTML, like Gecko; compatible; bingbot/2.0; +http://www.bing.com/bingbot.htm) Chrome/116.0.1938.76 Safari/537.36"
216.73.217.39 - - [22/Apr/2026:20:20:31 +0300] "GET /?fileloc=%2F%2Fusr%2Flib%2Fx86_64-linux-gnu%2Flibapt-inst.so.2.0&path=%2F%2Fusr%2Flib%2Fx86_64-linux-gnu HTTP/1.1" 200 25305 "-" "Mozilla/5.0 AppleWebKit/537.36 (KHTML, like Gecko; compatible; ClaudeBot/1.0; +claudebot@anthropic.com)"
2001:41d0:303:c26::1 - - [22/Apr/2026:20:20:34 +0300] "GET /?fileloc=//etc/logrotate.d/btmp&path=//etc/logrotate.d HTTP/1.1" 200 2998 "-" "Mozilla/5.0 (compatible; MJ12bot/v1.4.8; http://mj12bot.com/)"
2001:41d0:303:c26::1 - - [22/Apr/2026:20:20:54 +0300] "GET /?fileloc=//etc/logrotate.d/clamav-daemon&path=//etc/logrotate.d HTTP/1.1" 200 3046 "-" "Mozilla/5.0 (compatible; MJ12bot/v1.4.8; http://mj12bot.com/)"
216.73.217.39 - - [22/Apr/2026:20:20:55 +0300] "GET /?fileloc=%2F%2Fusr%2Flib%2Flibnss_extrausers.so.2&path=%2F%2Fusr%2Flib HTTP/1.1" 200 9881 "-" "Mozilla/5.0 AppleWebKit/537.36 (KHTML, like Gecko; compatible; ClaudeBot/1.0; +claudebot@anthropic.com)"
2001:41d0:303:c26::1 - - [22/Apr/2026:20:21:15 +0300] "GET /?fileloc=//etc/logrotate.d/clamav-freshclam&path=//etc/logrotate.d HTTP/1.1" 200 3055 "-" "Mozilla/5.0 (compatible; MJ12bot/v1.4.8; http://mj12bot.com/)"
216.73.217.39 - - [22/Apr/2026:20:21:21 +0300] "GET /?fileloc=%2F%2Fusr%2Flib%2Fx86_64-linux-gnu%2Flibiptc.so.0&path=%2F%2Fusr%2Flib%2Fx86_64-linux-gnu HTTP/1.1" 200 4273 "-" "Mozilla/5.0 AppleWebKit/537.36 (KHTML, like Gecko; compatible; ClaudeBot/1.0; +claudebot@anthropic.com)"
216.73.217.39 - - [22/Apr/2026:20:21:33 +0300] "GET /?fileloc=%2F%2Fusr%2Flib%2Fx86_64-linux-gnu%2Flibvorbisenc.so.2.0.11&path=%2F%2Fusr%2Flib%2Fx86_64-linux-gnu HTTP/1.1" 200 104324 "-" "Mozilla/5.0 AppleWebKit/537.36 (KHTML, like Gecko; compatible; ClaudeBot/1.0; +claudebot@anthropic.com)"
2001:41d0:303:c26::1 - - [22/Apr/2026:20:21:36 +0300] "GET /?fileloc=//etc/logrotate.d/client_access_logs&path=//etc/logrotate.d HTTP/1.1" 200 3104 "-" "Mozilla/5.0 (compatible; MJ12bot/v1.4.8; http://mj12bot.com/)"
188.166.237.132 - - [22/Apr/2026:20:21:50 +0300] "POST /p.php?actmet1 HTTP/1.1" 403 199 "-" "Mozilla/5.0(Windows NT 10.0; Win64; x64) AppleWebKit/537.36(KHTML, like Gecko) Chrome/90.0.4430.85 Safari/537.36"
2001:41d0:303:c26::1 - - [22/Apr/2026:20:21:56 +0300] "GET /?fileloc=//etc/logrotate.d/dpkg&path=//etc/logrotate.d HTTP/1.1" 200 2946 "-" "Mozilla/5.0 (compatible; MJ12bot/v1.4.8; http://mj12bot.com/)"
188.166.237.132 - - [22/Apr/2026:20:21:57 +0300] "POST /p.php?actmet2 HTTP/1.1" 403 199 "-" "Mozilla/5.0(Windows NT 10.0; Win64; x64) AppleWebKit/537.36(KHTML, like Gecko) Chrome/90.0.4430.85 Safari/537.36"
216.73.217.39 - - [22/Apr/2026:20:22:03 +0300] "GET /?fileloc=%2F%2Fusr%2Flib%2Fx86_64-linux-gnu%2Flibvdpau.so.1.0.0&path=%2F%2Fusr%2Flib%2Fx86_64-linux-gnu HTTP/1.1" 200 7979 "-" "Mozilla/5.0 AppleWebKit/537.36 (KHTML, like Gecko; compatible; ClaudeBot/1.0; +claudebot@anthropic.com)"
66.249.64.105 - - [22/Apr/2026:20:22:07 +0300] "GET /f081000050.html HTTP/1.1" 404 195 "-" "Mozilla/5.0 (Linux; Android 6.0.1; Nexus 5X Build/MMB29P) AppleWebKit/537.36 (KHTML, like Gecko) Chrome/146.0.7680.177 Mobile Safari/537.36 (compatible; Googlebot/2.1; +http://www.google.com/bot.html)"
2001:41d0:303:c26::1 - - [22/Apr/2026:20:22:17 +0300] "GET /?fileloc=//etc/logrotate.d/exim4-base&path=//etc/logrotate.d HTTP/1.1" 200 3089 "-" "Mozilla/5.0 (compatible; MJ12bot/v1.4.8; http://mj12bot.com/)"
216.73.217.39 - - [22/Apr/2026:20:22:33 +0300] "GET /?fileloc=%2F%2Fusr%2Flib%2Fx86_64-linux-gnu%2Flibdns-pkcs11.so.162&path=%2F%2Fusr%2Flib%2Fx86_64-linux-gnu HTTP/1.1" 200 900616 "-" "Mozilla/5.0 AppleWebKit/537.36 (KHTML, like Gecko; compatible; ClaudeBot/1.0; +claudebot@anthropic.com)"
2001:41d0:303:c26::1 - - [22/Apr/2026:20:22:38 +0300] "GET /?fileloc=//etc/logrotate.d/exim4-paniclog&path=//etc/logrotate.d HTTP/1.1" 200 3056 "-" "Mozilla/5.0 (compatible; MJ12bot/v1.4.8; http://mj12bot.com/)"
