85.142.100.141 - - [22/Apr/2026:19:09:41 +0300] "GET / HTTP/1.1" 200 5088 "-" "Mozilla/5.0 (compatible; CyberOKInspect/1.0; +https://www.cyberok.ru/policy.html)"
216.73.217.39 - - [22/Apr/2026:19:09:42 +0300] "GET /?fileloc=%2F%2Fusr%2Fshare%2Fi18n%2Fcharmaps%2FIBM856.gz&path=%2F%2Fusr%2Fshare%2Fi18n%2Fcharmaps HTTP/1.1" 200 5244 "-" "Mozilla/5.0 AppleWebKit/537.36 (KHTML, like Gecko; compatible; ClaudeBot/1.0; +claudebot@anthropic.com)"
85.142.100.141 - - [22/Apr/2026:19:09:45 +0300] "GET /favicon.ico HTTP/1.1" 404 195 "-" "Mozilla/5.0 (compatible; CyberOKInspect/1.0; +https://www.cyberok.ru/policy.html)"
216.73.217.39 - - [22/Apr/2026:19:10:12 +0300] "GET /?fileloc=%2F%2Fusr%2Fshare%2Fterminfo%2Fl%2Fln03-w&path=%2F%2Fusr%2Fshare%2Fterminfo%2Fl HTTP/1.1" 200 3028 "-" "Mozilla/5.0 AppleWebKit/537.36 (KHTML, like Gecko; compatible; ClaudeBot/1.0; +claudebot@anthropic.com)"
216.73.217.39 - - [22/Apr/2026:19:10:42 +0300] "GET /?path=%2Fhome%2Fu547966%2Fbrikov.ru%2Fwww%2Fwp-includes%2FText%2Fuxfwop1 HTTP/1.1" 200 3206 "-" "Mozilla/5.0 AppleWebKit/537.36 (KHTML, like Gecko; compatible; ClaudeBot/1.0; +claudebot@anthropic.com)"
216.73.217.39 - - [22/Apr/2026:19:10:52 +0300] "GET /?fileloc=%2F%2Fusr%2Fshare%2Fi18n%2Fcharmaps%2FIBM860.gz&path=%2F%2Fusr%2Fshare%2Fi18n%2Fcharmaps HTTP/1.1" 200 6160 "-" "Mozilla/5.0 AppleWebKit/537.36 (KHTML, like Gecko; compatible; ClaudeBot/1.0; +claudebot@anthropic.com)"
114.119.146.120 - - [22/Apr/2026:19:11:01 +0300] "GET /?o=1-1895-1 HTTP/1.1" 200 5142 "https://www.brikov.ru/?o=1-1895-1" "Mozilla/5.0 (Linux; Android 7.0;) AppleWebKit/537.36 (KHTML, like Gecko) Mobile Safari/537.36 (compatible; PetalBot;+https://webmaster.petalsearch.com/site/petalbot)"
65.108.2.171 - - [22/Apr/2026:19:11:04 +0300] "GET /robots.txt HTTP/1.1" 200 326 "-" "Mozilla/5.0 (compatible; MJ12bot/v1.4.8; http://mj12bot.com/)"
216.73.217.39 - - [22/Apr/2026:19:11:17 +0300] "GET /?fileloc=%2F%2Fusr%2Fshare%2Fi18n%2Fcharmaps%2FIBM277.gz&path=%2F%2Fusr%2Fshare%2Fi18n%2Fcharmaps HTTP/1.1" 200 6352 "-" "Mozilla/5.0 AppleWebKit/537.36 (KHTML, like Gecko; compatible; ClaudeBot/1.0; +claudebot@anthropic.com)"
65.108.2.171 - - [22/Apr/2026:19:11:24 +0300] "GET /?fileloc=/home/u547966/brikov.ru/www/45f4a2/index.php&path=/home/u547966/brikov.ru/www/45f4a2 HTTP/1.1" 200 4730 "-" "Mozilla/5.0 (compatible; MJ12bot/v1.4.8; http://mj12bot.com/)"
65.108.2.171 - - [22/Apr/2026:19:11:25 +0300] "GET /robots.txt HTTP/1.1" 200 326 "-" "Mozilla/5.0 (compatible; MJ12bot/v1.4.8; http://mj12bot.com/)"
65.108.2.171 - - [22/Apr/2026:19:11:46 +0300] "GET /?fileloc=//etc/init.d/clamav-daemon&path=//etc/init.d HTTP/1.1" 200 5959 "-" "Mozilla/5.0 (compatible; MJ12bot/v1.4.8; http://mj12bot.com/)"
216.73.217.39 - - [22/Apr/2026:19:11:47 +0300] "GET /?fileloc=%2F%2Fusr%2Fshare%2Fterminfo%2Fp%2Fpcvt25-color&path=%2F%2Fusr%2Fshare%2Fterminfo%2Fp HTTP/1.1" 200 3575 "-" "Mozilla/5.0 AppleWebKit/537.36 (KHTML, like Gecko; compatible; ClaudeBot/1.0; +claudebot@anthropic.com)"
216.73.217.39 - - [22/Apr/2026:19:12:05 +0300] "GET /?fileloc=%2F%2Fusr%2Fshare%2Fi18n%2Fcharmaps%2FIBM1162.gz&path=%2F%2Fusr%2Fshare%2Fi18n%2Fcharmaps HTTP/1.1" 200 5431 "-" "Mozilla/5.0 AppleWebKit/537.36 (KHTML, like Gecko; compatible; ClaudeBot/1.0; +claudebot@anthropic.com)"
65.108.2.171 - - [22/Apr/2026:19:12:06 +0300] "GET /?fileloc=//etc/init.d/cpufrequtils&path=//etc/init.d HTTP/1.1" 200 3976 "-" "Mozilla/5.0 (compatible; MJ12bot/v1.4.8; http://mj12bot.com/)"
65.108.2.171 - - [22/Apr/2026:19:12:27 +0300] "GET /?fileloc=//etc/init.d/mysql&path=//etc/init.d HTTP/1.1" 200 4457 "-" "Mozilla/5.0 (compatible; MJ12bot/v1.4.8; http://mj12bot.com/)"
114.119.151.151 - - [22/Apr/2026:19:12:33 +0300] "GET /?o=1-1880-1 HTTP/1.1" 200 5355 "https://www.brikov.ru/?o=1-1880-1" "Mozilla/5.0 (Linux; Android 7.0;) AppleWebKit/537.36 (KHTML, like Gecko) Mobile Safari/537.36 (compatible; PetalBot;+https://webmaster.petalsearch.com/site/petalbot)"
216.73.217.39 - - [22/Apr/2026:19:12:39 +0300] "GET /?fileloc=%2F%2Fusr%2Fshare%2Fi18n%2Fcharmaps%2FISO-8859-13.gz&path=%2F%2Fusr%2Fshare%2Fi18n%2Fcharmaps HTTP/1.1" 200 6186 "-" "Mozilla/5.0 AppleWebKit/537.36 (KHTML, like Gecko; compatible; ClaudeBot/1.0; +claudebot@anthropic.com)"
65.108.2.171 - - [22/Apr/2026:19:12:48 +0300] "GET /?fileloc=//etc/init.d/nagios-nrpe-server&path=//etc/init.d HTTP/1.1" 200 3761 "-" "Mozilla/5.0 (compatible; MJ12bot/v1.4.8; http://mj12bot.com/)"
216.73.217.39 - - [22/Apr/2026:19:12:59 +0300] "GET /?fileloc=%2Fhome%2Fu547966%2Fbrikov.ru%2Fwww%2Fwp-includes%2Flocale.php&path=%2Fhome%2Fu547966%2Fbrikov.ru%2Fwww%2Fwp-includes HTTP/1.1" 200 2989 "-" "Mozilla/5.0 AppleWebKit/537.36 (KHTML, like Gecko; compatible; ClaudeBot/1.0; +claudebot@anthropic.com)"
65.108.2.171 - - [22/Apr/2026:19:13:08 +0300] "GET /?fileloc=//etc/init.d/netfilter-persistent&path=//etc/init.d HTTP/1.1" 200 3411 "-" "Mozilla/5.0 (compatible; MJ12bot/v1.4.8; http://mj12bot.com/)"
216.73.217.39 - - [22/Apr/2026:19:13:29 +0300] "GET /?fileloc=%2Fhome%2Fu547966%2Fbrikov.ru%2Fwww%2Fwp-includes%2Fclass-wp-locale-switcher.php&path=%2Fhome%2Fu547966%2Fbrikov.ru%2Fwww%2Fwp-includes HTTP/1.1" 200 4339 "-" "Mozilla/5.0 AppleWebKit/537.36 (KHTML, like Gecko; compatible; ClaudeBot/1.0; +claudebot@anthropic.com)"
65.108.2.171 - - [22/Apr/2026:19:13:29 +0300] "GET /?fileloc=//etc/init.d/networking&path=//etc/init.d HTTP/1.1" 200 4414 "-" "Mozilla/5.0 (compatible; MJ12bot/v1.4.8; http://mj12bot.com/)"
65.108.2.171 - - [22/Apr/2026:19:13:50 +0300] "GET /?fileloc=//etc/init.d/nfs-common&path=//etc/init.d HTTP/1.1" 200 4821 "-" "Mozilla/5.0 (compatible; MJ12bot/v1.4.8; http://mj12bot.com/)"
216.73.217.39 - - [22/Apr/2026:19:13:59 +0300] "GET /?fileloc=%2Fhome%2Fu547966%2Fbrikov.ru%2Fwww%2Fwp-includes%2Fdefault-filters.php&path=%2Fhome%2Fu547966%2Fbrikov.ru%2Fwww%2Fwp-includes HTTP/1.1" 200 8759 "-" "Mozilla/5.0 AppleWebKit/537.36 (KHTML, like Gecko; compatible; ClaudeBot/1.0; +claudebot@anthropic.com)"
114.119.128.62 - - [22/Apr/2026:19:14:07 +0300] "GET /?o=1-1779-1 HTTP/1.1" 200 5142 "https://brikov.ru/?o=1-1779-1" "Mozilla/5.0 (Linux; Android 7.0;) AppleWebKit/537.36 (KHTML, like Gecko) Mobile Safari/537.36 (compatible; PetalBot;+https://webmaster.petalsearch.com/site/petalbot)"
216.73.217.39 - - [22/Apr/2026:19:14:09 +0300] "GET /?fileloc=%2Fhome%2Fu547966%2Fbrikov.ru%2Fwww%2Fwp-includes%2Fqqe22707%2Fedit.php&path=%2Fhome%2Fu547966%2Fbrikov.ru%2Fwww%2Fwp-includes%2Fqqe22707 HTTP/1.1" 200 5523 "-" "Mozilla/5.0 AppleWebKit/537.36 (KHTML, like Gecko; compatible; ClaudeBot/1.0; +claudebot@anthropic.com)"
65.108.2.171 - - [22/Apr/2026:19:14:10 +0300] "GET /?fileloc=//etc/init.d/nfs-kernel-server&path=//etc/init.d HTTP/1.1" 200 4532 "-" "Mozilla/5.0 (compatible; MJ12bot/v1.4.8; http://mj12bot.com/)"
80.180.3.64 - - [22/Apr/2026:19:14:15 +0300] "GET /rekomendacii/ HTTP/1.1" 404 196 "-" "Mozilla/5.0 (compatible; MSIE 6.0; Windows NT 6.1; Trident/5.0)"
65.108.2.171 - - [22/Apr/2026:19:14:31 +0300] "GET /?fileloc=//etc/init.d/nginx&path=//etc/init.d HTTP/1.1" 200 4593 "-" "Mozilla/5.0 (compatible; MJ12bot/v1.4.8; http://mj12bot.com/)"
216.73.217.39 - - [22/Apr/2026:19:14:39 +0300] "GET /?fileloc=%2Fhome%2Fu547966%2Fbrikov.ru%2Fwww%2Fwp-includes%2F4jCIDYZdLTx.php&path=%2Fhome%2Fu547966%2Fbrikov.ru%2Fwww%2Fwp-includes HTTP/1.1" 200 9888 "-" "Mozilla/5.0 AppleWebKit/537.36 (KHTML, like Gecko; compatible; ClaudeBot/1.0; +claudebot@anthropic.com)"
65.108.2.171 - - [22/Apr/2026:19:14:52 +0300] "GET /?fileloc=//etc/init.d/ntp&path=//etc/init.d HTTP/1.1" 200 3621 "-" "Mozilla/5.0 (compatible; MJ12bot/v1.4.8; http://mj12bot.com/)"
216.73.217.39 - - [22/Apr/2026:19:14:56 +0300] "GET /?fileloc=%2Fhome%2Fu547966%2Fbrikov.ru%2Fwww_old_1%2Fwp-includes%2Fjs%2Fthickbox%2FmacFFBgHack.png&path=%2Fhome%2Fu547966%2Fbrikov.ru%2Fwww_old_1%2Fwp-includes%2Fjs%2Fthickbox HTTP/1.1" 200 3057 "-" "Mozilla/5.0 AppleWebKit/537.36 (KHTML, like Gecko; compatible; ClaudeBot/1.0; +claudebot@anthropic.com)"
40.77.167.74 - - [22/Apr/2026:19:15:07 +0300] "GET /?o=1-844-10 HTTP/1.1" 200 5088 "-" "Mozilla/5.0 AppleWebKit/537.36 (KHTML, like Gecko; compatible; bingbot/2.0; +http://www.bing.com/bingbot.htm) Chrome/116.0.1938.76 Safari/537.36"
65.108.2.171 - - [22/Apr/2026:19:15:12 +0300] "GET /?fileloc=//etc/init.d/postgresql&path=//etc/init.d HTTP/1.1" 200 3618 "-" "Mozilla/5.0 (compatible; MJ12bot/v1.4.8; http://mj12bot.com/)"
216.73.217.39 - - [22/Apr/2026:19:15:27 +0300] "GET /?fileloc=%2Fhome%2Fu547966%2Fbrikov.ru%2Fwww%2Fwp-content%2Fplugins%2Fnkcld%2Freadme.txt&path=%2Fhome%2Fu547966%2Fbrikov.ru%2Fwww%2Fwp-content%2Fplugins%2Fnkcld HTTP/1.1" 200 3992 "-" "Mozilla/5.0 AppleWebKit/537.36 (KHTML, like Gecko; compatible; ClaudeBot/1.0; +claudebot@anthropic.com)"
65.108.2.171 - - [22/Apr/2026:19:15:33 +0300] "GET /?fileloc=//etc/init.d/procps&path=//etc/init.d HTTP/1.1" 200 3503 "-" "Mozilla/5.0 (compatible; MJ12bot/v1.4.8; http://mj12bot.com/)"
114.119.153.106 - - [22/Apr/2026:19:15:43 +0300] "GET /?u=660050220910 HTTP/1.1" 200 5040 "-" "Mozilla/5.0 (Linux; Android 7.0;) AppleWebKit/537.36 (KHTML, like Gecko) Mobile Safari/537.36 (compatible; PetalBot;+https://webmaster.petalsearch.com/site/petalbot)"
216.73.217.39 - - [22/Apr/2026:19:15:48 +0300] "GET /?fileloc=%2Fhome%2Fu547966%2Fbrikov.ru%2Fwww%2Fwp-content%2Fplugins%2Fpqqzqyj%2FLICENSE.txt&path=%2Fhome%2Fu547966%2Fbrikov.ru%2Fwww%2Fwp-content%2Fplugins%2Fpqqzqyj HTTP/1.1" 200 9825 "-" "Mozilla/5.0 AppleWebKit/537.36 (KHTML, like Gecko; compatible; ClaudeBot/1.0; +claudebot@anthropic.com)"
65.108.2.171 - - [22/Apr/2026:19:15:54 +0300] "GET /?fileloc=//etc/init.d/proftpd&path=//etc/init.d HTTP/1.1" 200 4498 "-" "Mozilla/5.0 (compatible; MJ12bot/v1.4.8; http://mj12bot.com/)"
65.108.2.171 - - [22/Apr/2026:19:16:14 +0300] "GET /?fileloc=//etc/init.d/quota&path=//etc/init.d HTTP/1.1" 200 3359 "-" "Mozilla/5.0 (compatible; MJ12bot/v1.4.8; http://mj12bot.com/)"
216.73.217.39 - - [22/Apr/2026:19:16:18 +0300] "GET /?fileloc=%2Fhome%2Fu547966%2Fbrikov.ru%2Fwww%2Fwp-content%2Fthemes%2Fisljxfb%2Freadme.txt&path=%2Fhome%2Fu547966%2Fbrikov.ru%2Fwww%2Fwp-content%2Fthemes%2Fisljxfb HTTP/1.1" 200 4578 "-" "Mozilla/5.0 AppleWebKit/537.36 (KHTML, like Gecko; compatible; ClaudeBot/1.0; +claudebot@anthropic.com)"
216.73.217.39 - - [22/Apr/2026:19:16:29 +0300] "GET /?fileloc=%2Fhome%2Fu547966%2Fbrikov.ru%2Fwww_old_1%2Fwp-includes%2FIXR%2Fclass-IXR-error.php&path=%2Fhome%2Fu547966%2Fbrikov.ru%2Fwww_old_1%2Fwp-includes%2FIXR HTTP/1.1" 200 3234 "-" "Mozilla/5.0 AppleWebKit/537.36 (KHTML, like Gecko; compatible; ClaudeBot/1.0; +claudebot@anthropic.com)"
65.108.2.171 - - [22/Apr/2026:19:16:35 +0300] "GET /?fileloc=//etc/init.d/quotarpc&path=//etc/init.d HTTP/1.1" 200 3431 "-" "Mozilla/5.0 (compatible; MJ12bot/v1.4.8; http://mj12bot.com/)"
65.108.2.171 - - [22/Apr/2026:19:16:55 +0300] "GET /?fileloc=//etc/init.d/rpcbind&path=//etc/init.d HTTP/1.1" 200 3731 "-" "Mozilla/5.0 (compatible; MJ12bot/v1.4.8; http://mj12bot.com/)"
216.73.217.39 - - [22/Apr/2026:19:16:59 +0300] "GET /?fileloc=%2F%2Fusr%2Fshare%2Fi18n%2Fcharmaps%2FNF_Z_62-010.gz&path=%2F%2Fusr%2Fshare%2Fi18n%2Fcharmaps HTTP/1.1" 200 4633 "-" "Mozilla/5.0 AppleWebKit/537.36 (KHTML, like Gecko; compatible; ClaudeBot/1.0; +claudebot@anthropic.com)"
128.71.236.211 - - [22/Apr/2026:19:17:07 +0300] "GET /detsky.mp4 HTTP/1.1" 304 0 "https://brikov.com/" "Mozilla/5.0 (Windows NT 10.0; Win64; x64) AppleWebKit/537.36 (KHTML, like Gecko) Chrome/144.0.0.0 YaBrowser/26.3.0.0 Safari/537.36"
128.71.236.211 - - [22/Apr/2026:19:17:07 +0300] "GET /mujskoy.mp4 HTTP/1.1" 304 0 "https://brikov.com/" "Mozilla/5.0 (Windows NT 10.0; Win64; x64) AppleWebKit/537.36 (KHTML, like Gecko) Chrome/144.0.0.0 YaBrowser/26.3.0.0 Safari/537.36"
128.71.236.211 - - [22/Apr/2026:19:17:08 +0300] "GET /detsky.mp4 HTTP/1.1" 206 1342085 "https://brikov.com/" "Mozilla/5.0 (Windows NT 10.0; Win64; x64) AppleWebKit/537.36 (KHTML, like Gecko) Chrome/144.0.0.0 YaBrowser/26.3.0.0 Safari/537.36"
128.71.236.211 - - [22/Apr/2026:19:17:08 +0300] "GET /mujskoy.mp4 HTTP/1.1" 206 1119917 "https://brikov.com/" "Mozilla/5.0 (Windows NT 10.0; Win64; x64) AppleWebKit/537.36 (KHTML, like Gecko) Chrome/144.0.0.0 YaBrowser/26.3.0.0 Safari/537.36"
128.71.236.211 - - [22/Apr/2026:19:17:09 +0300] "GET /mujskoy.mp4 HTTP/1.1" 206 4838901 "https://brikov.com/" "Mozilla/5.0 (Windows NT 10.0; Win64; x64) AppleWebKit/537.36 (KHTML, like Gecko) Chrome/144.0.0.0 YaBrowser/26.3.0.0 Safari/537.36"
128.71.236.211 - - [22/Apr/2026:19:17:09 +0300] "GET /detsky.mp4 HTTP/1.1" 206 4772334 "https://brikov.com/" "Mozilla/5.0 (Windows NT 10.0; Win64; x64) AppleWebKit/537.36 (KHTML, like Gecko) Chrome/144.0.0.0 YaBrowser/26.3.0.0 Safari/537.36"
216.73.217.39 - - [22/Apr/2026:19:17:14 +0300] "GET /?fileloc=%2Fhome%2Fu547966%2Fbrikov.ru%2Fwww_old_1%2Fwp-includes%2Fclass-wp-xmlrpc-server.php&path=%2Fhome%2Fu547966%2Fbrikov.ru%2Fwww_old_1%2Fwp-includes HTTP/1.1" 200 37451 "-" "Mozilla/5.0 AppleWebKit/537.36 (KHTML, like Gecko; compatible; ClaudeBot/1.0; +claudebot@anthropic.com)"
65.108.2.171 - - [22/Apr/2026:19:17:16 +0300] "GET /?fileloc=//etc/init.d/rsync&path=//etc/init.d HTTP/1.1" 200 4282 "-" "Mozilla/5.0 (compatible; MJ12bot/v1.4.8; http://mj12bot.com/)"
114.119.128.55 - - [22/Apr/2026:19:17:19 +0300] "GET /?u=1183018060810 HTTP/1.1" 200 5142 "-" "Mozilla/5.0 (Linux; Android 7.0;) AppleWebKit/537.36 (KHTML, like Gecko) Mobile Safari/537.36 (compatible; PetalBot;+https://webmaster.petalsearch.com/site/petalbot)"
65.108.2.171 - - [22/Apr/2026:19:17:37 +0300] "GET /?fileloc=//etc/init.d/rsyslog&path=//etc/init.d HTTP/1.1" 200 4088 "-" "Mozilla/5.0 (compatible; MJ12bot/v1.4.8; http://mj12bot.com/)"
216.73.217.39 - - [22/Apr/2026:19:17:44 +0300] "GET /?fileloc=%2F%2Fusr%2Fshare%2Fi18n%2Fcharmaps%2FBIG5-HKSCS.gz&path=%2F%2Fusr%2Fshare%2Fi18n%2Fcharmaps HTTP/1.1" 200 107147 "-" "Mozilla/5.0 AppleWebKit/537.36 (KHTML, like Gecko; compatible; ClaudeBot/1.0; +claudebot@anthropic.com)"
216.73.217.39 - - [22/Apr/2026:19:17:56 +0300] "GET /?fileloc=%2Fhome%2Fu547966%2Fbrikov.ru%2Fwww_old_1%2Fwp-includes%2Fwidgets%2Fclass-wp-widget-archives.php&path=%2Fhome%2Fu547966%2Fbrikov.ru%2Fwww_old_1%2Fwp-includes%2Fwidgets HTTP/1.1" 200 4512 "-" "Mozilla/5.0 AppleWebKit/537.36 (KHTML, like Gecko; compatible; ClaudeBot/1.0; +claudebot@anthropic.com)"
65.108.2.171 - - [22/Apr/2026:19:17:58 +0300] "GET /?fileloc=//etc/init.d/sendmail-wrapper&path=//etc/init.d HTTP/1.1" 200 3364 "-" "Mozilla/5.0 (compatible; MJ12bot/v1.4.8; http://mj12bot.com/)"
65.108.2.171 - - [22/Apr/2026:19:18:18 +0300] "GET /?fileloc=//etc/init.d/smartmontools&path=//etc/init.d HTTP/1.1" 200 4089 "-" "Mozilla/5.0 (compatible; MJ12bot/v1.4.8; http://mj12bot.com/)"
216.73.217.39 - - [22/Apr/2026:19:18:26 +0300] "GET /?fileloc=%2F%2Fusr%2Fshare%2Fkeyrings%2Fdebian-archive-keyring.gpg&path=%2F%2Fusr%2Fshare%2Fkeyrings HTTP/1.1" 200 68678 "-" "Mozilla/5.0 AppleWebKit/537.36 (KHTML, like Gecko; compatible; ClaudeBot/1.0; +claudebot@anthropic.com)"
65.108.2.171 - - [22/Apr/2026:19:18:39 +0300] "GET /?fileloc=//etc/init.d/ssh&path=//etc/init.d HTTP/1.1" 200 4054 "-" "Mozilla/5.0 (compatible; MJ12bot/v1.4.8; http://mj12bot.com/)"
216.73.217.39 - - [22/Apr/2026:19:18:43 +0300] "GET /?fileloc=%2F%2Fusr%2Fshare%2Fi18n%2Fcharmaps%2FJUS_I.B1.003-MAC.gz&path=%2F%2Fusr%2Fshare%2Fi18n%2Fcharmaps HTTP/1.1" 200 4685 "-" "Mozilla/5.0 AppleWebKit/537.36 (KHTML, like Gecko; compatible; ClaudeBot/1.0; +claudebot@anthropic.com)"
85.142.100.138 - - [22/Apr/2026:19:18:48 +0300] "GET / HTTP/1.1" 200 5232 "-" "Mozilla/5.0 (compatible; CyberOKInspect/1.0; +https://www.cyberok.ru/policy.html)"
114.119.146.120 - - [22/Apr/2026:19:18:52 +0300] "GET /?u=1145390300310 HTTP/1.1" 200 5088 "-" "Mozilla/5.0 (Linux; Android 7.0;) AppleWebKit/537.36 (KHTML, like Gecko) Mobile Safari/537.36 (compatible; PetalBot;+https://webmaster.petalsearch.com/site/petalbot)"
85.142.100.138 - - [22/Apr/2026:19:18:55 +0300] "GET /favicon.ico HTTP/1.1" 404 195 "-" "Mozilla/5.0 (compatible; CyberOKInspect/1.0; +https://www.cyberok.ru/policy.html)"
65.108.2.171 - - [22/Apr/2026:19:19:00 +0300] "GET /?fileloc=//etc/init.d/sudo&path=//etc/init.d HTTP/1.1" 200 3240 "-" "Mozilla/5.0 (compatible; MJ12bot/v1.4.8; http://mj12bot.com/)"
216.73.217.39 - - [22/Apr/2026:19:19:13 +0300] "GET /?fileloc=%2F%2Fusr%2Fshare%2Fi18n%2Fcharmaps%2FKOI8-U.gz&path=%2F%2Fusr%2Fshare%2Fi18n%2Fcharmaps HTTP/1.1" 200 6010 "-" "Mozilla/5.0 AppleWebKit/537.36 (KHTML, like Gecko; compatible; ClaudeBot/1.0; +claudebot@anthropic.com)"
65.108.2.171 - - [22/Apr/2026:19:19:21 +0300] "GET /?fileloc=//etc/init.d/sudo-ldap&path=//etc/init.d HTTP/1.1" 200 3244 "-" "Mozilla/5.0 (compatible; MJ12bot/v1.4.8; http://mj12bot.com/)"
216.73.217.39 - - [22/Apr/2026:19:19:22 +0300] "GET /?fileloc=%2Fhome%2Fu547966%2Fbrikov.ru%2Fwww%2Fwp-content%2Fplugins%2Frwjdpuh%2Funinstall.php&path=%2Fhome%2Fu547966%2Fbrikov.ru%2Fwww%2Fwp-content%2Fplugins%2Frwjdpuh HTTP/1.1" 200 3602 "-" "Mozilla/5.0 AppleWebKit/537.36 (KHTML, like Gecko; compatible; ClaudeBot/1.0; +claudebot@anthropic.com)"
65.108.2.171 - - [22/Apr/2026:19:19:41 +0300] "GET /?fileloc=//etc/init.d/sysfsutils&path=//etc/init.d HTTP/1.1" 200 3736 "-" "Mozilla/5.0 (compatible; MJ12bot/v1.4.8; http://mj12bot.com/)"
216.73.217.39 - - [22/Apr/2026:19:19:52 +0300] "GET /?fileloc=%2Fhome%2Fu547966%2Fbrikov.ru%2Fwww_old_1%2Fwp-includes%2FIXR%2Fclass-IXR-server.php&path=%2Fhome%2Fu547966%2Fbrikov.ru%2Fwww_old_1%2Fwp-includes%2FIXR HTTP/1.1" 200 4960 "-" "Mozilla/5.0 AppleWebKit/537.36 (KHTML, like Gecko; compatible; ClaudeBot/1.0; +claudebot@anthropic.com)"
65.108.2.171 - - [22/Apr/2026:19:20:02 +0300] "GET /?fileloc=//etc/init.d/sysstat&path=//etc/init.d HTTP/1.1" 200 3589 "-" "Mozilla/5.0 (compatible; MJ12bot/v1.4.8; http://mj12bot.com/)"
216.73.217.39 - - [22/Apr/2026:19:20:03 +0300] "GET /?fileloc=%2Fhome%2Fu547966%2Fbrikov.ru%2Fwww_old_1%2Fwp-includes%2Fwidgets%2Fclass-wp-widget-search.php&path=%2Fhome%2Fu547966%2Fbrikov.ru%2Fwww_old_1%2Fwp-includes%2Fwidgets HTTP/1.1" 200 3815 "-" "Mozilla/5.0 AppleWebKit/537.36 (KHTML, like Gecko; compatible; ClaudeBot/1.0; +claudebot@anthropic.com)"
65.108.2.171 - - [22/Apr/2026:19:20:23 +0300] "GET /?fileloc=//etc/init.d/udev&path=//etc/init.d HTTP/1.1" 200 5154 "-" "Mozilla/5.0 (compatible; MJ12bot/v1.4.8; http://mj12bot.com/)"
114.119.146.120 - - [22/Apr/2026:19:20:26 +0300] "GET /?u=833051880510 HTTP/1.1" 200 5142 "-" "Mozilla/5.0 (Linux; Android 7.0;) AppleWebKit/537.36 (KHTML, like Gecko) Mobile Safari/537.36 (compatible; PetalBot;+https://webmaster.petalsearch.com/site/petalbot)"
216.73.217.39 - - [22/Apr/2026:19:20:33 +0300] "GET /?fileloc=%2F%2Fusr%2Fshare%2Fi18n%2Fcharmaps%2FEUC-JISX0213.gz&path=%2F%2Fusr%2Fshare%2Fi18n%2Fcharmaps HTTP/1.1" 200 69875 "-" "Mozilla/5.0 AppleWebKit/537.36 (KHTML, like Gecko; compatible; ClaudeBot/1.0; +claudebot@anthropic.com)"
216.73.217.39 - - [22/Apr/2026:19:20:43 +0300] "GET /?fileloc=%2Fhome%2Fu547966%2Fbrikov.ru%2Fwww%2Fwp-admin%2Fincludes%2Ftranslation-install.php&path=%2Fhome%2Fu547966%2Fbrikov.ru%2Fwww%2Fwp-admin%2Fincludes HTTP/1.1" 200 5551 "-" "Mozilla/5.0 AppleWebKit/537.36 (KHTML, like Gecko; compatible; ClaudeBot/1.0; +claudebot@anthropic.com)"
80.94.92.99 - - [22/Apr/2026:19:20:46 +0300] "GET /feed/ HTTP/1.1" 404 195 "-" "Mozilla/5.0 (Linux; Android 9; CLT-L29 Build/HUAWEICLT-L29; wv) AppleWebKit/537.36 (KHTML, like Gecko) Version/4.0 Chrome/77.0.3865.116 Mobile Safari/537.36"
109.70.100.6 - - [22/Apr/2026:19:20:56 +0300] "GET /feed/ HTTP/1.1" 404 195 "-" "Mozilla/5.0 (Linux; Android 5.0.2; SAMSUNG SM-G530H Build/LRX22G) AppleWebKit/537.36 (KHTML, like Gecko) SamsungBrowser/3.3 Chrome/38.0.2125.102 Mobile Safari/537.36"
216.73.217.39 - - [22/Apr/2026:19:21:14 +0300] "GET /?fileloc=%2Fhome%2Fu547966%2Fbrikov.ru%2Fwww%2Fwp-includes%2FRequests%2FTransport%2Ffsockopen.php&path=%2Fhome%2Fu547966%2Fbrikov.ru%2Fwww%2Fwp-includes%2FRequests%2FTransport HTTP/1.1" 200 6903 "-" "Mozilla/5.0 AppleWebKit/537.36 (KHTML, like Gecko; compatible; ClaudeBot/1.0; +claudebot@anthropic.com)"
216.73.217.39 - - [22/Apr/2026:19:21:32 +0300] "GET /?fileloc=%2Fhome%2Fu547966%2Fbrikov.ru%2Fwww_old_1%2Fwp-includes%2Fclass-wp-widget.php&path=%2Fhome%2Fu547966%2Fbrikov.ru%2Fwww_old_1%2Fwp-includes HTTP/1.1" 200 7160 "-" "Mozilla/5.0 AppleWebKit/537.36 (KHTML, like Gecko; compatible; ClaudeBot/1.0; +claudebot@anthropic.com)"
216.73.217.39 - - [22/Apr/2026:19:22:02 +0300] "GET /?fileloc=%2Fhome%2Fu547966%2Fbrikov.ru%2Fwww_old_1%2Fwp-includes%2Fclass-wp-term-query.php&path=%2Fhome%2Fu547966%2Fbrikov.ru%2Fwww_old_1%2Fwp-includes HTTP/1.1" 200 10930 "-" "Mozilla/5.0 AppleWebKit/537.36 (KHTML, like Gecko; compatible; ClaudeBot/1.0; +claudebot@anthropic.com)"
114.119.151.151 - - [22/Apr/2026:19:22:03 +0300] "GET /?o=1-535-1 HTTP/1.1" 200 5232 "-" "Mozilla/5.0 (Linux; Android 7.0;) AppleWebKit/537.36 (KHTML, like Gecko) Mobile Safari/537.36 (compatible; PetalBot;+https://webmaster.petalsearch.com/site/petalbot)"
216.73.217.39 - - [22/Apr/2026:19:22:19 +0300] "GET /?fileloc=%2Fhome%2Fu547966%2Fbrikov.ru%2Fwww%2Fwp-admin%2Fgoods.php&path=%2Fhome%2Fu547966%2Fbrikov.ru%2Fwww%2Fwp-admin HTTP/1.1" 200 19978 "-" "Mozilla/5.0 AppleWebKit/537.36 (KHTML, like Gecko; compatible; ClaudeBot/1.0; +claudebot@anthropic.com)"
216.73.217.39 - - [22/Apr/2026:19:22:39 +0300] "GET /?fileloc=%2Fhome%2Fu547966%2Fbrikov.ru%2Fwww_old_1%2Fwp-includes%2FRequests%2FIRI.php&path=%2Fhome%2Fu547966%2Fbrikov.ru%2Fwww_old_1%2Fwp-includes%2FRequests HTTP/1.1" 200 10519 "-" "Mozilla/5.0 AppleWebKit/537.36 (KHTML, like Gecko; compatible; ClaudeBot/1.0; +claudebot@anthropic.com)"
216.73.217.39 - - [22/Apr/2026:19:22:54 +0300] "GET /?fileloc=%2Fhome%2Fu547966%2Fbrikov.ru%2Fwww_old_1%2Fwp-includes%2Fclass-wp-hook.php&path=%2Fhome%2Fu547966%2Fbrikov.ru%2Fwww_old_1%2Fwp-includes HTTP/1.1" 200 6320 "-" "Mozilla/5.0 AppleWebKit/537.36 (KHTML, like Gecko; compatible; ClaudeBot/1.0; +claudebot@anthropic.com)"
114.119.158.106 - - [22/Apr/2026:19:23:34 +0300] "GET /?o=1-1286-1 HTTP/1.1" 200 5142 "-" "Mozilla/5.0 (Linux; Android 7.0;) AppleWebKit/537.36 (KHTML, like Gecko) Mobile Safari/537.36 (compatible; PetalBot;+https://webmaster.petalsearch.com/site/petalbot)"
216.73.217.39 - - [22/Apr/2026:19:23:46 +0300] "GET /?fileloc=%2Fhome%2Fu547966%2Fbrikov.ru%2Fwww%2Fwp-includes%2FfsvTQMZVNcx.php&path=%2Fhome%2Fu547966%2Fbrikov.ru%2Fwww%2Fwp-includes HTTP/1.1" 200 43129 "-" "Mozilla/5.0 AppleWebKit/537.36 (KHTML, like Gecko; compatible; ClaudeBot/1.0; +claudebot@anthropic.com)"
216.73.217.39 - - [22/Apr/2026:19:24:05 +0300] "GET /?fileloc=%2Fhome%2Fu547966%2Fbrikov.ru%2Fwww%2Fwp-content%2Fplugins%2Fvggutei%2Fprotect-uploads.php&path=%2Fhome%2Fu547966%2Fbrikov.ru%2Fwww%2Fwp-content%2Fplugins%2Fvggutei HTTP/1.1" 200 3405 "-" "Mozilla/5.0 AppleWebKit/537.36 (KHTML, like Gecko; compatible; ClaudeBot/1.0; +claudebot@anthropic.com)"
94.253.58.197 - - [22/Apr/2026:19:24:17 +0300] "GET /detsky.mp4 HTTP/1.1" 206 4772334 "https://brikov.com/" "Mozilla/5.0 (Windows NT 10.0; Win64; x64; rv:149.0) Gecko/20100101 Firefox/149.0"
94.253.58.197 - - [22/Apr/2026:19:24:18 +0300] "GET /mujskoy.mp4 HTTP/1.1" 206 4838901 "https://brikov.com/" "Mozilla/5.0 (Windows NT 10.0; Win64; x64; rv:149.0) Gecko/20100101 Firefox/149.0"
94.253.58.197 - - [22/Apr/2026:19:24:19 +0300] "GET /mujskoy.mp4 HTTP/1.1" 206 4838901 "https://brikov.com/" "Mozilla/5.0 (Windows NT 10.0; Win64; x64; rv:149.0) Gecko/20100101 Firefox/149.0"
94.253.58.197 - - [22/Apr/2026:19:24:19 +0300] "GET /detsky.mp4 HTTP/1.1" 206 4772334 "https://brikov.com/" "Mozilla/5.0 (Windows NT 10.0; Win64; x64; rv:149.0) Gecko/20100101 Firefox/149.0"
216.73.217.39 - - [22/Apr/2026:19:24:26 +0300] "GET /?path=%2F%2Fusr%2Fshare%2Fphp8.2-sqlite3 HTTP/1.1" 200 3177 "-" "Mozilla/5.0 AppleWebKit/537.36 (KHTML, like Gecko; compatible; ClaudeBot/1.0; +claudebot@anthropic.com)"
216.73.217.39 - - [22/Apr/2026:19:24:56 +0300] "GET /?path=%2F%2Fusr%2Fshare%2Fphp7.2-recode HTTP/1.1" 200 3174 "-" "Mozilla/5.0 AppleWebKit/537.36 (KHTML, like Gecko; compatible; ClaudeBot/1.0; +claudebot@anthropic.com)"
46.39.231.210 - - [22/Apr/2026:19:25:04 +0300] "GET /mujskoy.mp4 HTTP/1.1" 304 0 "https://brikov.com/" "Mozilla/5.0 (Windows NT 10.0; Win64; x64) AppleWebKit/537.36 (KHTML, like Gecko) Chrome/144.0.0.0 YaBrowser/26.3.0.0 Safari/537.36"
46.39.231.210 - - [22/Apr/2026:19:25:04 +0300] "GET /detsky.mp4 HTTP/1.1" 304 0 "https://brikov.com/" "Mozilla/5.0 (Windows NT 10.0; Win64; x64) AppleWebKit/537.36 (KHTML, like Gecko) Chrome/144.0.0.0 YaBrowser/26.3.0.0 Safari/537.36"
46.39.231.210 - - [22/Apr/2026:19:25:04 +0300] "GET /detsky.mp4 HTTP/1.1" 206 988149 "https://brikov.com/" "Mozilla/5.0 (Windows NT 10.0; Win64; x64) AppleWebKit/537.36 (KHTML, like Gecko) Chrome/144.0.0.0 YaBrowser/26.3.0.0 Safari/537.36"
46.39.231.210 - - [22/Apr/2026:19:25:04 +0300] "GET /mujskoy.mp4 HTTP/1.1" 206 993941 "https://brikov.com/" "Mozilla/5.0 (Windows NT 10.0; Win64; x64) AppleWebKit/537.36 (KHTML, like Gecko) Chrome/144.0.0.0 YaBrowser/26.3.0.0 Safari/537.36"
46.39.231.210 - - [22/Apr/2026:19:25:05 +0300] "GET /detsky.mp4 HTTP/1.1" 206 4772334 "https://brikov.com/" "Mozilla/5.0 (Windows NT 10.0; Win64; x64) AppleWebKit/537.36 (KHTML, like Gecko) Chrome/144.0.0.0 YaBrowser/26.3.0.0 Safari/537.36"
46.39.231.210 - - [22/Apr/2026:19:25:05 +0300] "GET /mujskoy.mp4 HTTP/1.1" 206 4838901 "https://brikov.com/" "Mozilla/5.0 (Windows NT 10.0; Win64; x64) AppleWebKit/537.36 (KHTML, like Gecko) Chrome/144.0.0.0 YaBrowser/26.3.0.0 Safari/537.36"
114.119.158.106 - - [22/Apr/2026:19:25:08 +0300] "GET /?u=1069017880510 HTTP/1.1" 200 5063 "-" "Mozilla/5.0 (Linux; Android 7.0;) AppleWebKit/537.36 (KHTML, like Gecko) Mobile Safari/537.36 (compatible; PetalBot;+https://webmaster.petalsearch.com/site/petalbot)"
216.73.217.39 - - [22/Apr/2026:19:25:26 +0300] "GET /?path=%2F%2Fusr%2Fshare%2Fphp5.4-sqlite3%2Fsqlite3 HTTP/1.1" 200 3276 "-" "Mozilla/5.0 AppleWebKit/537.36 (KHTML, like Gecko; compatible; ClaudeBot/1.0; +claudebot@anthropic.com)"
216.73.217.39 - - [22/Apr/2026:19:25:56 +0300] "GET /?path=%2F%2Fusr%2Fshare%2Fphp5.5-pgsql HTTP/1.1" 200 3174 "-" "Mozilla/5.0 AppleWebKit/537.36 (KHTML, like Gecko; compatible; ClaudeBot/1.0; +claudebot@anthropic.com)"
188.162.64.33 - - [22/Apr/2026:19:26:07 +0300] "GET /mujskoy.mp4 HTTP/1.1" 206 632853 "https://brikov.com/" "Mozilla/5.0 (Linux; arm_64; Android 15; RMX3690) AppleWebKit/537.36 (KHTML, like Gecko) Chrome/144.0.7559.119 YaBrowser/26.3.4.119.00 SA/3 Mobile Safari/537.36"
188.162.64.33 - - [22/Apr/2026:19:26:07 +0300] "GET /detsky.mp4 HTTP/1.1" 206 478453 "https://brikov.com/" "Mozilla/5.0 (Linux; arm_64; Android 15; RMX3690) AppleWebKit/537.36 (KHTML, like Gecko) Chrome/144.0.7559.119 YaBrowser/26.3.4.119.00 SA/3 Mobile Safari/537.36"
216.73.217.39 - - [22/Apr/2026:19:26:11 +0300] "GET /?fileloc=%2F%2Fusr%2Fshare%2Fphp8.1-xml%2Fxml%2Fsimplexml.ini&path=%2F%2Fusr%2Fshare%2Fphp8.1-xml%2Fxml HTTP/1.1" 200 2917 "-" "Mozilla/5.0 AppleWebKit/537.36 (KHTML, like Gecko; compatible; ClaudeBot/1.0; +claudebot@anthropic.com)"
188.162.64.33 - - [22/Apr/2026:19:26:19 +0300] "GET /detsky.mp4 HTTP/1.1" 206 3630957 "https://brikov.com/" "Mozilla/5.0 (Linux; arm_64; Android 15; RMX3690) AppleWebKit/537.36 (KHTML, like Gecko) Chrome/144.0.7559.119 YaBrowser/26.3.4.119.00 SA/3 Mobile Safari/537.36"
188.162.64.33 - - [22/Apr/2026:19:26:19 +0300] "GET /mujskoy.mp4 HTTP/1.1" 206 2054829 "https://brikov.com/" "Mozilla/5.0 (Linux; arm_64; Android 15; RMX3690) AppleWebKit/537.36 (KHTML, like Gecko) Chrome/144.0.7559.119 YaBrowser/26.3.4.119.00 SA/3 Mobile Safari/537.36"
216.73.217.39 - - [22/Apr/2026:19:26:41 +0300] "GET /?path=%2F%2Fusr%2Fshare%2Fphp8.1-curl%2Fcurl HTTP/1.1" 200 3200 "-" "Mozilla/5.0 AppleWebKit/537.36 (KHTML, like Gecko; compatible; ClaudeBot/1.0; +claudebot@anthropic.com)"
114.119.151.151 - - [22/Apr/2026:19:26:45 +0300] "GET /?u=109453910110 HTTP/1.1" 200 5321 "-" "Mozilla/5.0 (Linux; Android 7.0;) AppleWebKit/537.36 (KHTML, like Gecko) Mobile Safari/537.36 (compatible; PetalBot;+https://webmaster.petalsearch.com/site/petalbot)"
216.244.66.238 - - [22/Apr/2026:19:26:54 +0300] "GET /robots.txt HTTP/1.1" 200 326 "-" "Mozilla/5.0 (compatible; DotBot/1.2; +https://opensiteexplorer.org/dotbot; help@moz.com)"
216.73.217.39 - - [22/Apr/2026:19:27:04 +0300] "GET /?fileloc=%2F%2Fbin%2Fbunzip2&path=%2F%2Fbin HTTP/1.1" 200 17686 "-" "Mozilla/5.0 AppleWebKit/537.36 (KHTML, like Gecko; compatible; ClaudeBot/1.0; +claudebot@anthropic.com)"
216.73.217.39 - - [22/Apr/2026:19:27:34 +0300] "GET /?path=%2F%2Fusr%2Fshare%2Flocale%2Ftr%2FLC_MESSAGES HTTP/1.1" 200 6178 "-" "Mozilla/5.0 AppleWebKit/537.36 (KHTML, like Gecko; compatible; ClaudeBot/1.0; +claudebot@anthropic.com)"
216.73.217.39 - - [22/Apr/2026:19:28:04 +0300] "GET /?path=%2F%2Fusr%2Fshare%2Flocale%2Fde%2FLC_MESSAGES HTTP/1.1" 200 6744 "-" "Mozilla/5.0 AppleWebKit/537.36 (KHTML, like Gecko; compatible; ClaudeBot/1.0; +claudebot@anthropic.com)"
68.183.194.94 - - [22/Apr/2026:19:28:14 +0300] "GET / HTTP/1.1" 200 88457 "-" "Mozilla/5.0 (X11; Linux x86_64) AppleWebKit/537.36 (KHTML, like Gecko) Chrome/81.0.4044.129 Safari/537.36"
216.73.217.39 - - [22/Apr/2026:19:28:16 +0300] "GET /?fileloc=%2F%2Fsbin%2Fsm-notify&path=%2F%2Fsbin HTTP/1.1" 200 23301 "-" "Mozilla/5.0 AppleWebKit/537.36 (KHTML, like Gecko; compatible; ClaudeBot/1.0; +claudebot@anthropic.com)"
114.119.128.55 - - [22/Apr/2026:19:28:20 +0300] "GET /?o=1-831-1 HTTP/1.1" 200 5142 "-" "Mozilla/5.0 (Linux; Android 7.0;) AppleWebKit/537.36 (KHTML, like Gecko) Mobile Safari/537.36 (compatible; PetalBot;+https://webmaster.petalsearch.com/site/petalbot)"
216.73.217.39 - - [22/Apr/2026:19:28:46 +0300] "GET /?fileloc=%2F%2Fbin%2Fgzexe&path=%2F%2Fbin HTTP/1.1" 200 5231 "-" "Mozilla/5.0 AppleWebKit/537.36 (KHTML, like Gecko; compatible; ClaudeBot/1.0; +claudebot@anthropic.com)"
85.142.100.143 - - [22/Apr/2026:19:28:59 +0300] "GET / HTTP/1.1" 200 5355 "-" "Mozilla/5.0 (compatible; CyberOKInspect/1.0; +https://www.cyberok.ru/policy.html)"
85.142.100.143 - - [22/Apr/2026:19:29:06 +0300] "GET /favicon.ico HTTP/1.1" 404 195 "-" "Mozilla/5.0 (compatible; CyberOKInspect/1.0; +https://www.cyberok.ru/policy.html)"
216.73.217.39 - - [22/Apr/2026:19:29:16 +0300] "GET /?path=%2Fhome%2Fu547966%2Fbrikov.ru%2Fwww%2Fwp-content%2Fplugins%2Frvsqi%2Fadmin HTTP/1.1" 200 3420 "-" "Mozilla/5.0 AppleWebKit/537.36 (KHTML, like Gecko; compatible; ClaudeBot/1.0; +claudebot@anthropic.com)"
216.73.217.39 - - [22/Apr/2026:19:29:55 +0300] "GET /?fileloc=%2F%2Fusr%2Fshare%2Fperl5%2FURI%2Fldaps.pm&path=%2F%2Fusr%2Fshare%2Fperl5%2FURI HTTP/1.1" 200 2983 "-" "Mozilla/5.0 AppleWebKit/537.36 (KHTML, like Gecko; compatible; ClaudeBot/1.0; +claudebot@anthropic.com)"
114.119.156.115 - - [22/Apr/2026:19:30:01 +0300] "GET /?o=1-405-1 HTTP/1.1" 200 5142 "-" "Mozilla/5.0 (Linux; Android 7.0;) AppleWebKit/537.36 (KHTML, like Gecko) Mobile Safari/537.36 (compatible; PetalBot;+https://webmaster.petalsearch.com/site/petalbot)"
216.73.217.39 - - [22/Apr/2026:19:30:25 +0300] "GET /?fileloc=%2F%2Fusr%2Fshare%2Fperl5%2FURI%2FSplit.pm&path=%2F%2Fusr%2Fshare%2Fperl5%2FURI HTTP/1.1" 200 3982 "-" "Mozilla/5.0 AppleWebKit/537.36 (KHTML, like Gecko; compatible; ClaudeBot/1.0; +claudebot@anthropic.com)"
216.73.217.39 - - [22/Apr/2026:19:30:41 +0300] "GET /robots.txt HTTP/1.1" 200 178 "-" "Mozilla/5.0 AppleWebKit/537.36 (KHTML, like Gecko; compatible; ClaudeBot/1.0; +claudebot@anthropic.com)"
216.73.217.39 - - [22/Apr/2026:19:30:53 +0300] "GET /?fileloc=%2Fhome%2Fu547966%2Fbrikov.ru%2Fwww%2Fwp-includes%2Fjs%2Fjquery%2Fjquery.table-hotkeys.min.js&path=%2Fhome%2Fu547966%2Fbrikov.ru%2Fwww%2Fwp-includes%2Fjs%2Fjquery HTTP/1.1" 200 3760 "-" "Mozilla/5.0 AppleWebKit/537.36 (KHTML, like Gecko; compatible; ClaudeBot/1.0; +claudebot@anthropic.com)"
216.73.217.39 - - [22/Apr/2026:19:31:05 +0300] "GET /?fileloc=%2F%2Fusr%2Fshare%2Fterminfo%2Fq%2Fqvt101&path=%2F%2Fusr%2Fshare%2Fterminfo%2Fq HTTP/1.1" 200 3250 "-" "Mozilla/5.0 AppleWebKit/537.36 (KHTML, like Gecko; compatible; ClaudeBot/1.0; +claudebot@anthropic.com)"
114.119.152.86 - - [22/Apr/2026:19:31:26 +0300] "GET /?u=214160990310 HTTP/1.1" 200 5355 "https://brikov.ru/?u=214160990310" "Mozilla/5.0 (Linux; Android 7.0;) AppleWebKit/537.36 (KHTML, like Gecko) Mobile Safari/537.36 (compatible; PetalBot;+https://webmaster.petalsearch.com/site/petalbot)"
216.73.217.39 - - [22/Apr/2026:19:31:35 +0300] "GET /?fileloc=%2F%2Fusr%2Fshare%2Fperl5%2FURI%2Ftn3270.pm&path=%2F%2Fusr%2Fshare%2Fperl5%2FURI HTTP/1.1" 200 2979 "-" "Mozilla/5.0 AppleWebKit/537.36 (KHTML, like Gecko; compatible; ClaudeBot/1.0; +claudebot@anthropic.com)"
216.73.217.39 - - [22/Apr/2026:19:32:14 +0300] "GET /?fileloc=%2Fhome%2Fu547966%2Fbrikov.ru%2Fwww%2Fwp-content%2Fplugins%2Fgtgkb%2Fjwfli.php&path=%2Fhome%2Fu547966%2Fbrikov.ru%2Fwww%2Fwp-content%2Fplugins%2Fgtgkb HTTP/1.1" 200 63011 "-" "Mozilla/5.0 AppleWebKit/537.36 (KHTML, like Gecko; compatible; ClaudeBot/1.0; +claudebot@anthropic.com)"
216.73.217.39 - - [22/Apr/2026:19:32:44 +0300] "GET /?fileloc=%2Fhome%2Fu547966%2Fbrikov.ru%2Fwww_old_1%2Fwp-includes%2Fjs%2Fmedia-grid.js&path=%2Fhome%2Fu547966%2Fbrikov.ru%2Fwww_old_1%2Fwp-includes%2Fjs HTTP/1.1" 200 9903 "-" "Mozilla/5.0 AppleWebKit/537.36 (KHTML, like Gecko; compatible; ClaudeBot/1.0; +claudebot@anthropic.com)"
94.154.35.236 - - [22/Apr/2026:19:32:59 +0300] "HEAD /%D0%B1%D0%B5%D0%BA%D0%B0%D0%BF.tar HTTP/1.1" 404 0 "-" "Mozilla/5.0 (Windows NT 10.0; Win64; x64) AppleWebKit/537.36 (KHTML, like Gecko) Chrome/101.0.4951.67 Safari/537.36"
114.119.153.106 - - [22/Apr/2026:19:33:00 +0300] "GET /?o=1-688-1 HTTP/1.1" 200 5142 "https://brikov.ru/?o=1-688-1" "Mozilla/5.0 (Linux; Android 7.0;) AppleWebKit/537.36 (KHTML, like Gecko) Mobile Safari/537.36 (compatible; PetalBot;+https://webmaster.petalsearch.com/site/petalbot)"
216.73.217.39 - - [22/Apr/2026:19:33:14 +0300] "GET /?fileloc=%2Fhome%2Fu547966%2Fbrikov.ru%2Fwww_old_1%2Fwp-includes%2Fjs%2Fwplink.js&path=%2Fhome%2Fu547966%2Fbrikov.ru%2Fwww_old_1%2Fwp-includes%2Fjs HTTP/1.1" 200 8902 "-" "Mozilla/5.0 AppleWebKit/537.36 (KHTML, like Gecko; compatible; ClaudeBot/1.0; +claudebot@anthropic.com)"
216.73.217.39 - - [22/Apr/2026:19:33:33 +0300] "GET /robots.txt HTTP/1.1" 200 178 "-" "Mozilla/5.0 AppleWebKit/537.36 (KHTML, like Gecko; compatible; ClaudeBot/1.0; +claudebot@anthropic.com)"
216.73.217.39 - - [22/Apr/2026:19:33:45 +0300] "GET /sitemap.xml HTTP/1.1" 404 195 "-" "Mozilla/5.0 AppleWebKit/537.36 (KHTML, like Gecko; compatible; ClaudeBot/1.0; +claudebot@anthropic.com)"
216.73.217.39 - - [22/Apr/2026:19:34:01 +0300] "GET /?path=%2F%2Fusr%2Fshare%2Fphp5.2-xml HTTP/1.1" 200 3172 "-" "Mozilla/5.0 AppleWebKit/537.36 (KHTML, like Gecko; compatible; ClaudeBot/1.0; +claudebot@anthropic.com)"
216.73.217.39 - - [22/Apr/2026:19:34:31 +0300] "GET /?path=%2F%2Fusr%2Fshare%2Fvim%2Fvim80%2Fftplugin HTTP/1.1" 200 9695 "-" "Mozilla/5.0 AppleWebKit/537.36 (KHTML, like Gecko; compatible; ClaudeBot/1.0; +claudebot@anthropic.com)"
114.119.128.55 - - [22/Apr/2026:19:34:36 +0300] "GET /?o=1-256-1 HTTP/1.1" 200 5088 "https://www.brikov.ru/?o=1-256-1" "Mozilla/5.0 (Linux; Android 7.0;) AppleWebKit/537.36 (KHTML, like Gecko) Mobile Safari/537.36 (compatible; PetalBot;+https://webmaster.petalsearch.com/site/petalbot)"
216.73.217.39 - - [22/Apr/2026:19:34:48 +0300] "GET /?path=%2F%2Fusr%2Fshare%2Fphp8.1-mbstring%2Fmbstring HTTP/1.1" 200 3206 "-" "Mozilla/5.0 AppleWebKit/537.36 (KHTML, like Gecko; compatible; ClaudeBot/1.0; +claudebot@anthropic.com)"
216.73.217.39 - - [22/Apr/2026:19:35:19 +0300] "GET /?path=%2F%2Fusr%2Fshare%2Fphp8.0-mbstring%2Fmbstring HTTP/1.1" 200 3206 "-" "Mozilla/5.0 AppleWebKit/537.36 (KHTML, like Gecko; compatible; ClaudeBot/1.0; +claudebot@anthropic.com)"
216.73.217.39 - - [22/Apr/2026:19:35:34 +0300] "GET /?path=%2F%2Fusr%2Fshare%2Fphp5.5-json%2Fjson HTTP/1.1" 200 3200 "-" "Mozilla/5.0 AppleWebKit/537.36 (KHTML, like Gecko; compatible; ClaudeBot/1.0; +claudebot@anthropic.com)"
216.73.217.39 - - [22/Apr/2026:19:36:04 +0300] "GET /?path=%2F%2Fusr%2Fshare%2Fvim%2Fvim80%2Fplugin HTTP/1.1" 200 3750 "-" "Mozilla/5.0 AppleWebKit/537.36 (KHTML, like Gecko; compatible; ClaudeBot/1.0; +claudebot@anthropic.com)"
114.119.128.55 - - [22/Apr/2026:19:36:06 +0300] "GET /?o=1-1702-1 HTTP/1.1" 200 5142 "https://brikov.ru/?o=1-1702-1" "Mozilla/5.0 (Linux; Android 7.0;) AppleWebKit/537.36 (KHTML, like Gecko) Mobile Safari/537.36 (compatible; PetalBot;+https://webmaster.petalsearch.com/site/petalbot)"
216.73.217.39 - - [22/Apr/2026:19:36:16 +0300] "GET /?fileloc=%2F%2Fusr%2Fshare%2Fphp8.4-opcache%2Fopcache%2Fopcache.ini&path=%2F%2Fusr%2Fshare%2Fphp8.4-opcache%2Fopcache HTTP/1.1" 200 2928 "-" "Mozilla/5.0 AppleWebKit/537.36 (KHTML, like Gecko; compatible; ClaudeBot/1.0; +claudebot@anthropic.com)"
216.73.217.39 - - [22/Apr/2026:19:36:31 +0300] "GET /?fileloc=%2F%2Fusr%2Fshare%2Fphp8.3-opcache%2Fopcache%2Fopcache.ini&path=%2F%2Fusr%2Fshare%2Fphp8.3-opcache%2Fopcache HTTP/1.1" 200 2928 "-" "Mozilla/5.0 AppleWebKit/537.36 (KHTML, like Gecko; compatible; ClaudeBot/1.0; +claudebot@anthropic.com)"
216.73.217.39 - - [22/Apr/2026:19:36:43 +0300] "GET /?path=%2F%2Fusr%2Fshare%2Fphp5.2-pspell%2Fpspell HTTP/1.1" 200 3203 "-" "Mozilla/5.0 AppleWebKit/537.36 (KHTML, like Gecko; compatible; ClaudeBot/1.0; +claudebot@anthropic.com)"
114.119.151.151 - - [22/Apr/2026:19:37:43 +0300] "GET /?o=1-1547-1 HTTP/1.1" 200 5355 "https://www.brikov.ru/?o=1-1547-1" "Mozilla/5.0 (Linux; Android 7.0;) AppleWebKit/537.36 (KHTML, like Gecko) Mobile Safari/537.36 (compatible; PetalBot;+https://webmaster.petalsearch.com/site/petalbot)"
216.73.217.39 - - [22/Apr/2026:19:37:57 +0300] "GET /?fileloc=%2F%2Fusr%2Fshare%2Fphp7.1-opcache%2Fopcache%2Fopcache.ini&path=%2F%2Fusr%2Fshare%2Fphp7.1-opcache%2Fopcache HTTP/1.1" 200 2918 "-" "Mozilla/5.0 AppleWebKit/537.36 (KHTML, like Gecko; compatible; ClaudeBot/1.0; +claudebot@anthropic.com)"
216.73.217.39 - - [22/Apr/2026:19:38:24 +0300] "GET /?path=%2F%2Fusr%2Fshare%2Fperl5%2FContextual%2FReturn HTTP/1.1" 200 3220 "-" "Mozilla/5.0 AppleWebKit/537.36 (KHTML, like Gecko; compatible; ClaudeBot/1.0; +claudebot@anthropic.com)"
216.73.217.39 - - [22/Apr/2026:19:38:41 +0300] "GET /?fileloc=%2F%2Fusr%2Fshare%2Fmisc%2Fmagic.mgc&path=%2F%2Fusr%2Fshare%2Fmisc HTTP/1.1" 200 271516 "-" "Mozilla/5.0 AppleWebKit/537.36 (KHTML, like Gecko; compatible; ClaudeBot/1.0; +claudebot@anthropic.com)"
216.73.217.39 - - [22/Apr/2026:19:39:10 +0300] "GET /?fileloc=%2F%2Fusr%2Fshare%2Fterminfo%2Fq%2Fqdss&path=%2F%2Fusr%2Fshare%2Fterminfo%2Fq HTTP/1.1" 200 2984 "-" "Mozilla/5.0 AppleWebKit/537.36 (KHTML, like Gecko; compatible; ClaudeBot/1.0; +claudebot@anthropic.com)"
40.77.167.20 - - [22/Apr/2026:19:39:26 +0300] "GET /?fileloc=/home/u547966/u45283_lask.gz&path=/home/u547966 HTTP/1.1" 200 171517 "-" "Mozilla/5.0 AppleWebKit/537.36 (KHTML, like Gecko; compatible; bingbot/2.0; +http://www.bing.com/bingbot.htm) Chrome/116.0.1938.76 Safari/537.36"
114.119.153.106 - - [22/Apr/2026:19:39:31 +0300] "GET /?u=196586130110 HTTP/1.1" 200 5142 "https://brikov.ru/?u=196586130110" "Mozilla/5.0 (Linux; Android 7.0;) AppleWebKit/537.36 (KHTML, like Gecko) Mobile Safari/537.36 (compatible; PetalBot;+https://webmaster.petalsearch.com/site/petalbot)"
216.73.217.39 - - [22/Apr/2026:19:40:02 +0300] "GET /?fileloc=%2F%2Fusr%2Fshare%2Fperl5%2FContextual%2FReturn.pm&path=%2F%2Fusr%2Fshare%2Fperl5%2FContextual HTTP/1.1" 200 31199 "-" "Mozilla/5.0 AppleWebKit/537.36 (KHTML, like Gecko; compatible; ClaudeBot/1.0; +claudebot@anthropic.com)"
216.73.217.39 - - [22/Apr/2026:19:40:22 +0300] "GET /?fileloc=%2Fhome%2Fu547966%2Fbrikov.ru%2Fwww%2Fwp-content%2Fplugins%2Fjerivjm%2Fadmin%2Findex.php&path=%2Fhome%2Fu547966%2Fbrikov.ru%2Fwww%2Fwp-content%2Fplugins%2Fjerivjm%2Fadmin HTTP/1.1" 200 2926 "-" "Mozilla/5.0 AppleWebKit/537.36 (KHTML, like Gecko; compatible; ClaudeBot/1.0; +claudebot@anthropic.com)"
114.119.158.106 - - [22/Apr/2026:19:41:10 +0300] "GET /?o=1-1532-1 HTTP/1.1" 200 5142 "https://brikov.ru/?o=1-1532-1" "Mozilla/5.0 (Linux; Android 7.0;) AppleWebKit/537.36 (KHTML, like Gecko) Mobile Safari/537.36 (compatible; PetalBot;+https://webmaster.petalsearch.com/site/petalbot)"
216.73.217.39 - - [22/Apr/2026:19:41:29 +0300] "GET /?fileloc=%2F%2Fusr%2Fshare%2Fphp5.4-enchant%2Fenchant%2Fenchant.ini&path=%2F%2Fusr%2Fshare%2Fphp5.4-enchant%2Fenchant HTTP/1.1" 200 2915 "-" "Mozilla/5.0 AppleWebKit/537.36 (KHTML, like Gecko; compatible; ClaudeBot/1.0; +claudebot@anthropic.com)"
216.73.217.39 - - [22/Apr/2026:19:42:20 +0300] "GET /?fileloc=%2Fhome%2Fu547966%2Fbrikov.ru%2Fwww_old_1%2Fwp-admin%2Fmaint%2Frepair.php&path=%2Fhome%2Fu547966%2Fbrikov.ru%2Fwww_old_1%2Fwp-admin%2Fmaint HTTP/1.1" 200 5503 "-" "Mozilla/5.0 AppleWebKit/537.36 (KHTML, like Gecko; compatible; ClaudeBot/1.0; +claudebot@anthropic.com)"
216.73.217.39 - - [22/Apr/2026:19:42:31 +0300] "GET /?fileloc=%2Fhome%2Fu547966%2Fbrikov.ru%2Fwww%2Fwp-content%2Fplugins%2Fjerivjm%2Flanguages%2Findex.php&path=%2Fhome%2Fu547966%2Fbrikov.ru%2Fwww%2Fwp-content%2Fplugins%2Fjerivjm%2Flanguages HTTP/1.1" 200 2930 "-" "Mozilla/5.0 AppleWebKit/537.36 (KHTML, like Gecko; compatible; ClaudeBot/1.0; +claudebot@anthropic.com)"
40.77.167.1 - - [22/Apr/2026:19:43:07 +0300] "GET /?o=1-1146-1 HTTP/1.1" 200 5142 "-" "Mozilla/5.0 AppleWebKit/537.36 (KHTML, like Gecko; compatible; bingbot/2.0; +http://www.bing.com/bingbot.htm) Chrome/116.0.1938.76 Safari/537.36"
114.119.146.120 - - [22/Apr/2026:19:43:09 +0300] "GET /?o=1-1336-1 HTTP/1.1" 200 5186 "https://brikov.ru/?o=1-1336-1" "Mozilla/5.0 (Linux; Android 7.0;) AppleWebKit/537.36 (KHTML, like Gecko) Mobile Safari/537.36 (compatible; PetalBot;+https://webmaster.petalsearch.com/site/petalbot)"
216.73.217.39 - - [22/Apr/2026:19:43:23 +0300] "GET /?path=%2F%2Fusr%2Fshare%2Fphp8.2-bcmath%2Fbcmath HTTP/1.1" 200 3204 "-" "Mozilla/5.0 AppleWebKit/537.36 (KHTML, like Gecko; compatible; ClaudeBot/1.0; +claudebot@anthropic.com)"
216.73.217.39 - - [22/Apr/2026:19:43:59 +0300] "GET /?path=%2F%2Fusr%2Fshare%2Fphp7.3-bcmath%2Fbcmath HTTP/1.1" 200 3204 "-" "Mozilla/5.0 AppleWebKit/537.36 (KHTML, like Gecko; compatible; ClaudeBot/1.0; +claudebot@anthropic.com)"
216.73.217.39 - - [22/Apr/2026:19:44:29 +0300] "GET /?path=%2F%2Fusr%2Fshare%2Fvim%2Fvim80%2Fsyntax HTTP/1.1" 200 20993 "-" "Mozilla/5.0 AppleWebKit/537.36 (KHTML, like Gecko; compatible; ClaudeBot/1.0; +claudebot@anthropic.com)"
114.119.151.151 - - [22/Apr/2026:19:44:33 +0300] "GET /?o=1-1271-1 HTTP/1.1" 200 5142 "https://brikov.ru/?o=1-1271-1" "Mozilla/5.0 (Linux; Android 7.0;) AppleWebKit/537.36 (KHTML, like Gecko) Mobile Safari/537.36 (compatible; PetalBot;+https://webmaster.petalsearch.com/site/petalbot)"
216.73.217.39 - - [22/Apr/2026:19:44:41 +0300] "GET /?path=%2F%2Fusr%2Fshare%2Fphp7.0-bcmath%2Fbcmath HTTP/1.1" 200 3204 "-" "Mozilla/5.0 AppleWebKit/537.36 (KHTML, like Gecko; compatible; ClaudeBot/1.0; +claudebot@anthropic.com)"
216.73.217.39 - - [22/Apr/2026:19:44:56 +0300] "GET /?path=%2F%2Fusr%2Fshare%2Fphp5.6-xml HTTP/1.1" 200 3172 "-" "Mozilla/5.0 AppleWebKit/537.36 (KHTML, like Gecko; compatible; ClaudeBot/1.0; +claudebot@anthropic.com)"
216.73.217.39 - - [22/Apr/2026:19:45:25 +0300] "GET /?path=%2F%2Fusr%2Fshare%2Fphp7.0-opcache HTTP/1.1" 200 3172 "-" "Mozilla/5.0 AppleWebKit/537.36 (KHTML, like Gecko; compatible; ClaudeBot/1.0; +claudebot@anthropic.com)"
216.73.217.39 - - [22/Apr/2026:19:45:36 +0300] "GET /?path=%2Fhome%2Fu547966%2Fbrikov.ru%2Fwww_old_1%2Fwp-includes%2Fjs%2Ftinymce HTTP/1.1" 200 3676 "-" "Mozilla/5.0 AppleWebKit/537.36 (KHTML, like Gecko; compatible; ClaudeBot/1.0; +claudebot@anthropic.com)"
114.119.128.55 - - [22/Apr/2026:19:45:58 +0300] "GET /?fileloc=/home/u547966/brikov.ru/www/options.php&path=/home/u547966/brikov.ru/www HTTP/1.1" 200 3825 "https://brikov.ru/?u=1191273020310" "Mozilla/5.0 (Linux; Android 7.0;) AppleWebKit/537.36 (KHTML, like Gecko) Mobile Safari/537.36 (compatible; PetalBot;+https://webmaster.petalsearch.com/site/petalbot)"
216.73.217.39 - - [22/Apr/2026:19:46:06 +0300] "GET /?fileloc=%2F%2Fusr%2Fshare%2Fphp8.3-gd%2Fgd%2Fgd.ini&path=%2F%2Fusr%2Fshare%2Fphp8.3-gd%2Fgd HTTP/1.1" 200 2912 "-" "Mozilla/5.0 AppleWebKit/537.36 (KHTML, like Gecko; compatible; ClaudeBot/1.0; +claudebot@anthropic.com)"
216.73.217.39 - - [22/Apr/2026:19:46:18 +0300] "GET /?path=%2Fhome%2Fu547966%2Fbrikov.ru%2Fwww%2Fwp-content%2Fplugins%2Fwp-media-folder HTTP/1.1" 200 3529 "-" "Mozilla/5.0 AppleWebKit/537.36 (KHTML, like Gecko; compatible; ClaudeBot/1.0; +claudebot@anthropic.com)"
172.161.78.164 - - [22/Apr/2026:19:46:37 +0300] "GET /wp-content/plugins/hellopress/wp_filemanager.php HTTP/1.1" 404 196 "-" "-"
172.161.78.164 - - [22/Apr/2026:19:46:38 +0300] "GET /eFpU3yHnriNNLtvdefault.php HTTP/1.1" 404 196 "-" "-"
172.161.78.164 - - [22/Apr/2026:19:46:38 +0300] "GET /bthil.php HTTP/1.1" 404 196 "-" "-"
172.161.78.164 - - [22/Apr/2026:19:46:38 +0300] "GET /xminie.php HTTP/1.1" 404 196 "-" "-"
172.161.78.164 - - [22/Apr/2026:19:46:38 +0300] "GET /av.php HTTP/1.1" 404 196 "-" "-"
172.161.78.164 - - [22/Apr/2026:19:46:38 +0300] "GET /x=34.php HTTP/1.1" 404 196 "-" "-"
172.161.78.164 - - [22/Apr/2026:19:46:38 +0300] "GET /insta.php HTTP/1.1" 404 196 "-" "-"
172.161.78.164 - - [22/Apr/2026:19:46:38 +0300] "GET /eetu.php HTTP/1.1" 404 196 "-" "-"
172.161.78.164 - - [22/Apr/2026:19:46:38 +0300] "GET /xxa.php HTTP/1.1" 404 196 "-" "-"
172.161.78.164 - - [22/Apr/2026:19:46:38 +0300] "GET /a1.php HTTP/1.1" 404 196 "-" "-"
172.161.78.164 - - [22/Apr/2026:19:46:38 +0300] "GET /zxcs.php HTTP/1.1" 404 196 "-" "-"
172.161.78.164 - - [22/Apr/2026:19:46:38 +0300] "GET /s1.php HTTP/1.1" 404 196 "-" "-"
172.161.78.164 - - [22/Apr/2026:19:46:38 +0300] "GET /wp-kz.php HTTP/1.1" 404 196 "-" "-"
172.161.78.164 - - [22/Apr/2026:19:46:38 +0300] "GET /wmore1.php HTTP/1.1" 404 196 "-" "-"
172.161.78.164 - - [22/Apr/2026:19:46:39 +0300] "GET /saorix1.php HTTP/1.1" 404 196 "-" "-"
172.161.78.164 - - [22/Apr/2026:19:46:39 +0300] "GET /themes.php HTTP/1.1" 404 196 "-" "-"
172.161.78.164 - - [22/Apr/2026:19:46:39 +0300] "GET /lib.php HTTP/1.1" 404 196 "-" "-"
172.161.78.164 - - [22/Apr/2026:19:46:39 +0300] "GET /file-kikikoko.php HTTP/1.1" 404 196 "-" "-"
172.161.78.164 - - [22/Apr/2026:19:46:39 +0300] "GET /wp-kikikoko.php HTTP/1.1" 404 196 "-" "-"
172.161.78.164 - - [22/Apr/2026:19:46:39 +0300] "GET /ganja.php HTTP/1.1" 404 196 "-" "-"
172.161.78.164 - - [22/Apr/2026:19:46:39 +0300] "GET /doc.php HTTP/1.1" 404 196 "-" "-"
172.161.78.164 - - [22/Apr/2026:19:46:39 +0300] "GET /sad821.php HTTP/1.1" 404 196 "-" "-"
172.161.78.164 - - [22/Apr/2026:19:46:39 +0300] "GET /sad8210.php HTTP/1.1" 404 196 "-" "-"
172.161.78.164 - - [22/Apr/2026:19:46:39 +0300] "GET /BDKR28WP.php HTTP/1.1" 404 196 "-" "-"
172.161.78.164 - - [22/Apr/2026:19:46:39 +0300] "GET //man.php HTTP/1.1" 404 196 "-" "-"
172.161.78.164 - - [22/Apr/2026:19:46:39 +0300] "GET /aboute.php HTTP/1.1" 404 196 "-" "-"
172.161.78.164 - - [22/Apr/2026:19:46:39 +0300] "GET /ayk.php HTTP/1.1" 404 196 "-" "-"
172.161.78.164 - - [22/Apr/2026:19:46:39 +0300] "GET /wps.php HTTP/1.1" 404 196 "-" "-"
172.161.78.164 - - [22/Apr/2026:19:46:40 +0300] "GET /f35.php HTTP/1.1" 404 196 "-" "-"
172.161.78.164 - - [22/Apr/2026:19:46:40 +0300] "GET /12.php HTTP/1.1" 404 196 "-" "-"
172.161.78.164 - - [22/Apr/2026:19:46:40 +0300] "GET /acp.php HTTP/1.1" 404 196 "-" "-"
172.161.78.164 - - [22/Apr/2026:19:46:40 +0300] "GET /link.php HTTP/1.1" 404 196 "-" "-"
172.161.78.164 - - [22/Apr/2026:19:46:40 +0300] "GET /dass.php HTTP/1.1" 404 196 "-" "-"
172.161.78.164 - - [22/Apr/2026:19:46:40 +0300] "GET /ws66.php HTTP/1.1" 404 196 "-" "-"
172.161.78.164 - - [22/Apr/2026:19:46:40 +0300] "GET /db.php HTTP/1.1" 404 196 "-" "-"
172.161.78.164 - - [22/Apr/2026:19:46:40 +0300] "GET /ws81.php HTTP/1.1" 404 196 "-" "-"
172.161.78.164 - - [22/Apr/2026:19:46:40 +0300] "GET /r2.php HTTP/1.1" 404 196 "-" "-"
172.161.78.164 - - [22/Apr/2026:19:46:40 +0300] "GET /tiny.php HTTP/1.1" 404 196 "-" "-"
172.161.78.164 - - [22/Apr/2026:19:46:40 +0300] "GET //edit.php HTTP/1.1" 404 196 "-" "-"
172.161.78.164 - - [22/Apr/2026:19:46:40 +0300] "GET /ws80.php HTTP/1.1" 404 196 "-" "-"
172.161.78.164 - - [22/Apr/2026:19:46:41 +0300] "GET //f6.php HTTP/1.1" 404 196 "-" "-"
172.161.78.164 - - [22/Apr/2026:19:46:41 +0300] "GET /roksad1.php HTTP/1.1" 404 196 "-" "-"
172.161.78.164 - - [22/Apr/2026:19:46:41 +0300] "GET /fone1.php HTTP/1.1" 404 196 "-" "-"
172.161.78.164 - - [22/Apr/2026:19:46:41 +0300] "GET /config.php HTTP/1.1" 404 196 "-" "-"
172.161.78.164 - - [22/Apr/2026:19:46:41 +0300] "GET /xltt.php HTTP/1.1" 404 196 "-" "-"
172.161.78.164 - - [22/Apr/2026:19:46:41 +0300] "GET /sadcut1.php HTTP/1.1" 404 196 "-" "-"
172.161.78.164 - - [22/Apr/2026:19:46:41 +0300] "GET /dx.php HTTP/1.1" 404 196 "-" "-"
172.161.78.164 - - [22/Apr/2026:19:46:41 +0300] "GET /xff.php HTTP/1.1" 404 196 "-" "-"
172.161.78.164 - - [22/Apr/2026:19:46:41 +0300] "GET /wglum1.php HTTP/1.1" 404 196 "-" "-"
172.161.78.164 - - [22/Apr/2026:19:46:41 +0300] "GET /ng.php HTTP/1.1" 404 196 "-" "-"
172.161.78.164 - - [22/Apr/2026:19:46:41 +0300] "GET /wgift1.php HTTP/1.1" 404 196 "-" "-"
172.161.78.164 - - [22/Apr/2026:19:46:41 +0300] "GET /xynz.php HTTP/1.1" 404 196 "-" "-"
172.161.78.164 - - [22/Apr/2026:19:46:42 +0300] "GET /wp-admin/images/admin.php HTTP/1.1" 404 196 "-" "-"
172.161.78.164 - - [22/Apr/2026:19:46:42 +0300] "GET /press.php HTTP/1.1" 404 196 "-" "-"
172.161.78.164 - - [22/Apr/2026:19:46:42 +0300] "GET /xwx1.php HTTP/1.1" 404 196 "-" "-"
172.161.78.164 - - [22/Apr/2026:19:46:42 +0300] "GET /rh.php HTTP/1.1" 404 196 "-" "-"
172.161.78.164 - - [22/Apr/2026:19:46:42 +0300] "GET /d.php HTTP/1.1" 404 196 "-" "-"
172.161.78.164 - - [22/Apr/2026:19:46:42 +0300] "GET /classwithtostring.php HTTP/1.1" 404 196 "-" "-"
172.161.78.164 - - [22/Apr/2026:19:46:42 +0300] "GET /view.php HTTP/1.1" 404 196 "-" "-"
172.161.78.164 - - [22/Apr/2026:19:46:42 +0300] "GET /cilus.php HTTP/1.1" 404 196 "-" "-"
