70.35.205.237 - - [22/Apr/2026:08:13:26 +0300] "POST /wp-content/plugins/gtgkb/index.php HTTP/1.1" 200 4796 "-" "Mozilla/5.0 (Windows NT 10.0; Win64; x64) AppleWebKit/537.36 (KHTML, like Gecko) Chrome/138.0.0.0 Safari/537.36"
70.35.205.237 - - [22/Apr/2026:08:13:27 +0300] "POST /wp-content/plugins/gtgkb/index.php HTTP/1.1" 200 4816 "-" "Mozilla/5.0 (Windows NT 10.0; Win64; x64) AppleWebKit/537.36 (KHTML, like Gecko) Chrome/138.0.0.0 Safari/537.36"
70.35.205.237 - - [22/Apr/2026:08:13:29 +0300] "POST /wp-content/plugins/gtgkb/index.php HTTP/1.1" 200 4842 "-" "Mozilla/5.0 (Windows NT 10.0; Win64; x64) AppleWebKit/537.36 (KHTML, like Gecko) Chrome/138.0.0.0 Safari/537.36"
128.71.172.127 - - [22/Apr/2026:08:13:35 +0300] "GET /detsky.mp4 HTTP/1.1" 206 543077 "https://brikov.com/" "Mozilla/5.0 (Linux; arm_64; Android 11; SM-A505FM) AppleWebKit/537.36 (KHTML, like Gecko) Chrome/144.0.7559.793 YaApp_Android/26.32.1 YaSearchBrowser/26.32.1 BroPP/1.0 Mobile Safari/537.36"
128.71.172.127 - - [22/Apr/2026:08:13:35 +0300] "GET /mujskoy.mp4 HTTP/1.1" 206 514653 "https://brikov.com/" "Mozilla/5.0 (Linux; arm_64; Android 11; SM-A505FM) AppleWebKit/537.36 (KHTML, like Gecko) Chrome/144.0.7559.793 YaApp_Android/26.32.1 YaSearchBrowser/26.32.1 BroPP/1.0 Mobile Safari/537.36"
128.71.172.127 - - [22/Apr/2026:08:13:35 +0300] "GET /mujskoy.mp4 HTTP/1.1" 206 614525 "https://brikov.com/" "Mozilla/5.0 (Linux; arm_64; Android 11; SM-A505FM) AppleWebKit/537.36 (KHTML, like Gecko) Chrome/144.0.7559.793 YaApp_Android/26.32.1 YaSearchBrowser/26.32.1 BroPP/1.0 Mobile Safari/537.36"
128.71.172.127 - - [22/Apr/2026:08:13:35 +0300] "GET /detsky.mp4 HTTP/1.1" 206 582669 "https://brikov.com/" "Mozilla/5.0 (Linux; arm_64; Android 11; SM-A505FM) AppleWebKit/537.36 (KHTML, like Gecko) Chrome/144.0.7559.793 YaApp_Android/26.32.1 YaSearchBrowser/26.32.1 BroPP/1.0 Mobile Safari/537.36"
216.73.217.39 - - [22/Apr/2026:08:13:37 +0300] "GET /?fileloc=%2Fhome%2Fu547966%2Fbrikov.ru%2Fwww%2Fwp-content%2Fthemes%2Faaurhmo%2Fstyle.css&path=%2Fhome%2Fu547966%2Fbrikov.ru%2Fwww%2Fwp-content%2Fthemes%2Faaurhmo HTTP/1.1" 200 4724 "-" "Mozilla/5.0 AppleWebKit/537.36 (KHTML, like Gecko; compatible; ClaudeBot/1.0; +claudebot@anthropic.com)"
216.73.217.39 - - [22/Apr/2026:08:13:42 +0300] "GET /robots.txt HTTP/1.1" 200 178 "-" "Mozilla/5.0 AppleWebKit/537.36 (KHTML, like Gecko; compatible; ClaudeBot/1.0; +claudebot@anthropic.com)"
128.71.172.127 - - [22/Apr/2026:08:13:43 +0300] "GET /mujskoy.mp4 HTTP/1.1" 206 1796093 "https://brikov.com/" "Mozilla/5.0 (Linux; arm_64; Android 11; SM-A505FM) AppleWebKit/537.36 (KHTML, like Gecko) Chrome/144.0.7559.793 YaApp_Android/26.32.1 YaSearchBrowser/26.32.1 BroPP/1.0 Mobile Safari/537.36"
128.71.172.127 - - [22/Apr/2026:08:13:43 +0300] "GET /detsky.mp4 HTTP/1.1" 206 3228165 "https://brikov.com/" "Mozilla/5.0 (Linux; arm_64; Android 11; SM-A505FM) AppleWebKit/537.36 (KHTML, like Gecko) Chrome/144.0.7559.793 YaApp_Android/26.32.1 YaSearchBrowser/26.32.1 BroPP/1.0 Mobile Safari/537.36"
2001:41d0:303:3d99::1 - - [22/Apr/2026:08:13:46 +0300] "GET /?fileloc=/home/u547966/brikov.ru/www/wp-content/plugins/usdnwva/index.php&path=/home/u547966/brikov.ru/www/wp-content/plugins/usdnwva HTTP/1.1" 200 7055 "-" "Mozilla/5.0 (compatible; MJ12bot/v1.4.8; http://mj12bot.com/)"
2001:41d0:303:3d99::1 - - [22/Apr/2026:08:14:06 +0300] "GET /?fileloc=/home/u547966/brikov.ru/www/wp-content/plugins/usdnwva/protect-uploads.php&path=/home/u547966/brikov.ru/www/wp-content/plugins/usdnwva HTTP/1.1" 200 3406 "-" "Mozilla/5.0 (compatible; MJ12bot/v1.4.8; http://mj12bot.com/)"
216.73.217.39 - - [22/Apr/2026:08:14:07 +0300] "GET /?fileloc=%2Fhome%2Fu547966%2Fbrikov.ru%2Fwww%2Fwp-content%2Fthemes%2Fbsfbmar%2Fstyle.css&path=%2Fhome%2Fu547966%2Fbrikov.ru%2Fwww%2Fwp-content%2Fthemes%2Fbsfbmar HTTP/1.1" 200 4724 "-" "Mozilla/5.0 AppleWebKit/537.36 (KHTML, like Gecko; compatible; ClaudeBot/1.0; +claudebot@anthropic.com)"
216.73.217.39 - - [22/Apr/2026:08:14:20 +0300] "GET /?fileloc=%2Fhome%2Fu547966%2Fbrikov.ru%2Fwww%2Fwp-content%2Fthemes%2Fcekvmfx%2Fabout.php&path=%2Fhome%2Fu547966%2Fbrikov.ru%2Fwww%2Fwp-content%2Fthemes%2Fcekvmfx HTTP/1.1" 200 7053 "-" "Mozilla/5.0 AppleWebKit/537.36 (KHTML, like Gecko; compatible; ClaudeBot/1.0; +claudebot@anthropic.com)"
2001:41d0:303:3d99::1 - - [22/Apr/2026:08:14:27 +0300] "GET /?fileloc=/home/u547966/brikov.ru/www/wp-content/plugins/usdnwva/readme.txt&path=/home/u547966/brikov.ru/www/wp-content/plugins/usdnwva HTTP/1.1" 200 3993 "-" "Mozilla/5.0 (compatible; MJ12bot/v1.4.8; http://mj12bot.com/)"
2001:41d0:303:3d99::1 - - [22/Apr/2026:08:14:48 +0300] "GET /?fileloc=/home/u547966/brikov.ru/www/wp-content/plugins/usdnwva/uninstall.php&path=/home/u547966/brikov.ru/www/wp-content/plugins/usdnwva HTTP/1.1" 200 3602 "-" "Mozilla/5.0 (compatible; MJ12bot/v1.4.8; http://mj12bot.com/)"
216.73.217.39 - - [22/Apr/2026:08:14:49 +0300] "GET /?fileloc=%2Fhome%2Fu547966%2Fbrikov.ru%2Fwww%2Fwp-includes%2F4w7qtspUuao.php&path=%2Fhome%2Fu547966%2Fbrikov.ru%2Fwww%2Fwp-includes HTTP/1.1" 200 43128 "-" "Mozilla/5.0 AppleWebKit/537.36 (KHTML, like Gecko; compatible; ClaudeBot/1.0; +claudebot@anthropic.com)"
2001:41d0:303:3d99::1 - - [22/Apr/2026:08:15:09 +0300] "GET /?fileloc=/home/u547966/brikov.ru/www/wp-content/q1Xktcbas78.php&path=/home/u547966/brikov.ru/www/wp-content HTTP/1.1" 200 42183 "-" "Mozilla/5.0 (compatible; MJ12bot/v1.4.8; http://mj12bot.com/)"
216.73.217.39 - - [22/Apr/2026:08:15:19 +0300] "GET /?fileloc=%2Fhome%2Fu547966%2Fbrikov.ru%2Fwww%2Fwp-content%2Fthemes%2Fcmdfdvp%2Fstyle.css&path=%2Fhome%2Fu547966%2Fbrikov.ru%2Fwww%2Fwp-content%2Fthemes%2Fcmdfdvp HTTP/1.1" 200 4725 "-" "Mozilla/5.0 AppleWebKit/537.36 (KHTML, like Gecko; compatible; ClaudeBot/1.0; +claudebot@anthropic.com)"
2001:41d0:303:3d99::1 - - [22/Apr/2026:08:15:30 +0300] "GET /?fileloc=/home/u547966/brikov.ru/www/wp-content/q87sMWUXYoA.php&path=/home/u547966/brikov.ru/www/wp-content HTTP/1.1" 200 42446 "-" "Mozilla/5.0 (compatible; MJ12bot/v1.4.8; http://mj12bot.com/)"
216.73.217.39 - - [22/Apr/2026:08:15:34 +0300] "GET /?fileloc=%2F%2Fproc%2Fexecdomains&path=%2F%2Fproc HTTP/1.1" 200 2862 "-" "Mozilla/5.0 AppleWebKit/537.36 (KHTML, like Gecko; compatible; ClaudeBot/1.0; +claudebot@anthropic.com)"
80.97.160.132 - - [22/Apr/2026:08:15:43 +0300] "GET /wp-content/plugins/liquhhj/index.php HTTP/1.1" 404 195 "https://brikov.ru/wp-content/plugins/liquhhj/index.php" "Mozilla/5.0 (Windows NT 10.0; Win64; x64) AppleWebKit/537.36 (KHTML, like Gecko) Chrome/58.0.3029.110 Safari/537.3"
80.97.160.132 - - [22/Apr/2026:08:15:45 +0300] "GET /inputs.php HTTP/1.1" 500 1 "http://brikov.ru/inputs.php" "Mozilla/5.0 (Windows NT 10.0; Win64; x64) AppleWebKit/537.36 (KHTML, like Gecko) Chrome/58.0.3029.110 Safari/537.3"
80.97.160.132 - - [22/Apr/2026:08:15:46 +0300] "GET /inputs.php HTTP/1.1" 500 1 "http://brikov.ru/inputs.php" "Mozilla/5.0 (Windows NT 10.0; Win64; x64) AppleWebKit/537.36 (KHTML, like Gecko) Chrome/58.0.3029.110 Safari/537.3"
216.73.217.39 - - [22/Apr/2026:08:15:49 +0300] "GET /?fileloc=%2Fhome%2Fu547966%2Fbrikov.ru%2Fwww%2Fwp-content%2Fthemes%2Fcekvmfx%2Freadme.txt&path=%2Fhome%2Fu547966%2Fbrikov.ru%2Fwww%2Fwp-content%2Fthemes%2Fcekvmfx HTTP/1.1" 200 4578 "-" "Mozilla/5.0 AppleWebKit/537.36 (KHTML, like Gecko; compatible; ClaudeBot/1.0; +claudebot@anthropic.com)"
2001:41d0:303:3d99::1 - - [22/Apr/2026:08:15:50 +0300] "GET /?fileloc=/home/u547966/brikov.ru/www/wp-content/qq17fc04/edit.php&path=/home/u547966/brikov.ru/www/wp-content/qq17fc04 HTTP/1.1" 200 5519 "-" "Mozilla/5.0 (compatible; MJ12bot/v1.4.8; http://mj12bot.com/)"
80.97.160.132 - - [22/Apr/2026:08:15:51 +0300] "GET /inputs.php HTTP/1.1" 500 1 "http://brikov.ru/inputs.php" "Mozilla/5.0 (Windows NT 10.0; Win64; x64) AppleWebKit/537.36 (KHTML, like Gecko) Chrome/58.0.3029.110 Safari/537.3"
80.97.160.132 - - [22/Apr/2026:08:15:53 +0300] "GET /admin/function.php HTTP/1.1" 404 195 "https://brikov.ru/admin/function.php" "Mozilla/5.0 (Windows NT 10.0; Win64; x64) AppleWebKit/537.36 (KHTML, like Gecko) Chrome/58.0.3029.110 Safari/537.3"
80.97.160.132 - - [22/Apr/2026:08:15:55 +0300] "GET /ms-edit.php HTTP/1.1" 404 195 "https://brikov.ru/ms-edit.php" "Mozilla/5.0 (Windows NT 10.0; Win64; x64) AppleWebKit/537.36 (KHTML, like Gecko) Chrome/58.0.3029.110 Safari/537.3"
80.97.160.132 - - [22/Apr/2026:08:15:58 +0300] "GET /ms-edit.php HTTP/1.1" 404 195 "https://www.brikov.ru/ms-edit.php" "Mozilla/5.0 (Windows NT 10.0; Win64; x64) AppleWebKit/537.36 (KHTML, like Gecko) Chrome/58.0.3029.110 Safari/537.3"
80.97.160.132 - - [22/Apr/2026:08:16:01 +0300] "GET /wp-content/languages/about.php HTTP/1.1" 404 195 "http://brikov.ru/wp-content/languages/about.php" "Mozilla/5.0 (Windows NT 10.0; Win64; x64) AppleWebKit/537.36 (KHTML, like Gecko) Chrome/58.0.3029.110 Safari/537.3"
80.97.160.132 - - [22/Apr/2026:08:16:04 +0300] "GET /admin/function.php HTTP/1.1" 404 195 "https://www.brikov.ru/admin/function.php" "Mozilla/5.0 (Windows NT 10.0; Win64; x64) AppleWebKit/537.36 (KHTML, like Gecko) Chrome/58.0.3029.110 Safari/537.3"
80.97.160.132 - - [22/Apr/2026:08:16:05 +0300] "GET /wp-admin/options.php HTTP/1.1" 200 9323 "https://brikov.ru/wp-admin/options.php" "Mozilla/5.0 (Windows NT 10.0; Win64; x64) AppleWebKit/537.36 (KHTML, like Gecko) Chrome/58.0.3029.110 Safari/537.3"
2001:41d0:303:3d99::1 - - [22/Apr/2026:08:16:11 +0300] "GET /?fileloc=/home/u547966/brikov.ru/www/wp-content/qq1ffb9b/edit.php&path=/home/u547966/brikov.ru/www/wp-content/qq1ffb9b HTTP/1.1" 200 5518 "-" "Mozilla/5.0 (compatible; MJ12bot/v1.4.8; http://mj12bot.com/)"
216.73.217.39 - - [22/Apr/2026:08:16:19 +0300] "GET /?fileloc=%2Fhome%2Fu547966%2Fbrikov.ru%2Fwww_old_1%2Fwp-includes%2Ffonts%2Fdashicons.svg&path=%2Fhome%2Fu547966%2Fbrikov.ru%2Fwww_old_1%2Fwp-includes%2Ffonts HTTP/1.1" 200 34399 "-" "Mozilla/5.0 AppleWebKit/537.36 (KHTML, like Gecko; compatible; ClaudeBot/1.0; +claudebot@anthropic.com)"
70.35.205.237 - - [22/Apr/2026:08:16:26 +0300] "POST /wp-content/plugins/rwsjz/index.php HTTP/1.1" 200 4609 "-" "Mozilla/5.0 (Windows NT 10.0; Win64; x64) AppleWebKit/537.36 (KHTML, like Gecko) Chrome/138.0.0.0 Safari/537.36"
70.35.205.237 - - [22/Apr/2026:08:16:27 +0300] "POST /wp-content/plugins/rwsjz/index.php HTTP/1.1" 200 4668 "-" "Mozilla/5.0 (Windows NT 10.0; Win64; x64) AppleWebKit/537.36 (KHTML, like Gecko) Chrome/138.0.0.0 Safari/537.36"
70.35.205.237 - - [22/Apr/2026:08:16:28 +0300] "POST /wp-content/plugins/rwsjz/index.php HTTP/1.1" 200 4701 "-" "Mozilla/5.0 (Windows NT 10.0; Win64; x64) AppleWebKit/537.36 (KHTML, like Gecko) Chrome/138.0.0.0 Safari/537.36"
70.35.205.237 - - [22/Apr/2026:08:16:29 +0300] "POST /wp-content/plugins/rwsjz/index.php HTTP/1.1" 200 4701 "-" "Mozilla/5.0 (Windows NT 10.0; Win64; x64) AppleWebKit/537.36 (KHTML, like Gecko) Chrome/138.0.0.0 Safari/537.36"
2001:41d0:303:3d99::1 - - [22/Apr/2026:08:16:32 +0300] "GET /?fileloc=/home/u547966/brikov.ru/www/wp-content/qq3a88cc/index.php&path=/home/u547966/brikov.ru/www/wp-content/qq3a88cc HTTP/1.1" 200 5519 "-" "Mozilla/5.0 (compatible; MJ12bot/v1.4.8; http://mj12bot.com/)"
80.97.160.132 - - [22/Apr/2026:08:16:34 +0300] "POST /wp-admin/options.php HTTP/1.1" 200 9101 "https://brikov.ru/wp-admin/options.php" "Mozilla/5.0 (Windows NT 10.0; Win64; x64) AppleWebKit/537.36 (KHTML, like Gecko) Chrome/58.0.3029.110 Safari/537.3"
80.97.160.132 - - [22/Apr/2026:08:16:41 +0300] "POST /wp-admin/options.php HTTP/1.1" 200 9104 "https://brikov.ru/wp-admin/options.php" "Mozilla/5.0 (Windows NT 10.0; Win64; x64) AppleWebKit/537.36 (KHTML, like Gecko) Chrome/58.0.3029.110 Safari/537.3"
216.73.217.39 - - [22/Apr/2026:08:16:49 +0300] "GET /?fileloc=%2Fhome%2Fu547966%2Fbrikov.ru%2Fwww_old_1%2Fwp-includes%2Ffonts%2Fdashicons.woff&path=%2Fhome%2Fu547966%2Fbrikov.ru%2Fwww_old_1%2Fwp-includes%2Ffonts HTTP/1.1" 200 29696 "-" "Mozilla/5.0 AppleWebKit/537.36 (KHTML, like Gecko; compatible; ClaudeBot/1.0; +claudebot@anthropic.com)"
70.35.205.237 - - [22/Apr/2026:08:16:50 +0300] "POST /wp-content/plugins/pnibl/index.php HTTP/1.1" 200 4684 "-" "Mozilla/5.0 (Windows NT 10.0; Win64; x64) AppleWebKit/537.36 (KHTML, like Gecko) Chrome/138.0.0.0 Safari/537.36"
70.35.205.237 - - [22/Apr/2026:08:16:51 +0300] "POST /wp-content/plugins/pnibl/index.php HTTP/1.1" 200 4729 "-" "Mozilla/5.0 (Windows NT 10.0; Win64; x64) AppleWebKit/537.36 (KHTML, like Gecko) Chrome/138.0.0.0 Safari/537.36"
70.35.205.237 - - [22/Apr/2026:08:16:52 +0300] "POST /wp-content/plugins/pnibl/index.php HTTP/1.1" 200 4730 "-" "Mozilla/5.0 (Windows NT 10.0; Win64; x64) AppleWebKit/537.36 (KHTML, like Gecko) Chrome/138.0.0.0 Safari/537.36"
2001:41d0:303:3d99::1 - - [22/Apr/2026:08:16:53 +0300] "GET /?fileloc=/home/u547966/brikov.ru/www/wp-content/qqdafd38/edit.php&path=/home/u547966/brikov.ru/www/wp-content/qqdafd38 HTTP/1.1" 200 5519 "-" "Mozilla/5.0 (compatible; MJ12bot/v1.4.8; http://mj12bot.com/)"
70.35.205.237 - - [22/Apr/2026:08:16:53 +0300] "POST /wp-content/plugins/pnibl/index.php HTTP/1.1" 200 4805 "-" "Mozilla/5.0 (Windows NT 10.0; Win64; x64) AppleWebKit/537.36 (KHTML, like Gecko) Chrome/138.0.0.0 Safari/537.36"
2001:41d0:303:3d99::1 - - [22/Apr/2026:08:17:13 +0300] "GET /?fileloc=/home/u547966/brikov.ru/www/wp-content/qqf13c1e/index.php&path=/home/u547966/brikov.ru/www/wp-content/qqf13c1e HTTP/1.1" 200 5519 "-" "Mozilla/5.0 (compatible; MJ12bot/v1.4.8; http://mj12bot.com/)"
2001:41d0:303:3d99::1 - - [22/Apr/2026:08:17:34 +0300] "GET /?fileloc=/home/u547966/brikov.ru/www/wp-content/rUlZFKdERHY.php&path=/home/u547966/brikov.ru/www/wp-content HTTP/1.1" 200 42022 "-" "Mozilla/5.0 (compatible; MJ12bot/v1.4.8; http://mj12bot.com/)"
80.97.160.132 - - [22/Apr/2026:08:17:38 +0300] "GET /wp-admin/ex.php HTTP/1.1" 200 68 "https://brikov.ru/wp-admin/ex.php" "Mozilla/5.0 (Windows NT 10.0; Win64; x64) AppleWebKit/537.36 (KHTML, like Gecko) Chrome/58.0.3029.110 Safari/537.3"
80.97.160.132 - - [22/Apr/2026:08:17:41 +0300] "POST /wp-admin/options.php HTTP/1.1" 200 9320 "https://brikov.ru/wp-admin/options.php" "Mozilla/5.0 (Windows NT 10.0; Win64; x64) AppleWebKit/537.36 (KHTML, like Gecko) Chrome/58.0.3029.110 Safari/537.3"
2001:41d0:303:3d99::1 - - [22/Apr/2026:08:17:55 +0300] "GET /?fileloc=/home/u547966/brikov.ru/www/wp-content/rqji34UW9Il.php&path=/home/u547966/brikov.ru/www/wp-content HTTP/1.1" 200 42294 "-" "Mozilla/5.0 (compatible; MJ12bot/v1.4.8; http://mj12bot.com/)"
216.73.217.39 - - [22/Apr/2026:08:18:00 +0300] "GET /?fileloc=%2F%2Flib%2Fx86_64-linux-gnu%2Flibreadline.so.7.0&path=%2F%2Flib%2Fx86_64-linux-gnu HTTP/1.1" 200 133255 "-" "Mozilla/5.0 AppleWebKit/537.36 (KHTML, like Gecko; compatible; ClaudeBot/1.0; +claudebot@anthropic.com)"
2001:41d0:303:3d99::1 - - [22/Apr/2026:08:18:16 +0300] "GET /?fileloc=/home/u547966/brikov.ru/www/wp-content/t86bJEhuOV7.php&path=/home/u547966/brikov.ru/www/wp-content HTTP/1.1" 200 42235 "-" "Mozilla/5.0 (compatible; MJ12bot/v1.4.8; http://mj12bot.com/)"
2001:41d0:303:3d99::1 - - [22/Apr/2026:08:18:37 +0300] "GET /?fileloc=/home/u547966/brikov.ru/www/wp-content/themes/index.php&path=/home/u547966/brikov.ru/www/wp-content/themes HTTP/1.1" 200 2912 "-" "Mozilla/5.0 (compatible; MJ12bot/v1.4.8; http://mj12bot.com/)"
80.97.160.132 - - [22/Apr/2026:08:18:41 +0300] "GET /wp-admin/radio.php HTTP/1.1" 200 68 "https://brikov.ru/wp-admin/radio.php" "Mozilla/5.0 (Windows NT 10.0; Win64; x64) AppleWebKit/537.36 (KHTML, like Gecko) Chrome/58.0.3029.110 Safari/537.3"
80.97.160.132 - - [22/Apr/2026:08:18:42 +0300] "POST /wp-admin/options.php HTTP/1.1" 200 9005 "https://brikov.ru/wp-admin/options.php" "Mozilla/5.0 (Windows NT 10.0; Win64; x64) AppleWebKit/537.36 (KHTML, like Gecko) Chrome/58.0.3029.110 Safari/537.3"
2001:41d0:303:3d99::1 - - [22/Apr/2026:08:18:57 +0300] "GET /?fileloc=/home/u547966/brikov.ru/www/wp-content/uploads/titan-framework-mobmenu-css.css&path=/home/u547966/brikov.ru/www/wp-content/uploads HTTP/1.1" 200 3092 "-" "Mozilla/5.0 (compatible; MJ12bot/v1.4.8; http://mj12bot.com/)"
216.73.217.39 - - [22/Apr/2026:08:19:17 +0300] "GET /?fileloc=%2F%2Fbin%2Fnetstat&path=%2F%2Fbin HTTP/1.1" 200 63336 "-" "Mozilla/5.0 AppleWebKit/537.36 (KHTML, like Gecko; compatible; ClaudeBot/1.0; +claudebot@anthropic.com)"
2001:41d0:303:3d99::1 - - [22/Apr/2026:08:19:18 +0300] "GET /?fileloc=/home/u547966/brikov.ru/www/wp-content/vcpmbeO51TF.php&path=/home/u547966/brikov.ru/www/wp-content HTTP/1.1" 200 42066 "-" "Mozilla/5.0 (compatible; MJ12bot/v1.4.8; http://mj12bot.com/)"
80.97.160.132 - - [22/Apr/2026:08:19:36 +0300] "GET /wp-admin/inputs.php HTTP/1.1" 200 68 "https://brikov.ru/wp-admin/inputs.php" "Mozilla/5.0 (Windows NT 10.0; Win64; x64) AppleWebKit/537.36 (KHTML, like Gecko) Chrome/58.0.3029.110 Safari/537.3"
80.97.160.132 - - [22/Apr/2026:08:19:37 +0300] "POST /wp-admin/options.php HTTP/1.1" 200 9015 "https://brikov.ru/wp-admin/options.php" "Mozilla/5.0 (Windows NT 10.0; Win64; x64) AppleWebKit/537.36 (KHTML, like Gecko) Chrome/58.0.3029.110 Safari/537.3"
2001:41d0:303:3d99::1 - - [22/Apr/2026:08:19:39 +0300] "GET /?fileloc=/home/u547966/brikov.ru/www/wp-content/wCHvtkBTMla.php&path=/home/u547966/brikov.ru/www/wp-content HTTP/1.1" 200 42236 "-" "Mozilla/5.0 (compatible; MJ12bot/v1.4.8; http://mj12bot.com/)"
216.73.217.39 - - [22/Apr/2026:08:19:49 +0300] "GET /?fileloc=%2F%2Flib%2Fx86_64-linux-gnu%2Flibsmartcols.so.1&path=%2F%2Flib%2Fx86_64-linux-gnu HTTP/1.1" 200 77335 "-" "Mozilla/5.0 AppleWebKit/537.36 (KHTML, like Gecko; compatible; ClaudeBot/1.0; +claudebot@anthropic.com)"
2001:41d0:303:3d99::1 - - [22/Apr/2026:08:20:00 +0300] "GET /?fileloc=/home/u547966/brikov.ru/www/wp-content/wp13fad4/index.php&path=/home/u547966/brikov.ru/www/wp-content/wp13fad4 HTTP/1.1" 200 5517 "-" "Mozilla/5.0 (compatible; MJ12bot/v1.4.8; http://mj12bot.com/)"
2001:41d0:303:3d99::1 - - [22/Apr/2026:08:20:20 +0300] "GET /?fileloc=/home/u547966/brikov.ru/www/wp-content/wp8f86ef/edit.php&path=/home/u547966/brikov.ru/www/wp-content/wp8f86ef HTTP/1.1" 200 5517 "-" "Mozilla/5.0 (compatible; MJ12bot/v1.4.8; http://mj12bot.com/)"
80.97.160.132 - - [22/Apr/2026:08:20:24 +0300] "GET /wp-admin/about.php HTTP/1.1" 200 0 "https://brikov.ru/wp-admin/about.php" "Mozilla/5.0 (Windows NT 10.0; Win64; x64) AppleWebKit/537.36 (KHTML, like Gecko) Chrome/58.0.3029.110 Safari/537.3"
80.97.160.132 - - [22/Apr/2026:08:20:25 +0300] "POST /wp-admin/options.php HTTP/1.1" 200 9220 "https://brikov.ru/wp-admin/options.php" "Mozilla/5.0 (Windows NT 10.0; Win64; x64) AppleWebKit/537.36 (KHTML, like Gecko) Chrome/58.0.3029.110 Safari/537.3"
2001:41d0:303:3d99::1 - - [22/Apr/2026:08:20:41 +0300] "GET /?fileloc=/home/u547966/brikov.ru/www/wp-content/x7a04da/edit.php&path=/home/u547966/brikov.ru/www/wp-content/x7a04da HTTP/1.1" 200 5518 "-" "Mozilla/5.0 (compatible; MJ12bot/v1.4.8; http://mj12bot.com/)"
216.73.217.39 - - [22/Apr/2026:08:20:45 +0300] "GET /?fileloc=%2F%2Flib%2Fx86_64-linux-gnu%2Flibparted.so.2.0.1&path=%2F%2Flib%2Fx86_64-linux-gnu HTTP/1.1" 200 139641 "-" "Mozilla/5.0 AppleWebKit/537.36 (KHTML, like Gecko; compatible; ClaudeBot/1.0; +claudebot@anthropic.com)"
216.73.217.39 - - [22/Apr/2026:08:21:01 +0300] "GET /?fileloc=%2F%2Fbin%2Fsystemd-notify&path=%2F%2Fbin HTTP/1.1" 200 7530 "-" "Mozilla/5.0 AppleWebKit/537.36 (KHTML, like Gecko; compatible; ClaudeBot/1.0; +claudebot@anthropic.com)"
2001:41d0:303:3d99::1 - - [22/Apr/2026:08:21:02 +0300] "GET /?fileloc=/home/u547966/brikov.ru/www/wp-content/xf9f786/index.php&path=/home/u547966/brikov.ru/www/wp-content/xf9f786 HTTP/1.1" 200 5519 "-" "Mozilla/5.0 (compatible; MJ12bot/v1.4.8; http://mj12bot.com/)"
45.84.107.172 - - [22/Apr/2026:08:21:11 +0300] "GET /feed/ HTTP/1.1" 404 195 "-" "Mozilla/5.0 (Windows NT 6.1) AppleWebKit/537.36 (KHTML, like Gecko) Chrome/76.0.3809.132 YaBrowser/19.9.3.314 Yowser/2.5 Safari/537.36"
80.97.160.132 - - [22/Apr/2026:08:21:22 +0300] "GET /wp-admin/pages.php HTTP/1.1" 200 68 "https://brikov.ru/wp-admin/pages.php" "Mozilla/5.0 (Windows NT 10.0; Win64; x64) AppleWebKit/537.36 (KHTML, like Gecko) Chrome/58.0.3029.110 Safari/537.3"
80.97.160.132 - - [22/Apr/2026:08:21:22 +0300] "POST /wp-admin/options.php HTTP/1.1" 200 8901 "https://brikov.ru/wp-admin/options.php" "Mozilla/5.0 (Windows NT 10.0; Win64; x64) AppleWebKit/537.36 (KHTML, like Gecko) Chrome/58.0.3029.110 Safari/537.3"
2001:41d0:303:3d99::1 - - [22/Apr/2026:08:21:22 +0300] "GET /?fileloc=/home/u547966/brikov.ru/www/wp-includes/1BdexmGhuli.php&path=/home/u547966/brikov.ru/www/wp-includes HTTP/1.1" 200 9887 "-" "Mozilla/5.0 (compatible; MJ12bot/v1.4.8; http://mj12bot.com/)"
80.97.160.132 - - [22/Apr/2026:08:21:42 +0300] "GET /wp-admin/wp-login.php HTTP/1.1" 200 15 "https://brikov.ru/wp-admin/wp-login.php" "Mozilla/5.0 (Windows NT 10.0; Win64; x64) AppleWebKit/537.36 (KHTML, like Gecko) Chrome/58.0.3029.110 Safari/537.3"
80.97.160.132 - - [22/Apr/2026:08:21:42 +0300] "GET /file.php HTTP/1.1" 404 195 "https://brikov.ru/file.php" "Mozilla/5.0 (Windows NT 10.0; Win64; x64) AppleWebKit/537.36 (KHTML, like Gecko) Chrome/58.0.3029.110 Safari/537.3"
80.97.160.132 - - [22/Apr/2026:08:21:43 +0300] "GET /xmlrpc.php HTTP/1.1" 404 195 "https://brikov.ru/xmlrpc.php" "Mozilla/5.0 (Windows NT 10.0; Win64; x64) AppleWebKit/537.36 (KHTML, like Gecko) Chrome/58.0.3029.110 Safari/537.3"
80.97.160.132 - - [22/Apr/2026:08:21:43 +0300] "GET /xmlrpc.php HTTP/1.1" 404 195 "https://www.brikov.ru/xmlrpc.php" "Mozilla/5.0 (Windows NT 10.0; Win64; x64) AppleWebKit/537.36 (KHTML, like Gecko) Chrome/58.0.3029.110 Safari/537.3"
80.97.160.132 - - [22/Apr/2026:08:21:43 +0300] "GET /wp-admin/options.php HTTP/1.1" 200 8876 "https://www.brikov.ru/wp-admin/options.php" "Mozilla/5.0 (Windows NT 10.0; Win64; x64) AppleWebKit/537.36 (KHTML, like Gecko) Chrome/58.0.3029.110 Safari/537.3"
2001:41d0:303:3d99::1 - - [22/Apr/2026:08:21:43 +0300] "GET /?fileloc=/home/u547966/brikov.ru/www/wp-includes/1PWp9vMIgns.php&path=/home/u547966/brikov.ru/www/wp-includes HTTP/1.1" 200 9827 "-" "Mozilla/5.0 (compatible; MJ12bot/v1.4.8; http://mj12bot.com/)"
80.97.160.132 - - [22/Apr/2026:08:21:44 +0300] "POST /wp-admin/options.php HTTP/1.1" 200 8878 "https://www.brikov.ru/wp-admin/options.php" "Mozilla/5.0 (Windows NT 10.0; Win64; x64) AppleWebKit/537.36 (KHTML, like Gecko) Chrome/58.0.3029.110 Safari/537.3"
80.97.160.132 - - [22/Apr/2026:08:21:44 +0300] "POST /wp-admin/options.php HTTP/1.1" 200 8899 "https://www.brikov.ru/wp-admin/options.php" "Mozilla/5.0 (Windows NT 10.0; Win64; x64) AppleWebKit/537.36 (KHTML, like Gecko) Chrome/58.0.3029.110 Safari/537.3"
216.73.217.39 - - [22/Apr/2026:08:21:58 +0300] "GET /?fileloc=%2F%2Flib%2Fx86_64-linux-gnu%2Flibdbus-1.so.3&path=%2F%2Flib%2Fx86_64-linux-gnu HTTP/1.1" 200 139813 "-" "Mozilla/5.0 AppleWebKit/537.36 (KHTML, like Gecko; compatible; ClaudeBot/1.0; +claudebot@anthropic.com)"
2001:41d0:303:3d99::1 - - [22/Apr/2026:08:22:04 +0300] "GET /?fileloc=/home/u547966/brikov.ru/www/wp-includes/1ex3nC2AEpO.php&path=/home/u547966/brikov.ru/www/wp-includes HTTP/1.1" 200 9888 "-" "Mozilla/5.0 (compatible; MJ12bot/v1.4.8; http://mj12bot.com/)"
66.249.64.110 - - [22/Apr/2026:08:22:14 +0300] "GET /robots.txt HTTP/1.1" 200 178 "-" "Mozilla/5.0 (compatible; Googlebot/2.1; +http://www.google.com/bot.html)"
2001:41d0:303:3d99::1 - - [22/Apr/2026:08:22:25 +0300] "GET /?fileloc=/home/u547966/brikov.ru/www/wp-includes/276y4jFCzdh.php&path=/home/u547966/brikov.ru/www/wp-includes HTTP/1.1" 200 43129 "-" "Mozilla/5.0 (compatible; MJ12bot/v1.4.8; http://mj12bot.com/)"
216.73.217.39 - - [22/Apr/2026:08:22:28 +0300] "GET /?fileloc=%2F%2Flib%2Fx86_64-linux-gnu%2Flibdns-export.so.162.1.3&path=%2F%2Flib%2Fx86_64-linux-gnu HTTP/1.1" 200 858055 "-" "Mozilla/5.0 AppleWebKit/537.36 (KHTML, like Gecko; compatible; ClaudeBot/1.0; +claudebot@anthropic.com)"
66.249.70.105 - - [22/Apr/2026:08:22:28 +0300] "GET /stereotype053000793 HTTP/1.1" 404 195 "-" "Mozilla/5.0 (Linux; Android 6.0.1; Nexus 5X Build/MMB29P) AppleWebKit/537.36 (KHTML, like Gecko) Chrome/146.0.7680.177 Mobile Safari/537.36 (compatible; Googlebot/2.1; +http://www.google.com/bot.html)"
52.167.144.216 - - [22/Apr/2026:08:22:29 +0300] "GET /?fileloc=/home/u547966/brikov.ru/www/admin.php&path=/home/u547966/brikov.ru/www HTTP/1.1" 200 3296 "-" "Mozilla/5.0 AppleWebKit/537.36 (KHTML, like Gecko; compatible; bingbot/2.0; +http://www.bing.com/bingbot.htm) Chrome/116.0.1938.76 Safari/537.36"
80.97.160.132 - - [22/Apr/2026:08:22:30 +0300] "GET /wp-admin/ex.php HTTP/1.1" 200 0 "https://www.brikov.ru/wp-admin/ex.php" "Mozilla/5.0 (Windows NT 10.0; Win64; x64) AppleWebKit/537.36 (KHTML, like Gecko) Chrome/58.0.3029.110 Safari/537.3"
80.97.160.132 - - [22/Apr/2026:08:22:30 +0300] "POST /wp-admin/options.php HTTP/1.1" 200 8905 "https://www.brikov.ru/wp-admin/options.php" "Mozilla/5.0 (Windows NT 10.0; Win64; x64) AppleWebKit/537.36 (KHTML, like Gecko) Chrome/58.0.3029.110 Safari/537.3"
66.249.64.109 - - [22/Apr/2026:08:22:32 +0300] "GET /?u=543926720210 HTTP/1.1" 200 5054 "-" "Mozilla/5.0 (Linux; Android 6.0.1; Nexus 5X Build/MMB29P) AppleWebKit/537.36 (KHTML, like Gecko) Chrome/146.0.7680.177 Mobile Safari/537.36 (compatible; Googlebot/2.1; +http://www.google.com/bot.html)"
2001:41d0:303:3d99::1 - - [22/Apr/2026:08:22:45 +0300] "GET /?fileloc=/home/u547966/brikov.ru/www/wp-includes/2qcKldbn8xT.php&path=/home/u547966/brikov.ru/www/wp-includes HTTP/1.1" 200 9888 "-" "Mozilla/5.0 (compatible; MJ12bot/v1.4.8; http://mj12bot.com/)"
70.35.205.237 - - [22/Apr/2026:08:22:56 +0300] "POST /wp-content/plugins/mubqx/index.php HTTP/1.1" 200 4472 "-" "Mozilla/5.0 (Windows NT 10.0; Win64; x64) AppleWebKit/537.36 (KHTML, like Gecko) Chrome/138.0.0.0 Safari/537.36"
70.35.205.237 - - [22/Apr/2026:08:22:57 +0300] "POST /wp-content/plugins/mubqx/index.php HTTP/1.1" 200 4555 "-" "Mozilla/5.0 (Windows NT 10.0; Win64; x64) AppleWebKit/537.36 (KHTML, like Gecko) Chrome/138.0.0.0 Safari/537.36"
70.35.205.237 - - [22/Apr/2026:08:22:58 +0300] "POST /wp-content/plugins/mubqx/index.php HTTP/1.1" 200 4565 "-" "Mozilla/5.0 (Windows NT 10.0; Win64; x64) AppleWebKit/537.36 (KHTML, like Gecko) Chrome/138.0.0.0 Safari/537.36"
70.35.205.237 - - [22/Apr/2026:08:22:59 +0300] "POST /wp-content/plugins/mubqx/index.php HTTP/1.1" 200 4572 "-" "Mozilla/5.0 (Windows NT 10.0; Win64; x64) AppleWebKit/537.36 (KHTML, like Gecko) Chrome/138.0.0.0 Safari/537.36"
2001:41d0:303:3d99::1 - - [22/Apr/2026:08:23:06 +0300] "GET /?fileloc=/home/u547966/brikov.ru/www/wp-includes/3R5E7fd8HFl.php&path=/home/u547966/brikov.ru/www/wp-includes HTTP/1.1" 200 43129 "-" "Mozilla/5.0 (compatible; MJ12bot/v1.4.8; http://mj12bot.com/)"
216.73.217.39 - - [22/Apr/2026:08:23:13 +0300] "GET /?fileloc=%2F%2Fbin%2Fkeyctl&path=%2F%2Fbin HTTP/1.1" 200 14938 "-" "Mozilla/5.0 AppleWebKit/537.36 (KHTML, like Gecko; compatible; ClaudeBot/1.0; +claudebot@anthropic.com)"
80.97.160.132 - - [22/Apr/2026:08:23:17 +0300] "GET /wp-admin/radio.php HTTP/1.1" 200 68 "https://www.brikov.ru/wp-admin/radio.php" "Mozilla/5.0 (Windows NT 10.0; Win64; x64) AppleWebKit/537.36 (KHTML, like Gecko) Chrome/58.0.3029.110 Safari/537.3"
80.97.160.132 - - [22/Apr/2026:08:23:17 +0300] "POST /wp-admin/options.php HTTP/1.1" 200 9006 "https://www.brikov.ru/wp-admin/options.php" "Mozilla/5.0 (Windows NT 10.0; Win64; x64) AppleWebKit/537.36 (KHTML, like Gecko) Chrome/58.0.3029.110 Safari/537.3"
2001:41d0:303:3d99::1 - - [22/Apr/2026:08:23:27 +0300] "GET /?fileloc=/home/u547966/brikov.ru/www/wp-includes/3tkoJBOZy1d.php&path=/home/u547966/brikov.ru/www/wp-includes HTTP/1.1" 200 9888 "-" "Mozilla/5.0 (compatible; MJ12bot/v1.4.8; http://mj12bot.com/)"
216.73.217.39 - - [22/Apr/2026:08:23:44 +0300] "GET /?fileloc=%2F%2Fsbin%2Ftelinit&path=%2F%2Fsbin HTTP/1.1" 200 418526 "-" "Mozilla/5.0 AppleWebKit/537.36 (KHTML, like Gecko; compatible; ClaudeBot/1.0; +claudebot@anthropic.com)"
66.249.64.109 - - [22/Apr/2026:08:23:44 +0300] "GET /h079000092.html HTTP/1.1" 404 195 "-" "Mozilla/5.0 (Linux; Android 6.0.1; Nexus 5X Build/MMB29P) AppleWebKit/537.36 (KHTML, like Gecko) Chrome/146.0.7680.177 Mobile Safari/537.36 (compatible; Googlebot/2.1; +http://www.google.com/bot.html)"
2001:41d0:303:3d99::1 - - [22/Apr/2026:08:23:48 +0300] "GET /?fileloc=/home/u547966/brikov.ru/www/wp-includes/3tuBoQKqxkF.php&path=/home/u547966/brikov.ru/www/wp-includes HTTP/1.1" 200 43128 "-" "Mozilla/5.0 (compatible; MJ12bot/v1.4.8; http://mj12bot.com/)"
216.73.217.39 - - [22/Apr/2026:08:24:01 +0300] "GET /?path=%2F%2Fusr%2Fshare%2Fphp5.4-ldap%2Fldap HTTP/1.1" 200 3200 "-" "Mozilla/5.0 AppleWebKit/537.36 (KHTML, like Gecko; compatible; ClaudeBot/1.0; +claudebot@anthropic.com)"
80.97.160.132 - - [22/Apr/2026:08:24:02 +0300] "GET /wp-admin/inputs.php HTTP/1.1" 200 0 "https://www.brikov.ru/wp-admin/inputs.php" "Mozilla/5.0 (Windows NT 10.0; Win64; x64) AppleWebKit/537.36 (KHTML, like Gecko) Chrome/58.0.3029.110 Safari/537.3"
80.97.160.132 - - [22/Apr/2026:08:24:03 +0300] "POST /wp-admin/options.php HTTP/1.1" 200 8906 "https://www.brikov.ru/wp-admin/options.php" "Mozilla/5.0 (Windows NT 10.0; Win64; x64) AppleWebKit/537.36 (KHTML, like Gecko) Chrome/58.0.3029.110 Safari/537.3"
2001:41d0:303:3d99::1 - - [22/Apr/2026:08:24:09 +0300] "GET /?fileloc=/home/u547966/brikov.ru/www/wp-includes/3ye1hWmouwg.php&path=/home/u547966/brikov.ru/www/wp-includes HTTP/1.1" 200 43129 "-" "Mozilla/5.0 (compatible; MJ12bot/v1.4.8; http://mj12bot.com/)"
2001:41d0:303:3d99::1 - - [22/Apr/2026:08:24:30 +0300] "GET /?fileloc=/home/u547966/brikov.ru/www/wp-includes/4iNoTb6HR5V.php&path=/home/u547966/brikov.ru/www/wp-includes HTTP/1.1" 200 43129 "-" "Mozilla/5.0 (compatible; MJ12bot/v1.4.8; http://mj12bot.com/)"
216.73.217.39 - - [22/Apr/2026:08:24:33 +0300] "GET /?fileloc=%2F%2Fproc%2Fzoneinfo&path=%2F%2Fproc HTTP/1.1" 200 5266 "-" "Mozilla/5.0 AppleWebKit/537.36 (KHTML, like Gecko; compatible; ClaudeBot/1.0; +claudebot@anthropic.com)"
80.97.160.132 - - [22/Apr/2026:08:24:48 +0300] "GET /wp-admin/about.php HTTP/1.1" 200 0 "https://www.brikov.ru/wp-admin/about.php" "Mozilla/5.0 (Windows NT 10.0; Win64; x64) AppleWebKit/537.36 (KHTML, like Gecko) Chrome/58.0.3029.110 Safari/537.3"
80.97.160.132 - - [22/Apr/2026:08:24:48 +0300] "POST /wp-admin/options.php HTTP/1.1" 200 8906 "https://www.brikov.ru/wp-admin/options.php" "Mozilla/5.0 (Windows NT 10.0; Win64; x64) AppleWebKit/537.36 (KHTML, like Gecko) Chrome/58.0.3029.110 Safari/537.3"
2001:41d0:303:3d99::1 - - [22/Apr/2026:08:24:51 +0300] "GET /?fileloc=/home/u547966/brikov.ru/www/wp-includes/4jCIDYZdLTx.php&path=/home/u547966/brikov.ru/www/wp-includes HTTP/1.1" 200 9888 "-" "Mozilla/5.0 (compatible; MJ12bot/v1.4.8; http://mj12bot.com/)"
2001:41d0:303:3d99::1 - - [22/Apr/2026:08:25:11 +0300] "GET /?fileloc=/home/u547966/brikov.ru/www/wp-includes/4w7qtspUuao.php&path=/home/u547966/brikov.ru/www/wp-includes HTTP/1.1" 200 43128 "-" "Mozilla/5.0 (compatible; MJ12bot/v1.4.8; http://mj12bot.com/)"
2001:41d0:303:3d99::1 - - [22/Apr/2026:08:25:32 +0300] "GET /?fileloc=/home/u547966/brikov.ru/www/wp-includes/5QsIzC6PJg7.php&path=/home/u547966/brikov.ru/www/wp-includes HTTP/1.1" 200 43129 "-" "Mozilla/5.0 (compatible; MJ12bot/v1.4.8; http://mj12bot.com/)"
216.73.217.39 - - [22/Apr/2026:08:25:34 +0300] "GET /?fileloc=%2F%2Fsbin%2Fgetcap&path=%2F%2Fsbin HTTP/1.1" 200 5831 "-" "Mozilla/5.0 AppleWebKit/537.36 (KHTML, like Gecko; compatible; ClaudeBot/1.0; +claudebot@anthropic.com)"
80.97.160.132 - - [22/Apr/2026:08:25:35 +0300] "GET /wp-admin/pages.php HTTP/1.1" 200 68 "https://www.brikov.ru/wp-admin/pages.php" "Mozilla/5.0 (Windows NT 10.0; Win64; x64) AppleWebKit/537.36 (KHTML, like Gecko) Chrome/58.0.3029.110 Safari/537.3"
80.97.160.132 - - [22/Apr/2026:08:25:35 +0300] "POST /wp-admin/options.php HTTP/1.1" 200 8989 "https://www.brikov.ru/wp-admin/options.php" "Mozilla/5.0 (Windows NT 10.0; Win64; x64) AppleWebKit/537.36 (KHTML, like Gecko) Chrome/58.0.3029.110 Safari/537.3"
80.97.160.132 - - [22/Apr/2026:08:25:44 +0300] "GET /wp-admin/wp-login.php HTTP/1.1" 500 0 "https://www.brikov.ru/wp-admin/wp-login.php" "Mozilla/5.0 (Windows NT 10.0; Win64; x64) AppleWebKit/537.36 (KHTML, like Gecko) Chrome/58.0.3029.110 Safari/537.3"
80.97.160.132 - - [22/Apr/2026:08:25:44 +0300] "GET /wp-admin/wp-login.php HTTP/1.1" 200 5287 "https://www.brikov.ru/wp-admin/wp-login.php" "Mozilla/5.0 (Windows NT 10.0; Win64; x64) AppleWebKit/537.36 (KHTML, like Gecko) Chrome/58.0.3029.110 Safari/537.3"
80.97.160.132 - - [22/Apr/2026:08:25:44 +0300] "GET /wp-admin/network/index.php HTTP/1.1" 200 5032 "http://brikov.ru/wp-admin/network/index.php" "Mozilla/5.0 (Windows NT 10.0; Win64; x64) AppleWebKit/537.36 (KHTML, like Gecko) Chrome/58.0.3029.110 Safari/537.3"
80.97.160.132 - - [22/Apr/2026:08:25:44 +0300] "POST /wp-admin/network/index.php HTTP/1.1" 200 5307 "http://brikov.ru/wp-admin/network/index.php" "Mozilla/5.0 (Windows NT 10.0; Win64; x64) AppleWebKit/537.36 (KHTML, like Gecko) Chrome/58.0.3029.110 Safari/537.3"
80.97.160.132 - - [22/Apr/2026:08:25:45 +0300] "POST /wp-admin/network/index.php HTTP/1.1" 404 195 "http://brikov.ru/wp-admin/network/index.php" "Mozilla/5.0 (Windows NT 10.0; Win64; x64) AppleWebKit/537.36 (KHTML, like Gecko) Chrome/58.0.3029.110 Safari/537.3"
80.97.160.132 - - [22/Apr/2026:08:25:45 +0300] "GET /wp-admin/network/ex.php HTTP/1.1" 404 195 "http://brikov.ru/wp-admin/network/ex.php" "Mozilla/5.0 (Windows NT 10.0; Win64; x64) AppleWebKit/537.36 (KHTML, like Gecko) Chrome/58.0.3029.110 Safari/537.3"
80.97.160.132 - - [22/Apr/2026:08:25:45 +0300] "POST /wp-admin/network/index.php HTTP/1.1" 404 195 "http://brikov.ru/wp-admin/network/index.php" "Mozilla/5.0 (Windows NT 10.0; Win64; x64) AppleWebKit/537.36 (KHTML, like Gecko) Chrome/58.0.3029.110 Safari/537.3"
80.97.160.132 - - [22/Apr/2026:08:25:45 +0300] "GET /wp-admin/network/radio.php HTTP/1.1" 404 195 "http://brikov.ru/wp-admin/network/radio.php" "Mozilla/5.0 (Windows NT 10.0; Win64; x64) AppleWebKit/537.36 (KHTML, like Gecko) Chrome/58.0.3029.110 Safari/537.3"
80.97.160.132 - - [22/Apr/2026:08:25:45 +0300] "POST /wp-admin/network/index.php HTTP/1.1" 404 195 "http://brikov.ru/wp-admin/network/index.php" "Mozilla/5.0 (Windows NT 10.0; Win64; x64) AppleWebKit/537.36 (KHTML, like Gecko) Chrome/58.0.3029.110 Safari/537.3"
80.97.160.132 - - [22/Apr/2026:08:25:45 +0300] "GET /wp-admin/network/inputs.php HTTP/1.1" 404 195 "http://brikov.ru/wp-admin/network/inputs.php" "Mozilla/5.0 (Windows NT 10.0; Win64; x64) AppleWebKit/537.36 (KHTML, like Gecko) Chrome/58.0.3029.110 Safari/537.3"
80.97.160.132 - - [22/Apr/2026:08:25:45 +0300] "POST /wp-admin/network/index.php HTTP/1.1" 404 195 "http://brikov.ru/wp-admin/network/index.php" "Mozilla/5.0 (Windows NT 10.0; Win64; x64) AppleWebKit/537.36 (KHTML, like Gecko) Chrome/58.0.3029.110 Safari/537.3"
80.97.160.132 - - [22/Apr/2026:08:25:46 +0300] "GET /wp-admin/network/about.php HTTP/1.1" 404 195 "http://brikov.ru/wp-admin/network/about.php" "Mozilla/5.0 (Windows NT 10.0; Win64; x64) AppleWebKit/537.36 (KHTML, like Gecko) Chrome/58.0.3029.110 Safari/537.3"
80.97.160.132 - - [22/Apr/2026:08:25:46 +0300] "POST /wp-admin/network/index.php HTTP/1.1" 404 195 "http://brikov.ru/wp-admin/network/index.php" "Mozilla/5.0 (Windows NT 10.0; Win64; x64) AppleWebKit/537.36 (KHTML, like Gecko) Chrome/58.0.3029.110 Safari/537.3"
80.97.160.132 - - [22/Apr/2026:08:25:46 +0300] "GET /wp-admin/network/pages.php HTTP/1.1" 404 195 "http://brikov.ru/wp-admin/network/pages.php" "Mozilla/5.0 (Windows NT 10.0; Win64; x64) AppleWebKit/537.36 (KHTML, like Gecko) Chrome/58.0.3029.110 Safari/537.3"
80.97.160.132 - - [22/Apr/2026:08:25:46 +0300] "POST /wp-admin/network/index.php HTTP/1.1" 404 195 "http://brikov.ru/wp-admin/network/index.php" "Mozilla/5.0 (Windows NT 10.0; Win64; x64) AppleWebKit/537.36 (KHTML, like Gecko) Chrome/58.0.3029.110 Safari/537.3"
80.97.160.132 - - [22/Apr/2026:08:25:46 +0300] "GET /wp-admin/network/wp-login.php HTTP/1.1" 404 195 "http://brikov.ru/wp-admin/network/wp-login.php" "Mozilla/5.0 (Windows NT 10.0; Win64; x64) AppleWebKit/537.36 (KHTML, like Gecko) Chrome/58.0.3029.110 Safari/537.3"
80.97.160.132 - - [22/Apr/2026:08:25:46 +0300] "GET /network.php HTTP/1.1" 404 195 "https://brikov.ru/network.php" "Mozilla/5.0 (Windows NT 10.0; Win64; x64) AppleWebKit/537.36 (KHTML, like Gecko) Chrome/58.0.3029.110 Safari/537.3"
80.97.160.132 - - [22/Apr/2026:08:25:47 +0300] "GET /wp-admin/network/about.php HTTP/1.1" 404 195 "https://brikov.ru/wp-admin/network/about.php" "Mozilla/5.0 (Windows NT 10.0; Win64; x64) AppleWebKit/537.36 (KHTML, like Gecko) Chrome/58.0.3029.110 Safari/537.3"
80.97.160.132 - - [22/Apr/2026:08:25:47 +0300] "GET /wp-admin/network/about.php HTTP/1.1" 404 195 "https://www.brikov.ru/wp-admin/network/about.php" "Mozilla/5.0 (Windows NT 10.0; Win64; x64) AppleWebKit/537.36 (KHTML, like Gecko) Chrome/58.0.3029.110 Safari/537.3"
80.97.160.132 - - [22/Apr/2026:08:25:47 +0300] "GET /wp-trackback.php HTTP/1.1" 404 195 "https://www.brikov.ru/wp-trackback.php" "Mozilla/5.0 (Windows NT 10.0; Win64; x64) AppleWebKit/537.36 (KHTML, like Gecko) Chrome/58.0.3029.110 Safari/537.3"
2001:41d0:303:3d99::1 - - [22/Apr/2026:08:25:53 +0300] "GET /?fileloc=/home/u547966/brikov.ru/www/wp-includes/8Wueg6MU137.php&path=/home/u547966/brikov.ru/www/wp-includes HTTP/1.1" 200 9888 "-" "Mozilla/5.0 (compatible; MJ12bot/v1.4.8; http://mj12bot.com/)"
216.73.217.39 - - [22/Apr/2026:08:26:11 +0300] "GET /?fileloc=%2F%2Fsbin%2Ffsck.ext4&path=%2F%2Fsbin HTTP/1.1" 200 137825 "-" "Mozilla/5.0 AppleWebKit/537.36 (KHTML, like Gecko; compatible; ClaudeBot/1.0; +claudebot@anthropic.com)"
2001:41d0:303:3d99::1 - - [22/Apr/2026:08:26:14 +0300] "GET /?fileloc=/home/u547966/brikov.ru/www/wp-includes/8rQxXKc2WpN.php&path=/home/u547966/brikov.ru/www/wp-includes HTTP/1.1" 200 9889 "-" "Mozilla/5.0 (compatible; MJ12bot/v1.4.8; http://mj12bot.com/)"
216.73.217.39 - - [22/Apr/2026:08:26:24 +0300] "GET /?fileloc=%2F%2Fbin%2Fstty&path=%2F%2Fbin HTTP/1.1" 200 34481 "-" "Mozilla/5.0 AppleWebKit/537.36 (KHTML, like Gecko; compatible; ClaudeBot/1.0; +claudebot@anthropic.com)"
2001:41d0:303:3d99::1 - - [22/Apr/2026:08:26:34 +0300] "GET /?fileloc=/home/u547966/brikov.ru/www/wp-includes/9V1ZMSJtWXO.php&path=/home/u547966/brikov.ru/www/wp-includes HTTP/1.1" 200 9889 "-" "Mozilla/5.0 (compatible; MJ12bot/v1.4.8; http://mj12bot.com/)"
216.73.217.39 - - [22/Apr/2026:08:26:54 +0300] "GET /?fileloc=%2F%2Fbin%2Fsystemd-hwdb&path=%2F%2Fbin HTTP/1.1" 200 38376 "-" "Mozilla/5.0 AppleWebKit/537.36 (KHTML, like Gecko; compatible; ClaudeBot/1.0; +claudebot@anthropic.com)"
2001:41d0:303:3d99::1 - - [22/Apr/2026:08:26:55 +0300] "GET /?fileloc=/home/u547966/brikov.ru/www/wp-includes/AO39vwL68No.php&path=/home/u547966/brikov.ru/www/wp-includes HTTP/1.1" 200 43129 "-" "Mozilla/5.0 (compatible; MJ12bot/v1.4.8; http://mj12bot.com/)"
2001:41d0:303:3d99::1 - - [22/Apr/2026:08:27:16 +0300] "GET /?fileloc=/home/u547966/brikov.ru/www/wp-includes/ATVNGXjJLkS.php&path=/home/u547966/brikov.ru/www/wp-includes HTTP/1.1" 200 9890 "-" "Mozilla/5.0 (compatible; MJ12bot/v1.4.8; http://mj12bot.com/)"
216.73.217.39 - - [22/Apr/2026:08:27:33 +0300] "GET /?fileloc=%2Fhome%2Fu547966%2Fbrikov.ru%2Fwww_old_1%2Fwp-admin%2Fincludes%2Fclass-wp-internal-pointers.php&path=%2Fhome%2Fu547966%2Fbrikov.ru%2Fwww_old_1%2Fwp-admin%2Fincludes HTTP/1.1" 200 4831 "-" "Mozilla/5.0 AppleWebKit/537.36 (KHTML, like Gecko; compatible; ClaudeBot/1.0; +claudebot@anthropic.com)"
2001:41d0:303:3d99::1 - - [22/Apr/2026:08:27:37 +0300] "GET /?fileloc=/home/u547966/brikov.ru/www/wp-includes/Aqm7TRv8cXQ.php&path=/home/u547966/brikov.ru/www/wp-includes HTTP/1.1" 200 43129 "-" "Mozilla/5.0 (compatible; MJ12bot/v1.4.8; http://mj12bot.com/)"
216.73.217.39 - - [22/Apr/2026:08:27:50 +0300] "GET /robots.txt HTTP/1.1" 200 178 "-" "Mozilla/5.0 AppleWebKit/537.36 (KHTML, like Gecko; compatible; ClaudeBot/1.0; +claudebot@anthropic.com)"
114.119.156.115 - - [22/Apr/2026:08:27:51 +0300] "GET /?u=574499640510 HTTP/1.1" 200 5081 "https://www.brikov.ru/?u=574499640510" "Mozilla/5.0 (Linux; Android 7.0;) AppleWebKit/537.36 (KHTML, like Gecko) Mobile Safari/537.36 (compatible; PetalBot;+https://webmaster.petalsearch.com/site/petalbot)"
2001:41d0:303:3d99::1 - - [22/Apr/2026:08:27:58 +0300] "GET /?fileloc=/home/u547966/brikov.ru/www/wp-includes/ArKpyQGvzEx.php&path=/home/u547966/brikov.ru/www/wp-includes HTTP/1.1" 200 9888 "-" "Mozilla/5.0 (compatible; MJ12bot/v1.4.8; http://mj12bot.com/)"
216.73.217.39 - - [22/Apr/2026:08:28:11 +0300] "GET /?fileloc=%2Fhome%2Fu547966%2Fbrikov.ru%2Fwww_old_1%2Fwp-includes%2FSimplePie%2FSanitize.php&path=%2Fhome%2Fu547966%2Fbrikov.ru%2Fwww_old_1%2Fwp-includes%2FSimplePie HTTP/1.1" 200 7932 "-" "Mozilla/5.0 AppleWebKit/537.36 (KHTML, like Gecko; compatible; ClaudeBot/1.0; +claudebot@anthropic.com)"
2001:41d0:303:3d99::1 - - [22/Apr/2026:08:28:18 +0300] "GET /?fileloc=/home/u547966/brikov.ru/www/wp-includes/BtOmYkFb2Vg.php&path=/home/u547966/brikov.ru/www/wp-includes HTTP/1.1" 200 43128 "-" "Mozilla/5.0 (compatible; MJ12bot/v1.4.8; http://mj12bot.com/)"
2001:41d0:303:3d99::1 - - [22/Apr/2026:08:28:39 +0300] "GET /?fileloc=/home/u547966/brikov.ru/www/wp-includes/CWcl7a1Vrhd.php&path=/home/u547966/brikov.ru/www/wp-includes HTTP/1.1" 200 9887 "-" "Mozilla/5.0 (compatible; MJ12bot/v1.4.8; http://mj12bot.com/)"
216.73.217.39 - - [22/Apr/2026:08:28:41 +0300] "GET /?path=%2Fhome%2Fu547966%2Fbrikov.ru%2Fwww_old_1%2Fwp-includes%2Fimages%2Fwlw HTTP/1.1" 200 3353 "-" "Mozilla/5.0 AppleWebKit/537.36 (KHTML, like Gecko; compatible; ClaudeBot/1.0; +claudebot@anthropic.com)"
2001:41d0:303:3d99::1 - - [22/Apr/2026:08:29:00 +0300] "GET /?fileloc=/home/u547966/brikov.ru/www/wp-includes/DbAawjmt6Lk.php&path=/home/u547966/brikov.ru/www/wp-includes HTTP/1.1" 200 43128 "-" "Mozilla/5.0 (compatible; MJ12bot/v1.4.8; http://mj12bot.com/)"
216.73.217.39 - - [22/Apr/2026:08:29:18 +0300] "GET /?fileloc=%2Fhome%2Fu547966%2Fbrikov.ru%2Fwww_old_1%2Fwp-admin%2Fincludes%2Fschema.php&path=%2Fhome%2Fu547966%2Fbrikov.ru%2Fwww_old_1%2Fwp-admin%2Fincludes HTTP/1.1" 200 12219 "-" "Mozilla/5.0 AppleWebKit/537.36 (KHTML, like Gecko; compatible; ClaudeBot/1.0; +claudebot@anthropic.com)"
2001:41d0:303:3d99::1 - - [22/Apr/2026:08:29:21 +0300] "GET /?fileloc=/home/u547966/brikov.ru/www/wp-includes/DjY4Qn1r5OA.php&path=/home/u547966/brikov.ru/www/wp-includes HTTP/1.1" 200 43129 "-" "Mozilla/5.0 (compatible; MJ12bot/v1.4.8; http://mj12bot.com/)"
70.35.205.237 - - [22/Apr/2026:08:29:29 +0300] "POST /wp-content/plugins/rvsqi/index.php HTTP/1.1" 200 4093 "-" "Mozilla/5.0 (Windows NT 10.0; Win64; x64) AppleWebKit/537.36 (KHTML, like Gecko) Chrome/138.0.0.0 Safari/537.36"
216.73.217.39 - - [22/Apr/2026:08:29:30 +0300] "GET /?fileloc=%2Fhome%2Fu547966%2Fbrikov.ru%2Fwww_old_1%2Fwp-admin%2Fincludes%2Ftheme.php&path=%2Fhome%2Fu547966%2Fbrikov.ru%2Fwww_old_1%2Fwp-admin%2Fincludes HTTP/1.1" 200 10508 "-" "Mozilla/5.0 AppleWebKit/537.36 (KHTML, like Gecko; compatible; ClaudeBot/1.0; +claudebot@anthropic.com)"
70.35.205.237 - - [22/Apr/2026:08:29:30 +0300] "POST /wp-content/plugins/rvsqi/index.php HTTP/1.1" 200 4133 "-" "Mozilla/5.0 (Windows NT 10.0; Win64; x64) AppleWebKit/537.36 (KHTML, like Gecko) Chrome/138.0.0.0 Safari/537.36"
70.35.205.237 - - [22/Apr/2026:08:29:31 +0300] "POST /wp-content/plugins/rvsqi/index.php HTTP/1.1" 200 4171 "-" "Mozilla/5.0 (Windows NT 10.0; Win64; x64) AppleWebKit/537.36 (KHTML, like Gecko) Chrome/138.0.0.0 Safari/537.36"
70.35.205.237 - - [22/Apr/2026:08:29:32 +0300] "POST /wp-content/plugins/rvsqi/index.php HTTP/1.1" 200 4209 "-" "Mozilla/5.0 (Windows NT 10.0; Win64; x64) AppleWebKit/537.36 (KHTML, like Gecko) Chrome/138.0.0.0 Safari/537.36"
2001:41d0:303:3d99::1 - - [22/Apr/2026:08:29:42 +0300] "GET /?fileloc=/home/u547966/brikov.ru/www/wp-includes/DwVXs9y8tUQ.php&path=/home/u547966/brikov.ru/www/wp-includes HTTP/1.1" 200 9786 "-" "Mozilla/5.0 (compatible; MJ12bot/v1.4.8; http://mj12bot.com/)"
114.119.152.86 - - [22/Apr/2026:08:29:47 +0300] "GET /?u=1192322780410 HTTP/1.1" 200 5081 "https://brikov.ru/?u=1192322780410" "Mozilla/5.0 (Linux; Android 7.0;) AppleWebKit/537.36 (KHTML, like Gecko) Mobile Safari/537.36 (compatible; PetalBot;+https://webmaster.petalsearch.com/site/petalbot)"
216.73.217.39 - - [22/Apr/2026:08:30:00 +0300] "GET /?path=%2Fhome%2Fu547966%2Fbrikov.ru%2Fwww_old_1%2Fwp-includes%2Fimages%2Fmedia HTTP/1.1" 200 3596 "-" "Mozilla/5.0 AppleWebKit/537.36 (KHTML, like Gecko; compatible; ClaudeBot/1.0; +claudebot@anthropic.com)"
2001:41d0:303:3d99::1 - - [22/Apr/2026:08:30:03 +0300] "GET /?fileloc=/home/u547966/brikov.ru/www/wp-includes/E5WxyUISZ1r.php&path=/home/u547966/brikov.ru/www/wp-includes HTTP/1.1" 200 9888 "-" "Mozilla/5.0 (compatible; MJ12bot/v1.4.8; http://mj12bot.com/)"
216.73.217.39 - - [22/Apr/2026:08:30:16 +0300] "GET /?fileloc=%2Fhome%2Fu547966%2Fbrikov.ru%2Fwww_old_1%2Fwp-includes%2Fclass-wp-theme.php&path=%2Fhome%2Fu547966%2Fbrikov.ru%2Fwww_old_1%2Fwp-includes HTTP/1.1" 200 14059 "-" "Mozilla/5.0 AppleWebKit/537.36 (KHTML, like Gecko; compatible; ClaudeBot/1.0; +claudebot@anthropic.com)"
2001:41d0:303:3d99::1 - - [22/Apr/2026:08:30:23 +0300] "GET /?fileloc=/home/u547966/brikov.ru/www/wp-includes/ENS5Q6VB2yx.php&path=/home/u547966/brikov.ru/www/wp-includes HTTP/1.1" 200 43129 "-" "Mozilla/5.0 (compatible; MJ12bot/v1.4.8; http://mj12bot.com/)"
2001:41d0:303:3d99::1 - - [22/Apr/2026:08:30:44 +0300] "GET /?fileloc=/home/u547966/brikov.ru/www/wp-includes/EQqFV2BYicn.php&path=/home/u547966/brikov.ru/www/wp-includes HTTP/1.1" 200 43129 "-" "Mozilla/5.0 (compatible; MJ12bot/v1.4.8; http://mj12bot.com/)"
216.73.217.39 - - [22/Apr/2026:08:30:48 +0300] "GET /?fileloc=%2Fhome%2Fu547966%2Fbrikov.ru%2Fwww_old_1%2Fwp-includes%2Frewrite.php&path=%2Fhome%2Fu547966%2Fbrikov.ru%2Fwww_old_1%2Fwp-includes HTTP/1.1" 200 8538 "-" "Mozilla/5.0 AppleWebKit/537.36 (KHTML, like Gecko; compatible; ClaudeBot/1.0; +claudebot@anthropic.com)"
2001:41d0:303:3d99::1 - - [22/Apr/2026:08:31:05 +0300] "GET /?fileloc=/home/u547966/brikov.ru/www/wp-includes/EwA7GxPTeDh.php&path=/home/u547966/brikov.ru/www/wp-includes HTTP/1.1" 200 43128 "-" "Mozilla/5.0 (compatible; MJ12bot/v1.4.8; http://mj12bot.com/)"
216.73.217.39 - - [22/Apr/2026:08:31:18 +0300] "GET /?fileloc=%2Fhome%2Fu547966%2Fbrikov.ru%2Fwww_old_1%2Fwp-includes%2Fclass-wp-taxonomy.php&path=%2Fhome%2Fu547966%2Fbrikov.ru%2Fwww_old_1%2Fwp-includes HTTP/1.1" 200 5339 "-" "Mozilla/5.0 AppleWebKit/537.36 (KHTML, like Gecko; compatible; ClaudeBot/1.0; +claudebot@anthropic.com)"
2001:41d0:303:3d99::1 - - [22/Apr/2026:08:31:26 +0300] "GET /?fileloc=/home/u547966/brikov.ru/www/wp-includes/F76grjNkfXD.php&path=/home/u547966/brikov.ru/www/wp-includes HTTP/1.1" 200 43128 "-" "Mozilla/5.0 (compatible; MJ12bot/v1.4.8; http://mj12bot.com/)"
114.119.156.115 - - [22/Apr/2026:08:31:39 +0300] "GET /?o=1-237-1 HTTP/1.1" 200 5081 "https://www.brikov.ru/?o=1-237-1" "Mozilla/5.0 (Linux; Android 7.0;) AppleWebKit/537.36 (KHTML, like Gecko) Mobile Safari/537.36 (compatible; PetalBot;+https://webmaster.petalsearch.com/site/petalbot)"
2001:41d0:303:3d99::1 - - [22/Apr/2026:08:31:47 +0300] "GET /?fileloc=/home/u547966/brikov.ru/www/wp-includes/FDSqmzspAHK.php&path=/home/u547966/brikov.ru/www/wp-includes HTTP/1.1" 200 43130 "-" "Mozilla/5.0 (compatible; MJ12bot/v1.4.8; http://mj12bot.com/)"
216.73.217.39 - - [22/Apr/2026:08:31:48 +0300] "GET /?fileloc=%2Fhome%2Fu547966%2Fbrikov.ru%2Fwww%2Fwp-admin%2Fjs%2Fpostbox.min.js&path=%2Fhome%2Fu547966%2Fbrikov.ru%2Fwww%2Fwp-admin%2Fjs HTTP/1.1" 200 4498 "-" "Mozilla/5.0 AppleWebKit/537.36 (KHTML, like Gecko; compatible; ClaudeBot/1.0; +claudebot@anthropic.com)"
2001:41d0:303:3d99::1 - - [22/Apr/2026:08:32:08 +0300] "GET /?fileloc=/home/u547966/brikov.ru/www/wp-includes/ID3/getid3.lib.php&path=/home/u547966/brikov.ru/www/wp-includes/ID3 HTTP/1.1" 200 14244 "-" "Mozilla/5.0 (compatible; MJ12bot/v1.4.8; http://mj12bot.com/)"
216.73.217.39 - - [22/Apr/2026:08:32:18 +0300] "GET /?fileloc=%2Fhome%2Fu547966%2Fbrikov.ru%2Fwww_old_1%2Fwp-admin%2Fupgrade-functions.php&path=%2Fhome%2Fu547966%2Fbrikov.ru%2Fwww_old_1%2Fwp-admin HTTP/1.1" 200 3061 "-" "Mozilla/5.0 AppleWebKit/537.36 (KHTML, like Gecko; compatible; ClaudeBot/1.0; +claudebot@anthropic.com)"
2001:41d0:303:3d99::1 - - [22/Apr/2026:08:32:29 +0300] "GET /?fileloc=/home/u547966/brikov.ru/www/wp-includes/ID3/getid3.php&path=/home/u547966/brikov.ru/www/wp-includes/ID3 HTTP/1.1" 200 20744 "-" "Mozilla/5.0 (compatible; MJ12bot/v1.4.8; http://mj12bot.com/)"
216.73.217.39 - - [22/Apr/2026:08:32:34 +0300] "GET /?fileloc=%2Fhome%2Fu547966%2Fbrikov.ru%2Fwww_old_1%2Fwp-admin%2Fuser-new.php&path=%2Fhome%2Fu547966%2Fbrikov.ru%2Fwww_old_1%2Fwp-admin HTTP/1.1" 200 8898 "-" "Mozilla/5.0 AppleWebKit/537.36 (KHTML, like Gecko; compatible; ClaudeBot/1.0; +claudebot@anthropic.com)"
70.35.205.237 - - [22/Apr/2026:08:32:48 +0300] "POST /wp-content/plugins/wanoc/index.php HTTP/1.1" 200 3948 "-" "Mozilla/5.0 (Windows NT 10.0; Win64; x64) AppleWebKit/537.36 (KHTML, like Gecko) Chrome/138.0.0.0 Safari/537.36"
70.35.205.237 - - [22/Apr/2026:08:32:49 +0300] "POST /wp-content/plugins/wanoc/index.php HTTP/1.1" 200 4003 "-" "Mozilla/5.0 (Windows NT 10.0; Win64; x64) AppleWebKit/537.36 (KHTML, like Gecko) Chrome/138.0.0.0 Safari/537.36"
2001:41d0:303:3d99::1 - - [22/Apr/2026:08:32:49 +0300] "GET /?fileloc=/home/u547966/brikov.ru/www/wp-includes/ID3/license.commercial.txt&path=/home/u547966/brikov.ru/www/wp-includes/ID3 HTTP/1.1" 200 3495 "-" "Mozilla/5.0 (compatible; MJ12bot/v1.4.8; http://mj12bot.com/)"
70.35.205.237 - - [22/Apr/2026:08:32:49 +0300] "POST /wp-content/plugins/wanoc/index.php HTTP/1.1" 200 4038 "-" "Mozilla/5.0 (Windows NT 10.0; Win64; x64) AppleWebKit/537.36 (KHTML, like Gecko) Chrome/138.0.0.0 Safari/537.36"
70.35.205.237 - - [22/Apr/2026:08:32:51 +0300] "POST /wp-content/plugins/wanoc/index.php HTTP/1.1" 200 4123 "-" "Mozilla/5.0 (Windows NT 10.0; Win64; x64) AppleWebKit/537.36 (KHTML, like Gecko) Chrome/138.0.0.0 Safari/537.36"
