216.73.217.39 - - [22/Apr/2026:03:05:03 +0300] "GET /?fileloc=%2Fhome%2Fu547966%2Fbrikov.ru%2Fwww%2Fwp-content%2Fthemes%2Fctjrjhn%2Fscreenshot.png&path=%2Fhome%2Fu547966%2Fbrikov.ru%2Fwww%2Fwp-content%2Fthemes%2Fctjrjhn HTTP/1.1" 200 397156 "-" "Mozilla/5.0 AppleWebKit/537.36 (KHTML, like Gecko; compatible; ClaudeBot/1.0; +claudebot@anthropic.com)"
216.73.217.39 - - [22/Apr/2026:03:05:33 +0300] "GET /?fileloc=%2Fhome%2Fu547966%2Fbrikov.ru%2Fwww%2Fwp-content%2Fthemes%2Fctjrjhn%2Fstyle.css&path=%2Fhome%2Fu547966%2Fbrikov.ru%2Fwww%2Fwp-content%2Fthemes%2Fctjrjhn HTTP/1.1" 200 4726 "-" "Mozilla/5.0 AppleWebKit/537.36 (KHTML, like Gecko; compatible; ClaudeBot/1.0; +claudebot@anthropic.com)"
185.122.252.83 - - [22/Apr/2026:03:05:52 +0300] "GET /news HTTP/1.1" 404 195 "https://brikov.ru/" "Mozilla/5.0 (Windows NT 10.0; Win64; x64) AppleWebKit/537.36 (KHTML, like Gecko) Chrome/127.0.6533.73 Safari/537.36"
216.73.217.39 - - [22/Apr/2026:03:06:03 +0300] "GET /?fileloc=%2Fhome%2Fu547966%2Fbrikov.ru%2Fwww%2Fwp-content%2Fthemes%2Faaurhmo%2Fscreenshot.png&path=%2Fhome%2Fu547966%2Fbrikov.ru%2Fwww%2Fwp-content%2Fthemes%2Faaurhmo HTTP/1.1" 200 397141 "-" "Mozilla/5.0 AppleWebKit/537.36 (KHTML, like Gecko; compatible; ClaudeBot/1.0; +claudebot@anthropic.com)"
114.119.153.106 - - [22/Apr/2026:03:06:19 +0300] "GET /?u=197498430910 HTTP/1.1" 200 5104 "https://brikov.ru/?u=197498430910" "Mozilla/5.0 (Linux; Android 7.0;) AppleWebKit/537.36 (KHTML, like Gecko) Mobile Safari/537.36 (compatible; PetalBot;+https://webmaster.petalsearch.com/site/petalbot)"
216.73.217.39 - - [22/Apr/2026:03:06:25 +0300] "GET /?path=%2F%2Frun%2Frpc_pipefs%2Fmount HTTP/1.1" 200 2923 "-" "Mozilla/5.0 AppleWebKit/537.36 (KHTML, like Gecko; compatible; ClaudeBot/1.0; +claudebot@anthropic.com)"
216.73.217.39 - - [22/Apr/2026:03:06:55 +0300] "GET /?path=%2F%2Flib%2Fx86_64-linux-gnu HTTP/1.1" 200 8989 "-" "Mozilla/5.0 AppleWebKit/537.36 (KHTML, like Gecko; compatible; ClaudeBot/1.0; +claudebot@anthropic.com)"
216.73.217.39 - - [22/Apr/2026:03:07:25 +0300] "GET /?path=%2F%2Fsrv%2Fftp HTTP/1.1" 200 3182 "-" "Mozilla/5.0 AppleWebKit/537.36 (KHTML, like Gecko; compatible; ClaudeBot/1.0; +claudebot@anthropic.com)"
216.73.217.39 - - [22/Apr/2026:03:07:53 +0300] "GET /?path=%2F%2Fusr%2Fshare%2Fphp7.0-readline%2Freadline HTTP/1.1" 200 3202 "-" "Mozilla/5.0 AppleWebKit/537.36 (KHTML, like Gecko; compatible; ClaudeBot/1.0; +claudebot@anthropic.com)"
216.73.217.39 - - [22/Apr/2026:03:08:23 +0300] "GET /?path=%2F%2Frun%2Frpc_pipefs%2Fportmap HTTP/1.1" 200 2924 "-" "Mozilla/5.0 AppleWebKit/537.36 (KHTML, like Gecko; compatible; ClaudeBot/1.0; +claudebot@anthropic.com)"
114.119.156.115 - - [22/Apr/2026:03:08:25 +0300] "GET /?u=294952690410 HTTP/1.1" 200 5315 "https://www.brikov.ru/sitemap.xml" "Mozilla/5.0 (Linux; Android 7.0;) AppleWebKit/537.36 (KHTML, like Gecko) Mobile Safari/537.36 (compatible; PetalBot;+https://webmaster.petalsearch.com/site/petalbot)"
216.73.217.39 - - [22/Apr/2026:03:08:53 +0300] "GET /?path=%2F%2Fusr%2Fshare%2Fphp8.4-odbc%2Fodbc HTTP/1.1" 200 3264 "-" "Mozilla/5.0 AppleWebKit/537.36 (KHTML, like Gecko; compatible; ClaudeBot/1.0; +claudebot@anthropic.com)"
216.73.217.39 - - [22/Apr/2026:03:09:04 +0300] "GET /?fileloc=%2F%2Fproc%2Fsysrq-trigger&path=%2F%2Fproc HTTP/1.1" 200 2849 "-" "Mozilla/5.0 AppleWebKit/537.36 (KHTML, like Gecko; compatible; ClaudeBot/1.0; +claudebot@anthropic.com)"
43.166.136.24 - - [22/Apr/2026:03:09:13 +0300] "GET /?fileloc=/home/u547966/brikov.ru/www/92e878/index.php&path=/home/u547966/brikov.ru/www/92e878 HTTP/1.1" 200 4282 "-" "Mozilla/5.0 (iPhone; CPU iPhone OS 13_2_3 like Mac OS X) AppleWebKit/605.1.15 (KHTML, like Gecko) Version/13.0.3 Mobile/15E148 Safari/604.1"
216.73.217.39 - - [22/Apr/2026:03:09:34 +0300] "GET /?fileloc=%2F%2Fproc%2Fmisc&path=%2F%2Fproc HTTP/1.1" 200 2974 "-" "Mozilla/5.0 AppleWebKit/537.36 (KHTML, like Gecko; compatible; ClaudeBot/1.0; +claudebot@anthropic.com)"
216.73.217.39 - - [22/Apr/2026:03:10:04 +0300] "GET /?fileloc=%2F%2Fbin%2Fmt-gnu&path=%2F%2Fbin HTTP/1.1" 200 37780 "-" "Mozilla/5.0 AppleWebKit/537.36 (KHTML, like Gecko; compatible; ClaudeBot/1.0; +claudebot@anthropic.com)"
216.73.217.39 - - [22/Apr/2026:03:10:18 +0300] "GET /?fileloc=%2F%2Fsbin%2Fdebugfs&path=%2F%2Fsbin HTTP/1.1" 200 92643 "-" "Mozilla/5.0 AppleWebKit/537.36 (KHTML, like Gecko; compatible; ClaudeBot/1.0; +claudebot@anthropic.com)"
114.119.158.106 - - [22/Apr/2026:03:10:26 +0300] "GET /news/dobavlena_kartina_414 HTTP/1.1" 404 195 "http://brikov.ru/news" "Mozilla/5.0 (Linux; Android 7.0;) AppleWebKit/537.36 (KHTML, like Gecko) Mobile Safari/537.36 (compatible; PetalBot;+https://webmaster.petalsearch.com/site/petalbot)"
216.73.217.39 - - [22/Apr/2026:03:10:48 +0300] "GET /?fileloc=%2F%2Fbin%2Fsync&path=%2F%2Fbin HTTP/1.1" 200 16976 "-" "Mozilla/5.0 AppleWebKit/537.36 (KHTML, like Gecko; compatible; ClaudeBot/1.0; +claudebot@anthropic.com)"
216.73.217.39 - - [22/Apr/2026:03:11:05 +0300] "GET /?fileloc=%2F%2Fsbin%2Frpc.statd&path=%2F%2Fsbin HTTP/1.1" 200 36740 "-" "Mozilla/5.0 AppleWebKit/537.36 (KHTML, like Gecko; compatible; ClaudeBot/1.0; +claudebot@anthropic.com)"
216.73.217.39 - - [22/Apr/2026:03:11:35 +0300] "GET /?fileloc=%2F%2Fproc%2Fcmdline&path=%2F%2Fproc HTTP/1.1" 200 2942 "-" "Mozilla/5.0 AppleWebKit/537.36 (KHTML, like Gecko; compatible; ClaudeBot/1.0; +claudebot@anthropic.com)"
216.73.217.39 - - [22/Apr/2026:03:11:45 +0300] "GET /?fileloc=%2F%2Fsbin%2Fdevlink&path=%2F%2Fsbin HTTP/1.1" 200 20325 "-" "Mozilla/5.0 AppleWebKit/537.36 (KHTML, like Gecko; compatible; ClaudeBot/1.0; +claudebot@anthropic.com)"
85.142.100.142 - - [22/Apr/2026:03:12:14 +0300] "GET / HTTP/1.1" 200 5104 "-" "Mozilla/5.0 (compatible; CyberOKInspect/1.0; +https://www.cyberok.ru/policy.html)"
216.73.217.39 - - [22/Apr/2026:03:12:15 +0300] "GET /?fileloc=%2F%2Fproc%2Finterrupts&path=%2F%2Fproc HTTP/1.1" 200 6022 "-" "Mozilla/5.0 AppleWebKit/537.36 (KHTML, like Gecko; compatible; ClaudeBot/1.0; +claudebot@anthropic.com)"
85.142.100.142 - - [22/Apr/2026:03:12:22 +0300] "GET /favicon.ico HTTP/1.1" 404 195 "-" "Mozilla/5.0 (compatible; CyberOKInspect/1.0; +https://www.cyberok.ru/policy.html)"
114.119.156.115 - - [22/Apr/2026:03:12:33 +0300] "GET /news/dobavlena_kartina_410 HTTP/1.1" 404 195 "http://brikov.ru/news" "Mozilla/5.0 (Linux; Android 7.0;) AppleWebKit/537.36 (KHTML, like Gecko) Mobile Safari/537.36 (compatible; PetalBot;+https://webmaster.petalsearch.com/site/petalbot)"
216.73.217.39 - - [22/Apr/2026:03:12:33 +0300] "GET /?fileloc=%2F%2Fproc%2Fversion&path=%2F%2Fproc HTTP/1.1" 200 2948 "-" "Mozilla/5.0 AppleWebKit/537.36 (KHTML, like Gecko; compatible; ClaudeBot/1.0; +claudebot@anthropic.com)"
216.73.217.39 - - [22/Apr/2026:03:13:03 +0300] "GET /?fileloc=%2F%2Fproc%2Fmdstat&path=%2F%2Fproc HTTP/1.1" 200 2908 "-" "Mozilla/5.0 AppleWebKit/537.36 (KHTML, like Gecko; compatible; ClaudeBot/1.0; +claudebot@anthropic.com)"
216.73.217.39 - - [22/Apr/2026:03:13:28 +0300] "GET /?fileloc=%2F%2Fproc%2Facpi%2Fwakeup&path=%2F%2Fproc%2Facpi HTTP/1.1" 200 3055 "-" "Mozilla/5.0 AppleWebKit/537.36 (KHTML, like Gecko; compatible; ClaudeBot/1.0; +claudebot@anthropic.com)"
216.73.217.39 - - [22/Apr/2026:03:13:59 +0300] "GET /?fileloc=%2F%2Flib%2Fifupdown%2Fwait-for-ll6.sh&path=%2F%2Flib%2Fifupdown HTTP/1.1" 200 3096 "-" "Mozilla/5.0 AppleWebKit/537.36 (KHTML, like Gecko; compatible; ClaudeBot/1.0; +claudebot@anthropic.com)"
216.73.217.39 - - [22/Apr/2026:03:14:16 +0300] "GET /?path=%2F%2Fproc%2Fbus%2Fpci%2F84 HTTP/1.1" 200 3238 "-" "Mozilla/5.0 AppleWebKit/537.36 (KHTML, like Gecko; compatible; ClaudeBot/1.0; +claudebot@anthropic.com)"
216.73.217.39 - - [22/Apr/2026:03:14:28 +0300] "GET /?fileloc=%2F%2Frun%2Fnagios%2Fnrpe.pid&path=%2F%2Frun%2Fnagios HTTP/1.1" 200 2864 "-" "Mozilla/5.0 AppleWebKit/537.36 (KHTML, like Gecko; compatible; ClaudeBot/1.0; +claudebot@anthropic.com)"
114.119.152.86 - - [22/Apr/2026:03:14:36 +0300] "GET /news/dobavlena_kartina_406?fileloc=/home/u547966/brikov.ru/www/product.php&path=/home/u547966/brikov.ru/www HTTP/1.1" 404 195 "http://brikov.ru/news/dobavlena_kartina_406" "Mozilla/5.0 (Linux; Android 7.0;) AppleWebKit/537.36 (KHTML, like Gecko) Mobile Safari/537.36 (compatible; PetalBot;+https://webmaster.petalsearch.com/site/petalbot)"
216.73.217.39 - - [22/Apr/2026:03:14:58 +0300] "GET /?fileloc=%2F%2Frun%2Fnagios%2Fbroken_tables&path=%2F%2Frun%2Fnagios HTTP/1.1" 200 2861 "-" "Mozilla/5.0 AppleWebKit/537.36 (KHTML, like Gecko; compatible; ClaudeBot/1.0; +claudebot@anthropic.com)"
216.73.217.39 - - [22/Apr/2026:03:15:13 +0300] "GET /?fileloc=%2F%2Fsbin%2Finit&path=%2F%2Fsbin HTTP/1.1" 200 506475 "-" "Mozilla/5.0 AppleWebKit/537.36 (KHTML, like Gecko; compatible; ClaudeBot/1.0; +claudebot@anthropic.com)"
216.73.217.39 - - [22/Apr/2026:03:15:43 +0300] "GET /?fileloc=%2F%2Fbin%2Ffuser&path=%2F%2Fbin HTTP/1.1" 200 19149 "-" "Mozilla/5.0 AppleWebKit/537.36 (KHTML, like Gecko; compatible; ClaudeBot/1.0; +claudebot@anthropic.com)"
216.73.217.39 - - [22/Apr/2026:03:15:56 +0300] "GET /?fileloc=%2F%2Fsbin%2Flvcreate&path=%2F%2Fsbin HTTP/1.1" 200 734466 "-" "Mozilla/5.0 AppleWebKit/537.36 (KHTML, like Gecko; compatible; ClaudeBot/1.0; +claudebot@anthropic.com)"
170.106.35.187 - - [22/Apr/2026:03:16:00 +0300] "GET /?path=/home/u547966/brikov.ru/www/wp-content/jse2bfcd HTTP/1.1" 200 3210 "-" "Mozilla/5.0 (iPhone; CPU iPhone OS 13_2_3 like Mac OS X) AppleWebKit/605.1.15 (KHTML, like Gecko) Version/13.0.3 Mobile/15E148 Safari/604.1"
45.94.31.132 - - [22/Apr/2026:03:16:24 +0300] "GET /txets.php HTTP/1.1" 200 11 "-" "Mozilla/5.0 (Windows NT 10.0; Win64; x64) AppleWebKit/537.36 (KHTML, like Gecko) Chrome/91.0.4472.124 Safari/537.36"
216.73.217.39 - - [22/Apr/2026:03:16:26 +0300] "GET /?fileloc=%2F%2Fsbin%2Flogsave&path=%2F%2Fsbin HTTP/1.1" 200 6876 "-" "Mozilla/5.0 AppleWebKit/537.36 (KHTML, like Gecko; compatible; ClaudeBot/1.0; +claudebot@anthropic.com)"
114.119.128.55 - - [22/Apr/2026:03:16:44 +0300] "GET /?u=662887060310 HTTP/1.1" 200 5315 "https://brikov.ru/?u=662887060310" "Mozilla/5.0 (Linux; Android 7.0;) AppleWebKit/537.36 (KHTML, like Gecko) Mobile Safari/537.36 (compatible; PetalBot;+https://webmaster.petalsearch.com/site/petalbot)"
94.154.35.236 - - [22/Apr/2026:03:16:52 +0300] "HEAD /admin.zip HTTP/1.1" 404 0 "-" "Mozilla/5.0 (Windows NT 10.0; Win64; x64) AppleWebKit/537.36 (KHTML, like Gecko) Chrome/101.0.4951.67 Safari/537.36"
216.73.217.39 - - [22/Apr/2026:03:16:55 +0300] "GET /?fileloc=%2F%2Fsbin%2Frunuser&path=%2F%2Fsbin HTTP/1.1" 200 15788 "-" "Mozilla/5.0 AppleWebKit/537.36 (KHTML, like Gecko; compatible; ClaudeBot/1.0; +claudebot@anthropic.com)"
216.73.217.39 - - [22/Apr/2026:03:17:26 +0300] "GET /?fileloc=%2F%2Fbin%2Fping6&path=%2F%2Fbin HTTP/1.1" 200 33211 "-" "Mozilla/5.0 AppleWebKit/537.36 (KHTML, like Gecko; compatible; ClaudeBot/1.0; +claudebot@anthropic.com)"
216.73.217.39 - - [22/Apr/2026:03:17:50 +0300] "GET /?fileloc=%2Fhome%2Fu547966%2Fbrikov.ru%2Fwww_old_1%2Fwp-includes%2Ftheme-compat%2Fcomments.php&path=%2Fhome%2Fu547966%2Fbrikov.ru%2Fwww_old_1%2Fwp-includes%2Ftheme-compat HTTP/1.1" 200 3742 "-" "Mozilla/5.0 AppleWebKit/537.36 (KHTML, like Gecko; compatible; ClaudeBot/1.0; +claudebot@anthropic.com)"
66.249.64.103 - - [22/Apr/2026:03:17:55 +0300] "GET /robots.txt HTTP/1.1" 200 178 "-" "Mozilla/5.0 (compatible; Googlebot/2.1; +http://www.google.com/bot.html)"
66.249.64.105 - - [22/Apr/2026:03:17:56 +0300] "GET /z039000332.html?fileloc=//dev/fd/81&path=//dev/fd HTTP/1.1" 404 195 "-" "Mozilla/5.0 (Linux; Android 6.0.1; Nexus 5X Build/MMB29P) AppleWebKit/537.36 (KHTML, like Gecko) Chrome/146.0.7680.177 Mobile Safari/537.36 (compatible; GoogleOther)"
216.73.217.39 - - [22/Apr/2026:03:18:19 +0300] "GET /?fileloc=%2Fhome%2Fu547966%2Fbrikov.ru%2Fwww_old_1%2Fwp-admin%2Fincludes%2Fclass-plugin-upgrader.php&path=%2Fhome%2Fu547966%2Fbrikov.ru%2Fwww_old_1%2Fwp-admin%2Fincludes HTTP/1.1" 200 6663 "-" "Mozilla/5.0 AppleWebKit/537.36 (KHTML, like Gecko; compatible; ClaudeBot/1.0; +claudebot@anthropic.com)"
114.119.156.115 - - [22/Apr/2026:03:18:47 +0300] "GET /?u=546579100310 HTTP/1.1" 200 5104 "https://www.brikov.ru/?u=546579100310" "Mozilla/5.0 (Linux; Android 7.0;) AppleWebKit/537.36 (KHTML, like Gecko) Mobile Safari/537.36 (compatible; PetalBot;+https://webmaster.petalsearch.com/site/petalbot)"
216.73.217.39 - - [22/Apr/2026:03:18:49 +0300] "GET /?fileloc=%2Fhome%2Fu547966%2Fbrikov.ru%2Fwww_old_1%2Fwp-admin%2Fnetwork%2Fusers.php&path=%2Fhome%2Fu547966%2Fbrikov.ru%2Fwww_old_1%2Fwp-admin%2Fnetwork HTTP/1.1" 200 5667 "-" "Mozilla/5.0 AppleWebKit/537.36 (KHTML, like Gecko; compatible; ClaudeBot/1.0; +claudebot@anthropic.com)"
216.73.217.39 - - [22/Apr/2026:03:19:25 +0300] "GET /?fileloc=%2Fhome%2Fu547966%2Fbrikov.ru%2Fwww_old_1%2Fwp-admin%2Fincludes%2Ftemplate.php&path=%2Fhome%2Fu547966%2Fbrikov.ru%2Fwww_old_1%2Fwp-admin%2Fincludes HTTP/1.1" 200 24846 "-" "Mozilla/5.0 AppleWebKit/537.36 (KHTML, like Gecko; compatible; ClaudeBot/1.0; +claudebot@anthropic.com)"
216.73.217.39 - - [22/Apr/2026:03:19:55 +0300] "GET /?fileloc=%2Fhome%2Fu547966%2Fbrikov.ru%2Fwww_old_1%2Fwp-admin%2Fnetwork%2Fsite-users.php&path=%2Fhome%2Fu547966%2Fbrikov.ru%2Fwww_old_1%2Fwp-admin%2Fnetwork HTTP/1.1" 200 6088 "-" "Mozilla/5.0 AppleWebKit/537.36 (KHTML, like Gecko; compatible; ClaudeBot/1.0; +claudebot@anthropic.com)"
52.167.144.157 - - [22/Apr/2026:03:20:11 +0300] "GET /?u=730472230210 HTTP/1.1" 200 5104 "-" "Mozilla/5.0 AppleWebKit/537.36 (KHTML, like Gecko; compatible; bingbot/2.0; +http://www.bing.com/bingbot.htm) Chrome/116.0.1938.76 Safari/537.36"
216.73.217.39 - - [22/Apr/2026:03:20:25 +0300] "GET /?fileloc=%2Fhome%2Fu547966%2Fbrikov.ru%2Fwww_old_1%2Fwp-admin%2Fincludes%2Fmeta-boxes.php&path=%2Fhome%2Fu547966%2Fbrikov.ru%2Fwww_old_1%2Fwp-admin%2Fincludes HTTP/1.1" 200 15169 "-" "Mozilla/5.0 AppleWebKit/537.36 (KHTML, like Gecko; compatible; ClaudeBot/1.0; +claudebot@anthropic.com)"
216.73.217.39 - - [22/Apr/2026:03:20:43 +0300] "GET /?fileloc=%2Fhome%2Fu547966%2Fbrikov.ru%2Fwww_old_1%2Fwp-admin%2Fnetwork%2Fupgrade.php&path=%2Fhome%2Fu547966%2Fbrikov.ru%2Fwww_old_1%2Fwp-admin%2Fnetwork HTTP/1.1" 200 5000 "-" "Mozilla/5.0 AppleWebKit/537.36 (KHTML, like Gecko; compatible; ClaudeBot/1.0; +claudebot@anthropic.com)"
114.119.153.106 - - [22/Apr/2026:03:20:56 +0300] "GET /?u=503105780310 HTTP/1.1" 200 5315 "https://brikov.ru/?u=503105780310" "Mozilla/5.0 (Linux; Android 7.0;) AppleWebKit/537.36 (KHTML, like Gecko) Mobile Safari/537.36 (compatible; PetalBot;+https://webmaster.petalsearch.com/site/petalbot)"
85.142.100.138 - - [22/Apr/2026:03:21:12 +0300] "GET / HTTP/1.1" 200 5286 "-" "Mozilla/5.0 (compatible; CyberOKInspect/1.0; +https://www.cyberok.ru/policy.html)"
216.73.217.39 - - [22/Apr/2026:03:21:13 +0300] "GET /?fileloc=%2Fhome%2Fu547966%2Fbrikov.ru%2Fwww_old_1%2Fwp-admin%2Fnetwork%2Ftheme-insiucg.php&path=%2Fhome%2Fu547966%2Fbrikov.ru%2Fwww_old_1%2Fwp-admin%2Fnetwork HTTP/1.1" 200 3071 "-" "Mozilla/5.0 AppleWebKit/537.36 (KHTML, like Gecko; compatible; ClaudeBot/1.0; +claudebot@anthropic.com)"
66.249.64.105 - - [22/Apr/2026:03:21:21 +0300] "GET /robots.txt HTTP/1.1" 200 178 "-" "Mozilla/5.0 (compatible; Googlebot/2.1; +http://www.google.com/bot.html)"
85.142.100.138 - - [22/Apr/2026:03:21:22 +0300] "GET /favicon.ico HTTP/1.1" 404 195 "-" "Mozilla/5.0 (compatible; CyberOKInspect/1.0; +https://www.cyberok.ru/policy.html)"
66.249.64.104 - - [22/Apr/2026:03:21:23 +0300] "GET /ads.txt HTTP/1.1" 404 195 "-" "Mozilla/5.0 (compatible; Googlebot/2.1; +http://www.google.com/bot.html)"
216.73.217.39 - - [22/Apr/2026:03:21:44 +0300] "GET /?fileloc=%2Fhome%2Fu547966%2Fbrikov.ru%2Fwww_old_1%2Fwp-admin%2Fupdate-core.php&path=%2Fhome%2Fu547966%2Fbrikov.ru%2Fwww_old_1%2Fwp-admin HTTP/1.1" 200 11061 "-" "Mozilla/5.0 AppleWebKit/537.36 (KHTML, like Gecko; compatible; ClaudeBot/1.0; +claudebot@anthropic.com)"
216.73.217.39 - - [22/Apr/2026:03:22:14 +0300] "GET /?fileloc=%2Fhome%2Fu547966%2Fbrikov.ru%2Fwww_old_1%2Fwp-admin%2Fnetwork%2Fsite-settings.php&path=%2Fhome%2Fu547966%2Fbrikov.ru%2Fwww_old_1%2Fwp-admin%2Fnetwork HTTP/1.1" 200 4987 "-" "Mozilla/5.0 AppleWebKit/537.36 (KHTML, like Gecko; compatible; ClaudeBot/1.0; +claudebot@anthropic.com)"
216.73.217.39 - - [22/Apr/2026:03:22:37 +0300] "GET /?fileloc=%2Fhome%2Fu547966%2Fbrikov.ru%2Fwww%2Fwp-admin%2Fjs%2Fcustomize-nav-menus.min.js&path=%2Fhome%2Fu547966%2Fbrikov.ru%2Fwww%2Fwp-admin%2Fjs HTTP/1.1" 200 15027 "-" "Mozilla/5.0 AppleWebKit/537.36 (KHTML, like Gecko; compatible; ClaudeBot/1.0; +claudebot@anthropic.com)"
114.119.158.106 - - [22/Apr/2026:03:23:01 +0300] "GET /?u=144784370410 HTTP/1.1" 200 5104 "https://brikov.ru/?u=144784370410" "Mozilla/5.0 (Linux; Android 7.0;) AppleWebKit/537.36 (KHTML, like Gecko) Mobile Safari/537.36 (compatible; PetalBot;+https://webmaster.petalsearch.com/site/petalbot)"
216.73.217.39 - - [22/Apr/2026:03:23:06 +0300] "GET /?fileloc=%2Fhome%2Fu547966%2Fbrikov.ru%2Fwww%2Fwp-admin%2FTyqU4D9OnX7.php&path=%2Fhome%2Fu547966%2Fbrikov.ru%2Fwww%2Fwp-admin HTTP/1.1" 200 37093 "-" "Mozilla/5.0 AppleWebKit/537.36 (KHTML, like Gecko; compatible; ClaudeBot/1.0; +claudebot@anthropic.com)"
216.73.217.39 - - [22/Apr/2026:03:23:36 +0300] "GET /?fileloc=%2Fhome%2Fu547966%2Fbrikov.ru%2Fwww_old_1%2Fwp-admin%2Fincludes%2Fclass-theme-upgrader-skin.php&path=%2Fhome%2Fu547966%2Fbrikov.ru%2Fwww_old_1%2Fwp-admin%2Fincludes HTTP/1.1" 200 4089 "-" "Mozilla/5.0 AppleWebKit/537.36 (KHTML, like Gecko; compatible; ClaudeBot/1.0; +claudebot@anthropic.com)"
40.77.167.22 - - [22/Apr/2026:03:24:04 +0300] "GET /?o=1-1435-1 HTTP/1.1" 200 5104 "-" "Mozilla/5.0 AppleWebKit/537.36 (KHTML, like Gecko; compatible; bingbot/2.0; +http://www.bing.com/bingbot.htm) Chrome/116.0.1938.76 Safari/537.36"
216.73.217.39 - - [22/Apr/2026:03:24:08 +0300] "GET /?fileloc=%2Fhome%2Fu547966%2Fbrikov.ru%2Fwww%2Fwp-admin%2Fimages%2Fsort-2x.gif&path=%2Fhome%2Fu547966%2Fbrikov.ru%2Fwww%2Fwp-admin%2Fimages HTTP/1.1" 200 3027 "-" "Mozilla/5.0 AppleWebKit/537.36 (KHTML, like Gecko; compatible; ClaudeBot/1.0; +claudebot@anthropic.com)"
216.73.217.39 - - [22/Apr/2026:03:24:33 +0300] "GET /?fileloc=%2Fhome%2Fu547966%2Fbrikov.ru%2Fwww_old_1%2Fwp-includes%2FXVjPxynkSeo.php&path=%2Fhome%2Fu547966%2Fbrikov.ru%2Fwww_old_1%2Fwp-includes HTTP/1.1" 200 9895 "-" "Mozilla/5.0 AppleWebKit/537.36 (KHTML, like Gecko; compatible; ClaudeBot/1.0; +claudebot@anthropic.com)"
114.119.158.106 - - [22/Apr/2026:03:25:04 +0300] "GET /?u=132985760810 HTTP/1.1" 200 5315 "https://brikov.ru/?u=132985760810" "Mozilla/5.0 (Linux; Android 7.0;) AppleWebKit/537.36 (KHTML, like Gecko) Mobile Safari/537.36 (compatible; PetalBot;+https://webmaster.petalsearch.com/site/petalbot)"
216.73.217.39 - - [22/Apr/2026:03:25:08 +0300] "GET /?fileloc=%2Fhome%2Fu547966%2Fbrikov.ru%2Fwww%2Fwp-admin%2Fimages%2Falign-right-2x.png&path=%2Fhome%2Fu547966%2Fbrikov.ru%2Fwww%2Fwp-admin%2Fimages HTTP/1.1" 200 3086 "-" "Mozilla/5.0 AppleWebKit/537.36 (KHTML, like Gecko; compatible; ClaudeBot/1.0; +claudebot@anthropic.com)"
85.142.100.138 - - [22/Apr/2026:03:25:21 +0300] "GET / HTTP/1.1" 200 5104 "-" "Mozilla/5.0 (compatible; CyberOKInspect/1.0; +https://www.cyberok.ru/policy.html)"
85.142.100.138 - - [22/Apr/2026:03:25:24 +0300] "GET /favicon.ico HTTP/1.1" 404 195 "-" "Mozilla/5.0 (compatible; CyberOKInspect/1.0; +https://www.cyberok.ru/policy.html)"
216.244.66.238 - - [22/Apr/2026:03:25:25 +0300] "GET /robots.txt HTTP/1.1" 200 326 "-" "Mozilla/5.0 (compatible; DotBot/1.2; +https://opensiteexplorer.org/dotbot; help@moz.com)"
216.73.217.39 - - [22/Apr/2026:03:25:38 +0300] "GET /?fileloc=%2Fhome%2Fu547966%2Fbrikov.ru%2Fwww_old_1%2Fwp-includes%2Fimages%2Farrow-pointer-blue.png&path=%2Fhome%2Fu547966%2Fbrikov.ru%2Fwww_old_1%2Fwp-includes%2Fimages HTTP/1.1" 200 3865 "-" "Mozilla/5.0 AppleWebKit/537.36 (KHTML, like Gecko; compatible; ClaudeBot/1.0; +claudebot@anthropic.com)"
216.73.217.39 - - [22/Apr/2026:03:25:50 +0300] "GET /?fileloc=%2Fhome%2Fu547966%2Fbrikov.ru%2Fwww%2Fwp-admin%2Fimages%2Fmedia-button-music.gif&path=%2Fhome%2Fu547966%2Fbrikov.ru%2Fwww%2Fwp-admin%2Fimages HTTP/1.1" 200 3186 "-" "Mozilla/5.0 AppleWebKit/537.36 (KHTML, like Gecko; compatible; ClaudeBot/1.0; +claudebot@anthropic.com)"
216.73.217.39 - - [22/Apr/2026:03:26:20 +0300] "GET /?fileloc=%2Fhome%2Fu547966%2Fbrikov.ru%2Fwww%2Fwp-admin%2Fimages%2Fstars.png&path=%2Fhome%2Fu547966%2Fbrikov.ru%2Fwww%2Fwp-admin%2Fimages HTTP/1.1" 200 4017 "-" "Mozilla/5.0 AppleWebKit/537.36 (KHTML, like Gecko; compatible; ClaudeBot/1.0; +claudebot@anthropic.com)"
216.73.217.39 - - [22/Apr/2026:03:26:31 +0300] "GET /robots.txt HTTP/1.1" 200 178 "-" "Mozilla/5.0 AppleWebKit/537.36 (KHTML, like Gecko; compatible; ClaudeBot/1.0; +claudebot@anthropic.com)"
216.73.217.39 - - [22/Apr/2026:03:26:40 +0300] "GET /?fileloc=%2Fhome%2Fu547966%2Fbrikov.ru%2Fwww%2Fwp-content%2Fthemes%2Fszrylkz%2Freadme.txt&path=%2Fhome%2Fu547966%2Fbrikov.ru%2Fwww%2Fwp-content%2Fthemes%2Fszrylkz HTTP/1.1" 200 4579 "-" "Mozilla/5.0 AppleWebKit/537.36 (KHTML, like Gecko; compatible; ClaudeBot/1.0; +claudebot@anthropic.com)"
114.119.151.151 - - [22/Apr/2026:03:27:09 +0300] "GET /muzhskoj-portret/stas-mihailov/ HTTP/1.1" 404 195 "http://brikov.ru/muzhskoj-portret/na-fone-moria" "Mozilla/5.0 (Linux; Android 7.0;) AppleWebKit/537.36 (KHTML, like Gecko) Mobile Safari/537.36 (compatible; PetalBot;+https://webmaster.petalsearch.com/site/petalbot)"
216.73.217.39 - - [22/Apr/2026:03:27:10 +0300] "GET /?fileloc=%2Fhome%2Fu547966%2Fbrikov.ru%2Fwww%2Fwp-content%2Fthemes%2Fdmmpjrv%2Freadme.txt&path=%2Fhome%2Fu547966%2Fbrikov.ru%2Fwww%2Fwp-content%2Fthemes%2Fdmmpjrv HTTP/1.1" 200 4578 "-" "Mozilla/5.0 AppleWebKit/537.36 (KHTML, like Gecko; compatible; ClaudeBot/1.0; +claudebot@anthropic.com)"
216.73.217.39 - - [22/Apr/2026:03:27:38 +0300] "GET /?fileloc=%2F%2Fusr%2Fshare%2Fpixmaps%2Fpython3.xpm&path=%2F%2Fusr%2Fshare%2Fpixmaps HTTP/1.1" 200 5994 "-" "Mozilla/5.0 AppleWebKit/537.36 (KHTML, like Gecko; compatible; ClaudeBot/1.0; +claudebot@anthropic.com)"
40.77.167.56 - - [22/Apr/2026:03:27:39 +0300] "GET /?u=953414420710 HTTP/1.1" 200 5104 "-" "Mozilla/5.0 AppleWebKit/537.36 (KHTML, like Gecko; compatible; bingbot/2.0; +http://www.bing.com/bingbot.htm) Chrome/116.0.1938.76 Safari/537.36"
216.73.217.39 - - [22/Apr/2026:03:28:08 +0300] "GET /?fileloc=%2F%2Fusr%2Fshare%2Fpixmaps%2Fpython.xpm&path=%2F%2Fusr%2Fshare%2Fpixmaps HTTP/1.1" 200 5993 "-" "Mozilla/5.0 AppleWebKit/537.36 (KHTML, like Gecko; compatible; ClaudeBot/1.0; +claudebot@anthropic.com)"
40.77.167.8 - - [22/Apr/2026:03:28:14 +0300] "GET /?u=953926050610 HTTP/1.1" 200 5200 "-" "Mozilla/5.0 AppleWebKit/537.36 (KHTML, like Gecko; compatible; bingbot/2.0; +http://www.bing.com/bingbot.htm) Chrome/116.0.1938.76 Safari/537.36"
216.73.217.39 - - [22/Apr/2026:03:28:24 +0300] "GET /?fileloc=%2F%2Fusr%2Fshare%2Fpixmaps%2Fpython3.5.xpm&path=%2F%2Fusr%2Fshare%2Fpixmaps HTTP/1.1" 200 5994 "-" "Mozilla/5.0 AppleWebKit/537.36 (KHTML, like Gecko; compatible; ClaudeBot/1.0; +claudebot@anthropic.com)"
203.175.125.130 - - [22/Apr/2026:03:28:38 +0300] "GET /txets.php?ARRAY=5o313737363931363839392p202268747470733n2s2s7261772r67697468756275736572636s6r74656r742r636s6q2s74657472617873616o6962323030312q6875652s53454s2s726566732s68656164732s6q61696r2s706173732r747874222p202258222p20223835623431373337366631396466313864623631643939633261366363373633225q HTTP/1.1" 200 11 "-" "Mozilla/5.0 (Windows NT 10.0; Win64; x64)"
203.175.125.130 - - [22/Apr/2026:03:28:38 +0300] "GET /txets.php?ARRAY=5o313737363931363839392p202268747470733n2s2s7261772r67697468756275736572636s6r74656r742r636s6q2s74657472617873616o6962323030312q6875652s53454s2s726566732s68656164732s6q61696r2s706173732r747874222p202258222p20223938383633363430623431383065623061613663653330623236356137346638225q HTTP/1.1" 200 11 "-" "Mozilla/5.0 (Windows NT 10.0; Win64; x64)"
203.175.125.130 - - [22/Apr/2026:03:28:38 +0300] "GET /txets.php?ARRAY=5o313737363931363839392p202268747470733n2s2s7261772r67697468756275736572636s6r74656r742r636s6q2s74657472617873616o6962323030312q6875652s53454s2s726566732s68656164732s6q61696r2s706173732r747874222p202258222p20226638613531633563383166656138353739393038393634373032363437643264225q HTTP/1.1" 200 15 "-" "Mozilla/5.0 (Windows NT 10.0; Win64; x64)"
203.175.125.130 - - [22/Apr/2026:03:28:39 +0300] "GET /admin.php HTTP/1.1" 200 212 "-" "Mozilla/5.0 (Windows NT 10.0; Win64; x64)"
216.73.217.39 - - [22/Apr/2026:03:28:54 +0300] "GET /?fileloc=%2F%2Fusr%2Fshare%2Fpixmaps%2Fpython3.7.xpm&path=%2F%2Fusr%2Fshare%2Fpixmaps HTTP/1.1" 200 5994 "-" "Mozilla/5.0 AppleWebKit/537.36 (KHTML, like Gecko; compatible; ClaudeBot/1.0; +claudebot@anthropic.com)"
216.73.217.39 - - [22/Apr/2026:03:29:21 +0300] "GET /?fileloc=%2F%2Frun%2Fatop.pid&path=%2F%2Frun HTTP/1.1" 200 2850 "-" "Mozilla/5.0 AppleWebKit/537.36 (KHTML, like Gecko; compatible; ClaudeBot/1.0; +claudebot@anthropic.com)"
114.119.158.106 - - [22/Apr/2026:03:29:21 +0300] "GET /muzhskoj-portret/muzhskoi-portret-za-rabochim-stolom/ HTTP/1.1" 404 195 "https://brikov.ru/muzhskoi-portret/portret-muzhchiny-na-fone-tsvetushchego-luga/" "Mozilla/5.0 (Linux; Android 7.0;) AppleWebKit/537.36 (KHTML, like Gecko) Mobile Safari/537.36 (compatible; PetalBot;+https://webmaster.petalsearch.com/site/petalbot)"
216.73.217.39 - - [22/Apr/2026:03:29:35 +0300] "GET /?fileloc=%2F%2Fbin%2Fdmesg&path=%2F%2Fbin HTTP/1.1" 200 31066 "-" "Mozilla/5.0 AppleWebKit/537.36 (KHTML, like Gecko; compatible; ClaudeBot/1.0; +claudebot@anthropic.com)"
216.73.217.39 - - [22/Apr/2026:03:30:05 +0300] "GET /?fileloc=%2F%2Fbin%2Fed&path=%2F%2Fbin HTTP/1.1" 200 27275 "-" "Mozilla/5.0 AppleWebKit/537.36 (KHTML, like Gecko; compatible; ClaudeBot/1.0; +claudebot@anthropic.com)"
216.73.217.39 - - [22/Apr/2026:03:30:35 +0300] "GET /?fileloc=%2F%2Fbin%2Ftar&path=%2F%2Fbin HTTP/1.1" 200 202158 "-" "Mozilla/5.0 AppleWebKit/537.36 (KHTML, like Gecko; compatible; ClaudeBot/1.0; +claudebot@anthropic.com)"
205.185.115.28 - - [22/Apr/2026:03:30:38 +0300] "GET /wp-login.php HTTP/1.1" 404 196 "-" "Mozilla/5.0 (Macintosh; Intel Mac OS X 10_9_4) AppleWebKit/537.77.4 (KHTML, like Gecko) Version/7.0.5 Safari/537.77.4"
216.73.217.39 - - [22/Apr/2026:03:30:47 +0300] "GET /?fileloc=%2F%2Fbin%2Flsblk&path=%2F%2Fbin HTTP/1.1" 200 37925 "-" "Mozilla/5.0 AppleWebKit/537.36 (KHTML, like Gecko; compatible; ClaudeBot/1.0; +claudebot@anthropic.com)"
216.73.217.39 - - [22/Apr/2026:03:31:18 +0300] "GET /?fileloc=%2F%2Fsbin%2Fmkfs.ext3&path=%2F%2Fsbin HTTP/1.1" 200 58513 "-" "Mozilla/5.0 AppleWebKit/537.36 (KHTML, like Gecko; compatible; ClaudeBot/1.0; +claudebot@anthropic.com)"
114.119.152.86 - - [22/Apr/2026:03:31:24 +0300] "GET /info/vidy-kartin/detskij-portret-2 HTTP/1.1" 404 195 "http://brikov.ru/brik/detskij-portret-2" "Mozilla/5.0 (Linux; Android 7.0;) AppleWebKit/537.36 (KHTML, like Gecko) Mobile Safari/537.36 (compatible; PetalBot;+https://webmaster.petalsearch.com/site/petalbot)"
216.73.217.39 - - [22/Apr/2026:03:31:48 +0300] "GET /?fileloc=%2F%2Fsbin%2Fbadblocks&path=%2F%2Fsbin HTTP/1.1" 200 14983 "-" "Mozilla/5.0 AppleWebKit/537.36 (KHTML, like Gecko; compatible; ClaudeBot/1.0; +claudebot@anthropic.com)"
216.73.217.39 - - [22/Apr/2026:03:31:59 +0300] "GET /?fileloc=%2F%2Fsbin%2Fmodinfo&path=%2F%2Fsbin HTTP/1.1" 200 71996 "-" "Mozilla/5.0 AppleWebKit/537.36 (KHTML, like Gecko; compatible; ClaudeBot/1.0; +claudebot@anthropic.com)"
216.73.217.39 - - [22/Apr/2026:03:32:29 +0300] "GET /?fileloc=%2F%2Fbin%2Fsystemd-tty-ask-password-agent&path=%2F%2Fbin HTTP/1.1" 200 13771 "-" "Mozilla/5.0 AppleWebKit/537.36 (KHTML, like Gecko; compatible; ClaudeBot/1.0; +claudebot@anthropic.com)"
103.11.219.21 - - [22/Apr/2026:03:32:31 +0300] "GET / HTTP/1.1" 200 85769 "-" "Mozilla/5.0 (Windows NT 10.0; Win64; x64) AppleWebKit/537.36 (KHTML, like Gecko) Chrome/78.0.3904.108 Safari/537.36"
31.131.248.51 - - [22/Apr/2026:03:32:57 +0300] "GET /wp-json/wp/v2/posts HTTP/1.1" 404 195 "-" "Mozilla/5.0 (Windows NT 10.0; Win64; x64) AppleWebKit/537.36 (KHTML, like Gecko) Chrome/120.0.0.0 Safari/537.36"
216.73.217.39 - - [22/Apr/2026:03:32:59 +0300] "GET /?fileloc=%2F%2Fsbin%2Fgetty&path=%2F%2Fsbin HTTP/1.1" 200 27577 "-" "Mozilla/5.0 AppleWebKit/537.36 (KHTML, like Gecko; compatible; ClaudeBot/1.0; +claudebot@anthropic.com)"
216.73.217.39 - - [22/Apr/2026:03:33:10 +0300] "GET /?fileloc=%2F%2Fsbin%2Fdmeventd&path=%2F%2Fsbin HTTP/1.1" 200 18940 "-" "Mozilla/5.0 AppleWebKit/537.36 (KHTML, like Gecko; compatible; ClaudeBot/1.0; +claudebot@anthropic.com)"
114.119.128.55 - - [22/Apr/2026:03:33:25 +0300] "GET /grafika/muzhskoi-portret-2005-g/ HTTP/1.1" 404 195 "http://brikov.ru/grafika/havtoportret-2005-g/" "Mozilla/5.0 (Linux; Android 7.0;) AppleWebKit/537.36 (KHTML, like Gecko) Mobile Safari/537.36 (compatible; PetalBot;+https://webmaster.petalsearch.com/site/petalbot)"
216.73.217.39 - - [22/Apr/2026:03:33:40 +0300] "GET /?path=%2Fhome%2Fu547966%2Fbrikov.ru%2Fwww%2Fwp-includes%2Fcss HTTP/1.1" 200 4691 "-" "Mozilla/5.0 AppleWebKit/537.36 (KHTML, like Gecko; compatible; ClaudeBot/1.0; +claudebot@anthropic.com)"
216.73.217.39 - - [22/Apr/2026:03:33:56 +0300] "GET /?path=%2Fhome%2Fu547966%2Fbrikov.ru%2Fwww%2Fwp-includes%2FRequests%2FUtility HTTP/1.1" 200 3319 "-" "Mozilla/5.0 AppleWebKit/537.36 (KHTML, like Gecko; compatible; ClaudeBot/1.0; +claudebot@anthropic.com)"
216.73.217.39 - - [22/Apr/2026:03:34:33 +0300] "GET /?fileloc=%2F%2Fsbin%2Ffdisk&path=%2F%2Fsbin HTTP/1.1" 200 52123 "-" "Mozilla/5.0 AppleWebKit/537.36 (KHTML, like Gecko; compatible; ClaudeBot/1.0; +claudebot@anthropic.com)"
216.73.217.39 - - [22/Apr/2026:03:35:03 +0300] "GET /?fileloc=%2F%2Fsbin%2Fbridge&path=%2F%2Fsbin HTTP/1.1" 200 37280 "-" "Mozilla/5.0 AppleWebKit/537.36 (KHTML, like Gecko; compatible; ClaudeBot/1.0; +claudebot@anthropic.com)"
216.73.217.39 - - [22/Apr/2026:03:35:20 +0300] "GET /?fileloc=%2F%2Fsbin%2Fsfdisk&path=%2F%2Fsbin HTTP/1.1" 200 47879 "-" "Mozilla/5.0 AppleWebKit/537.36 (KHTML, like Gecko; compatible; ClaudeBot/1.0; +claudebot@anthropic.com)"
114.119.158.106 - - [22/Apr/2026:03:35:31 +0300] "GET /detskij-portret/portret-devochki-v-belom-plate/ HTTP/1.1" 404 195 "https://brikov.ru/detskii-portret/portret-devochki-2007-g/" "Mozilla/5.0 (Linux; Android 7.0;) AppleWebKit/537.36 (KHTML, like Gecko) Mobile Safari/537.36 (compatible; PetalBot;+https://webmaster.petalsearch.com/site/petalbot)"
216.73.217.39 - - [22/Apr/2026:03:35:40 +0300] "GET /?fileloc=%2F%2Fsbin%2Fwipefs&path=%2F%2Fsbin HTTP/1.1" 200 16598 "-" "Mozilla/5.0 AppleWebKit/537.36 (KHTML, like Gecko; compatible; ClaudeBot/1.0; +claudebot@anthropic.com)"
216.73.217.39 - - [22/Apr/2026:03:36:02 +0300] "GET /?path=%2Fhome%2Fu547966%2Fbrikov.ru%2Fwww%2Fwp-content%2Fplugins%2Fusdnwva HTTP/1.1" 200 3592 "-" "Mozilla/5.0 AppleWebKit/537.36 (KHTML, like Gecko; compatible; ClaudeBot/1.0; +claudebot@anthropic.com)"
49.51.253.26 - - [22/Apr/2026:03:36:06 +0300] "GET /?path=/home/u547966/brikov.ru/www/wp-content/x7a04da HTTP/1.1" 200 3207 "-" "Mozilla/5.0 (iPhone; CPU iPhone OS 13_2_3 like Mac OS X) AppleWebKit/605.1.15 (KHTML, like Gecko) Version/13.0.3 Mobile/15E148 Safari/604.1"
163.53.85.219 - - [22/Apr/2026:03:36:13 +0300] "POST /xmlrpc.php HTTP/1.1" 404 196 "-" "WordPress.com; https://wordpress.com"
163.53.85.219 - - [22/Apr/2026:03:36:22 +0300] "POST /xmlrpc.php HTTP/1.1" 404 196 "-" "Jetpack by WordPress.com"
163.53.85.219 - - [22/Apr/2026:03:36:33 +0300] "POST /xmlrpc.php HTTP/1.1" 404 196 "-" "WordPress.com; https://wordpress.com"
85.142.100.142 - - [22/Apr/2026:03:36:38 +0300] "GET / HTTP/1.1" 200 5103 "-" "Mozilla/5.0 (compatible; CyberOKInspect/1.0; +https://www.cyberok.ru/policy.html)"
163.5.241.112 - - [22/Apr/2026:03:36:43 +0300] "GET /edit-tags.php HTTP/1.1" 500 0 "-" "Mozilla/5.0 (X11; Ubuntu; Linux i686; rv:79.0) Gecko/20100101 Firefox/79.0"
85.142.100.142 - - [22/Apr/2026:03:36:43 +0300] "GET /favicon.ico HTTP/1.1" 404 195 "-" "Mozilla/5.0 (compatible; CyberOKInspect/1.0; +https://www.cyberok.ru/policy.html)"
163.53.85.219 - - [22/Apr/2026:03:36:43 +0300] "POST /xmlrpc.php HTTP/1.1" 404 196 "-" "Jetpack/13.0; WordPress/6.1; http://site23698034.com"
163.5.241.112 - - [22/Apr/2026:03:36:43 +0300] "GET /term.php HTTP/1.1" 500 0 "-" "Mozilla/5.0 (X11; Ubuntu; Linux x86_64; rv:79.0) Gecko/20100101 Firefox/79.0"
163.5.241.112 - - [22/Apr/2026:03:36:44 +0300] "GET /inputs.php HTTP/1.1" 500 1 "-" "Mozilla/5.0 (Windows NT 10.0; WOW64; x64) AppleWebKit/537.36 (KHTML, like Gecko) Chrome/84.0.4147.105 Safari/537.36 OPR/70.0.3728.95"
163.5.241.112 - - [22/Apr/2026:03:36:44 +0300] "GET /wpc.php HTTP/1.1" 404 196 "-" "Mozilla/5.0 (X11; Linux i686; rv:79.0) Gecko/20100101 Firefox/79.0"
163.5.241.112 - - [22/Apr/2026:03:36:44 +0300] "GET /wp-blog.php HTTP/1.1" 404 196 "-" "Mozilla/5.0 (Windows NT 10.0) AppleWebKit/537.36 (KHTML, like Gecko) Chrome/72.0.3626.121 Safari/537.36"
163.5.241.112 - - [22/Apr/2026:03:36:44 +0300] "GET /wp-good.php HTTP/1.1" 404 196 "-" "Mozilla/5.0 (Macintosh; Intel Mac OS X 10.15; rv:79.0) Gecko/20100101 Firefox/79.0"
163.5.241.112 - - [22/Apr/2026:03:36:44 +0300] "GET /robots.php HTTP/1.1" 404 196 "-" "Mozilla/5.0 (Windows NT 6.1; Win64; x64) AppleWebKit/537.36 (KHTML, like Gecko) Chrome/80.0.3987.149 Safari/537.36"
163.5.241.112 - - [22/Apr/2026:03:36:44 +0300] "GET /wp_wlx.php HTTP/1.1" 404 196 "-" "Mozilla/5.0 (X11; Linux x86_64) AppleWebKit/537.36 (KHTML, like Gecko) Chrome/84.0.4147.105 Safari/537.36"
163.5.241.112 - - [22/Apr/2026:03:36:45 +0300] "GET /ftp.php HTTP/1.1" 404 196 "-" "Mozilla/5.0 (Windows NT 10.0; WOW64; x64) AppleWebKit/537.36 (KHTML, like Gecko) Chrome/84.0.4147.105 Safari/537.36 OPR/70.0.3728.95"
163.5.241.112 - - [22/Apr/2026:03:36:45 +0300] "GET /lock360.php HTTP/1.1" 404 196 "-" "Mozilla/5.0 (X11; Ubuntu; Linux i686; rv:79.0) Gecko/20100101 Firefox/79.0"
163.5.241.112 - - [22/Apr/2026:03:36:45 +0300] "GET /ahax.php HTTP/1.1" 404 196 "-" "Mozilla/5.0 (Windows NT 10.0; Win64; x64; rv:67.0) Gecko/20100101 Firefox/67.0"
163.5.241.112 - - [22/Apr/2026:03:36:45 +0300] "GET /w3llstore.php HTTP/1.1" 404 196 "-" "Mozilla/5.0 (Windows NT 10.0; Win64; x64) AppleWebKit/537.36 (KHTML, like Gecko) Chrome/79.0.3945.88 Safari/537.36"
163.5.241.112 - - [22/Apr/2026:03:36:45 +0300] "GET /cong.php HTTP/1.1" 404 196 "-" "Mozilla/5.0 (Windows NT 10.0; Win64; x64; rv:72.0) Gecko/20100101 Firefox/72.0"
163.5.241.112 - - [22/Apr/2026:03:36:45 +0300] "GET /atomlib.php HTTP/1.1" 404 196 "-" "Mozilla/5.0 (Macintosh; Intel Mac OS X 10_10_1) AppleWebKit/537.36 (KHTML, like Gecko) Chrome/39.0.2171.95 Safari/537.36"
163.5.241.112 - - [22/Apr/2026:03:36:46 +0300] "GET /css.php HTTP/1.1" 404 196 "-" "Mozilla/5.0 (compatible; MSIE 10.0; Windows NT 6.1; Trident/6.0)"
163.5.241.112 - - [22/Apr/2026:03:36:46 +0300] "GET /log.php HTTP/1.1" 404 196 "-" "Mozilla/5.0 (Windows NT 10.0; Win64; x64) AppleWebKit/537.36 (KHTML, like Gecko) Chrome/69.0.3497.100 Safari/537.36"
163.5.241.112 - - [22/Apr/2026:03:36:46 +0300] "GET /0x.php HTTP/1.1" 404 196 "-" "Mozilla/5.0 (Windows NT 6.1; Win64; x64) AppleWebKit/537.36 (KHTML, like Gecko) Chrome/79.0.3945.130 Safari/537.36"
163.5.241.112 - - [22/Apr/2026:03:36:46 +0300] "GET /aa.php HTTP/1.1" 404 196 "-" "Mozilla/5.0 (Windows NT 10.0; Win64; x64; rv:79.0) Gecko/20100101 Firefox/79.0"
163.5.241.112 - - [22/Apr/2026:03:36:46 +0300] "GET /doc.php HTTP/1.1" 404 196 "-" "Mozilla/5.0 (Linux x86_64; rv:79.0) Gecko/20100101 Firefox/79.0"
163.5.241.112 - - [22/Apr/2026:03:36:46 +0300] "GET /elp.php HTTP/1.1" 404 196 "-" "Mozilla/5.0 (X11; Linux x86_64) AppleWebKit/537.36 (KHTML, like Gecko) Chrome/84.0.4147.105 Safari/537.36 OPR/70.0.3728.95"
163.5.241.112 - - [22/Apr/2026:03:36:47 +0300] "GET /tiny.php HTTP/1.1" 404 196 "-" "Mozilla/5.0 (Windows NT 10.0; Win64; x64) AppleWebKit/537.36 (KHTML, like Gecko) Chrome/81.0.4044.129 Safari/537.36"
163.5.241.112 - - [22/Apr/2026:03:36:47 +0300] "GET /edit.php HTTP/1.1" 404 196 "-" "Mozilla/5.0 (Windows NT 10.0; Win64; x64) AppleWebKit/537.36 (KHTML, like Gecko) Chrome/79.0.3945.88 Safari/537.36"
163.5.241.112 - - [22/Apr/2026:03:36:47 +0300] "GET /fm.php HTTP/1.1" 404 196 "-" "Mozilla/5.0 (Windows NT 10.0; WOW64) AppleWebKit/537.36 (KHTML, like Gecko) Chrome/72.0.3626.121 Safari/537.36"
163.5.241.112 - - [22/Apr/2026:03:36:47 +0300] "GET /dir.php HTTP/1.1" 404 196 "-" "Mozilla/5.0 (Windows NT 10.0; Win64; x64) AppleWebKit/537.36 (KHTML, like Gecko) Chrome/79.0.3945.130 Safari/537.36"
163.5.241.112 - - [22/Apr/2026:03:36:47 +0300] "GET /bak.php HTTP/1.1" 404 196 "-" "Mozilla/5.0 (Windows NT 6.3; Win64; x64; rv:73.0) Gecko/20100101 Firefox/73.0"
163.5.241.112 - - [22/Apr/2026:03:36:47 +0300] "GET /wp.php HTTP/1.1" 404 196 "-" "Mozilla/5.0 (X11; Fedora; Linux x86_64; rv:79.0) Gecko/20100101 Firefox/79.0"
163.5.241.112 - - [22/Apr/2026:03:36:47 +0300] "GET /system_log.php HTTP/1.1" 404 196 "-" "Mozilla/5.0 (Windows NT 10.0; WOW64) AppleWebKit/537.36 (KHTML, like Gecko) Chrome/72.0.3626.121 Safari/537.36"
163.5.241.112 - - [22/Apr/2026:03:36:48 +0300] "GET /filemanager.php HTTP/1.1" 404 196 "-" "Mozilla/5.0 (Windows NT 10.0; Win64; x64) AppleWebKit/537.36 (KHTML, like Gecko) Chrome/79.0.3945.130 Safari/537.36"
163.5.241.112 - - [22/Apr/2026:03:36:48 +0300] "GET /ini.php HTTP/1.1" 404 196 "-" "Mozilla/5.0 (Windows NT 6.3; Win64; x64; rv:73.0) Gecko/20100101 Firefox/73.0"
163.5.241.112 - - [22/Apr/2026:03:36:48 +0300] "GET /as.php HTTP/1.1" 404 196 "-" "Mozilla/5.0 (Windows NT 10.0; Win64; x64) AppleWebKit/537.36 (KHTML, like Gecko) Chrome/58.0.3029.110 Safari/537.3"
163.5.241.112 - - [22/Apr/2026:03:36:48 +0300] "GET /ws.php HTTP/1.1" 404 196 "-" "Mozilla/5.0 (compatible; MSIE 10.0; Windows NT 6.1; Trident/6.0)"
163.5.241.112 - - [22/Apr/2026:03:36:48 +0300] "GET /wsa.php HTTP/1.1" 404 196 "-" "Mozilla/5.0 (Windows NT 10.0; WOW64; x64) AppleWebKit/537.36 (KHTML, like Gecko) Chrome/84.0.4147.105 Safari/537.36 OPR/70.0.3728.95"
163.5.241.112 - - [22/Apr/2026:03:36:48 +0300] "GET /tinyfilemanager.php HTTP/1.1" 404 196 "-" "Mozilla/5.0 (Windows NT 10.0; Win64; x64) AppleWebKit/537.36 (KHTML, like Gecko) Chrome/79.0.3945.79 Safari/537.36"
163.5.241.112 - - [22/Apr/2026:03:36:49 +0300] "GET /bless.php HTTP/1.1" 404 196 "-" "Mozilla/5.0 (X11; Ubuntu; Linux x86_64; rv:79.0) Gecko/20100101 Firefox/79.0"
163.5.241.112 - - [22/Apr/2026:03:36:49 +0300] "GET /wp-trackback.php HTTP/1.1" 200 85754 "-" "Mozilla/5.0 (Windows NT 10.0) AppleWebKit/537.36 (KHTML, like Gecko) Chrome/72.0.3626.121 Safari/537.36"
163.5.241.112 - - [22/Apr/2026:03:36:49 +0300] "GET /wp-content/plugins/xt/ HTTP/1.1" 404 196 "-" "Mozilla/5.0 (X11; Linux x86_64) AppleWebKit/537.36 (KHTML, like Gecko) Chrome/84.0.4147.105 Safari/537.36 OPR/70.0.3728.95"
163.5.241.112 - - [22/Apr/2026:03:36:49 +0300] "GET /admin/controller/extension/ HTTP/1.1" 404 196 "-" "Mozilla/5.0 (Windows NT 10.0; WOW64) AppleWebKit/537.36 (KHTML, like Gecko) Chrome/84.0.4147.105 Safari/537.36"
163.5.241.112 - - [22/Apr/2026:03:36:49 +0300] "GET /wp-includes/block-supports/ HTTP/1.1" 404 196 "-" "Mozilla/5.0 (Windows NT 10.0; Win64; x64; rv:79.0) Gecko/20100101 Firefox/79.0"
163.5.241.112 - - [22/Apr/2026:03:36:50 +0300] "GET /wp-content/plugins/content-management/ HTTP/1.1" 404 196 "-" "Mozilla/5.0 (Windows NT 6.1; Win64; x64) AppleWebKit/537.36 (KHTML, like Gecko) Chrome/58.0.3029.110 Safari/537.3"
163.5.241.112 - - [22/Apr/2026:03:36:50 +0300] "GET /wp-content/themes/Avada/licensing/ HTTP/1.1" 404 196 "-" "Mozilla/5.0 (Windows NT 10.0; Win64; x64; rv:76.0) Gecko/20100101 Firefox/76.0"
163.5.241.112 - - [22/Apr/2026:03:36:50 +0300] "GET /Requests/Utility/ HTTP/1.1" 404 196 "-" "Mozilla/5.0 (Windows NT 10.0; Win64; x64) AppleWebKit/537.36 (KHTML, like Gecko) Chrome/74.0.3729.157 Safari/537.36"
163.5.241.112 - - [22/Apr/2026:03:36:50 +0300] "GET /themes/travelscape/ HTTP/1.1" 404 196 "-" "Mozilla/5.0 (Windows NT 10.0; Win64; x64; rv:66.0) Gecko/20100101 Firefox/66.0"
163.5.241.112 - - [22/Apr/2026:03:36:50 +0300] "GET /themes/twentyseventeen/page/ HTTP/1.1" 404 196 "-" "Mozilla/5.0 (Windows NT 10.0; Win64; x64; rv:72.0) Gecko/20100101 Firefox/72.0"
163.5.241.112 - - [22/Apr/2026:03:36:50 +0300] "GET /rest-api/fields/ HTTP/1.1" 404 196 "-" "Mozilla/5.0 (Windows NT 10.0; Win64; x64) AppleWebKit/537.36 (KHTML, like Gecko) Chrome/70.0.3538.77 Safari/537.36"
163.5.241.112 - - [22/Apr/2026:03:36:51 +0300] "GET /wp-includes/Requests/Utility/ HTTP/1.1" 403 199 "-" "Mozilla/5.0 (Windows NT 10.0; Win64; x64) AppleWebKit/537.36 (KHTML, like Gecko) Chrome/83.0.4103.97 Safari/537.36"
163.5.241.112 - - [22/Apr/2026:03:36:51 +0300] "GET /wp-content/plugins/tunnelforms/ HTTP/1.1" 404 196 "-" "Mozilla/5.0 (Windows NT 10.0; Win64; x64; rv:71.0) Gecko/20100101 Firefox/71.0"
163.5.241.112 - - [22/Apr/2026:03:36:51 +0300] "GET /admin/fckeditor/editor/ HTTP/1.1" 404 196 "-" "Mozilla/5.0 (Windows NT 10.0; Win64; x64; rv:75.0) Gecko/20100101 Firefox/75.0"
163.5.241.112 - - [22/Apr/2026:03:36:51 +0300] "GET /img/ HTTP/1.1" 404 196 "-" "Mozilla/5.0 (Windows NT 10.0; Win64; x64) AppleWebKit/537.36 (KHTML, like Gecko) Chrome/79.0.3945.130 Safari/537.36"
163.5.241.112 - - [22/Apr/2026:03:36:51 +0300] "GET /bk/ HTTP/1.1" 404 196 "-" "Mozilla/5.0 (Windows NT 10.0; Win64; x64) AppleWebKit/537.36 (KHTML, like Gecko) Chrome/84.0.4147.105 Safari/537.36"
163.5.241.112 - - [22/Apr/2026:03:36:51 +0300] "GET /bitrix/ HTTP/1.1" 404 196 "-" "Mozilla/5.0 (Windows NT 10.0; WOW64) AppleWebKit/537.36 (KHTML, like Gecko) Chrome/84.0.4147.105 Safari/537.36"
163.5.241.112 - - [22/Apr/2026:03:36:51 +0300] "GET /wp-includes/js/thickbox/ HTTP/1.1" 403 199 "-" "Mozilla/5.0 (Windows NT 10.0; Win64; x64; rv:72.0) Gecko/20100101 Firefox/72.0"
163.5.241.112 - - [22/Apr/2026:03:36:52 +0300] "GET /modules/myprestaloyalty/controllers/front/controllers/modules/ HTTP/1.1" 404 196 "-" "Mozilla/5.0 (Windows NT 10.0; Win64; x64; rv:74.0) Gecko/20100101 Firefox/74.0"
163.5.241.112 - - [22/Apr/2026:03:36:52 +0300] "GET /wp-content/plugins/masterx/ HTTP/1.1" 404 196 "-" "Mozilla/5.0 (Linux x86_64; rv:79.0) Gecko/20100101 Firefox/79.0"
163.5.241.112 - - [22/Apr/2026:03:36:52 +0300] "GET /tinyfilemanager/ HTTP/1.1" 404 196 "-" "Mozilla/5.0 (Windows NT 10.0; WOW64) AppleWebKit/537.36 (KHTML, like Gecko) Chrome/72.0.3626.121 Safari/537.36"
163.5.241.112 - - [22/Apr/2026:03:36:52 +0300] "GET /wp-content/plugins/watch/ HTTP/1.1" 404 196 "-" "Mozilla/5.0 (Windows NT 10.0; Win64; x64) AppleWebKit/537.36 (KHTML, like Gecko) Chrome/75.0.3770.100 Safari/537.36"
163.5.241.112 - - [22/Apr/2026:03:36:52 +0300] "GET /wp-content/languages/plugins/ HTTP/1.1" 403 199 "-" "Mozilla/5.0 (Windows NT 10.0; Win64; x64; rv:74.0) Gecko/20100101 Firefox/74.0"
163.5.241.112 - - [22/Apr/2026:03:36:52 +0300] "GET /plugins/finder/categories/ HTTP/1.1" 404 196 "-" "Mozilla/5.0 (Windows NT 10.0; Win64; x64) AppleWebKit/537.36 (KHTML, like Gecko) Chrome/58.0.3029.110 Safari/537.3"
163.5.241.112 - - [22/Apr/2026:03:36:53 +0300] "GET /wp-includes/js/tinymce/skins/wordpress/images/ HTTP/1.1" 403 199 "-" "Mozilla/5.0 (Windows NT 6.1; Win64; x64) AppleWebKit/537.36 (KHTML, like Gecko) Chrome/78.0.3904.108 Safari/537.36"
163.5.241.112 - - [22/Apr/2026:03:36:53 +0300] "GET /bitrix/admin/htmleditor2/%20 HTTP/1.1" 404 196 "-" "Mozilla/5.0 (Windows NT 10.0; Win64; x64; rv:66.0) Gecko/20100101 Firefox/66.0"
163.5.241.112 - - [22/Apr/2026:03:36:53 +0300] "GET /wp-includes/js/tinymce/utils/%20 HTTP/1.1" 404 196 "-" "Mozilla/5.0 (Windows NT 10.0; Win64; x64) AppleWebKit/537.36 (KHTML, like Gecko) Chrome/83.0.4103.61 Safari/537.36"
163.5.241.112 - - [22/Apr/2026:03:36:53 +0300] "GET /themes/seotheme/ HTTP/1.1" 404 196 "-" "Mozilla/5.0 (Windows NT 6.3; Win64; x64; rv:73.0) Gecko/20100101 Firefox/73.0"
163.5.241.112 - - [22/Apr/2026:03:36:53 +0300] "GET /wp-includes/js/jquery/ui/ HTTP/1.1" 403 199 "-" "Mozilla/5.0 (X11; Fedora; Linux x86_64; rv:79.0) Gecko/20100101 Firefox/79.0"
163.5.241.112 - - [22/Apr/2026:03:36:53 +0300] "GET /js/tinymce/utils/%20 HTTP/1.1" 404 196 "-" "Mozilla/5.0 (Windows NT 10.0; Win64; x64) AppleWebKit/537.36 (KHTML, like Gecko) Chrome/83.0.4103.61 Safari/537.36"
163.5.241.112 - - [22/Apr/2026:03:36:53 +0300] "GET /assets/js/ HTTP/1.1" 404 196 "-" "Mozilla/5.0 (Windows NT 10.0; Win64; x64) AppleWebKit/537.36 (KHTML, like Gecko) Chrome/83.0.4103.97 Safari/537.36"
163.5.241.112 - - [22/Apr/2026:03:36:54 +0300] "GET /Requests/Exception/ HTTP/1.1" 404 196 "-" "Mozilla/5.0 (Windows NT 6.1; Win64; x64) AppleWebKit/537.36 (KHTML, like Gecko) Chrome/79.0.3945.130 Safari/537.36"
163.5.241.112 - - [22/Apr/2026:03:36:54 +0300] "GET /wp-includes/js/tinymce/themes/ HTTP/1.1" 403 199 "-" "Mozilla/5.0 (Windows NT 10.0; Win64; x64) AppleWebKit/537.36 (KHTML, like Gecko) Chrome/79.0.3945.130 Safari/537.36"
163.53.85.219 - - [22/Apr/2026:03:36:54 +0300] "POST /xmlrpc.php HTTP/1.1" 404 196 "-" "Jetpack/12.0; WordPress/6.2; http://site83325180.com"
163.5.241.112 - - [22/Apr/2026:03:36:54 +0300] "GET /wp-json/wp/v2/give_forms/ HTTP/1.1" 404 196 "-" "Mozilla/5.0 (X11; Ubuntu; Linux i686; rv:79.0) Gecko/20100101 Firefox/79.0"
163.5.241.112 - - [22/Apr/2026:03:36:54 +0300] "GET /wp-content/plugins/ultimate-member/ HTTP/1.1" 404 196 "-" "Mozilla/5.0 (Windows NT 6.1; Win64; x64) AppleWebKit/537.36 (KHTML, like Gecko) Chrome/58.0.3029.110 Safari/537.3"
163.5.241.112 - - [22/Apr/2026:03:36:54 +0300] "GET /wp-includes/js/tinymce/themes/inlite/ HTTP/1.1" 403 199 "-" "Mozilla/5.0 (Windows NT 10.0; WOW64) AppleWebKit/537.36 (KHTML, like Gecko) Chrome/84.0.4147.105 Safari/537.36"
163.5.241.112 - - [22/Apr/2026:03:36:54 +0300] "GET /wp-admin/css/colors/ectoplasm/ HTTP/1.1" 403 199 "-" "Mozilla/5.0 (Windows NT 10.0; Win64; x64) AppleWebKit/537.36 (KHTML, like Gecko) Chrome/74.0.3729.169 Safari/537.36"
163.5.241.112 - - [22/Apr/2026:03:36:55 +0300] "GET /wp-includes/wp-class.php/wp-content/themes/travelscape/ HTTP/1.1" 404 196 "-" "Mozilla/5.0 (Windows NT 10.0; WOW64) AppleWebKit/537.36 (KHTML, like Gecko) Chrome/84.0.4147.105 Safari/537.36"
163.5.241.112 - - [22/Apr/2026:03:36:55 +0300] "GET /wp-links.php/wp-content/plugins/wp-content/uploa/ HTTP/1.1" 404 196 "-" "Mozilla/5.0 (Macintosh; Intel Mac OS X 10_12_6) AppleWebKit/537.36 (KHTML, like Gecko) Chrome/58.0.3029.110 Safari/537.3"
163.5.241.112 - - [22/Apr/2026:03:36:55 +0300] "GET /wp-includes/js/plupload/ HTTP/1.1" 403 199 "-" "Mozilla/5.0 (Windows NT 6.3; Win64; x64; rv:73.0) Gecko/20100101 Firefox/73.0"
163.5.241.112 - - [22/Apr/2026:03:36:55 +0300] "GET /wp-admin/css/colors/modern/ HTTP/1.1" 404 196 "-" "Mozilla/5.0 (Windows NT 10.0; Win64; x64) AppleWebKit/537.36 (KHTML, like Gecko) Chrome/79.0.3945.79 Safari/537.36"
163.5.241.112 - - [22/Apr/2026:03:36:55 +0300] "GET /wp-includes/rest-api/fields/ HTTP/1.1" 403 199 "-" "Mozilla/5.0 (Macintosh; Intel Mac OS X 10_10_1) AppleWebKit/537.36 (KHTML, like Gecko) Chrome/39.0.2171.95 Safari/537.36"
163.5.241.112 - - [22/Apr/2026:03:36:55 +0300] "GET /wp-includes/images/wlw/ HTTP/1.1" 403 199 "-" "Mozilla/5.0 (Macintosh; Intel Mac OS X 10_15_6) AppleWebKit/537.36 (KHTML, like Gecko) Chrome/84.0.4147.105 Safari/537.36"
163.5.241.112 - - [22/Apr/2026:03:36:55 +0300] "GET /wp-includes/sodium_compat/lib/ HTTP/1.1" 404 196 "-" "Mozilla/5.0 (Windows NT 10.0; Win64; x64; rv:66.0) Gecko/20100101 Firefox/66.0"
163.5.241.112 - - [22/Apr/2026:03:36:56 +0300] "GET /wp-content/plugins/revslider/includes/external/page/ HTTP/1.1" 404 196 "-" "Mozilla/5.0 (Windows NT 10.0; Win64; x64) AppleWebKit/537.36 (KHTML, like Gecko) Chrome/84.0.4147.105 Safari/537.36 OPR/70.0.3728.95"
163.5.241.112 - - [22/Apr/2026:03:36:56 +0300] "GET /wp-includes/blocks/code/ HTTP/1.1" 404 196 "-" "Mozilla/5.0 (Macintosh; Intel Mac OS X 10_15_6) AppleWebKit/537.36 (KHTML, like Gecko) Chrome/84.0.4147.105 Safari/537.36 OPR/70.0.3728.95"
163.5.241.112 - - [22/Apr/2026:03:36:56 +0300] "GET /wp-includes/blocks/archives/ HTTP/1.1" 404 196 "-" "Mozilla/5.0 (Windows NT 10.0; Win64; x64) AppleWebKit/537.36 (KHTML, like Gecko) Chrome/83.0.4103.61 Safari/537.36"
163.5.241.112 - - [22/Apr/2026:03:36:56 +0300] "GET /wp-includes/css/dist/components/ HTTP/1.1" 404 196 "-" "Mozilla/5.0 (Windows NT 10.0; Win64; x64; rv:67.0) Gecko/20100101 Firefox/67.0"
163.5.241.112 - - [22/Apr/2026:03:36:56 +0300] "GET /wp-content/plugins/js-support-ticket/ HTTP/1.1" 404 196 "-" "Mozilla/5.0 (Windows NT 6.1; Win64; x64) AppleWebKit/537.36 (KHTML, like Gecko) Chrome/74.0.3729.169 Safari/537.36"
163.5.241.112 - - [22/Apr/2026:03:36:56 +0300] "GET /wp-content/plugins/easy-themes-manager/ HTTP/1.1" 404 196 "-" "Mozilla/5.0 (Windows NT 10.0; Win64; x64; rv:73.0) Gecko/20100101 Firefox/73.0"
163.5.241.112 - - [22/Apr/2026:03:36:57 +0300] "GET /wp-content/settings/ HTTP/1.1" 404 196 "-" "Mozilla/5.0 (Windows NT 10.0; Win64; x64; rv:67.0) Gecko/20100101 Firefox/67.0"
163.5.241.112 - - [22/Apr/2026:03:36:57 +0300] "GET /wp-includes/blocks/pullquote/ HTTP/1.1" 404 196 "-" "Mozilla/5.0 (Windows NT 10.0; Win64; x64) AppleWebKit/537.36 (KHTML, like Gecko) Chrome/80.0.3987.149 Safari/537.36"
163.5.241.112 - - [22/Apr/2026:03:36:57 +0300] "GET /wp-includes/bk/ HTTP/1.1" 404 196 "-" "Mozilla/5.0 (Windows NT 10.0; Win64; x64; rv:76.0) Gecko/20100101 Firefox/76.0"
163.5.241.112 - - [22/Apr/2026:03:36:57 +0300] "GET /wp-content/plugins/shell/ HTTP/1.1" 404 196 "-" "Mozilla/5.0 (Windows NT 6.1; Win64; x64) AppleWebKit/537.36 (KHTML, like Gecko) Chrome/78.0.3904.108 Safari/537.36"
163.5.241.112 - - [22/Apr/2026:03:36:57 +0300] "GET /wp-admin/images/html-api/ HTTP/1.1" 404 196 "-" "Mozilla/5.0 (X11; Linux x86_64) AppleWebKit/537.36 (KHTML, like Gecko) Chrome/84.0.4147.105 Safari/537.36 OPR/70.0.3728.95"
163.5.241.112 - - [22/Apr/2026:03:36:57 +0300] "GET /wp-includes/blocks/comments-pagination-numbers/ HTTP/1.1" 404 196 "-" "Mozilla/5.0 (Windows NT 10.0; Win64; x64) AppleWebKit/537.36 (KHTML, like Gecko) Chrome/70.0.3538.77 Safari/537.36"
