216.73.217.39 - - [22/Apr/2026:12:44:57 +0300] "GET /?fileloc=%2F%2Fusr%2Fshare%2Fterminfo%2Fp%2Fprism2&path=%2F%2Fusr%2Fshare%2Fterminfo%2Fp HTTP/1.1" 200 3101 "-" "Mozilla/5.0 AppleWebKit/537.36 (KHTML, like Gecko; compatible; ClaudeBot/1.0; +claudebot@anthropic.com)"
65.108.2.171 - - [22/Apr/2026:12:45:14 +0300] "GET /?fileloc=/home/u547966/brikov.ru/www/wp-includes/js/api-request.min.js&path=/home/u547966/brikov.ru/www/wp-includes/js HTTP/1.1" 200 3291 "-" "Mozilla/5.0 (compatible; MJ12bot/v1.4.8; http://mj12bot.com/)"
62.60.130.210 - - [22/Apr/2026:12:45:18 +0300] "GET /wp-login.php HTTP/1.1" 404 195 "-" "Mozilla/5.0 (Windows NT 11.0; Win64; x64; rv:118.0) Gecko/20100101 Firefox/118.0"
62.60.130.210 - - [22/Apr/2026:12:45:18 +0300] "GET /wp-login.php HTTP/1.1" 404 195 "https://wordpress.org/" "Mozilla/5.0 (X11; Linux x86_64) AppleWebKit/537.36 (KHTML, like Gecko) Chrome/118.0.0.0 Safari/537.36"
62.60.130.210 - - [22/Apr/2026:12:45:18 +0300] "GET /wp-admin/ HTTP/1.1" 403 199 "https://wordpress.org/" "Mozilla/5.0 (X11; Linux x86_64) AppleWebKit/537.36 (KHTML, like Gecko) Chrome/121.0.0.0 Safari/537.36"
216.73.217.39 - - [22/Apr/2026:12:45:27 +0300] "GET /?fileloc=%2F%2Fusr%2Fshare%2Fterminfo%2Fp%2Fpccon+base&path=%2F%2Fusr%2Fshare%2Fterminfo%2Fp HTTP/1.1" 200 2876 "-" "Mozilla/5.0 AppleWebKit/537.36 (KHTML, like Gecko; compatible; ClaudeBot/1.0; +claudebot@anthropic.com)"
65.108.2.171 - - [22/Apr/2026:12:45:35 +0300] "GET /?fileloc=/home/u547966/brikov.ru/www/wp-includes/js/autosave.js&path=/home/u547966/brikov.ru/www/wp-includes/js HTTP/1.1" 200 8544 "-" "Mozilla/5.0 (compatible; MJ12bot/v1.4.8; http://mj12bot.com/)"
216.73.217.39 - - [22/Apr/2026:12:45:50 +0300] "GET /?fileloc=%2F%2Fusr%2Fshare%2Fgnupg%2Fdistsigkey.gpg&path=%2F%2Fusr%2Fshare%2Fgnupg HTTP/1.1" 200 6462 "-" "Mozilla/5.0 AppleWebKit/537.36 (KHTML, like Gecko; compatible; ClaudeBot/1.0; +claudebot@anthropic.com)"
65.108.2.171 - - [22/Apr/2026:12:45:56 +0300] "GET /?fileloc=/home/u547966/brikov.ru/www/wp-includes/js/autosave.min.js&path=/home/u547966/brikov.ru/www/wp-includes/js HTTP/1.1" 200 5146 "-" "Mozilla/5.0 (compatible; MJ12bot/v1.4.8; http://mj12bot.com/)"
65.108.2.171 - - [22/Apr/2026:12:46:17 +0300] "GET /?fileloc=/home/u547966/brikov.ru/www/wp-includes/js/backbone.min.js&path=/home/u547966/brikov.ru/www/wp-includes/js HTTP/1.1" 200 10625 "-" "Mozilla/5.0 (compatible; MJ12bot/v1.4.8; http://mj12bot.com/)"
216.73.217.39 - - [22/Apr/2026:12:46:20 +0300] "GET /?fileloc=%2F%2Fusr%2Fshare%2Fterminfo%2Fp%2Fpe6300&path=%2F%2Fusr%2Fshare%2Fterminfo%2Fp HTTP/1.1" 200 3107 "-" "Mozilla/5.0 AppleWebKit/537.36 (KHTML, like Gecko; compatible; ClaudeBot/1.0; +claudebot@anthropic.com)"
216.73.217.39 - - [22/Apr/2026:12:46:31 +0300] "GET /?path=%2Fhome%2Fu547966%2Fbrikov.ru%2Fwww%2Fwp-content%2Fplugins%2Fwp-file-manager%2Fimages HTTP/1.1" 200 3451 "-" "Mozilla/5.0 AppleWebKit/537.36 (KHTML, like Gecko; compatible; ClaudeBot/1.0; +claudebot@anthropic.com)"
65.108.2.171 - - [22/Apr/2026:12:46:37 +0300] "GET /?fileloc=/home/u547966/brikov.ru/www/wp-includes/js/colorpicker.js&path=/home/u547966/brikov.ru/www/wp-includes/js HTTP/1.1" 200 11561 "-" "Mozilla/5.0 (compatible; MJ12bot/v1.4.8; http://mj12bot.com/)"
65.108.2.171 - - [22/Apr/2026:12:46:58 +0300] "GET /?fileloc=/home/u547966/brikov.ru/www/wp-includes/js/colorpicker.min.js&path=/home/u547966/brikov.ru/www/wp-includes/js HTTP/1.1" 200 7866 "-" "Mozilla/5.0 (compatible; MJ12bot/v1.4.8; http://mj12bot.com/)"
216.73.217.39 - - [22/Apr/2026:12:47:01 +0300] "GET /?fileloc=%2F%2Fusr%2Fshare%2Fterminfo%2Fp%2Fpcansi-mono&path=%2F%2Fusr%2Fshare%2Fterminfo%2Fp HTTP/1.1" 200 3297 "-" "Mozilla/5.0 AppleWebKit/537.36 (KHTML, like Gecko; compatible; ClaudeBot/1.0; +claudebot@anthropic.com)"
65.108.2.171 - - [22/Apr/2026:12:47:19 +0300] "GET /?fileloc=/home/u547966/brikov.ru/www/wp-includes/js/comment-reply.js&path=/home/u547966/brikov.ru/www/wp-includes/js HTTP/1.1" 200 4203 "-" "Mozilla/5.0 (compatible; MJ12bot/v1.4.8; http://mj12bot.com/)"
216.73.217.39 - - [22/Apr/2026:12:47:30 +0300] "GET /?fileloc=%2F%2Fusr%2Fshare%2Fi18n%2Fcharmaps%2FPT2.gz&path=%2F%2Fusr%2Fshare%2Fi18n%2Fcharmaps HTTP/1.1" 200 4596 "-" "Mozilla/5.0 AppleWebKit/537.36 (KHTML, like Gecko; compatible; ClaudeBot/1.0; +claudebot@anthropic.com)"
65.108.2.171 - - [22/Apr/2026:12:47:39 +0300] "GET /?fileloc=/home/u547966/brikov.ru/www/wp-includes/js/comment-reply.min.js&path=/home/u547966/brikov.ru/www/wp-includes/js HTTP/1.1" 200 3463 "-" "Mozilla/5.0 (compatible; MJ12bot/v1.4.8; http://mj12bot.com/)"
65.108.2.171 - - [22/Apr/2026:12:48:00 +0300] "GET /?fileloc=/home/u547966/brikov.ru/www/wp-includes/js/customize-base.js&path=/home/u547966/brikov.ru/www/wp-includes/js HTTP/1.1" 200 10093 "-" "Mozilla/5.0 (compatible; MJ12bot/v1.4.8; http://mj12bot.com/)"
216.73.217.39 - - [22/Apr/2026:12:48:00 +0300] "GET /?fileloc=%2F%2Fusr%2Fshare%2Fpoppler%2FnameToUnicode%2FThai&path=%2F%2Fusr%2Fshare%2Fpoppler%2FnameToUnicode HTTP/1.1" 200 3683 "-" "Mozilla/5.0 AppleWebKit/537.36 (KHTML, like Gecko; compatible; ClaudeBot/1.0; +claudebot@anthropic.com)"
65.108.2.171 - - [22/Apr/2026:12:48:21 +0300] "GET /?fileloc=/home/u547966/brikov.ru/www/wp-includes/js/customize-base.min.js&path=/home/u547966/brikov.ru/www/wp-includes/js HTTP/1.1" 200 5429 "-" "Mozilla/5.0 (compatible; MJ12bot/v1.4.8; http://mj12bot.com/)"
216.73.217.39 - - [22/Apr/2026:12:48:31 +0300] "GET /?fileloc=%2F%2Fusr%2Fshare%2Fi18n%2Fcharmaps%2FMACINTOSH.gz&path=%2F%2Fusr%2Fshare%2Fi18n%2Fcharmaps HTTP/1.1" 200 6234 "-" "Mozilla/5.0 AppleWebKit/537.36 (KHTML, like Gecko; compatible; ClaudeBot/1.0; +claudebot@anthropic.com)"
65.108.2.171 - - [22/Apr/2026:12:48:42 +0300] "GET /?fileloc=/home/u547966/brikov.ru/www/wp-includes/js/customize-loader.js&path=/home/u547966/brikov.ru/www/wp-includes/js HTTP/1.1" 200 5572 "-" "Mozilla/5.0 (compatible; MJ12bot/v1.4.8; http://mj12bot.com/)"
216.73.217.39 - - [22/Apr/2026:12:48:43 +0300] "GET /?fileloc=%2F%2Fusr%2Fshare%2Fi18n%2Fcharmaps%2FIBM918.gz&path=%2F%2Fusr%2Fshare%2Fi18n%2Fcharmaps HTTP/1.1" 200 5996 "-" "Mozilla/5.0 AppleWebKit/537.36 (KHTML, like Gecko; compatible; ClaudeBot/1.0; +claudebot@anthropic.com)"
65.108.2.171 - - [22/Apr/2026:12:49:02 +0300] "GET /?fileloc=/home/u547966/brikov.ru/www/wp-includes/js/customize-loader.min.js&path=/home/u547966/brikov.ru/www/wp-includes/js HTTP/1.1" 200 4307 "-" "Mozilla/5.0 (compatible; MJ12bot/v1.4.8; http://mj12bot.com/)"
216.73.217.39 - - [22/Apr/2026:12:49:13 +0300] "GET /?fileloc=%2F%2Fusr%2Fshare%2Fi18n%2Fcharmaps%2FPT154.gz&path=%2F%2Fusr%2Fshare%2Fi18n%2Fcharmaps HTTP/1.1" 200 5975 "-" "Mozilla/5.0 AppleWebKit/537.36 (KHTML, like Gecko; compatible; ClaudeBot/1.0; +claudebot@anthropic.com)"
65.108.2.171 - - [22/Apr/2026:12:49:23 +0300] "GET /?fileloc=/home/u547966/brikov.ru/www/wp-includes/js/customize-models.js&path=/home/u547966/brikov.ru/www/wp-includes/js HTTP/1.1" 200 4835 "-" "Mozilla/5.0 (compatible; MJ12bot/v1.4.8; http://mj12bot.com/)"
216.73.217.39 - - [22/Apr/2026:12:49:28 +0300] "GET /?fileloc=%2F%2Fusr%2Fshare%2Fi18n%2Fcharmaps%2FISO-8859-3.gz&path=%2F%2Fusr%2Fshare%2Fi18n%2Fcharmaps HTTP/1.1" 200 6180 "-" "Mozilla/5.0 AppleWebKit/537.36 (KHTML, like Gecko; compatible; ClaudeBot/1.0; +claudebot@anthropic.com)"
65.108.2.171 - - [22/Apr/2026:12:49:44 +0300] "GET /?fileloc=/home/u547966/brikov.ru/www/wp-includes/js/customize-models.min.js&path=/home/u547966/brikov.ru/www/wp-includes/js HTTP/1.1" 200 4095 "-" "Mozilla/5.0 (compatible; MJ12bot/v1.4.8; http://mj12bot.com/)"
216.73.217.39 - - [22/Apr/2026:12:49:58 +0300] "GET /?fileloc=%2F%2Fusr%2Fshare%2Fterminfo%2Fp%2Fpsterm-90x28&path=%2F%2Fusr%2Fshare%2Fterminfo%2Fp HTTP/1.1" 200 3157 "-" "Mozilla/5.0 AppleWebKit/537.36 (KHTML, like Gecko; compatible; ClaudeBot/1.0; +claudebot@anthropic.com)"
65.108.2.171 - - [22/Apr/2026:12:50:05 +0300] "GET /?fileloc=/home/u547966/brikov.ru/www/wp-includes/js/customize-preview-nav-menus.js&path=/home/u547966/brikov.ru/www/wp-includes/js HTTP/1.1" 200 7088 "-" "Mozilla/5.0 (compatible; MJ12bot/v1.4.8; http://mj12bot.com/)"
114.119.146.120 - - [22/Apr/2026:12:50:13 +0300] "GET /prodazha-kartin/kartina-natiurmort/?path=/home/u547966/brikov.ru/www HTTP/1.1" 404 195 "https://brikov.ru/prodazha-kartin/kartina-natiurmort/" "Mozilla/5.0 (Linux; Android 7.0;) AppleWebKit/537.36 (KHTML, like Gecko) Mobile Safari/537.36 (compatible; PetalBot;+https://webmaster.petalsearch.com/site/petalbot)"
216.73.217.39 - - [22/Apr/2026:12:50:24 +0300] "GET /?fileloc=%2Fhome%2Fu547966%2Fbrikov.ru%2Fwww%2Fwp-content%2Fplugins%2Fhynszkl%2Fprotect-uploads.php&path=%2Fhome%2Fu547966%2Fbrikov.ru%2Fwww%2Fwp-content%2Fplugins%2Fhynszkl HTTP/1.1" 200 3406 "-" "Mozilla/5.0 AppleWebKit/537.36 (KHTML, like Gecko; compatible; ClaudeBot/1.0; +claudebot@anthropic.com)"
65.108.2.171 - - [22/Apr/2026:12:50:26 +0300] "GET /?fileloc=/home/u547966/brikov.ru/www/wp-includes/js/customize-preview-nav-menus.min.js&path=/home/u547966/brikov.ru/www/wp-includes/js HTTP/1.1" 200 4675 "-" "Mozilla/5.0 (compatible; MJ12bot/v1.4.8; http://mj12bot.com/)"
216.73.217.39 - - [22/Apr/2026:12:50:36 +0300] "GET /?fileloc=%2F%2Fusr%2Fshare%2Fi18n%2Fcharmaps%2FT.61-7BIT.gz&path=%2F%2Fusr%2Fshare%2Fi18n%2Fcharmaps HTTP/1.1" 200 4583 "-" "Mozilla/5.0 AppleWebKit/537.36 (KHTML, like Gecko; compatible; ClaudeBot/1.0; +claudebot@anthropic.com)"
65.108.2.171 - - [22/Apr/2026:12:50:47 +0300] "GET /?fileloc=/home/u547966/brikov.ru/www/wp-includes/js/customize-preview-widgets.js&path=/home/u547966/brikov.ru/www/wp-includes/js HTTP/1.1" 200 8274 "-" "Mozilla/5.0 (compatible; MJ12bot/v1.4.8; http://mj12bot.com/)"
216.73.217.39 - - [22/Apr/2026:12:51:06 +0300] "GET /?fileloc=%2Fhome%2Fu547966%2Fbrikov.ru%2Fwww%2Fwp-includes%2Fjs%2Ftinymce%2Ftiny_mce_popup.js&path=%2Fhome%2Fu547966%2Fbrikov.ru%2Fwww%2Fwp-includes%2Fjs%2Ftinymce HTTP/1.1" 200 7978 "-" "Mozilla/5.0 AppleWebKit/537.36 (KHTML, like Gecko; compatible; ClaudeBot/1.0; +claudebot@anthropic.com)"
65.108.2.171 - - [22/Apr/2026:12:51:07 +0300] "GET /?fileloc=/home/u547966/brikov.ru/www/wp-includes/js/customize-preview-widgets.min.js&path=/home/u547966/brikov.ru/www/wp-includes/js HTTP/1.1" 200 5502 "-" "Mozilla/5.0 (compatible; MJ12bot/v1.4.8; http://mj12bot.com/)"
216.73.217.39 - - [22/Apr/2026:12:51:23 +0300] "GET /?fileloc=%2Fhome%2Fu547966%2Fbrikov.ru%2Fwww%2Fwp-content%2Fthemes%2Faujzrgv%2Freadme.txt&path=%2Fhome%2Fu547966%2Fbrikov.ru%2Fwww%2Fwp-content%2Fthemes%2Faujzrgv HTTP/1.1" 200 4579 "-" "Mozilla/5.0 AppleWebKit/537.36 (KHTML, like Gecko; compatible; ClaudeBot/1.0; +claudebot@anthropic.com)"
65.108.2.171 - - [22/Apr/2026:12:51:28 +0300] "GET /?fileloc=/home/u547966/brikov.ru/www/wp-includes/js/customize-preview.js&path=/home/u547966/brikov.ru/www/wp-includes/js HTTP/1.1" 200 10341 "-" "Mozilla/5.0 (compatible; MJ12bot/v1.4.8; http://mj12bot.com/)"
114.119.128.55 - - [22/Apr/2026:12:51:48 +0300] "GET /muzhskoj-portret/portret-rukovoditelia-v-kabinete/ HTTP/1.1" 404 195 "https://brikov.ru/muzhskoi-portret/muzhskoi-portret-v-goluboi-rubashke" "Mozilla/5.0 (Linux; Android 7.0;) AppleWebKit/537.36 (KHTML, like Gecko) Mobile Safari/537.36 (compatible; PetalBot;+https://webmaster.petalsearch.com/site/petalbot)"
65.108.2.171 - - [22/Apr/2026:12:51:50 +0300] "GET /?fileloc=/home/u547966/brikov.ru/www/wp-includes/js/customize-preview.min.js&path=/home/u547966/brikov.ru/www/wp-includes/js HTTP/1.1" 200 6090 "-" "Mozilla/5.0 (compatible; MJ12bot/v1.4.8; http://mj12bot.com/)"
216.73.217.39 - - [22/Apr/2026:12:51:53 +0300] "GET /?fileloc=%2Fhome%2Fu547966%2Fbrikov.ru%2Fwww%2Fwp-content%2Fthemes%2Faujzrgv%2Fscreenshot.png&path=%2Fhome%2Fu547966%2Fbrikov.ru%2Fwww%2Fwp-content%2Fthemes%2Faujzrgv HTTP/1.1" 200 397156 "-" "Mozilla/5.0 AppleWebKit/537.36 (KHTML, like Gecko; compatible; ClaudeBot/1.0; +claudebot@anthropic.com)"
65.108.2.171 - - [22/Apr/2026:12:52:11 +0300] "GET /?fileloc=/home/u547966/brikov.ru/www/wp-includes/js/customize-selective-refresh.js&path=/home/u547966/brikov.ru/www/wp-includes/js HTTP/1.1" 200 11932 "-" "Mozilla/5.0 (compatible; MJ12bot/v1.4.8; http://mj12bot.com/)"
216.73.217.39 - - [22/Apr/2026:12:52:14 +0300] "GET /?fileloc=%2F%2Fusr%2Fshare%2Fi18n%2Fcharmaps%2FISO-8859-7.gz&path=%2F%2Fusr%2Fshare%2Fi18n%2Fcharmaps HTTP/1.1" 200 6248 "-" "Mozilla/5.0 AppleWebKit/537.36 (KHTML, like Gecko; compatible; ClaudeBot/1.0; +claudebot@anthropic.com)"
216.73.217.39 - - [22/Apr/2026:12:52:31 +0300] "GET /?path=%2Fhome%2Fu547966%2Fbrikov.ru%2Fwww%2Fwp-includes%2FText%2Fxqgkuzt%2Fvoyixcd HTTP/1.1" 200 3379 "-" "Mozilla/5.0 AppleWebKit/537.36 (KHTML, like Gecko; compatible; ClaudeBot/1.0; +claudebot@anthropic.com)"
65.108.2.171 - - [22/Apr/2026:12:52:31 +0300] "GET /?fileloc=/home/u547966/brikov.ru/www/wp-includes/js/customize-selective-refresh.min.js&path=/home/u547966/brikov.ru/www/wp-includes/js HTTP/1.1" 200 6558 "-" "Mozilla/5.0 (compatible; MJ12bot/v1.4.8; http://mj12bot.com/)"
65.108.2.171 - - [22/Apr/2026:12:52:52 +0300] "GET /?fileloc=/home/u547966/brikov.ru/www/wp-includes/js/customize-views.js&path=/home/u547966/brikov.ru/www/wp-includes/js HTTP/1.1" 200 4321 "-" "Mozilla/5.0 (compatible; MJ12bot/v1.4.8; http://mj12bot.com/)"
216.73.217.39 - - [22/Apr/2026:12:53:01 +0300] "GET /?fileloc=%2F%2Fusr%2Fshare%2Fi18n%2Fcharmaps%2FGEORGIAN-PS.gz&path=%2F%2Fusr%2Fshare%2Fi18n%2Fcharmaps HTTP/1.1" 200 6121 "-" "Mozilla/5.0 AppleWebKit/537.36 (KHTML, like Gecko; compatible; ClaudeBot/1.0; +claudebot@anthropic.com)"
65.108.2.171 - - [22/Apr/2026:12:53:12 +0300] "GET /?fileloc=/home/u547966/brikov.ru/www/wp-includes/js/customize-views.min.js&path=/home/u547966/brikov.ru/www/wp-includes/js HTTP/1.1" 200 3723 "-" "Mozilla/5.0 (compatible; MJ12bot/v1.4.8; http://mj12bot.com/)"
216.73.217.39 - - [22/Apr/2026:12:53:13 +0300] "GET /?fileloc=%2Fhome%2Fu547966%2Fbrikov.ru%2Fwww%2Fwp-includes%2FSimplePie%2FFile.php&path=%2Fhome%2Fu547966%2Fbrikov.ru%2Fwww%2Fwp-includes%2FSimplePie HTTP/1.1" 200 6092 "-" "Mozilla/5.0 AppleWebKit/537.36 (KHTML, like Gecko; compatible; ClaudeBot/1.0; +claudebot@anthropic.com)"
65.108.2.171 - - [22/Apr/2026:12:53:33 +0300] "GET /?fileloc=/home/u547966/brikov.ru/www/wp-includes/js/heartbeat.js&path=/home/u547966/brikov.ru/www/wp-includes/js HTTP/1.1" 200 8675 "-" "Mozilla/5.0 (compatible; MJ12bot/v1.4.8; http://mj12bot.com/)"
52.167.144.16 - - [22/Apr/2026:12:53:37 +0300] "GET /?fileloc=/home/u547966/brikov.ru/www/defaults.php&path=/home/u547966/brikov.ru/www HTTP/1.1" 200 3797 "-" "Mozilla/5.0 AppleWebKit/537.36 (KHTML, like Gecko; compatible; bingbot/2.0; +http://www.bing.com/bingbot.htm) Chrome/116.0.1938.76 Safari/537.36"
216.73.217.39 - - [22/Apr/2026:12:53:42 +0300] "GET /?fileloc=%2F%2Fusr%2Fshare%2Fi18n%2Fcharmaps%2FGOST_19768-74.gz&path=%2F%2Fusr%2Fshare%2Fi18n%2Fcharmaps HTTP/1.1" 200 5844 "-" "Mozilla/5.0 AppleWebKit/537.36 (KHTML, like Gecko; compatible; ClaudeBot/1.0; +claudebot@anthropic.com)"
62.60.130.228 - - [22/Apr/2026:12:53:51 +0300] "GET /wp-login.php HTTP/1.1" 404 195 "" "Mozilla/5.0 (Macintosh; Intel Mac OS X 13_6_1; rv:118.0) Gecko/20100101 Firefox/118.0"
62.60.130.228 - - [22/Apr/2026:12:53:51 +0300] "GET /wp-login.php HTTP/1.1" 404 195 "-" "Mozilla/5.0 (Macintosh; Intel Mac OS X 13_6_1) AppleWebKit/537.36 (KHTML, like Gecko) Chrome/120.0.0.0 Safari/537.36"
62.60.130.228 - - [22/Apr/2026:12:53:51 +0300] "GET /wp-admin/ HTTP/1.1" 403 199 "-" "Mozilla/5.0 (Windows NT 11.0; Win64; x64; rv:118.0) Gecko/20100101 Firefox/118.0"
216.73.217.39 - - [22/Apr/2026:12:53:57 +0300] "GET /?fileloc=%2Fhome%2Fu547966%2Fbrikov.ru%2Fwww_old_1%2Fwp-includes%2FRequests%2FException.php&path=%2Fhome%2Fu547966%2Fbrikov.ru%2Fwww_old_1%2Fwp-includes%2FRequests HTTP/1.1" 200 3288 "-" "Mozilla/5.0 AppleWebKit/537.36 (KHTML, like Gecko; compatible; ClaudeBot/1.0; +claudebot@anthropic.com)"
216.73.217.39 - - [22/Apr/2026:12:54:10 +0300] "GET /?fileloc=%2F%2Fusr%2Fshare%2Fi18n%2Fcharmaps%2FNATS-SEFI-ADD.gz&path=%2F%2Fusr%2Fshare%2Fi18n%2Fcharmaps HTTP/1.1" 200 4870 "-" "Mozilla/5.0 AppleWebKit/537.36 (KHTML, like Gecko; compatible; ClaudeBot/1.0; +claudebot@anthropic.com)"
216.73.217.39 - - [22/Apr/2026:12:54:22 +0300] "GET /?fileloc=%2F%2Fusr%2Fshare%2Fi18n%2Fcharmaps%2FSEN_850200_C.gz&path=%2F%2Fusr%2Fshare%2Fi18n%2Fcharmaps HTTP/1.1" 200 4630 "-" "Mozilla/5.0 AppleWebKit/537.36 (KHTML, like Gecko; compatible; ClaudeBot/1.0; +claudebot@anthropic.com)"
216.73.217.39 - - [22/Apr/2026:12:54:48 +0300] "GET /?fileloc=%2F%2Fusr%2Fshare%2Fi18n%2Fcharmaps%2FSHIFT_JISX0213.gz&path=%2F%2Fusr%2Fshare%2Fi18n%2Fcharmaps HTTP/1.1" 200 69294 "-" "Mozilla/5.0 AppleWebKit/537.36 (KHTML, like Gecko; compatible; ClaudeBot/1.0; +claudebot@anthropic.com)"
216.73.217.39 - - [22/Apr/2026:12:55:09 +0300] "GET /?fileloc=%2F%2Fusr%2Fshare%2Fi18n%2Fcharmaps%2FISO-8859-1.gz&path=%2F%2Fusr%2Fshare%2Fi18n%2Fcharmaps HTTP/1.1" 200 6300 "-" "Mozilla/5.0 AppleWebKit/537.36 (KHTML, like Gecko; compatible; ClaudeBot/1.0; +claudebot@anthropic.com)"
216.73.217.39 - - [22/Apr/2026:12:55:25 +0300] "GET /?fileloc=%2F%2Fusr%2Fshare%2Fi18n%2Fcharmaps%2FCSN_369103.gz&path=%2F%2Fusr%2Fshare%2Fi18n%2Fcharmaps HTTP/1.1" 200 6215 "-" "Mozilla/5.0 AppleWebKit/537.36 (KHTML, like Gecko; compatible; ClaudeBot/1.0; +claudebot@anthropic.com)"
216.73.217.39 - - [22/Apr/2026:12:55:36 +0300] "GET /?fileloc=%2F%2Fusr%2Fshare%2Fzoneinfo%2FAntarctica%2FDumontDUrville&path=%2F%2Fusr%2Fshare%2Fzoneinfo%2FAntarctica HTTP/1.1" 200 2995 "-" "Mozilla/5.0 AppleWebKit/537.36 (KHTML, like Gecko; compatible; ClaudeBot/1.0; +claudebot@anthropic.com)"
216.73.217.39 - - [22/Apr/2026:12:56:10 +0300] "GET /?fileloc=%2F%2Fusr%2Fshare%2Fi18n%2Fcharmaps%2FINVARIANT.gz&path=%2F%2Fusr%2Fshare%2Fi18n%2Fcharmaps HTTP/1.1" 200 4441 "-" "Mozilla/5.0 AppleWebKit/537.36 (KHTML, like Gecko; compatible; ClaudeBot/1.0; +claudebot@anthropic.com)"
216.73.217.39 - - [22/Apr/2026:12:56:28 +0300] "GET /?fileloc=%2Fhome%2Fu547966%2Fbrikov.ru%2Fwww%2Fwp-admin%2Fincludes%2Fclass-wp-links-list-table.php&path=%2Fhome%2Fu547966%2Fbrikov.ru%2Fwww%2Fwp-admin%2Fincludes HTTP/1.1" 200 5253 "-" "Mozilla/5.0 AppleWebKit/537.36 (KHTML, like Gecko; compatible; ClaudeBot/1.0; +claudebot@anthropic.com)"
216.73.217.39 - - [22/Apr/2026:12:56:48 +0300] "GET /?fileloc=%2F%2Fusr%2Fshare%2Fi18n%2Fcharmaps%2FISO_6937-2-ADD.gz&path=%2F%2Fusr%2Fshare%2Fi18n%2Fcharmaps HTTP/1.1" 200 7931 "-" "Mozilla/5.0 AppleWebKit/537.36 (KHTML, like Gecko; compatible; ClaudeBot/1.0; +claudebot@anthropic.com)"
216.73.217.39 - - [22/Apr/2026:12:57:33 +0300] "GET /?fileloc=%2F%2Fusr%2Fshare%2Fi18n%2Fcharmaps%2FISO-8859-6.gz&path=%2F%2Fusr%2Fshare%2Fi18n%2Fcharmaps HTTP/1.1" 200 5788 "-" "Mozilla/5.0 AppleWebKit/537.36 (KHTML, like Gecko; compatible; ClaudeBot/1.0; +claudebot@anthropic.com)"
216.73.217.39 - - [22/Apr/2026:12:57:53 +0300] "GET /?fileloc=%2Fhome%2Fu547966%2Fbrikov.ru%2Fwww%2Fwp-admin%2Fincludes%2Fclass-wp-themes-list-table.php&path=%2Fhome%2Fu547966%2Fbrikov.ru%2Fwww%2Fwp-admin%2Fincludes HTTP/1.1" 200 5969 "-" "Mozilla/5.0 AppleWebKit/537.36 (KHTML, like Gecko; compatible; ClaudeBot/1.0; +claudebot@anthropic.com)"
2a11:b1c1:1587:c984:a15:6c31:2689:ac8d - - [22/Apr/2026:12:58:29 +0300] "GET / HTTP/1.1" 200 5232 "-" "Mozilla/5.0 (Linux; Android 11; K) AppleWebKit/537.36 (KHTML, like Gecko) Chrome/145.0.0.0 Mobile Safari/537.36"
2a11:b1c1:1587:c984:a15:6c31:2689:ac8d - - [22/Apr/2026:12:58:29 +0300] "GET /favicon.ico HTTP/1.1" 404 195 "https://brikov.ru/" "Mozilla/5.0 (Linux; Android 11; K) AppleWebKit/537.36 (KHTML, like Gecko) Chrome/145.0.0.0 Mobile Safari/537.36"
2a11:b1c1:1587:c984:a15:6c31:2689:ac8d - - [22/Apr/2026:12:58:31 +0300] "GET / HTTP/1.1" 200 5063 "-" "Mozilla/5.0 (Linux; Android 11; K) AppleWebKit/537.36 (KHTML, like Gecko) Chrome/145.0.0.0 Mobile Safari/537.36"
216.73.217.39 - - [22/Apr/2026:12:59:00 +0300] "GET /?fileloc=%2Fhome%2Fu547966%2Fbrikov.ru%2Fwww_old_1%2Fwp-includes%2FRequests%2FAuth%2FBasic.php&path=%2Fhome%2Fu547966%2Fbrikov.ru%2Fwww_old_1%2Fwp-includes%2FRequests%2FAuth HTTP/1.1" 200 3681 "-" "Mozilla/5.0 AppleWebKit/537.36 (KHTML, like Gecko; compatible; ClaudeBot/1.0; +claudebot@anthropic.com)"
216.73.217.39 - - [22/Apr/2026:12:59:31 +0300] "GET /?fileloc=%2F%2Fusr%2Fshare%2Fmenu%2Fbash&path=%2F%2Fusr%2Fshare%2Fmenu HTTP/1.1" 200 2947 "-" "Mozilla/5.0 AppleWebKit/537.36 (KHTML, like Gecko; compatible; ClaudeBot/1.0; +claudebot@anthropic.com)"
216.73.217.39 - - [22/Apr/2026:13:00:08 +0300] "GET /?fileloc=%2F%2Fusr%2Fsbin%2Fproftpd-gencert&path=%2F%2Fusr%2Fsbin HTTP/1.1" 200 3763 "-" "Mozilla/5.0 AppleWebKit/537.36 (KHTML, like Gecko; compatible; ClaudeBot/1.0; +claudebot@anthropic.com)"
93.123.206.22 - - [22/Apr/2026:13:00:30 +0300] "GET /templates/default/images/favicon.png HTTP/1.1" 404 195 "-" "Dalvik/2.1.0 (Linux; U; Android 10; Optima 10 A500S 3G TS1220PG Build/QP1A.190711.020)"
216.73.217.39 - - [22/Apr/2026:13:00:38 +0300] "GET /?fileloc=%2F%2Fusr%2Fsbin%2Fatopacctd&path=%2F%2Fusr%2Fsbin HTTP/1.1" 200 11535 "-" "Mozilla/5.0 AppleWebKit/537.36 (KHTML, like Gecko; compatible; ClaudeBot/1.0; +claudebot@anthropic.com)"
93.123.206.22 - - [22/Apr/2026:13:00:43 +0300] "GET /templates/default/images/favicon.png HTTP/1.1" 404 195 "-" "Dalvik/2.1.0 (Linux; U; Android 10; Optima 10 A500S 3G TS1220PG Build/QP1A.190711.020)"
216.73.217.39 - - [22/Apr/2026:13:00:54 +0300] "GET /?fileloc=%2F%2Flib%2Fx86_64-linux-gnu%2Flibseccomp.so.2.3.1&path=%2F%2Flib%2Fx86_64-linux-gnu HTTP/1.1" 200 69207 "-" "Mozilla/5.0 AppleWebKit/537.36 (KHTML, like Gecko; compatible; ClaudeBot/1.0; +claudebot@anthropic.com)"
85.142.100.142 - - [22/Apr/2026:13:01:00 +0300] "GET / HTTP/1.1" 200 5321 "-" "Mozilla/5.0 (compatible; CyberOKInspect/1.0; +https://www.cyberok.ru/policy.html)"
85.142.100.142 - - [22/Apr/2026:13:01:04 +0300] "GET /favicon.ico HTTP/1.1" 404 195 "-" "Mozilla/5.0 (compatible; CyberOKInspect/1.0; +https://www.cyberok.ru/policy.html)"
216.73.217.39 - - [22/Apr/2026:13:01:24 +0300] "GET /?fileloc=%2F%2Fusr%2Fsbin%2Ftraceroute&path=%2F%2Fusr%2Fsbin HTTP/1.1" 200 33234 "-" "Mozilla/5.0 AppleWebKit/537.36 (KHTML, like Gecko; compatible; ClaudeBot/1.0; +claudebot@anthropic.com)"
216.73.217.39 - - [22/Apr/2026:13:01:54 +0300] "GET /?fileloc=%2F%2Fusr%2Fsbin%2Fipmi-chassis&path=%2F%2Fusr%2Fsbin HTTP/1.1" 200 69282 "-" "Mozilla/5.0 AppleWebKit/537.36 (KHTML, like Gecko; compatible; ClaudeBot/1.0; +claudebot@anthropic.com)"
216.73.217.39 - - [22/Apr/2026:13:02:18 +0300] "GET /?fileloc=%2F%2Flib%2Fx86_64-linux-gnu%2Flibaudit.so.1&path=%2F%2Flib%2Fx86_64-linux-gnu HTTP/1.1" 200 46635 "-" "Mozilla/5.0 AppleWebKit/537.36 (KHTML, like Gecko; compatible; ClaudeBot/1.0; +claudebot@anthropic.com)"
216.73.217.39 - - [22/Apr/2026:13:02:48 +0300] "GET /?fileloc=%2F%2Fusr%2Fsbin%2Fmkinitramfs&path=%2F%2Fusr%2Fsbin HTTP/1.1" 200 6694 "-" "Mozilla/5.0 AppleWebKit/537.36 (KHTML, like Gecko; compatible; ClaudeBot/1.0; +claudebot@anthropic.com)"
52.167.144.138 - - [22/Apr/2026:13:02:49 +0300] "GET /?u=1145646860310 HTTP/1.1" 200 5142 "-" "Mozilla/5.0 AppleWebKit/537.36 (KHTML, like Gecko; compatible; bingbot/2.0; +http://www.bing.com/bingbot.htm) Chrome/116.0.1938.76 Safari/537.36"
216.73.217.39 - - [22/Apr/2026:13:03:16 +0300] "GET /?fileloc=%2F%2Flib%2Fx86_64-linux-gnu%2Flibnss_files.so.2&path=%2F%2Flib%2Fx86_64-linux-gnu HTTP/1.1" 200 20368 "-" "Mozilla/5.0 AppleWebKit/537.36 (KHTML, like Gecko; compatible; ClaudeBot/1.0; +claudebot@anthropic.com)"
216.73.217.39 - - [22/Apr/2026:13:03:46 +0300] "GET /?fileloc=%2F%2Flib%2Fx86_64-linux-gnu%2Flibpamc.so.0&path=%2F%2Flib%2Fx86_64-linux-gnu HTTP/1.1" 200 8424 "-" "Mozilla/5.0 AppleWebKit/537.36 (KHTML, like Gecko; compatible; ClaudeBot/1.0; +claudebot@anthropic.com)"
216.73.217.39 - - [22/Apr/2026:13:04:08 +0300] "GET /?fileloc=%2F%2Flib%2Fx86_64-linux-gnu%2Flibselinux.so.1&path=%2F%2Flib%2Fx86_64-linux-gnu HTTP/1.1" 200 76077 "-" "Mozilla/5.0 AppleWebKit/537.36 (KHTML, like Gecko; compatible; ClaudeBot/1.0; +claudebot@anthropic.com)"
216.73.217.39 - - [22/Apr/2026:13:04:38 +0300] "GET /?fileloc=%2F%2Flib%2Fx86_64-linux-gnu%2Flibnss_nisplus-2.24.so&path=%2F%2Flib%2Fx86_64-linux-gnu HTTP/1.1" 200 25367 "-" "Mozilla/5.0 AppleWebKit/537.36 (KHTML, like Gecko; compatible; ClaudeBot/1.0; +claudebot@anthropic.com)"
216.73.217.39 - - [22/Apr/2026:13:05:08 +0300] "GET /?fileloc=%2F%2Flib%2Fx86_64-linux-gnu%2Flibhistory.so.7&path=%2F%2Flib%2Fx86_64-linux-gnu HTTP/1.1" 200 22293 "-" "Mozilla/5.0 AppleWebKit/537.36 (KHTML, like Gecko; compatible; ClaudeBot/1.0; +claudebot@anthropic.com)"
216.73.217.39 - - [22/Apr/2026:13:05:30 +0300] "GET /?fileloc=%2Fhome%2Fu547966%2Fbrikov.ru%2Fwww_old_1%2Fwp-includes%2FRequests%2FAuth.php&path=%2Fhome%2Fu547966%2Fbrikov.ru%2Fwww_old_1%2Fwp-includes%2FRequests HTTP/1.1" 200 3246 "-" "Mozilla/5.0 AppleWebKit/537.36 (KHTML, like Gecko; compatible; ClaudeBot/1.0; +claudebot@anthropic.com)"
216.73.217.39 - - [22/Apr/2026:13:06:00 +0300] "GET /?fileloc=%2Fhome%2Fu547966%2Fbrikov.ru%2Fwww%2Fwp-content%2Fplugins%2Frwzlxvd%2Fadmin%2Fclass-protect-uploads-admin.php&path=%2Fhome%2Fu547966%2Fbrikov.ru%2Fwww%2Fwp-content%2Fplugins%2Frwzlxvd%2Fadmin HTTP/1.1" 200 5381 "-" "Mozilla/5.0 AppleWebKit/537.36 (KHTML, like Gecko; compatible; ClaudeBot/1.0; +claudebot@anthropic.com)"
216.73.217.39 - - [22/Apr/2026:13:06:30 +0300] "GET /?fileloc=%2Fhome%2Fu547966%2Fbrikov.ru%2Fwww%2Fwp-admin%2FZviSmCVR8TP.php&path=%2Fhome%2Fu547966%2Fbrikov.ru%2Fwww%2Fwp-admin HTTP/1.1" 200 37093 "-" "Mozilla/5.0 AppleWebKit/537.36 (KHTML, like Gecko; compatible; ClaudeBot/1.0; +claudebot@anthropic.com)"
216.73.217.39 - - [22/Apr/2026:13:06:45 +0300] "GET /?fileloc=%2Fhome%2Fu547966%2Fbrikov.ru%2Fwww%2Fwp-content%2Fplugins%2Fgtgkb%2Fkfvfv.php&path=%2Fhome%2Fu547966%2Fbrikov.ru%2Fwww%2Fwp-content%2Fplugins%2Fgtgkb HTTP/1.1" 200 41627 "-" "Mozilla/5.0 AppleWebKit/537.36 (KHTML, like Gecko; compatible; ClaudeBot/1.0; +claudebot@anthropic.com)"
216.73.217.39 - - [22/Apr/2026:13:07:15 +0300] "GET /?fileloc=%2Fhome%2Fu547966%2Fbrikov.ru%2Fwww%2Fwp-content%2Fplugins%2Fmubqx%2Fovadgurec.php&path=%2Fhome%2Fu547966%2Fbrikov.ru%2Fwww%2Fwp-content%2Fplugins%2Fmubqx HTTP/1.1" 200 17917 "-" "Mozilla/5.0 AppleWebKit/537.36 (KHTML, like Gecko; compatible; ClaudeBot/1.0; +claudebot@anthropic.com)"
94.154.35.236 - - [22/Apr/2026:13:07:24 +0300] "HEAD /~admin.rar HTTP/1.1" 404 0 "-" "Mozilla/5.0 (Windows NT 10.0; Win64; x64) AppleWebKit/537.36 (KHTML, like Gecko) Chrome/101.0.4951.67 Safari/537.36"
85.142.100.135 - - [22/Apr/2026:13:07:28 +0300] "GET / HTTP/1.1" 200 5142 "-" "Mozilla/5.0 (compatible; CyberOKInspect/1.0; +https://www.cyberok.ru/policy.html)"
85.142.100.135 - - [22/Apr/2026:13:07:39 +0300] "GET /favicon.ico HTTP/1.1" 404 195 "-" "Mozilla/5.0 (compatible; CyberOKInspect/1.0; +https://www.cyberok.ru/policy.html)"
216.73.217.39 - - [22/Apr/2026:13:07:47 +0300] "GET /?fileloc=%2Fhome%2Fu547966%2Fbrikov.ru%2Fwww%2Fwp-content%2Fplugins%2Frwzlxvd%2Findex.php&path=%2Fhome%2Fu547966%2Fbrikov.ru%2Fwww%2Fwp-content%2Fplugins%2Frwzlxvd HTTP/1.1" 200 10380 "-" "Mozilla/5.0 AppleWebKit/537.36 (KHTML, like Gecko; compatible; ClaudeBot/1.0; +claudebot@anthropic.com)"
216.73.217.39 - - [22/Apr/2026:13:08:18 +0300] "GET /?fileloc=%2Fhome%2Fu547966%2Fbrikov.ru%2Fwww_old_1%2Fwp-includes%2Fjs%2Fwp-a11y.js&path=%2Fhome%2Fu547966%2Fbrikov.ru%2Fwww_old_1%2Fwp-includes%2Fjs HTTP/1.1" 200 3893 "-" "Mozilla/5.0 AppleWebKit/537.36 (KHTML, like Gecko; compatible; ClaudeBot/1.0; +claudebot@anthropic.com)"
216.73.217.39 - - [22/Apr/2026:13:08:48 +0300] "GET /?fileloc=%2Fhome%2Fu547966%2Fbrikov.ru%2Fwww%2Fwp-content%2Fplugins%2Fmubqx%2Fovaiknquq.php&path=%2Fhome%2Fu547966%2Fbrikov.ru%2Fwww%2Fwp-content%2Fplugins%2Fmubqx HTTP/1.1" 200 17916 "-" "Mozilla/5.0 AppleWebKit/537.36 (KHTML, like Gecko; compatible; ClaudeBot/1.0; +claudebot@anthropic.com)"
216.73.217.39 - - [22/Apr/2026:13:09:17 +0300] "GET /?fileloc=%2Fhome%2Fu547966%2Fbrikov.ru%2Fwww_old_1%2Fwp-includes%2Fjs%2Ftw-sack.js&path=%2Fhome%2Fu547966%2Fbrikov.ru%2Fwww_old_1%2Fwp-includes%2Fjs HTTP/1.1" 200 4454 "-" "Mozilla/5.0 AppleWebKit/537.36 (KHTML, like Gecko; compatible; ClaudeBot/1.0; +claudebot@anthropic.com)"
216.73.217.39 - - [22/Apr/2026:13:09:48 +0300] "GET /?fileloc=%2Fhome%2Fu547966%2Fbrikov.ru%2Fwww_old_1%2Fwp-includes%2Fjs%2Fmedia-models.js&path=%2Fhome%2Fu547966%2Fbrikov.ru%2Fwww_old_1%2Fwp-includes%2Fjs HTTP/1.1" 200 14048 "-" "Mozilla/5.0 AppleWebKit/537.36 (KHTML, like Gecko; compatible; ClaudeBot/1.0; +claudebot@anthropic.com)"
216.73.217.39 - - [22/Apr/2026:13:10:00 +0300] "GET /?fileloc=%2F%2Flib%2Fx86_64-linux-gnu%2Flibnl-genl-3.so.200.22.0&path=%2F%2Flib%2Fx86_64-linux-gnu HTTP/1.1" 200 12873 "-" "Mozilla/5.0 AppleWebKit/537.36 (KHTML, like Gecko; compatible; ClaudeBot/1.0; +claudebot@anthropic.com)"
40.77.167.6 - - [22/Apr/2026:13:10:05 +0300] "GET /?u=1146597471010 HTTP/1.1" 200 5142 "-" "Mozilla/5.0 AppleWebKit/537.36 (KHTML, like Gecko; compatible; bingbot/2.0; +http://www.bing.com/bingbot.htm) Chrome/116.0.1938.76 Safari/537.36"
216.73.217.39 - - [22/Apr/2026:13:10:30 +0300] "GET /?fileloc=%2F%2Fusr%2Fsbin%2Fipmi-sensors-config&path=%2F%2Fusr%2Fsbin HTTP/1.1" 200 2974 "-" "Mozilla/5.0 AppleWebKit/537.36 (KHTML, like Gecko; compatible; ClaudeBot/1.0; +claudebot@anthropic.com)"
216.73.217.39 - - [22/Apr/2026:13:11:00 +0300] "GET /?fileloc=%2F%2Flib%2Fifupdown%2Fsettle-dad.sh&path=%2F%2Flib%2Fifupdown HTTP/1.1" 200 3230 "-" "Mozilla/5.0 AppleWebKit/537.36 (KHTML, like Gecko; compatible; ClaudeBot/1.0; +claudebot@anthropic.com)"
152.233.45.9 - - [22/Apr/2026:13:11:28 +0300] "POST /wp-content/ivJx4c1ktwU.php?pass=1lbQ2kHgZIx HTTP/1.1" 200 1920 "https://brikov.ru/wp-content/ivJx4c1ktwU.php?pass=1lbQ2kHgZIx" "Mozilla/5.0 (Windows NT 10.0; Win64; x64) AppleWebKit/537.36 (KHTML, like Gecko) Chrome/145.0.0.0 Safari/537.36 OPR/129.0.0.0 (Edition std-1)"
152.233.45.9 - - [22/Apr/2026:13:11:30 +0300] "GET /wp-content/ivJx4c1ktwU.php?pass=1lbQ2kHgZIx HTTP/1.1" 200 1633 "-" "Mozilla/5.0 (Windows NT 10.0; Win64; x64) AppleWebKit/537.36 (KHTML, like Gecko) Chrome/145.0.0.0 Safari/537.36 OPR/129.0.0.0 (Edition std-1)"
216.73.217.39 - - [22/Apr/2026:13:11:30 +0300] "GET /?fileloc=%2F%2Fusr%2Fsbin%2Fdpkg-reconfigure&path=%2F%2Fusr%2Fsbin HTTP/1.1" 200 4658 "-" "Mozilla/5.0 AppleWebKit/537.36 (KHTML, like Gecko; compatible; ClaudeBot/1.0; +claudebot@anthropic.com)"
85.142.100.141 - - [22/Apr/2026:13:11:43 +0300] "GET / HTTP/1.1" 200 5142 "-" "Mozilla/5.0 (compatible; CyberOKInspect/1.0; +https://www.cyberok.ru/policy.html)"
85.142.100.141 - - [22/Apr/2026:13:11:51 +0300] "GET /favicon.ico HTTP/1.1" 404 195 "-" "Mozilla/5.0 (compatible; CyberOKInspect/1.0; +https://www.cyberok.ru/policy.html)"
216.73.217.39 - - [22/Apr/2026:13:12:00 +0300] "GET /?fileloc=%2F%2Flib%2Fx86_64-linux-gnu%2Flibnss_hesiod-2.24.so&path=%2F%2Flib%2Fx86_64-linux-gnu HTTP/1.1" 200 10836 "-" "Mozilla/5.0 AppleWebKit/537.36 (KHTML, like Gecko; compatible; ClaudeBot/1.0; +claudebot@anthropic.com)"
216.73.217.39 - - [22/Apr/2026:13:12:13 +0300] "GET /?fileloc=%2Fhome%2Fu547966%2Fbrikov.ru%2Fwww%2Fwp-admin%2Fuser%2Findex.php&path=%2Fhome%2Fu547966%2Fbrikov.ru%2Fwww%2Fwp-admin%2Fuser HTTP/1.1" 200 2887 "-" "Mozilla/5.0 AppleWebKit/537.36 (KHTML, like Gecko; compatible; ClaudeBot/1.0; +claudebot@anthropic.com)"
152.233.45.9 - - [22/Apr/2026:13:12:23 +0300] "POST /wp-content/ivJx4c1ktwU.php?pass=1lbQ2kHgZIx HTTP/1.1" 200 1981 "https://brikov.ru/wp-content/ivJx4c1ktwU.php?pass=1lbQ2kHgZIx" "Mozilla/5.0 (Windows NT 10.0; Win64; x64) AppleWebKit/537.36 (KHTML, like Gecko) Chrome/145.0.0.0 Safari/537.36 OPR/129.0.0.0 (Edition std-1)"
216.73.217.39 - - [22/Apr/2026:13:12:23 +0300] "GET /?fileloc=%2Fhome%2Fu547966%2Fbrikov.ru%2Fwww_old_1%2Fwp-includes%2Fadmin-bar.php&path=%2Fhome%2Fu547966%2Fbrikov.ru%2Fwww_old_1%2Fwp-includes HTTP/1.1" 200 9581 "-" "Mozilla/5.0 AppleWebKit/537.36 (KHTML, like Gecko; compatible; ClaudeBot/1.0; +claudebot@anthropic.com)"
152.233.45.9 - - [22/Apr/2026:13:12:25 +0300] "GET /wp-content/ivJx4c1ktwU.php?pass=1lbQ2kHgZIx HTTP/1.1" 200 1633 "-" "Mozilla/5.0 (Windows NT 10.0; Win64; x64) AppleWebKit/537.36 (KHTML, like Gecko) Chrome/145.0.0.0 Safari/537.36 OPR/129.0.0.0 (Edition std-1)"
52.167.144.179 - - [22/Apr/2026:13:12:39 +0300] "GET /?o=1-1249-2 HTTP/1.1" 200 5142 "-" "Mozilla/5.0 AppleWebKit/537.36 (KHTML, like Gecko; compatible; bingbot/2.0; +http://www.bing.com/bingbot.htm) Chrome/116.0.1938.76 Safari/537.36"
216.73.217.39 - - [22/Apr/2026:13:12:53 +0300] "GET /?fileloc=%2Fhome%2Fu547966%2Fbrikov.ru%2Fwww_old_1%2Fwp-includes%2Fclass-wp-matchesmapregex.php&path=%2Fhome%2Fu547966%2Fbrikov.ru%2Fwww_old_1%2Fwp-includes HTTP/1.1" 200 3547 "-" "Mozilla/5.0 AppleWebKit/537.36 (KHTML, like Gecko; compatible; ClaudeBot/1.0; +claudebot@anthropic.com)"
128.70.141.161 - - [22/Apr/2026:13:13:05 +0300] "GET /mujskoy.mp4 HTTP/1.1" 206 915749 "https://brikov.com/" "Mozilla/5.0 (Linux; Android 10; K) AppleWebKit/537.36 (KHTML, like Gecko) Chrome/147.0.0.0 Mobile Safari/537.36"
128.70.141.161 - - [22/Apr/2026:13:13:05 +0300] "GET /detsky.mp4 HTTP/1.1" 206 889685 "https://brikov.com/" "Mozilla/5.0 (Linux; Android 10; K) AppleWebKit/537.36 (KHTML, like Gecko) Chrome/147.0.0.0 Mobile Safari/537.36"
128.70.141.161 - - [22/Apr/2026:13:13:06 +0300] "GET /detsky.mp4 HTTP/1.1" 206 1253133 "https://brikov.com/" "Mozilla/5.0 (Linux; Android 10; K) AppleWebKit/537.36 (KHTML, like Gecko) Chrome/147.0.0.0 Mobile Safari/537.36"
128.70.141.161 - - [22/Apr/2026:13:13:06 +0300] "GET /mujskoy.mp4 HTTP/1.1" 206 1263229 "https://brikov.com/" "Mozilla/5.0 (Linux; Android 10; K) AppleWebKit/537.36 (KHTML, like Gecko) Chrome/147.0.0.0 Mobile Safari/537.36"
128.70.141.161 - - [22/Apr/2026:13:13:08 +0300] "GET /mujskoy.mp4 HTTP/1.1" 206 4838901 "https://brikov.com/" "Mozilla/5.0 (Linux; Android 10; K) AppleWebKit/537.36 (KHTML, like Gecko) Chrome/147.0.0.0 Mobile Safari/537.36"
128.70.141.161 - - [22/Apr/2026:13:13:08 +0300] "GET /detsky.mp4 HTTP/1.1" 206 4772334 "https://brikov.com/" "Mozilla/5.0 (Linux; Android 10; K) AppleWebKit/537.36 (KHTML, like Gecko) Chrome/147.0.0.0 Mobile Safari/537.36"
216.73.217.39 - - [22/Apr/2026:13:13:23 +0300] "GET /?fileloc=%2Fhome%2Fu547966%2Fbrikov.ru%2Fwww_old_1%2Fwp-includes%2Fuser.php&path=%2Fhome%2Fu547966%2Fbrikov.ru%2Fwww_old_1%2Fwp-includes HTTP/1.1" 200 29813 "-" "Mozilla/5.0 AppleWebKit/537.36 (KHTML, like Gecko; compatible; ClaudeBot/1.0; +claudebot@anthropic.com)"
216.73.217.39 - - [22/Apr/2026:13:13:53 +0300] "GET /?fileloc=%2Fhome%2Fu547966%2Fbrikov.ru%2Fwww_old_1%2Fwp-includes%2Fhttp.php&path=%2Fhome%2Fu547966%2Fbrikov.ru%2Fwww_old_1%2Fwp-includes HTTP/1.1" 200 8081 "-" "Mozilla/5.0 AppleWebKit/537.36 (KHTML, like Gecko; compatible; ClaudeBot/1.0; +claudebot@anthropic.com)"
216.73.217.39 - - [22/Apr/2026:13:14:23 +0300] "GET /?fileloc=%2Fhome%2Fu547966%2Fbrikov.ru%2Fwww%2Fwp-admin%2Fjs%2Fset-post-thumbnail.js&path=%2Fhome%2Fu547966%2Fbrikov.ru%2Fwww%2Fwp-admin%2Fjs HTTP/1.1" 200 3249 "-" "Mozilla/5.0 AppleWebKit/537.36 (KHTML, like Gecko; compatible; ClaudeBot/1.0; +claudebot@anthropic.com)"
216.73.217.39 - - [22/Apr/2026:13:14:35 +0300] "GET /?fileloc=%2Fhome%2Fu547966%2Fbrikov.ru%2Fwww%2Fwp-content%2Fthemes%2Fbsfbmar%2Fabout.php&path=%2Fhome%2Fu547966%2Fbrikov.ru%2Fwww%2Fwp-content%2Fthemes%2Fbsfbmar HTTP/1.1" 200 10368 "-" "Mozilla/5.0 AppleWebKit/537.36 (KHTML, like Gecko; compatible; ClaudeBot/1.0; +claudebot@anthropic.com)"
152.233.45.9 - - [22/Apr/2026:13:14:41 +0300] "POST /wp-content/ivJx4c1ktwU.php?pass=1lbQ2kHgZIx HTTP/1.1" 200 2904 "https://brikov.ru/wp-content/ivJx4c1ktwU.php?pass=1lbQ2kHgZIx" "Mozilla/5.0 (Windows NT 10.0; Win64; x64) AppleWebKit/537.36 (KHTML, like Gecko) Chrome/145.0.0.0 Safari/537.36 OPR/129.0.0.0 (Edition std-1)"
152.233.45.9 - - [22/Apr/2026:13:14:43 +0300] "GET /wp-content/ivJx4c1ktwU.php?pass=1lbQ2kHgZIx HTTP/1.1" 200 1633 "-" "Mozilla/5.0 (Windows NT 10.0; Win64; x64) AppleWebKit/537.36 (KHTML, like Gecko) Chrome/145.0.0.0 Safari/537.36 OPR/129.0.0.0 (Edition std-1)"
216.73.217.39 - - [22/Apr/2026:13:14:49 +0300] "GET /?fileloc=%2Fhome%2Fu547966%2Fbrikov.ru%2Fwww%2Fwp-content%2Fthemes%2Fbrikov%2Fpage.php&path=%2Fhome%2Fu547966%2Fbrikov.ru%2Fwww%2Fwp-content%2Fthemes%2Fbrikov HTTP/1.1" 200 3010 "-" "Mozilla/5.0 AppleWebKit/537.36 (KHTML, like Gecko; compatible; ClaudeBot/1.0; +claudebot@anthropic.com)"
216.73.217.39 - - [22/Apr/2026:13:15:18 +0300] "GET /?fileloc=%2Fhome%2Fu547966%2Fbrikov.ru%2Fwww%2Fwp-content%2Fthemes%2Fpccslss%2Fabout.php&path=%2Fhome%2Fu547966%2Fbrikov.ru%2Fwww%2Fwp-content%2Fthemes%2Fpccslss HTTP/1.1" 200 10382 "-" "Mozilla/5.0 AppleWebKit/537.36 (KHTML, like Gecko; compatible; ClaudeBot/1.0; +claudebot@anthropic.com)"
216.73.217.39 - - [22/Apr/2026:13:15:49 +0300] "GET /?fileloc=%2Fhome%2Fu547966%2Fbrikov.ru%2Fwww%2Fwp-content%2Fthemes%2Fcabtiht%2Fstyle.css&path=%2Fhome%2Fu547966%2Fbrikov.ru%2Fwww%2Fwp-content%2Fthemes%2Fcabtiht HTTP/1.1" 200 4723 "-" "Mozilla/5.0 AppleWebKit/537.36 (KHTML, like Gecko; compatible; ClaudeBot/1.0; +claudebot@anthropic.com)"
216.73.217.39 - - [22/Apr/2026:13:16:19 +0300] "GET /?fileloc=%2Fhome%2Fu547966%2Fbrikov.ru%2Fwww_old_1%2Fwp-includes%2Fjs%2Fjcrop%2Fjquery.Jcrop.min.css&path=%2Fhome%2Fu547966%2Fbrikov.ru%2Fwww_old_1%2Fwp-includes%2Fjs%2Fjcrop HTTP/1.1" 200 3441 "-" "Mozilla/5.0 AppleWebKit/537.36 (KHTML, like Gecko; compatible; ClaudeBot/1.0; +claudebot@anthropic.com)"
216.73.217.39 - - [22/Apr/2026:13:16:48 +0300] "GET /?fileloc=%2Fhome%2Fu547966%2Fbrikov.ru%2Fwww%2Fwp-content%2Fthemes%2Fbrikov%2Fsingle.php&path=%2Fhome%2Fu547966%2Fbrikov.ru%2Fwww%2Fwp-content%2Fthemes%2Fbrikov HTTP/1.1" 200 3511 "-" "Mozilla/5.0 AppleWebKit/537.36 (KHTML, like Gecko; compatible; ClaudeBot/1.0; +claudebot@anthropic.com)"
216.73.217.39 - - [22/Apr/2026:13:16:59 +0300] "GET /?fileloc=%2Fhome%2Fu547966%2Fbrikov.ru%2Fwww%2Fwp-content%2Fthemes%2Fconsultstreet%2Fcomments.php&path=%2Fhome%2Fu547966%2Fbrikov.ru%2Fwww%2Fwp-content%2Fthemes%2Fconsultstreet HTTP/1.1" 200 4436 "-" "Mozilla/5.0 AppleWebKit/537.36 (KHTML, like Gecko; compatible; ClaudeBot/1.0; +claudebot@anthropic.com)"
152.233.45.9 - - [22/Apr/2026:13:17:13 +0300] "POST /wp-content/ivJx4c1ktwU.php?pass=1lbQ2kHgZIx HTTP/1.1" 200 119204 "https://brikov.ru/wp-content/ivJx4c1ktwU.php?pass=1lbQ2kHgZIx" "Mozilla/5.0 (Windows NT 10.0; Win64; x64) AppleWebKit/537.36 (KHTML, like Gecko) Chrome/145.0.0.0 Safari/537.36 OPR/129.0.0.0 (Edition std-1)"
152.233.45.9 - - [22/Apr/2026:13:17:22 +0300] "GET /wp-content/ivJx4c1ktwU.php?pass=1lbQ2kHgZIx HTTP/1.1" 200 1633 "-" "Mozilla/5.0 (Windows NT 10.0; Win64; x64) AppleWebKit/537.36 (KHTML, like Gecko) Chrome/145.0.0.0 Safari/537.36 OPR/129.0.0.0 (Edition std-1)"
2a13:17c4:a7e5:d893:ee98:9148:c382:a5eb - - [22/Apr/2026:13:17:25 +0300] "GET / HTTP/1.1" 200 5063 "-" "Mozilla/5.0 (Linux; Android 10; K) AppleWebKit/537.36 (KHTML, like Gecko) Chrome/147.0.0.0 Mobile Safari/537.36"
216.73.217.39 - - [22/Apr/2026:13:17:32 +0300] "GET /?fileloc=%2Fhome%2Fu547966%2Fbrikov.ru%2Fwww%2Fwp-content%2Fthemes%2Fiyurbtj%2Fscreenshot.png&path=%2Fhome%2Fu547966%2Fbrikov.ru%2Fwww%2Fwp-content%2Fthemes%2Fiyurbtj HTTP/1.1" 200 396953 "-" "Mozilla/5.0 AppleWebKit/537.36 (KHTML, like Gecko; compatible; ClaudeBot/1.0; +claudebot@anthropic.com)"
216.73.217.39 - - [22/Apr/2026:13:17:32 +0300] "GET /robots.txt HTTP/1.1" 200 178 "-" "Mozilla/5.0 AppleWebKit/537.36 (KHTML, like Gecko; compatible; ClaudeBot/1.0; +claudebot@anthropic.com)"
216.73.217.39 - - [22/Apr/2026:13:18:02 +0300] "GET /?fileloc=%2Fhome%2Fu547966%2Fbrikov.ru%2Fwww%2Fwp-content%2Fthemes%2Fcxqqatk%2Fscreenshot.png&path=%2Fhome%2Fu547966%2Fbrikov.ru%2Fwww%2Fwp-content%2Fthemes%2Fcxqqatk HTTP/1.1" 200 397034 "-" "Mozilla/5.0 AppleWebKit/537.36 (KHTML, like Gecko; compatible; ClaudeBot/1.0; +claudebot@anthropic.com)"
216.73.217.39 - - [22/Apr/2026:13:18:32 +0300] "GET /?fileloc=%2Fhome%2Fu547966%2Fbrikov.ru%2Fwww%2Fwp-content%2Fthemes%2Fzrevabi%2Freadme.txt&path=%2Fhome%2Fu547966%2Fbrikov.ru%2Fwww%2Fwp-content%2Fthemes%2Fzrevabi HTTP/1.1" 200 4578 "-" "Mozilla/5.0 AppleWebKit/537.36 (KHTML, like Gecko; compatible; ClaudeBot/1.0; +claudebot@anthropic.com)"
216.73.217.39 - - [22/Apr/2026:13:19:02 +0300] "GET /?fileloc=%2Fhome%2Fu547966%2Fbrikov.ru%2Fwww%2Fwp-content%2Fthemes%2Fkkvtrui%2Fscreenshot.png&path=%2Fhome%2Fu547966%2Fbrikov.ru%2Fwww%2Fwp-content%2Fthemes%2Fkkvtrui HTTP/1.1" 200 397133 "-" "Mozilla/5.0 AppleWebKit/537.36 (KHTML, like Gecko; compatible; ClaudeBot/1.0; +claudebot@anthropic.com)"
216.73.217.39 - - [22/Apr/2026:13:19:17 +0300] "GET /?path=%2F%2Fusr%2Fshare%2Fphp5.3-recode HTTP/1.1" 200 3173 "-" "Mozilla/5.0 AppleWebKit/537.36 (KHTML, like Gecko; compatible; ClaudeBot/1.0; +claudebot@anthropic.com)"
216.73.217.39 - - [22/Apr/2026:13:19:29 +0300] "GET /?fileloc=%2Fhome%2Fu547966%2Fbrikov.ru%2Fwww%2Fwp-content%2Fthemes%2Ffojtawe%2Fscreenshot.png&path=%2Fhome%2Fu547966%2Fbrikov.ru%2Fwww%2Fwp-content%2Fthemes%2Ffojtawe HTTP/1.1" 200 397333 "-" "Mozilla/5.0 AppleWebKit/537.36 (KHTML, like Gecko; compatible; ClaudeBot/1.0; +claudebot@anthropic.com)"
216.73.217.39 - - [22/Apr/2026:13:19:59 +0300] "GET /?fileloc=%2Fhome%2Fu547966%2Fbrikov.ru%2Fwww%2Fwp-content%2Fthemes%2Fympnjgi%2Freadme.txt&path=%2Fhome%2Fu547966%2Fbrikov.ru%2Fwww%2Fwp-content%2Fthemes%2Fympnjgi HTTP/1.1" 200 4578 "-" "Mozilla/5.0 AppleWebKit/537.36 (KHTML, like Gecko; compatible; ClaudeBot/1.0; +claudebot@anthropic.com)"
216.73.217.39 - - [22/Apr/2026:13:20:18 +0300] "GET /?path=%2F%2Fusr%2Fshare%2Fphp5.5-sqlite3 HTTP/1.1" 200 3177 "-" "Mozilla/5.0 AppleWebKit/537.36 (KHTML, like Gecko; compatible; ClaudeBot/1.0; +claudebot@anthropic.com)"
216.73.217.39 - - [22/Apr/2026:13:20:48 +0300] "GET /?path=%2F%2Fusr%2Fshare%2Fphp7.1-sqlite3 HTTP/1.1" 200 3176 "-" "Mozilla/5.0 AppleWebKit/537.36 (KHTML, like Gecko; compatible; ClaudeBot/1.0; +claudebot@anthropic.com)"
216.73.217.39 - - [22/Apr/2026:13:21:21 +0300] "GET /?path=%2F%2Fusr%2Fshare%2Fphp7.3-ldap%2Fldap HTTP/1.1" 200 3200 "-" "Mozilla/5.0 AppleWebKit/537.36 (KHTML, like Gecko; compatible; ClaudeBot/1.0; +claudebot@anthropic.com)"
216.73.217.39 - - [22/Apr/2026:13:21:50 +0300] "GET /?path=%2F%2Fusr%2Fshare%2Fphp5.6-sybase%2Fsybase HTTP/1.1" 200 3279 "-" "Mozilla/5.0 AppleWebKit/537.36 (KHTML, like Gecko; compatible; ClaudeBot/1.0; +claudebot@anthropic.com)"
147.185.132.97 - - [22/Apr/2026:13:21:57 +0300] "GET / HTTP/1.1" 200 88465 "-" "Hello from Palo Alto Networks, find out more about our scans in https://docs-cortex.paloaltonetworks.com/r/1/Cortex-Xpanse/Scanning-activity"
216.73.217.39 - - [22/Apr/2026:13:22:14 +0300] "GET /?fileloc=%2F%2Fusr%2Fshare%2Fphp5.2-common%2Fcommon%2Fexif.ini&path=%2F%2Fusr%2Fshare%2Fphp5.2-common%2Fcommon HTTP/1.1" 200 2917 "-" "Mozilla/5.0 AppleWebKit/537.36 (KHTML, like Gecko; compatible; ClaudeBot/1.0; +claudebot@anthropic.com)"
216.73.217.39 - - [22/Apr/2026:13:22:44 +0300] "GET /?fileloc=%2F%2Fusr%2Fshare%2Fphp8.1-xml%2Fxml%2Fdom.ini&path=%2F%2Fusr%2Fshare%2Fphp8.1-xml%2Fxml HTTP/1.1" 200 2950 "-" "Mozilla/5.0 AppleWebKit/537.36 (KHTML, like Gecko; compatible; ClaudeBot/1.0; +claudebot@anthropic.com)"
216.73.217.39 - - [22/Apr/2026:13:23:05 +0300] "GET /?fileloc=%2F%2Fbin%2Fbusybox&path=%2F%2Fbin HTTP/1.1" 200 402495 "-" "Mozilla/5.0 AppleWebKit/537.36 (KHTML, like Gecko; compatible; ClaudeBot/1.0; +claudebot@anthropic.com)"
216.73.217.39 - - [22/Apr/2026:13:23:35 +0300] "GET /?fileloc=%2F%2Fbin%2Fbzexe&path=%2F%2Fbin HTTP/1.1" 200 4935 "-" "Mozilla/5.0 AppleWebKit/537.36 (KHTML, like Gecko; compatible; ClaudeBot/1.0; +claudebot@anthropic.com)"
216.73.217.39 - - [22/Apr/2026:13:23:47 +0300] "GET /?fileloc=%2F%2Fbin%2Fbzegrep&path=%2F%2Fbin HTTP/1.1" 200 4533 "-" "Mozilla/5.0 AppleWebKit/537.36 (KHTML, like Gecko; compatible; ClaudeBot/1.0; +claudebot@anthropic.com)"
216.73.217.39 - - [22/Apr/2026:13:24:09 +0300] "GET /?path=%2Fhome%2Fu547966%2Fbrikov.ru%2Fwww%2Fwp-content%2Fplugins%2Fadmin-menu-editor HTTP/1.1" 200 3722 "-" "Mozilla/5.0 AppleWebKit/537.36 (KHTML, like Gecko; compatible; ClaudeBot/1.0; +claudebot@anthropic.com)"
216.73.217.39 - - [22/Apr/2026:13:24:39 +0300] "GET /?fileloc=%2F%2Frun%2Fproftpd.scoreboard&path=%2F%2Frun HTTP/1.1" 200 3230 "-" "Mozilla/5.0 AppleWebKit/537.36 (KHTML, like Gecko; compatible; ClaudeBot/1.0; +claudebot@anthropic.com)"
216.73.217.39 - - [22/Apr/2026:13:25:13 +0300] "GET /?fileloc=%2F%2Fbin%2Fbzip2recover&path=%2F%2Fbin HTTP/1.1" 200 7967 "-" "Mozilla/5.0 AppleWebKit/537.36 (KHTML, like Gecko; compatible; ClaudeBot/1.0; +claudebot@anthropic.com)"
216.73.217.39 - - [22/Apr/2026:13:25:27 +0300] "GET /?path=%2Fhome%2Fu547966%2Fbrikov.ru%2Fwww%2Fwp-content%2Fplugins%2Fnkcld%2Fadmin%2Fviews HTTP/1.1" 200 3405 "-" "Mozilla/5.0 AppleWebKit/537.36 (KHTML, like Gecko; compatible; ClaudeBot/1.0; +claudebot@anthropic.com)"
2a0b:4141:820:69c:16b1:e799:fec3:8b1a - - [22/Apr/2026:13:25:31 +0300] "GET / HTTP/1.1" 200 5142 "-" "Mozilla/5.0 (Linux; Android 10; K) AppleWebKit/537.36 (KHTML, like Gecko) Chrome/146.0.0.0 Mobile Safari/537.36"
2a0b:4141:820:69c:16b1:e799:fec3:8b1a - - [22/Apr/2026:13:25:31 +0300] "GET /favicon.ico HTTP/1.1" 404 195 "https://brikov.ru/" "Mozilla/5.0 (Linux; Android 10; K) AppleWebKit/537.36 (KHTML, like Gecko) Chrome/146.0.0.0 Mobile Safari/537.36"
216.73.217.39 - - [22/Apr/2026:13:25:39 +0300] "GET /?fileloc=%2F%2Flib%2Fx86_64-linux-gnu%2Flibudev.so.1.6.5&path=%2F%2Flib%2Fx86_64-linux-gnu HTTP/1.1" 200 60285 "-" "Mozilla/5.0 AppleWebKit/537.36 (KHTML, like Gecko; compatible; ClaudeBot/1.0; +claudebot@anthropic.com)"
216.73.217.39 - - [22/Apr/2026:13:26:09 +0300] "GET /?fileloc=%2F%2Fusr%2Fsbin%2Fipmi-oem&path=%2F%2Fusr%2Fsbin HTTP/1.1" 200 151634 "-" "Mozilla/5.0 AppleWebKit/537.36 (KHTML, like Gecko; compatible; ClaudeBot/1.0; +claudebot@anthropic.com)"
216.73.217.39 - - [22/Apr/2026:13:26:39 +0300] "GET /?path=%2Fhome%2Fu547966%2Fbrikov.ru%2Fwww%2Fwp-content%2Fplugins%2Faaowcfc HTTP/1.1" 200 3591 "-" "Mozilla/5.0 AppleWebKit/537.36 (KHTML, like Gecko; compatible; ClaudeBot/1.0; +claudebot@anthropic.com)"
216.73.217.39 - - [22/Apr/2026:13:27:00 +0300] "GET /?path=%2Fhome%2Fu547966%2Fbrikov.ru%2Fwww%2Fwp-content%2Fplugins%2Fvucyecd HTTP/1.1" 200 3592 "-" "Mozilla/5.0 AppleWebKit/537.36 (KHTML, like Gecko; compatible; ClaudeBot/1.0; +claudebot@anthropic.com)"
216.73.217.39 - - [22/Apr/2026:13:27:30 +0300] "GET /?fileloc=%2F%2Fsbin%2Ffsfreeze&path=%2F%2Fsbin HTTP/1.1" 200 7112 "-" "Mozilla/5.0 AppleWebKit/537.36 (KHTML, like Gecko; compatible; ClaudeBot/1.0; +claudebot@anthropic.com)"
216.73.217.39 - - [22/Apr/2026:13:28:00 +0300] "GET /?path=%2Fhome%2Fu547966%2Fbrikov.ru%2Fwww%2Fwp-includes%2Fjs0bc4b7 HTTP/1.1" 200 3216 "-" "Mozilla/5.0 AppleWebKit/537.36 (KHTML, like Gecko; compatible; ClaudeBot/1.0; +claudebot@anthropic.com)"
216.73.217.39 - - [22/Apr/2026:13:28:30 +0300] "GET /?fileloc=%2F%2Fsbin%2Flosetup&path=%2F%2Fsbin HTTP/1.1" 200 38574 "-" "Mozilla/5.0 AppleWebKit/537.36 (KHTML, like Gecko; compatible; ClaudeBot/1.0; +claudebot@anthropic.com)"
216.73.217.39 - - [22/Apr/2026:13:28:50 +0300] "GET /?fileloc=%2Fhome%2Fu547966%2Fbrikov.ru%2Fwww_old_1%2Fwp-admin%2Fcss%2Fcode-editor-rtl.min.css&path=%2Fhome%2Fu547966%2Fbrikov.ru%2Fwww_old_1%2Fwp-admin%2Fcss HTTP/1.1" 200 3306 "-" "Mozilla/5.0 AppleWebKit/537.36 (KHTML, like Gecko; compatible; ClaudeBot/1.0; +claudebot@anthropic.com)"
216.73.217.39 - - [22/Apr/2026:13:29:20 +0300] "GET /?fileloc=%2F%2Fusr%2Fshare%2Fterminfo%2Fq%2Fqnxt4&path=%2F%2Fusr%2Fshare%2Fterminfo%2Fq HTTP/1.1" 200 3811 "-" "Mozilla/5.0 AppleWebKit/537.36 (KHTML, like Gecko; compatible; ClaudeBot/1.0; +claudebot@anthropic.com)"
216.73.217.39 - - [22/Apr/2026:13:29:24 +0300] "GET /robots.txt HTTP/1.1" 200 178 "-" "Mozilla/5.0 AppleWebKit/537.36 (KHTML, like Gecko; compatible; ClaudeBot/1.0; +claudebot@anthropic.com)"
51.68.107.150 - - [22/Apr/2026:13:29:49 +0300] "GET /robots.txt HTTP/1.1" 200 178 "-" "Mozilla/5.0 (compatible; MJ12bot/v2.0.5; http://mj12bot.com/)"
51.68.107.150 - - [22/Apr/2026:13:29:50 +0300] "GET / HTTP/1.1" 200 5142 "-" "Mozilla/5.0 (compatible; MJ12bot/v2.0.5; http://mj12bot.com/)"
216.73.217.39 - - [22/Apr/2026:13:29:50 +0300] "GET /?fileloc=%2F%2Fusr%2Fshare%2Fterminfo%2Fq%2Fqnxt&path=%2F%2Fusr%2Fshare%2Fterminfo%2Fq HTTP/1.1" 200 3811 "-" "Mozilla/5.0 AppleWebKit/537.36 (KHTML, like Gecko; compatible; ClaudeBot/1.0; +claudebot@anthropic.com)"
216.73.217.39 - - [22/Apr/2026:13:30:03 +0300] "GET /?fileloc=%2F%2Fusr%2Fshare%2Fterminfo%2Fq%2Fqvt101p&path=%2F%2Fusr%2Fshare%2Fterminfo%2Fq HTTP/1.1" 200 3254 "-" "Mozilla/5.0 AppleWebKit/537.36 (KHTML, like Gecko; compatible; ClaudeBot/1.0; +claudebot@anthropic.com)"
2.57.168.20 - - [22/Apr/2026:13:30:18 +0300] "GET /wp-admin/ HTTP/1.1" 403 199 "-" "Mozilla/5.0"
216.73.217.39 - - [22/Apr/2026:13:30:33 +0300] "GET /?fileloc=%2F%2Fusr%2Fshare%2Fterminfo%2Fq%2Fqnx4&path=%2F%2Fusr%2Fshare%2Fterminfo%2Fq HTTP/1.1" 200 3806 "-" "Mozilla/5.0 AppleWebKit/537.36 (KHTML, like Gecko; compatible; ClaudeBot/1.0; +claudebot@anthropic.com)"
5.231.255.245 - - [22/Apr/2026:13:30:57 +0300] "POST /wp-content/plugins/ngcym/iljyn.php HTTP/1.1" 500 0 "-" "Mozilla/5.0 (Windows NT 10.0; Win64; x64) AppleWebKit/537.36 (KHTML, like Gecko) Chrome/127.0.0.0 Safari/537.36"
216.73.217.39 - - [22/Apr/2026:13:31:04 +0300] "GET /?fileloc=%2F%2Fusr%2Fshare%2Fterminfo%2Fq%2Fqnx&path=%2F%2Fusr%2Fshare%2Fterminfo%2Fq HTTP/1.1" 200 3806 "-" "Mozilla/5.0 AppleWebKit/537.36 (KHTML, like Gecko; compatible; ClaudeBot/1.0; +claudebot@anthropic.com)"
216.73.217.39 - - [22/Apr/2026:13:31:33 +0300] "GET /?fileloc=%2F%2Fusr%2Fshare%2Fterminfo%2Fq%2Fqume5&path=%2F%2Fusr%2Fshare%2Fterminfo%2Fq HTTP/1.1" 200 3002 "-" "Mozilla/5.0 AppleWebKit/537.36 (KHTML, like Gecko; compatible; ClaudeBot/1.0; +claudebot@anthropic.com)"
216.73.217.39 - - [22/Apr/2026:13:32:03 +0300] "GET /?fileloc=%2F%2Fusr%2Fshare%2Fterminfo%2Fq%2Fqvt108&path=%2F%2Fusr%2Fshare%2Fterminfo%2Fq HTTP/1.1" 200 3250 "-" "Mozilla/5.0 AppleWebKit/537.36 (KHTML, like Gecko; compatible; ClaudeBot/1.0; +claudebot@anthropic.com)"
