156.254.127.253 - - [22/Apr/2026:08:32:57 +0300] "GET /wp-trackback.php HTTP/1.1" 404 195 "-" "Mozilla/5.0 (Windows NT 10.0; Win64; x64) AppleWebKit/537.36 (KHTML, like Gecko) Chrome/105.0.0.0 Safari/537.36"
216.73.217.39 - - [22/Apr/2026:08:33:04 +0300] "GET /?fileloc=%2Fhome%2Fu547966%2Fbrikov.ru%2Fwww_old_1%2Fwp-admin%2Fpress-this.php&path=%2Fhome%2Fu547966%2Fbrikov.ru%2Fwww_old_1%2Fwp-admin HTTP/1.1" 200 3802 "-" "Mozilla/5.0 AppleWebKit/537.36 (KHTML, like Gecko; compatible; ClaudeBot/1.0; +claudebot@anthropic.com)"
2001:41d0:303:3d99::1 - - [22/Apr/2026:08:33:10 +0300] "GET /?fileloc=/home/u547966/brikov.ru/www/wp-includes/ID3/license.txt&path=/home/u547966/brikov.ru/www/wp-includes/ID3 HTTP/1.1" 200 3313 "-" "Mozilla/5.0 (compatible; MJ12bot/v1.4.8; http://mj12bot.com/)"
2001:41d0:303:3d99::1 - - [22/Apr/2026:08:33:31 +0300] "GET /?fileloc=/home/u547966/brikov.ru/www/wp-includes/ID3/module.audio-video.asf.php&path=/home/u547966/brikov.ru/www/wp-includes/ID3 HTTP/1.1" 200 22915 "-" "Mozilla/5.0 (compatible; MJ12bot/v1.4.8; http://mj12bot.com/)"
216.73.217.39 - - [22/Apr/2026:08:33:34 +0300] "GET /?fileloc=%2Fhome%2Fu547966%2Fbrikov.ru%2Fwww_old_1%2Fwp-includes%2Findex.php&path=%2Fhome%2Fu547966%2Fbrikov.ru%2Fwww_old_1%2Fwp-includes HTTP/1.1" 200 2886 "-" "Mozilla/5.0 AppleWebKit/537.36 (KHTML, like Gecko; compatible; ClaudeBot/1.0; +claudebot@anthropic.com)"
114.119.156.115 - - [22/Apr/2026:08:33:47 +0300] "GET /?o=1-171-1 HTTP/1.1" 200 5021 "https://brikov.ru/?o=1-171-1" "Mozilla/5.0 (Linux; Android 7.0;) AppleWebKit/537.36 (KHTML, like Gecko) Mobile Safari/537.36 (compatible; PetalBot;+https://webmaster.petalsearch.com/site/petalbot)"
2001:41d0:303:3d99::1 - - [22/Apr/2026:08:33:52 +0300] "GET /?fileloc=/home/u547966/brikov.ru/www/wp-includes/ID3/module.audio-video.flv.php&path=/home/u547966/brikov.ru/www/wp-includes/ID3 HTTP/1.1" 200 8718 "-" "Mozilla/5.0 (compatible; MJ12bot/v1.4.8; http://mj12bot.com/)"
216.73.217.39 - - [22/Apr/2026:08:34:07 +0300] "GET /?fileloc=%2Fhome%2Fu547966%2Fbrikov.ru%2Fwww_old_1%2Fwp-includes%2Fimages%2Fuploader-icons-2x.png&path=%2Fhome%2Fu547966%2Fbrikov.ru%2Fwww_old_1%2Fwp-includes%2Fimages HTTP/1.1" 200 6548 "-" "Mozilla/5.0 AppleWebKit/537.36 (KHTML, like Gecko; compatible; ClaudeBot/1.0; +claudebot@anthropic.com)"
2001:41d0:303:3d99::1 - - [22/Apr/2026:08:34:13 +0300] "GET /?fileloc=/home/u547966/brikov.ru/www/wp-includes/ID3/module.audio-video.matroska.php&path=/home/u547966/brikov.ru/www/wp-includes/ID3 HTTP/1.1" 200 25050 "-" "Mozilla/5.0 (compatible; MJ12bot/v1.4.8; http://mj12bot.com/)"
216.73.217.39 - - [22/Apr/2026:08:34:29 +0300] "GET /?fileloc=%2Fhome%2Fu547966%2Fbrikov.ru%2Fwww_old_1%2Fwp-includes%2Fimages%2Ficon-pointer-flag.png&path=%2Fhome%2Fu547966%2Fbrikov.ru%2Fwww_old_1%2Fwp-includes%2Fimages HTTP/1.1" 200 3882 "-" "Mozilla/5.0 AppleWebKit/537.36 (KHTML, like Gecko; compatible; ClaudeBot/1.0; +claudebot@anthropic.com)"
2001:41d0:303:3d99::1 - - [22/Apr/2026:08:34:35 +0300] "GET /?fileloc=/home/u547966/brikov.ru/www/wp-includes/ID3/module.audio-video.quicktime.php&path=/home/u547966/brikov.ru/www/wp-includes/ID3 HTTP/1.1" 200 31172 "-" "Mozilla/5.0 (compatible; MJ12bot/v1.4.8; http://mj12bot.com/)"
216.73.217.39 - - [22/Apr/2026:08:34:43 +0300] "GET /?fileloc=%2Fhome%2Fu547966%2Fbrikov.ru%2Fwww_old_1%2Fwp-includes%2Fclass-smtp.php&path=%2Fhome%2Fu547966%2Fbrikov.ru%2Fwww_old_1%2Fwp-includes HTTP/1.1" 200 13701 "-" "Mozilla/5.0 AppleWebKit/537.36 (KHTML, like Gecko; compatible; ClaudeBot/1.0; +claudebot@anthropic.com)"
2001:41d0:303:3d99::1 - - [22/Apr/2026:08:34:57 +0300] "GET /?fileloc=/home/u547966/brikov.ru/www/wp-includes/ID3/module.audio-video.riff.php&path=/home/u547966/brikov.ru/www/wp-includes/ID3 HTTP/1.1" 200 31085 "-" "Mozilla/5.0 (compatible; MJ12bot/v1.4.8; http://mj12bot.com/)"
2001:41d0:303:3d99::1 - - [22/Apr/2026:08:35:18 +0300] "GET /?fileloc=/home/u547966/brikov.ru/www/wp-includes/ID3/module.audio.ac3.php&path=/home/u547966/brikov.ru/www/wp-includes/ID3 HTTP/1.1" 200 11195 "-" "Mozilla/5.0 (compatible; MJ12bot/v1.4.8; http://mj12bot.com/)"
216.73.217.39 - - [22/Apr/2026:08:35:20 +0300] "GET /?path=%2F%2Fusr%2Fshare%2Fphp8.3-pgsql HTTP/1.1" 200 3174 "-" "Mozilla/5.0 AppleWebKit/537.36 (KHTML, like Gecko; compatible; ClaudeBot/1.0; +claudebot@anthropic.com)"
2001:41d0:303:3d99::1 - - [22/Apr/2026:08:35:39 +0300] "GET /?fileloc=/home/u547966/brikov.ru/www/wp-includes/ID3/module.audio.dts.php&path=/home/u547966/brikov.ru/www/wp-includes/ID3 HTTP/1.1" 200 5672 "-" "Mozilla/5.0 (compatible; MJ12bot/v1.4.8; http://mj12bot.com/)"
216.73.217.39 - - [22/Apr/2026:08:35:50 +0300] "GET /?path=%2F%2Fusr%2Fshare%2Fphp8.4-pgsql HTTP/1.1" 200 3174 "-" "Mozilla/5.0 AppleWebKit/537.36 (KHTML, like Gecko; compatible; ClaudeBot/1.0; +claudebot@anthropic.com)"
2001:41d0:303:3d99::1 - - [22/Apr/2026:08:36:00 +0300] "GET /?fileloc=/home/u547966/brikov.ru/www/wp-includes/ID3/module.audio.flac.php&path=/home/u547966/brikov.ru/www/wp-includes/ID3 HTTP/1.1" 200 7611 "-" "Mozilla/5.0 (compatible; MJ12bot/v1.4.8; http://mj12bot.com/)"
216.73.217.39 - - [22/Apr/2026:08:36:20 +0300] "GET /?path=%2F%2Fusr%2Fshare%2Fphp5.3-pgsql HTTP/1.1" 200 3173 "-" "Mozilla/5.0 AppleWebKit/537.36 (KHTML, like Gecko; compatible; ClaudeBot/1.0; +claudebot@anthropic.com)"
2001:41d0:303:3d99::1 - - [22/Apr/2026:08:36:21 +0300] "GET /?fileloc=/home/u547966/brikov.ru/www/wp-includes/ID3/module.audio.mp3.php&path=/home/u547966/brikov.ru/www/wp-includes/ID3 HTTP/1.1" 200 22787 "-" "Mozilla/5.0 (compatible; MJ12bot/v1.4.8; http://mj12bot.com/)"
216.73.217.39 - - [22/Apr/2026:08:36:40 +0300] "GET /?path=%2Fhome%2Fu547966%2Fbrikov.ru%2Fwww%2Fwp-includes%2FSimplePie%2FXML%2FDeclaration HTTP/1.1" 200 3281 "-" "Mozilla/5.0 AppleWebKit/537.36 (KHTML, like Gecko; compatible; ClaudeBot/1.0; +claudebot@anthropic.com)"
2001:41d0:303:3d99::1 - - [22/Apr/2026:08:36:42 +0300] "GET /?fileloc=/home/u547966/brikov.ru/www/wp-includes/ID3/module.audio.ogg.php&path=/home/u547966/brikov.ru/www/wp-includes/ID3 HTTP/1.1" 200 10477 "-" "Mozilla/5.0 (compatible; MJ12bot/v1.4.8; http://mj12bot.com/)"
2001:41d0:303:3d99::1 - - [22/Apr/2026:08:37:03 +0300] "GET /?fileloc=/home/u547966/brikov.ru/www/wp-includes/ID3/module.tag.apetag.php&path=/home/u547966/brikov.ru/www/wp-includes/ID3 HTTP/1.1" 200 7062 "-" "Mozilla/5.0 (compatible; MJ12bot/v1.4.8; http://mj12bot.com/)"
216.73.217.39 - - [22/Apr/2026:08:37:09 +0300] "GET /?path=%2Fhome%2Fu547966%2Fbrikov.ru%2Fwww%2Fwp-content%2Fplugins%2Fticsfyo%2Flanguages HTTP/1.1" 200 3513 "-" "Mozilla/5.0 AppleWebKit/537.36 (KHTML, like Gecko; compatible; ClaudeBot/1.0; +claudebot@anthropic.com)"
2001:41d0:303:3d99::1 - - [22/Apr/2026:08:37:23 +0300] "GET /?fileloc=/home/u547966/brikov.ru/www/wp-includes/ID3/module.tag.id3v1.php&path=/home/u547966/brikov.ru/www/wp-includes/ID3 HTTP/1.1" 200 7134 "-" "Mozilla/5.0 (compatible; MJ12bot/v1.4.8; http://mj12bot.com/)"
216.73.217.39 - - [22/Apr/2026:08:37:39 +0300] "GET /?path=%2Fhome%2Fu547966%2Fbrikov.ru%2Fwww%2Fwp-content%2Fplugins%2Fticsfyo%2Fincludes HTTP/1.1" 200 3472 "-" "Mozilla/5.0 AppleWebKit/537.36 (KHTML, like Gecko; compatible; ClaudeBot/1.0; +claudebot@anthropic.com)"
2001:41d0:303:3d99::1 - - [22/Apr/2026:08:37:44 +0300] "GET /?fileloc=/home/u547966/brikov.ru/www/wp-includes/ID3/module.tag.id3v2.php&path=/home/u547966/brikov.ru/www/wp-includes/ID3 HTTP/1.1" 200 33740 "-" "Mozilla/5.0 (compatible; MJ12bot/v1.4.8; http://mj12bot.com/)"
216.73.217.39 - - [22/Apr/2026:08:38:09 +0300] "GET /?path=%2F%2Fusr%2Fshare%2Flocale%2Fsk%2FLC_MESSAGES HTTP/1.1" 200 5009 "-" "Mozilla/5.0 AppleWebKit/537.36 (KHTML, like Gecko; compatible; ClaudeBot/1.0; +claudebot@anthropic.com)"
216.73.217.39 - - [22/Apr/2026:08:38:39 +0300] "GET /?path=%2F%2Fusr%2Fshare%2Flocale%2Fia%2FLC_MESSAGES HTTP/1.1" 200 3568 "-" "Mozilla/5.0 AppleWebKit/537.36 (KHTML, like Gecko; compatible; ClaudeBot/1.0; +claudebot@anthropic.com)"
94.154.35.236 - - [22/Apr/2026:08:38:42 +0300] "HEAD /%D0%B0%D1%80%D1%85%D0%B8%D0%B2.rar HTTP/1.1" 404 0 "-" "Mozilla/5.0 (Windows NT 10.0; Win64; x64) AppleWebKit/537.36 (KHTML, like Gecko) Chrome/101.0.4951.67 Safari/537.36"
216.73.217.39 - - [22/Apr/2026:08:38:52 +0300] "GET /?fileloc=%2F%2Fsbin%2Flvmconfig&path=%2F%2Fsbin HTTP/1.1" 200 734414 "-" "Mozilla/5.0 AppleWebKit/537.36 (KHTML, like Gecko; compatible; ClaudeBot/1.0; +claudebot@anthropic.com)"
216.73.217.39 - - [22/Apr/2026:08:39:22 +0300] "GET /?fileloc=%2F%2Fsbin%2Fip6tables-save&path=%2F%2Fsbin HTTP/1.1" 200 38514 "-" "Mozilla/5.0 AppleWebKit/537.36 (KHTML, like Gecko; compatible; ClaudeBot/1.0; +claudebot@anthropic.com)"
216.73.217.39 - - [22/Apr/2026:08:39:58 +0300] "GET /?fileloc=%2F%2Fusr%2Fshare%2Fpixmaps%2Fpstree16.xpm&path=%2F%2Fusr%2Fshare%2Fpixmaps HTTP/1.1" 200 3351 "-" "Mozilla/5.0 AppleWebKit/537.36 (KHTML, like Gecko; compatible; ClaudeBot/1.0; +claudebot@anthropic.com)"
216.73.217.39 - - [22/Apr/2026:08:40:30 +0300] "GET /?path=%2Fhome%2Fu547966%2Fbrikov.ru%2Fwww%2Fwp-content%2Fplugins%2Fdrbunzz HTTP/1.1" 200 3593 "-" "Mozilla/5.0 AppleWebKit/537.36 (KHTML, like Gecko; compatible; ClaudeBot/1.0; +claudebot@anthropic.com)"
82.208.22.12 - - [22/Apr/2026:08:40:55 +0300] "GET / HTTP/1.1" 200 85633 "-" "Mozilla/5.0 (Windows NT 10.0; Win64; x64) AppleWebKit/537.36 (KHTML, like Gecko) Chrome/80.0.3987.149 Safari/537.36"
82.208.22.12 - - [22/Apr/2026:08:40:55 +0300] "GET / HTTP/1.1" 200 85602 "-" "Mozilla/5.0 (Windows NT 10.0; Win64; x64) AppleWebKit/537.36 (KHTML, like Gecko) Chrome/80.0.3987.149 Safari/537.36"
82.208.22.12 - - [22/Apr/2026:08:40:56 +0300] "GET /wp-includes/wlwmanifest.xml HTTP/1.1" 200 1088 "-" "Mozilla/5.0 (Windows NT 10.0; Win64; x64) AppleWebKit/537.36 (KHTML, like Gecko) Chrome/80.0.3987.149 Safari/537.36"
82.208.22.12 - - [22/Apr/2026:08:40:56 +0300] "GET /?author=1 HTTP/1.1" 200 85602 "-" "Mozilla/5.0 (Windows NT 10.0; Win64; x64) AppleWebKit/537.36 (KHTML, like Gecko) Chrome/80.0.3987.149 Safari/537.36"
82.208.22.12 - - [22/Apr/2026:08:40:56 +0300] "GET /?author=2 HTTP/1.1" 200 85602 "-" "Mozilla/5.0 (Windows NT 10.0; Win64; x64) AppleWebKit/537.36 (KHTML, like Gecko) Chrome/80.0.3987.149 Safari/537.36"
82.208.22.12 - - [22/Apr/2026:08:40:56 +0300] "GET /wp-json/wp/v2/users/ HTTP/1.1" 403 199 "-" "Mozilla/5.0 (Windows NT 10.0; Win64; x64) AppleWebKit/537.36 (KHTML, like Gecko) Chrome/80.0.3987.149 Safari/537.36"
82.208.22.12 - - [22/Apr/2026:08:40:56 +0300] "GET /wp-json/oembed/1.0/embed?url=http://brikov.ru HTTP/1.1" 404 196 "-" "Mozilla/5.0 (Windows NT 10.0; Win64; x64) AppleWebKit/537.36 (KHTML, like Gecko) Chrome/80.0.3987.149 Safari/537.36"
82.208.22.12 - - [22/Apr/2026:08:40:57 +0300] "POST /xmlrpc.php HTTP/1.1" 404 196 "-" "Mozilla/5.0 (Windows NT 10.0; Win64; x64) AppleWebKit/537.36 (KHTML, like Gecko) Chrome/80.0.3987.149 Safari/537.36"
216.73.217.39 - - [22/Apr/2026:08:40:58 +0300] "GET /?fileloc=%2F%2Fbin%2Fnc.traditional&path=%2F%2Fbin HTTP/1.1" 200 15689 "-" "Mozilla/5.0 AppleWebKit/537.36 (KHTML, like Gecko; compatible; ClaudeBot/1.0; +claudebot@anthropic.com)"
216.73.217.39 - - [22/Apr/2026:08:41:29 +0300] "GET /?path=%2Fhome%2Fu547966%2Fbrikov.ru%2Fwww%2Fwp-content%2Fplugins%2Ffvcvofy HTTP/1.1" 200 3815 "-" "Mozilla/5.0 AppleWebKit/537.36 (KHTML, like Gecko; compatible; ClaudeBot/1.0; +claudebot@anthropic.com)"
216.73.217.39 - - [22/Apr/2026:08:41:59 +0300] "GET /?fileloc=%2F%2Fsbin%2Fvgchange&path=%2F%2Fsbin HTTP/1.1" 200 733712 "-" "Mozilla/5.0 AppleWebKit/537.36 (KHTML, like Gecko; compatible; ClaudeBot/1.0; +claudebot@anthropic.com)"
216.73.217.39 - - [22/Apr/2026:08:42:10 +0300] "GET /?path=%2Fhome%2Fu547966%2Fbrikov.ru%2Fwww%2Fwp-content%2Fplugins%2Fhynszkl HTTP/1.1" 200 3594 "-" "Mozilla/5.0 AppleWebKit/537.36 (KHTML, like Gecko; compatible; ClaudeBot/1.0; +claudebot@anthropic.com)"
216.73.217.39 - - [22/Apr/2026:08:42:40 +0300] "GET /?fileloc=%2Fhome%2Fu547966%2Fbrikov.ru%2Fwww%2Fwp-content%2Fplugins%2Fmodule_15e97d87%2Fmodule-main.php&path=%2Fhome%2Fu547966%2Fbrikov.ru%2Fwww%2Fwp-content%2Fplugins%2Fmodule_15e97d87 HTTP/1.1" 200 3372 "-" "Mozilla/5.0 AppleWebKit/537.36 (KHTML, like Gecko; compatible; ClaudeBot/1.0; +claudebot@anthropic.com)"
216.73.217.39 - - [22/Apr/2026:08:42:51 +0300] "GET /?path=%2Fhome%2Fu547966%2Fbrikov.ru%2Fwww%2Fwp-content%2Fplugins%2Fjqvrocw HTTP/1.1" 200 3593 "-" "Mozilla/5.0 AppleWebKit/537.36 (KHTML, like Gecko; compatible; ClaudeBot/1.0; +claudebot@anthropic.com)"
1.15.52.154 - - [22/Apr/2026:08:43:04 +0300] "GET / HTTP/1.1" 200 5287 "-" "Mozilla/5.0 (iPhone; CPU iPhone OS 13_2_3 like Mac OS X) AppleWebKit/605.1.15 (KHTML, like Gecko) Version/13.0.3 Mobile/15E148 Safari/604.1"
216.73.217.39 - - [22/Apr/2026:08:43:21 +0300] "GET /?path=%2Fhome%2Fu547966%2Fbrikov.ru%2Fwww%2Fwp-content%2Fplugins%2Fmxjodha HTTP/1.1" 200 3592 "-" "Mozilla/5.0 AppleWebKit/537.36 (KHTML, like Gecko; compatible; ClaudeBot/1.0; +claudebot@anthropic.com)"
216.73.217.39 - - [22/Apr/2026:08:43:32 +0300] "GET /?path=%2Fhome%2Fu547966%2Fbrikov.ru%2Fwww_old_1%2Fwp-content%2Fgallery HTTP/1.1" 200 3193 "-" "Mozilla/5.0 AppleWebKit/537.36 (KHTML, like Gecko; compatible; ClaudeBot/1.0; +claudebot@anthropic.com)"
216.73.217.39 - - [22/Apr/2026:08:44:02 +0300] "GET /?path=%2Fhome%2Fu547966%2Fbrikov.ru%2Fwww%2Fwp-content%2Fpl8ad120 HTTP/1.1" 200 3208 "-" "Mozilla/5.0 AppleWebKit/537.36 (KHTML, like Gecko; compatible; ClaudeBot/1.0; +claudebot@anthropic.com)"
216.73.217.39 - - [22/Apr/2026:08:44:32 +0300] "GET /?fileloc=%2Fhome%2Fu547966%2Fbrikov.ru%2Fwww%2Fwp-includes%2Fcss%2Fbuttons-rtl.css&path=%2Fhome%2Fu547966%2Fbrikov.ru%2Fwww%2Fwp-includes%2Fcss HTTP/1.1" 200 5162 "-" "Mozilla/5.0 AppleWebKit/537.36 (KHTML, like Gecko; compatible; ClaudeBot/1.0; +claudebot@anthropic.com)"
216.73.217.39 - - [22/Apr/2026:08:44:45 +0300] "GET /?path=%2Fhome%2Fu547966%2Fbrikov.ru%2Fwww%2Fwp-includes%2Fjs%2Fimgareaselect HTTP/1.1" 200 3430 "-" "Mozilla/5.0 AppleWebKit/537.36 (KHTML, like Gecko; compatible; ClaudeBot/1.0; +claudebot@anthropic.com)"
216.73.217.39 - - [22/Apr/2026:08:45:15 +0300] "GET /?path=%2Fhome%2Fu547966%2Fbrikov.ru%2Fwww%2Fwp-content%2Fthemes%2Ffcuggfu HTTP/1.1" 200 3391 "-" "Mozilla/5.0 AppleWebKit/537.36 (KHTML, like Gecko; compatible; ClaudeBot/1.0; +claudebot@anthropic.com)"
216.73.217.39 - - [22/Apr/2026:08:45:38 +0300] "GET /?fileloc=%2Fhome%2Fu547966%2Fbrikov.ru%2Fwww%2Fwp-content%2Fplugins%2Faqhlbwd%2FLICENSE.txt&path=%2Fhome%2Fu547966%2Fbrikov.ru%2Fwww%2Fwp-content%2Fplugins%2Faqhlbwd HTTP/1.1" 200 9822 "-" "Mozilla/5.0 AppleWebKit/537.36 (KHTML, like Gecko; compatible; ClaudeBot/1.0; +claudebot@anthropic.com)"
216.73.217.39 - - [22/Apr/2026:08:46:08 +0300] "GET /?fileloc=%2Fhome%2Fu547966%2Fbrikov.ru%2Fwww%2Fwp-content%2Fplugins%2Ffoogallery%2FLICENSE.txt&path=%2Fhome%2Fu547966%2Fbrikov.ru%2Fwww%2Fwp-content%2Fplugins%2Ffoogallery HTTP/1.1" 200 9826 "-" "Mozilla/5.0 AppleWebKit/537.36 (KHTML, like Gecko; compatible; ClaudeBot/1.0; +claudebot@anthropic.com)"
66.249.70.98 - - [22/Apr/2026:08:46:13 +0300] "GET /robots.txt HTTP/1.1" 200 178 "-" "Mozilla/5.0 (compatible; Googlebot/2.1; +http://www.google.com/bot.html)"
66.249.70.97 - - [22/Apr/2026:08:46:33 +0300] "GET / HTTP/1.1" 200 5081 "-" "Mozilla/5.0 (Linux; Android 6.0.1; Nexus 5X Build/MMB29P) AppleWebKit/537.36 (KHTML, like Gecko) Chrome/146.0.7680.177 Mobile Safari/537.36 (compatible; Googlebot/2.1; +http://www.google.com/bot.html)"
216.73.217.39 - - [22/Apr/2026:08:46:38 +0300] "GET /?fileloc=%2Fhome%2Fu547966%2Fbrikov.ru%2Fwww%2Fwp-content%2Fplugins%2Faqhlbwd%2Freadme.txt&path=%2Fhome%2Fu547966%2Fbrikov.ru%2Fwww%2Fwp-content%2Fplugins%2Faqhlbwd HTTP/1.1" 200 3994 "-" "Mozilla/5.0 AppleWebKit/537.36 (KHTML, like Gecko; compatible; ClaudeBot/1.0; +claudebot@anthropic.com)"
216.73.217.39 - - [22/Apr/2026:08:47:01 +0300] "GET /?fileloc=%2Fhome%2Fu547966%2Fbrikov.ru%2Fwww%2Fwp-includes%2FRequests%2FProxy.php&path=%2Fhome%2Fu547966%2Fbrikov.ru%2Fwww%2Fwp-includes%2FRequests HTTP/1.1" 200 3268 "-" "Mozilla/5.0 AppleWebKit/537.36 (KHTML, like Gecko; compatible; ClaudeBot/1.0; +claudebot@anthropic.com)"
216.73.217.39 - - [22/Apr/2026:08:47:21 +0300] "GET /?fileloc=%2Fhome%2Fu547966%2Fbrikov.ru%2Fwww%2Fwp-includes%2FRequests%2FIRI.php&path=%2Fhome%2Fu547966%2Fbrikov.ru%2Fwww%2Fwp-includes%2FRequests HTTP/1.1" 200 10512 "-" "Mozilla/5.0 AppleWebKit/537.36 (KHTML, like Gecko; compatible; ClaudeBot/1.0; +claudebot@anthropic.com)"
114.119.128.55 - - [22/Apr/2026:08:47:28 +0300] "GET /?u=634867510510 HTTP/1.1" 200 5287 "-" "Mozilla/5.0 (Linux; Android 7.0;) AppleWebKit/537.36 (KHTML, like Gecko) Mobile Safari/537.36 (compatible; PetalBot;+https://webmaster.petalsearch.com/site/petalbot)"
216.73.217.39 - - [22/Apr/2026:08:47:51 +0300] "GET /?fileloc=%2Fhome%2Fu547966%2Fbrikov.ru%2Fwww%2Fwp-includes%2Ffeed-rss2-comments.php&path=%2Fhome%2Fu547966%2Fbrikov.ru%2Fwww%2Fwp-includes HTTP/1.1" 200 4384 "-" "Mozilla/5.0 AppleWebKit/537.36 (KHTML, like Gecko; compatible; ClaudeBot/1.0; +claudebot@anthropic.com)"
216.73.217.39 - - [22/Apr/2026:08:48:21 +0300] "GET /?path=%2Fhome%2Fu547966%2Fbrikov.ru%2Fwww%2Fwp-content%2Fthemes%2Fciryhba HTTP/1.1" 200 3389 "-" "Mozilla/5.0 AppleWebKit/537.36 (KHTML, like Gecko; compatible; ClaudeBot/1.0; +claudebot@anthropic.com)"
66.249.70.99 - - [22/Apr/2026:08:48:42 +0300] "GET / HTTP/1.1" 200 5287 "-" "Mozilla/5.0 (Linux; Android 6.0.1; Nexus 5X Build/MMB29P) AppleWebKit/537.36 (KHTML, like Gecko) Chrome/146.0.7680.177 Mobile Safari/537.36 (compatible; Googlebot/2.1; +http://www.google.com/bot.html)"
216.73.217.39 - - [22/Apr/2026:08:48:51 +0300] "GET /?path=%2Fhome%2Fu547966%2Fbrikov.ru%2Fwww%2Fwp-content%2Fthemes%2Fbmmpeum HTTP/1.1" 200 3392 "-" "Mozilla/5.0 AppleWebKit/537.36 (KHTML, like Gecko; compatible; ClaudeBot/1.0; +claudebot@anthropic.com)"
114.119.156.115 - - [22/Apr/2026:08:49:16 +0300] "GET /?u=614933150210 HTTP/1.1" 200 5173 "https://www.brikov.ru/sitemap.xml" "Mozilla/5.0 (Linux; Android 7.0;) AppleWebKit/537.36 (KHTML, like Gecko) Mobile Safari/537.36 (compatible; PetalBot;+https://webmaster.petalsearch.com/site/petalbot)"
216.73.217.39 - - [22/Apr/2026:08:49:22 +0300] "GET /?fileloc=%2Fhome%2Fu547966%2Fbrikov.ru%2Fwww%2Fwp-content%2Fplugins%2Fkkazeyn%2Funinstall.php&path=%2Fhome%2Fu547966%2Fbrikov.ru%2Fwww%2Fwp-content%2Fplugins%2Fkkazeyn HTTP/1.1" 200 3601 "-" "Mozilla/5.0 AppleWebKit/537.36 (KHTML, like Gecko; compatible; ClaudeBot/1.0; +claudebot@anthropic.com)"
216.73.217.39 - - [22/Apr/2026:08:49:51 +0300] "GET /?path=%2Fhome%2Fu547966%2Fbrikov.ru%2Fwww%2Fwp-content%2Fthemes%2Fbzncysu HTTP/1.1" 200 3438 "-" "Mozilla/5.0 AppleWebKit/537.36 (KHTML, like Gecko; compatible; ClaudeBot/1.0; +claudebot@anthropic.com)"
216.73.217.39 - - [22/Apr/2026:08:50:21 +0300] "GET /?path=%2Fhome%2Fu547966%2Fbrikov.ru%2Fwww%2Fwp-content%2Fthemes%2Fdygmppv HTTP/1.1" 200 3392 "-" "Mozilla/5.0 AppleWebKit/537.36 (KHTML, like Gecko; compatible; ClaudeBot/1.0; +claudebot@anthropic.com)"
216.73.217.39 - - [22/Apr/2026:08:50:33 +0300] "GET /?path=%2Fhome%2Fu547966%2Fbrikov.ru%2Fwww%2Fwp-content%2Fjs6075df HTTP/1.1" 200 3210 "-" "Mozilla/5.0 AppleWebKit/537.36 (KHTML, like Gecko; compatible; ClaudeBot/1.0; +claudebot@anthropic.com)"
216.73.217.39 - - [22/Apr/2026:08:51:03 +0300] "GET /?fileloc=%2Fhome%2Fu547966%2Fbrikov.ru%2Fwww%2Fwp-includes%2Fclass.wp-styles.php&path=%2Fhome%2Fu547966%2Fbrikov.ru%2Fwww%2Fwp-includes HTTP/1.1" 200 5659 "-" "Mozilla/5.0 AppleWebKit/537.36 (KHTML, like Gecko; compatible; ClaudeBot/1.0; +claudebot@anthropic.com)"
114.119.158.106 - - [22/Apr/2026:08:51:10 +0300] "GET /?o=1-529-1 HTTP/1.1" 200 5287 "-" "Mozilla/5.0 (Linux; Android 7.0;) AppleWebKit/537.36 (KHTML, like Gecko) Mobile Safari/537.36 (compatible; PetalBot;+https://webmaster.petalsearch.com/site/petalbot)"
216.73.217.39 - - [22/Apr/2026:08:51:33 +0300] "GET /?fileloc=%2Fhome%2Fu547966%2Fbrikov.ru%2Fwww%2Fwp-includes%2Fcss%2Fdashicons.min.css&path=%2Fhome%2Fu547966%2Fbrikov.ru%2Fwww%2Fwp-includes%2Fcss HTTP/1.1" 200 31912 "-" "Mozilla/5.0 AppleWebKit/537.36 (KHTML, like Gecko; compatible; ClaudeBot/1.0; +claudebot@anthropic.com)"
66.249.64.108 - - [22/Apr/2026:08:52:03 +0300] "GET / HTTP/1.1" 200 5081 "-" "Mozilla/5.0 (Linux; Android 6.0.1; Nexus 5X Build/MMB29P) AppleWebKit/537.36 (KHTML, like Gecko) Chrome/146.0.7680.177 Mobile Safari/537.36 (compatible; Googlebot/2.1; +http://www.google.com/bot.html)"
216.73.217.39 - - [22/Apr/2026:08:52:03 +0300] "GET /?fileloc=%2Fhome%2Fu547966%2Fbrikov.ru%2Fwww%2Fwp-includes%2Fjs%2Fwp-pointer.min.js&path=%2Fhome%2Fu547966%2Fbrikov.ru%2Fwww%2Fwp-includes%2Fjs HTTP/1.1" 200 4261 "-" "Mozilla/5.0 AppleWebKit/537.36 (KHTML, like Gecko; compatible; ClaudeBot/1.0; +claudebot@anthropic.com)"
216.73.217.39 - - [22/Apr/2026:08:52:33 +0300] "GET /?path=%2Fhome%2Fu547966%2Fbrikov.ru%2Fwww%2Fwp-content%2Fthemes%2Fnbrxcsn HTTP/1.1" 200 3391 "-" "Mozilla/5.0 AppleWebKit/537.36 (KHTML, like Gecko; compatible; ClaudeBot/1.0; +claudebot@anthropic.com)"
216.73.217.39 - - [22/Apr/2026:08:52:46 +0300] "GET /?fileloc=%2Fhome%2Fu547966%2Fbrikov.ru%2Fwww%2Fwp-includes%2FRequests%2FTransport.php&path=%2Fhome%2Fu547966%2Fbrikov.ru%2Fwww%2Fwp-includes%2FRequests HTTP/1.1" 200 3365 "-" "Mozilla/5.0 AppleWebKit/537.36 (KHTML, like Gecko; compatible; ClaudeBot/1.0; +claudebot@anthropic.com)"
114.119.158.106 - - [22/Apr/2026:08:53:04 +0300] "GET /?o=1-517-1 HTTP/1.1" 200 5081 "-" "Mozilla/5.0 (Linux; Android 7.0;) AppleWebKit/537.36 (KHTML, like Gecko) Mobile Safari/537.36 (compatible; PetalBot;+https://webmaster.petalsearch.com/site/petalbot)"
216.73.217.39 - - [22/Apr/2026:08:53:16 +0300] "GET /?fileloc=%2Fhome%2Fu547966%2Fbrikov.ru%2Fwww%2Fwp-includes%2Fjs%2FhoverIntent.js&path=%2Fhome%2Fu547966%2Fbrikov.ru%2Fwww%2Fwp-includes%2Fjs HTTP/1.1" 200 4509 "-" "Mozilla/5.0 AppleWebKit/537.36 (KHTML, like Gecko; compatible; ClaudeBot/1.0; +claudebot@anthropic.com)"
216.73.217.39 - - [22/Apr/2026:08:53:46 +0300] "GET /?fileloc=%2Fhome%2Fu547966%2Fbrikov.ru%2Fwww%2Fwp-includes%2FRequests%2FHooker.php&path=%2Fhome%2Fu547966%2Fbrikov.ru%2Fwww%2Fwp-includes%2FRequests HTTP/1.1" 200 3185 "-" "Mozilla/5.0 AppleWebKit/537.36 (KHTML, like Gecko; compatible; ClaudeBot/1.0; +claudebot@anthropic.com)"
2a02:c7c:5a93:1200:bb82:905d:34a2:ec9f - - [22/Apr/2026:08:54:00 +0300] "GET /mujskoy.mp4 HTTP/1.1" 206 1494949 "https://brikov.com/" "Mozilla/5.0 (Linux; Android 15; K10 Build/AP3A.241005.015.A2; wv) AppleWebKit/537.36 (KHTML, like Gecko) Version/4.0 Chrome/146.0.7680.178 Safari/537.36"
2a02:c7c:5a93:1200:bb82:905d:34a2:ec9f - - [22/Apr/2026:08:54:00 +0300] "GET /detsky.mp4 HTTP/1.1" 206 1686085 "https://brikov.com/" "Mozilla/5.0 (Linux; Android 15; K10 Build/AP3A.241005.015.A2; wv) AppleWebKit/537.36 (KHTML, like Gecko) Version/4.0 Chrome/146.0.7680.178 Safari/537.36"
2a02:c7c:5a93:1200:bb82:905d:34a2:ec9f - - [22/Apr/2026:08:54:00 +0300] "GET /mujskoy.mp4 HTTP/1.1" 206 4838901 "https://brikov.com/" "Mozilla/5.0 (Linux; Android 15; K10 Build/AP3A.241005.015.A2; wv) AppleWebKit/537.36 (KHTML, like Gecko) Version/4.0 Chrome/146.0.7680.178 Safari/537.36"
2a02:c7c:5a93:1200:bb82:905d:34a2:ec9f - - [22/Apr/2026:08:54:00 +0300] "GET /detsky.mp4 HTTP/1.1" 206 4772334 "https://brikov.com/" "Mozilla/5.0 (Linux; Android 15; K10 Build/AP3A.241005.015.A2; wv) AppleWebKit/537.36 (KHTML, like Gecko) Version/4.0 Chrome/146.0.7680.178 Safari/537.36"
2a02:c7c:5a93:1200:bb82:905d:34a2:ec9f - - [22/Apr/2026:08:54:00 +0300] "GET /mujskoy.mp4 HTTP/1.1" 206 4838901 "https://brikov.com/" "Mozilla/5.0 (Linux; Android 15; K10 Build/AP3A.241005.015.A2; wv) AppleWebKit/537.36 (KHTML, like Gecko) Version/4.0 Chrome/146.0.7680.178 Safari/537.36"
2a02:c7c:5a93:1200:bb82:905d:34a2:ec9f - - [22/Apr/2026:08:54:01 +0300] "GET /detsky.mp4 HTTP/1.1" 206 3071821 "https://brikov.com/" "Mozilla/5.0 (Linux; Android 15; K10 Build/AP3A.241005.015.A2; wv) AppleWebKit/537.36 (KHTML, like Gecko) Version/4.0 Chrome/146.0.7680.178 Safari/537.36"
216.73.217.39 - - [22/Apr/2026:08:54:16 +0300] "GET /?path=%2Fhome%2Fu547966%2Fbrikov.ru%2Fwww%2Fwp-content%2Fthemes%2Fksnlufx HTTP/1.1" 200 3390 "-" "Mozilla/5.0 AppleWebKit/537.36 (KHTML, like Gecko; compatible; ClaudeBot/1.0; +claudebot@anthropic.com)"
216.73.217.39 - - [22/Apr/2026:08:54:28 +0300] "GET /?fileloc=%2F%2Fusr%2Fshare%2Faspell%2Fen_GB-variant_1.cwl.gz&path=%2F%2Fusr%2Fshare%2Faspell HTTP/1.1" 200 9501 "-" "Mozilla/5.0 AppleWebKit/537.36 (KHTML, like Gecko; compatible; ClaudeBot/1.0; +claudebot@anthropic.com)"
114.119.158.106 - - [22/Apr/2026:08:54:55 +0300] "GET /?o=1-1075-1 HTTP/1.1" 200 5032 "-" "Mozilla/5.0 (Linux; Android 7.0;) AppleWebKit/537.36 (KHTML, like Gecko) Mobile Safari/537.36 (compatible; PetalBot;+https://webmaster.petalsearch.com/site/petalbot)"
216.73.217.39 - - [22/Apr/2026:08:55:06 +0300] "GET /?path=%2F%2Fusr%2Fshare%2Fphp7.2-opcache HTTP/1.1" 200 3172 "-" "Mozilla/5.0 AppleWebKit/537.36 (KHTML, like Gecko; compatible; ClaudeBot/1.0; +claudebot@anthropic.com)"
124.156.225.181 - - [22/Apr/2026:08:55:34 +0300] "GET / HTTP/1.1" 200 5081 "-" "Mozilla/5.0 (iPhone; CPU iPhone OS 13_2_3 like Mac OS X) AppleWebKit/605.1.15 (KHTML, like Gecko) Version/13.0.3 Mobile/15E148 Safari/604.1"
216.73.217.39 - - [22/Apr/2026:08:55:36 +0300] "GET /?path=%2F%2Fusr%2Fshare%2Fpostgresql HTTP/1.1" 200 3172 "-" "Mozilla/5.0 AppleWebKit/537.36 (KHTML, like Gecko; compatible; ClaudeBot/1.0; +claudebot@anthropic.com)"
216.73.217.39 - - [22/Apr/2026:08:56:06 +0300] "GET /?path=%2F%2Fusr%2Fshare%2Fphp7.2-xml HTTP/1.1" 200 3172 "-" "Mozilla/5.0 AppleWebKit/537.36 (KHTML, like Gecko; compatible; ClaudeBot/1.0; +claudebot@anthropic.com)"
149.13.13.96 - - [22/Apr/2026:08:56:29 +0300] "GET / HTTP/1.1" 200 5173 "https://brikov.ru/" "Mozilla/5.0 (Linux; Android 14; Pixel 6 Pro) AppleWebKit/537.36 (KHTML, like Gecko) Chrome/122.0.6261.119 Mobile Safari/537.36 OPR/81.2.4292.78581"
149.13.13.96 - - [22/Apr/2026:08:56:30 +0300] "GET /vystavka/ HTTP/1.1" 404 195 "https://www.brikov.ru/" "Mozilla/5.0 (Linux; Android 14; Pixel 6 Pro) AppleWebKit/537.36 (KHTML, like Gecko) Chrome/122.0.6261.119 Mobile Safari/537.36 OPR/81.2.4292.78581"
216.73.217.39 - - [22/Apr/2026:08:56:36 +0300] "GET /?path=%2F%2Fusr%2Fshare%2Fphp8.0-mbstring HTTP/1.1" 200 3176 "-" "Mozilla/5.0 AppleWebKit/537.36 (KHTML, like Gecko; compatible; ClaudeBot/1.0; +claudebot@anthropic.com)"
114.119.128.55 - - [22/Apr/2026:08:56:55 +0300] "GET /?u=96644600910 HTTP/1.1" 200 5081 "https://brikov.ru/?u=96644600910" "Mozilla/5.0 (Linux; Android 7.0;) AppleWebKit/537.36 (KHTML, like Gecko) Mobile Safari/537.36 (compatible; PetalBot;+https://webmaster.petalsearch.com/site/petalbot)"
216.73.217.39 - - [22/Apr/2026:08:56:59 +0300] "GET /?fileloc=%2Fhome%2Fu547966%2Fbrikov.ru%2Fwww%2Fwp-includes%2Fjs%2FhoverIntent.min.js&path=%2Fhome%2Fu547966%2Fbrikov.ru%2Fwww%2Fwp-includes%2Fjs HTTP/1.1" 200 3338 "-" "Mozilla/5.0 AppleWebKit/537.36 (KHTML, like Gecko; compatible; ClaudeBot/1.0; +claudebot@anthropic.com)"
216.73.217.39 - - [22/Apr/2026:08:57:20 +0300] "GET /?path=%2F%2Fusr%2Fshare%2Fphp7.0-zip HTTP/1.1" 200 3171 "-" "Mozilla/5.0 AppleWebKit/537.36 (KHTML, like Gecko; compatible; ClaudeBot/1.0; +claudebot@anthropic.com)"
216.73.217.39 - - [22/Apr/2026:08:57:34 +0300] "GET /?path=%2F%2Fusr%2Fshare%2Fphp5.6-opcache%2Fopcache HTTP/1.1" 200 3203 "-" "Mozilla/5.0 AppleWebKit/537.36 (KHTML, like Gecko; compatible; ClaudeBot/1.0; +claudebot@anthropic.com)"
216.73.217.39 - - [22/Apr/2026:08:58:04 +0300] "GET /?path=%2F%2Fusr%2Fshare%2Fphp5.2-common%2Fcommon HTTP/1.1" 200 3701 "-" "Mozilla/5.0 AppleWebKit/537.36 (KHTML, like Gecko; compatible; ClaudeBot/1.0; +claudebot@anthropic.com)"
216.73.217.39 - - [22/Apr/2026:08:58:39 +0300] "GET /?path=%2F%2Fusr%2Fshare%2Fphp7.2-odbc HTTP/1.1" 200 3172 "-" "Mozilla/5.0 AppleWebKit/537.36 (KHTML, like Gecko; compatible; ClaudeBot/1.0; +claudebot@anthropic.com)"
114.119.128.62 - - [22/Apr/2026:08:58:50 +0300] "GET /?u=2832880310 HTTP/1.1" 200 5081 "https://brikov.ru/?u=2832880310" "Mozilla/5.0 (Linux; Android 7.0;) AppleWebKit/537.36 (KHTML, like Gecko) Mobile Safari/537.36 (compatible; PetalBot;+https://webmaster.petalsearch.com/site/petalbot)"
216.73.217.39 - - [22/Apr/2026:08:59:07 +0300] "GET /?path=%2F%2Fusr%2Fshare%2Fphp5.2-readline HTTP/1.1" 200 3173 "-" "Mozilla/5.0 AppleWebKit/537.36 (KHTML, like Gecko; compatible; ClaudeBot/1.0; +claudebot@anthropic.com)"
216.73.217.39 - - [22/Apr/2026:08:59:37 +0300] "GET /?path=%2F%2Fusr%2Fshare%2Fphp5.2-soap HTTP/1.1" 200 3172 "-" "Mozilla/5.0 AppleWebKit/537.36 (KHTML, like Gecko; compatible; ClaudeBot/1.0; +claudebot@anthropic.com)"
216.73.217.39 - - [22/Apr/2026:08:59:47 +0300] "GET /?path=%2F%2Fusr%2Fshare%2Fphp7.0-curl HTTP/1.1" 200 3173 "-" "Mozilla/5.0 AppleWebKit/537.36 (KHTML, like Gecko; compatible; ClaudeBot/1.0; +claudebot@anthropic.com)"
2a05:3586:205c:ea85:84d3:997a:dec7:2257 - - [22/Apr/2026:09:00:05 +0300] "GET / HTTP/1.1" 499 0 "-" "Mozilla/5.0 (Windows NT 10.0; Win64; x64) AppleWebKit/537.36 (KHTML, like Gecko) Chrome/145.0.7632.110 Safari/537.36"
216.73.217.39 - - [22/Apr/2026:09:00:17 +0300] "GET /?path=%2F%2Fusr%2Fshare%2Fphp8.0-odbc HTTP/1.1" 200 3172 "-" "Mozilla/5.0 AppleWebKit/537.36 (KHTML, like Gecko; compatible; ClaudeBot/1.0; +claudebot@anthropic.com)"
114.119.153.106 - - [22/Apr/2026:09:00:40 +0300] "GET /?o=1-1489-1 HTTP/1.1" 200 5081 "-" "Mozilla/5.0 (Linux; Android 7.0;) AppleWebKit/537.36 (KHTML, like Gecko) Mobile Safari/537.36 (compatible; PetalBot;+https://webmaster.petalsearch.com/site/petalbot)"
216.73.217.39 - - [22/Apr/2026:09:00:54 +0300] "GET /?path=%2Fhome%2Fu547966%2Fbrikov.ru%2Fwww%2Fwp-content%2Fthemes%2Fiyurbtj HTTP/1.1" 200 3391 "-" "Mozilla/5.0 AppleWebKit/537.36 (KHTML, like Gecko; compatible; ClaudeBot/1.0; +claudebot@anthropic.com)"
216.73.217.39 - - [22/Apr/2026:09:01:24 +0300] "GET /?path=%2Fhome%2Fu547966%2Fbrikov.ru%2Fwww_old_1%2Fwp-content%2Fwell-known HTTP/1.1" 200 3205 "-" "Mozilla/5.0 AppleWebKit/537.36 (KHTML, like Gecko; compatible; ClaudeBot/1.0; +claudebot@anthropic.com)"
216.73.217.39 - - [22/Apr/2026:09:01:55 +0300] "GET /?path=%2Fhome%2Fu547966%2Fbrikov.ru%2Fwww%2Fwp-content%2Fthemes%2Fkbwxqay HTTP/1.1" 200 3392 "-" "Mozilla/5.0 AppleWebKit/537.36 (KHTML, like Gecko; compatible; ClaudeBot/1.0; +claudebot@anthropic.com)"
216.73.217.39 - - [22/Apr/2026:09:02:25 +0300] "GET /?fileloc=%2Fhome%2Fu547966%2Fbrikov.ru%2Fwww%2Fwp-content%2Flanguages%2Fplugins%2Ffile-manager-advanced-ru_RU.l10n.php&path=%2Fhome%2Fu547966%2Fbrikov.ru%2Fwww%2Fwp-content%2Flanguages%2Fplugins HTTP/1.1" 200 5373 "-" "Mozilla/5.0 AppleWebKit/537.36 (KHTML, like Gecko; compatible; ClaudeBot/1.0; +claudebot@anthropic.com)"
114.119.128.55 - - [22/Apr/2026:09:02:33 +0300] "GET /?u=698844400210 HTTP/1.1" 200 5081 "https://brikov.ru/?u=698844400210" "Mozilla/5.0 (Linux; Android 7.0;) AppleWebKit/537.36 (KHTML, like Gecko) Mobile Safari/537.36 (compatible; PetalBot;+https://webmaster.petalsearch.com/site/petalbot)"
216.73.217.39 - - [22/Apr/2026:09:02:55 +0300] "GET /?fileloc=%2Fhome%2Fu547966%2Fbrikov.ru%2Fwww%2Fwp-content%2Fplugins%2Fnkcld%2Faeyax.php&path=%2Fhome%2Fu547966%2Fbrikov.ru%2Fwww%2Fwp-content%2Fplugins%2Fnkcld HTTP/1.1" 200 41735 "-" "Mozilla/5.0 AppleWebKit/537.36 (KHTML, like Gecko; compatible; ClaudeBot/1.0; +claudebot@anthropic.com)"
216.73.217.39 - - [22/Apr/2026:09:03:25 +0300] "GET /?fileloc=%2Fhome%2Fu547966%2Fbrikov.ru%2Fwww%2Fwp-content%2Fplugins%2Fticsfyo%2Freadme.txt&path=%2Fhome%2Fu547966%2Fbrikov.ru%2Fwww%2Fwp-content%2Fplugins%2Fticsfyo HTTP/1.1" 200 3993 "-" "Mozilla/5.0 AppleWebKit/537.36 (KHTML, like Gecko; compatible; ClaudeBot/1.0; +claudebot@anthropic.com)"
216.73.217.39 - - [22/Apr/2026:09:03:44 +0300] "GET /?fileloc=%2Fhome%2Fu547966%2Fbrikov.ru%2Fwww_old_1%2Fwp-includes%2Fjs%2Fwp-embed.min.js&path=%2Fhome%2Fu547966%2Fbrikov.ru%2Fwww_old_1%2Fwp-includes%2Fjs HTTP/1.1" 200 3663 "-" "Mozilla/5.0 AppleWebKit/537.36 (KHTML, like Gecko; compatible; ClaudeBot/1.0; +claudebot@anthropic.com)"
63.141.250.58 - - [22/Apr/2026:09:04:10 +0300] "GET / HTTP/1.1" 200 85633 "-" "Mozilla/5.0 (Windows NT 10.0; Win64; x64) AppleWebKit/537.36 (KHTML, like Gecko) Chrome/91.0.4472.106 Safari/537.36"
63.141.250.58 - - [22/Apr/2026:09:04:11 +0300] "GET / HTTP/1.1" 200 85633 "-" "Mozilla/5.0 (compatible; Googlebot/2.1; +http://www.google.com/bot.html)"
63.141.250.58 - - [22/Apr/2026:09:04:12 +0300] "GET /index.php?params=1 HTTP/1.1" 200 85633 "-" "Mozilla/5.0 (Windows NT 10.0; Win64; x64) AppleWebKit/537.36 (KHTML, like Gecko) Chrome/91.0.4472.106 Safari/537.36"
216.73.217.39 - - [22/Apr/2026:09:04:14 +0300] "GET /?fileloc=%2Fhome%2Fu547966%2Fbrikov.ru%2Fwww_old_1%2Fwp-includes%2Fjs%2Fswfobject.js&path=%2Fhome%2Fu547966%2Fbrikov.ru%2Fwww_old_1%2Fwp-includes%2Fjs HTTP/1.1" 200 6992 "-" "Mozilla/5.0 AppleWebKit/537.36 (KHTML, like Gecko; compatible; ClaudeBot/1.0; +claudebot@anthropic.com)"
216.73.217.39 - - [22/Apr/2026:09:04:40 +0300] "GET /?fileloc=%2Fhome%2Fu547966%2Fbrikov.ru%2Fwww%2Fwp-content%2Fthemes%2Flmpfzqc%2Freadme.txt&path=%2Fhome%2Fu547966%2Fbrikov.ru%2Fwww%2Fwp-content%2Fthemes%2Flmpfzqc HTTP/1.1" 200 4578 "-" "Mozilla/5.0 AppleWebKit/537.36 (KHTML, like Gecko; compatible; ClaudeBot/1.0; +claudebot@anthropic.com)"
2602:80d:1008::8a - - [22/Apr/2026:09:05:03 +0300] "GET / HTTP/1.1" 200 5287 "-" "Mozilla/5.0 (compatible; CensysInspect/1.1; +https://about.censys.io/)"
2602:80d:1008::8a - - [22/Apr/2026:09:05:05 +0300] "GET /favicon.ico HTTP/1.1" 404 195 "-" "Mozilla/5.0 (compatible; CensysInspect/1.1; +https://about.censys.io/)"
216.73.217.39 - - [22/Apr/2026:09:05:10 +0300] "GET /?fileloc=%2Fhome%2Fu547966%2Fbrikov.ru%2Fwww%2Fwp-content%2Fthemes%2Flmpfzqc%2Fscreenshot.png&path=%2Fhome%2Fu547966%2Fbrikov.ru%2Fwww%2Fwp-content%2Fthemes%2Flmpfzqc HTTP/1.1" 200 396983 "-" "Mozilla/5.0 AppleWebKit/537.36 (KHTML, like Gecko; compatible; ClaudeBot/1.0; +claudebot@anthropic.com)"
216.73.217.39 - - [22/Apr/2026:09:05:33 +0300] "GET /?path=%2F%2Fusr%2Fshare%2Fphp5.3-bz2 HTTP/1.1" 200 3171 "-" "Mozilla/5.0 AppleWebKit/537.36 (KHTML, like Gecko; compatible; ClaudeBot/1.0; +claudebot@anthropic.com)"
94.154.35.236 - - [22/Apr/2026:09:05:56 +0300] "HEAD /pub.rar HTTP/1.1" 404 0 "-" "Mozilla/5.0 (Windows NT 10.0; Win64; x64) AppleWebKit/537.36 (KHTML, like Gecko) Chrome/101.0.4951.67 Safari/537.36"
216.73.217.39 - - [22/Apr/2026:09:06:02 +0300] "GET /?path=%2F%2Fusr%2Fshare%2Finitramfs-tools HTTP/1.1" 200 3517 "-" "Mozilla/5.0 AppleWebKit/537.36 (KHTML, like Gecko; compatible; ClaudeBot/1.0; +claudebot@anthropic.com)"
216.73.217.39 - - [22/Apr/2026:09:06:23 +0300] "GET /?path=%2F%2Fusr%2Fshare%2Fphp5.5-bz2 HTTP/1.1" 200 3172 "-" "Mozilla/5.0 AppleWebKit/537.36 (KHTML, like Gecko; compatible; ClaudeBot/1.0; +claudebot@anthropic.com)"
216.73.217.39 - - [22/Apr/2026:09:06:53 +0300] "GET /?path=%2F%2Fusr%2Fshare%2Fphp7.4-gmp HTTP/1.1" 200 3172 "-" "Mozilla/5.0 AppleWebKit/537.36 (KHTML, like Gecko; compatible; ClaudeBot/1.0; +claudebot@anthropic.com)"
216.73.217.39 - - [22/Apr/2026:09:07:23 +0300] "GET /?path=%2F%2Fusr%2Fshare%2Fphp8.2-tidy HTTP/1.1" 200 3173 "-" "Mozilla/5.0 AppleWebKit/537.36 (KHTML, like Gecko; compatible; ClaudeBot/1.0; +claudebot@anthropic.com)"
114.119.152.86 - - [22/Apr/2026:09:07:44 +0300] "GET /?u=961511470410 HTTP/1.1" 200 5081 "https://www.brikov.ru/?u=961511470410" "Mozilla/5.0 (Linux; Android 7.0;) AppleWebKit/537.36 (KHTML, like Gecko) Mobile Safari/537.36 (compatible; PetalBot;+https://webmaster.petalsearch.com/site/petalbot)"
216.73.217.39 - - [22/Apr/2026:09:07:53 +0300] "GET /?path=%2F%2Fusr%2Fshare%2Fphp8.4-bz2 HTTP/1.1" 200 3172 "-" "Mozilla/5.0 AppleWebKit/537.36 (KHTML, like Gecko; compatible; ClaudeBot/1.0; +claudebot@anthropic.com)"
216.73.217.39 - - [22/Apr/2026:09:08:22 +0300] "GET /?path=%2F%2Fusr%2Fshare%2Fphp5.3-intl HTTP/1.1" 200 3171 "-" "Mozilla/5.0 AppleWebKit/537.36 (KHTML, like Gecko; compatible; ClaudeBot/1.0; +claudebot@anthropic.com)"
216.73.217.39 - - [22/Apr/2026:09:08:34 +0300] "GET /?path=%2F%2Fusr%2Fshare%2Fexim4 HTTP/1.1" 200 3280 "-" "Mozilla/5.0 AppleWebKit/537.36 (KHTML, like Gecko; compatible; ClaudeBot/1.0; +claudebot@anthropic.com)"
43.157.53.115 - - [22/Apr/2026:09:09:01 +0300] "GET /?fileloc=/home/u547966/brikov.ru/www/robots.txt&path=/home/u547966/brikov.ru/www HTTP/1.1" 200 2969 "-" "Mozilla/5.0 (iPhone; CPU iPhone OS 13_2_3 like Mac OS X) AppleWebKit/605.1.15 (KHTML, like Gecko) Version/13.0.3 Mobile/15E148 Safari/604.1"
216.73.217.39 - - [22/Apr/2026:09:09:04 +0300] "GET /?path=%2F%2Fusr%2Fshare%2Fphp8.3-soap%2Fsoap HTTP/1.1" 200 3200 "-" "Mozilla/5.0 AppleWebKit/537.36 (KHTML, like Gecko; compatible; ClaudeBot/1.0; +claudebot@anthropic.com)"
216.73.217.39 - - [22/Apr/2026:09:09:34 +0300] "GET /?path=%2F%2Fusr%2Fshare%2Fphp8.1-tidy HTTP/1.1" 200 3173 "-" "Mozilla/5.0 AppleWebKit/537.36 (KHTML, like Gecko; compatible; ClaudeBot/1.0; +claudebot@anthropic.com)"
114.119.151.151 - - [22/Apr/2026:09:09:41 +0300] "GET /?u=247276270810 HTTP/1.1" 200 5287 "https://brikov.ru/?u=247276270810" "Mozilla/5.0 (Linux; Android 7.0;) AppleWebKit/537.36 (KHTML, like Gecko) Mobile Safari/537.36 (compatible; PetalBot;+https://webmaster.petalsearch.com/site/petalbot)"
216.73.217.39 - - [22/Apr/2026:09:09:58 +0300] "GET /?fileloc=%2Fhome%2Fu547966%2Fbrikov.ru%2Fwww%2Fwp-includes%2Fjs%2Fwp-util.js&path=%2Fhome%2Fu547966%2Fbrikov.ru%2Fwww%2Fwp-includes%2Fjs HTTP/1.1" 200 4457 "-" "Mozilla/5.0 AppleWebKit/537.36 (KHTML, like Gecko; compatible; ClaudeBot/1.0; +claudebot@anthropic.com)"
198.244.226.58 - - [22/Apr/2026:09:10:01 +0300] "GET /robots.txt HTTP/1.1" 200 178 "-" "Mozilla/5.0 (compatible; AhrefsBot/7.0; +http://ahrefs.com/robot/)"
216.73.217.39 - - [22/Apr/2026:09:10:28 +0300] "GET /?path=%2Fhome%2Fu547966%2Fbrikov.ru%2Fwww_old_1%2Fwp-includes%2FSimplePie%2FXML%2FDeclaration HTTP/1.1" 200 3250 "-" "Mozilla/5.0 AppleWebKit/537.36 (KHTML, like Gecko; compatible; ClaudeBot/1.0; +claudebot@anthropic.com)"
216.73.217.39 - - [22/Apr/2026:09:10:58 +0300] "GET /?fileloc=%2F%2Fusr%2Fshare%2Fsystemd%2Fkbd-model-map&path=%2F%2Fusr%2Fshare%2Fsystemd HTTP/1.1" 200 3582 "-" "Mozilla/5.0 AppleWebKit/537.36 (KHTML, like Gecko; compatible; ClaudeBot/1.0; +claudebot@anthropic.com)"
66.249.64.107 - - [22/Apr/2026:09:11:09 +0300] "GET /historical018000532 HTTP/1.1" 404 195 "-" "Mozilla/5.0 (Linux; Android 6.0.1; Nexus 5X Build/MMB29P) AppleWebKit/537.36 (KHTML, like Gecko) Chrome/146.0.7680.177 Mobile Safari/537.36 (compatible; Googlebot/2.1; +http://www.google.com/bot.html)"
216.73.217.39 - - [22/Apr/2026:09:11:28 +0300] "GET /?fileloc=%2F%2Fusr%2Fshare%2Fsystemd%2Flanguage-fallback-map&path=%2F%2Fusr%2Fshare%2Fsystemd HTTP/1.1" 200 2991 "-" "Mozilla/5.0 AppleWebKit/537.36 (KHTML, like Gecko; compatible; ClaudeBot/1.0; +claudebot@anthropic.com)"
108.165.83.238 - - [22/Apr/2026:09:11:34 +0300] "GET /product001 HTTP/1.1" 404 196 "-" "Mozilla/5.0 (compatible; Googlebot/2.1; +http://www.google.com/bot.html)"
108.165.83.238 - - [22/Apr/2026:09:11:36 +0300] "GET / HTTP/1.1" 200 85625 "-" "Mozilla/5.0 (compatible; Googlebot/2.1; +http://www.google.com/bot.html)"
216.73.217.39 - - [22/Apr/2026:09:11:39 +0300] "GET /?fileloc=%2Fhome%2Fu547966%2Fbrikov.ru%2Fwww_old_1%2Fwp-includes%2Fjs%2Fwp-auth-check.min.js&path=%2Fhome%2Fu547966%2Fbrikov.ru%2Fwww_old_1%2Fwp-includes%2Fjs HTTP/1.1" 200 3665 "-" "Mozilla/5.0 AppleWebKit/537.36 (KHTML, like Gecko; compatible; ClaudeBot/1.0; +claudebot@anthropic.com)"
216.73.217.39 - - [22/Apr/2026:09:12:10 +0300] "GET /?fileloc=%2Fhome%2Fu547966%2Fbrikov.ru%2Fwww%2Fwp-includes%2Fjs%2Fwp-emoji-release.min.js&path=%2Fhome%2Fu547966%2Fbrikov.ru%2Fwww%2Fwp-includes%2Fjs HTTP/1.1" 200 7328 "-" "Mozilla/5.0 AppleWebKit/537.36 (KHTML, like Gecko; compatible; ClaudeBot/1.0; +claudebot@anthropic.com)"
70.35.205.237 - - [22/Apr/2026:09:12:25 +0300] "GET /wp-content/plugins/gtgkb/ovazyosiw.php HTTP/1.1" 200 104 "-" "Mozilla/5.0 (Windows NT 10.0; Win64; x64) AppleWebKit/537.36 (KHTML, like Gecko) Chrome/90.0.4430.85 Safari/537.36"
2a11:df47:f839:56d7:a7ec:75ad:3196:8677 - - [22/Apr/2026:09:12:28 +0300] "GET / HTTP/1.1" 200 5081 "-" "Mozilla/5.0 (Linux; Android 14; V2023) AppleWebKit/537.36 (KHTML, like Gecko) Chrome/144.0.7559.91 Mobile Safari/537.36"
2a11:df47:f839:56d7:a7ec:75ad:3196:8677 - - [22/Apr/2026:09:12:28 +0300] "GET /favicon.ico HTTP/1.1" 404 195 "https://brikov.ru/" "Mozilla/5.0 (Linux; Android 14; V2023) AppleWebKit/537.36 (KHTML, like Gecko) Chrome/144.0.7559.91 Mobile Safari/537.36"
216.73.217.39 - - [22/Apr/2026:09:12:39 +0300] "GET /?fileloc=%2Fhome%2Fu547966%2Fbrikov.ru%2Fwww_old_1%2Fwp-includes%2Fjs%2Fwp-sanitize.js&path=%2Fhome%2Fu547966%2Fbrikov.ru%2Fwww_old_1%2Fwp-includes%2Fjs HTTP/1.1" 200 3314 "-" "Mozilla/5.0 AppleWebKit/537.36 (KHTML, like Gecko; compatible; ClaudeBot/1.0; +claudebot@anthropic.com)"
90.156.142.141 - - [22/Apr/2026:09:12:40 +0300] "GET /wp-content/46xD52Ey98Z.php?pass=ZR25w6PLeHK HTTP/1.1" 200 5696 "-" "Mozilla/5.0 (Windows NT 10.0; Win64; x64) AppleWebKit/537.36 (KHTML, like Gecko) Chrome/90.0.4430.85 Safari/537.36"
70.35.205.237 - - [22/Apr/2026:09:12:40 +0300] "GET /wp-content/plugins/gtgkb/ovazyosiw.php?action=a4752555d405d233f2c69726e2f27766e20333f6 HTTP/1.1" 200 255 "-" "Mozilla/5.0 (Windows NT 10.0; Win64; x64) AppleWebKit/537.36 (KHTML, like Gecko) Chrome/90.0.4430.85 Safari/537.36"
70.35.205.237 - - [22/Apr/2026:09:12:41 +0300] "GET /wp-content/plugins/gtgkb/ovazyosiw.php?action=73437565859424f2c69726e2f27766e20333f6 HTTP/1.1" 500 16 "-" "Mozilla/5.0 (Windows NT 10.0; Win64; x64) AppleWebKit/537.36 (KHTML, like Gecko) Chrome/90.0.4430.85 Safari/537.36"
70.35.205.237 - - [22/Apr/2026:09:12:42 +0300] "GET /wp-content/plugins/gtgkb/ovazyosiw.php?action=84d454352485d243f2c69726e2f27766e20333f6 HTTP/1.1" 500 29 "-" "Mozilla/5.0 (Windows NT 10.0; Win64; x64) AppleWebKit/537.36 (KHTML, like Gecko) Chrome/90.0.4430.85 Safari/537.36"
216.73.217.39 - - [22/Apr/2026:09:13:09 +0300] "GET /?fileloc=%2Fhome%2Fu547966%2Fbrikov.ru%2Fwww%2Fwp-includes%2Fjs%2Fcolorpicker.min.js&path=%2Fhome%2Fu547966%2Fbrikov.ru%2Fwww%2Fwp-includes%2Fjs HTTP/1.1" 200 7866 "-" "Mozilla/5.0 AppleWebKit/537.36 (KHTML, like Gecko; compatible; ClaudeBot/1.0; +claudebot@anthropic.com)"
216.73.217.39 - - [22/Apr/2026:09:13:22 +0300] "GET /?fileloc=%2Fhome%2Fu547966%2Fbrikov.ru%2Fwww_old_1%2Fwp-includes%2Fjs%2Fmce-view.js&path=%2Fhome%2Fu547966%2Fbrikov.ru%2Fwww_old_1%2Fwp-includes%2Fjs HTTP/1.1" 200 9871 "-" "Mozilla/5.0 AppleWebKit/537.36 (KHTML, like Gecko; compatible; ClaudeBot/1.0; +claudebot@anthropic.com)"
216.73.217.39 - - [22/Apr/2026:09:13:52 +0300] "GET /?fileloc=%2Fhome%2Fu547966%2Fbrikov.ru%2Fwww%2Fwp-includes%2Fjs%2Fheartbeat.min.js&path=%2Fhome%2Fu547966%2Fbrikov.ru%2Fwww%2Fwp-includes%2Fjs HTTP/1.1" 200 4883 "-" "Mozilla/5.0 AppleWebKit/537.36 (KHTML, like Gecko; compatible; ClaudeBot/1.0; +claudebot@anthropic.com)"
216.73.217.39 - - [22/Apr/2026:09:14:22 +0300] "GET /?fileloc=%2Fhome%2Fu547966%2Fbrikov.ru%2Fwww_old_1%2Fwp-includes%2Fjs%2Fwp-lists.min.js&path=%2Fhome%2Fu547966%2Fbrikov.ru%2Fwww_old_1%2Fwp-includes%2Fjs HTTP/1.1" 200 5478 "-" "Mozilla/5.0 AppleWebKit/537.36 (KHTML, like Gecko; compatible; ClaudeBot/1.0; +claudebot@anthropic.com)"
70.35.205.237 - - [22/Apr/2026:09:14:32 +0300] "GET /wp-content/plugins/ngcym/ovaxcqcnz.php HTTP/1.1" 200 104 "-" "Mozilla/5.0 (Windows NT 10.0; Win64; x64) AppleWebKit/537.36 (KHTML, like Gecko) Chrome/90.0.4430.85 Safari/537.36"
90.156.142.141 - - [22/Apr/2026:09:14:38 +0300] "GET /wp-content/RXWtck1Iueg.php?pass=1rldinhBCGX HTTP/1.1" 200 5696 "-" "Mozilla/5.0 (Windows NT 10.0; Win64; x64) AppleWebKit/537.36 (KHTML, like Gecko) Chrome/90.0.4430.85 Safari/537.36"
70.35.205.237 - - [22/Apr/2026:09:14:38 +0300] "GET /wp-content/plugins/ngcym/ovaxcqcnz.php?action=a4752555d405d233f2c69726e2f27766e20333f6 HTTP/1.1" 200 252 "-" "Mozilla/5.0 (Windows NT 10.0; Win64; x64) AppleWebKit/537.36 (KHTML, like Gecko) Chrome/90.0.4430.85 Safari/537.36"
70.35.205.237 - - [22/Apr/2026:09:14:39 +0300] "GET /wp-content/plugins/ngcym/ovaxcqcnz.php?action=73437565859424f2c69726e2f27766e20333f6 HTTP/1.1" 500 16 "-" "Mozilla/5.0 (Windows NT 10.0; Win64; x64) AppleWebKit/537.36 (KHTML, like Gecko) Chrome/90.0.4430.85 Safari/537.36"
70.35.205.237 - - [22/Apr/2026:09:14:41 +0300] "GET /wp-content/plugins/ngcym/ovaxcqcnz.php?action=84d454352485d243f2c69726e2f27766e20333f6 HTTP/1.1" 500 29 "-" "Mozilla/5.0 (Windows NT 10.0; Win64; x64) AppleWebKit/537.36 (KHTML, like Gecko) Chrome/90.0.4430.85 Safari/537.36"
216.73.217.39 - - [22/Apr/2026:09:14:52 +0300] "GET /?fileloc=%2Fhome%2Fu547966%2Fbrikov.ru%2Fwww_old_1%2Fwp-includes%2Fjs%2Fmedia-editor.js&path=%2Fhome%2Fu547966%2Fbrikov.ru%2Fwww_old_1%2Fwp-includes%2Fjs HTTP/1.1" 200 10463 "-" "Mozilla/5.0 AppleWebKit/537.36 (KHTML, like Gecko; compatible; ClaudeBot/1.0; +claudebot@anthropic.com)"
216.73.217.39 - - [22/Apr/2026:09:15:03 +0300] "GET /?fileloc=%2Fhome%2Fu547966%2Fbrikov.ru%2Fwww_old_1%2Fwp-includes%2Fjs%2Fcustomize-preview.min.js&path=%2Fhome%2Fu547966%2Fbrikov.ru%2Fwww_old_1%2Fwp-includes%2Fjs HTTP/1.1" 200 6098 "-" "Mozilla/5.0 AppleWebKit/537.36 (KHTML, like Gecko; compatible; ClaudeBot/1.0; +claudebot@anthropic.com)"
216.73.217.39 - - [22/Apr/2026:09:15:33 +0300] "GET /?path=%2F%2Fusr%2Fshare%2Fphp8.0-bcmath%2Fbcmath HTTP/1.1" 200 3204 "-" "Mozilla/5.0 AppleWebKit/537.36 (KHTML, like Gecko; compatible; ClaudeBot/1.0; +claudebot@anthropic.com)"
216.73.217.39 - - [22/Apr/2026:09:16:03 +0300] "GET /?path=%2F%2Flib%2Finit HTTP/1.1" 200 3249 "-" "Mozilla/5.0 AppleWebKit/537.36 (KHTML, like Gecko; compatible; ClaudeBot/1.0; +claudebot@anthropic.com)"
216.73.217.39 - - [22/Apr/2026:09:16:27 +0300] "GET /?path=%2F%2Fusr%2Fshare%2Fphp5.5-tidy HTTP/1.1" 200 3173 "-" "Mozilla/5.0 AppleWebKit/537.36 (KHTML, like Gecko; compatible; ClaudeBot/1.0; +claudebot@anthropic.com)"
91.209.72.137 - - [22/Apr/2026:09:16:50 +0300] "GET /detsky.mp4 HTTP/1.1" 206 1007141 "https://brikov.com/" "Mozilla/5.0 (Linux; arm_64; Android 13; 2201117TY) AppleWebKit/537.36 (KHTML, like Gecko) Chrome/144.0.7559.43 YaBrowser/26.3.7.43.00 Mobile Safari/537.36"
91.209.72.137 - - [22/Apr/2026:09:16:50 +0300] "GET /mujskoy.mp4 HTTP/1.1" 206 1240061 "https://brikov.com/" "Mozilla/5.0 (Linux; arm_64; Android 13; 2201117TY) AppleWebKit/537.36 (KHTML, like Gecko) Chrome/144.0.7559.43 YaBrowser/26.3.7.43.00 Mobile Safari/537.36"
91.209.72.137 - - [22/Apr/2026:09:16:50 +0300] "GET /mujskoy.mp4 HTTP/1.1" 206 1547077 "https://brikov.com/" "Mozilla/5.0 (Linux; arm_64; Android 13; 2201117TY) AppleWebKit/537.36 (KHTML, like Gecko) Chrome/144.0.7559.43 YaBrowser/26.3.7.43.00 Mobile Safari/537.36"
91.209.72.137 - - [22/Apr/2026:09:16:50 +0300] "GET /detsky.mp4 HTTP/1.1" 206 1056909 "https://brikov.com/" "Mozilla/5.0 (Linux; arm_64; Android 13; 2201117TY) AppleWebKit/537.36 (KHTML, like Gecko) Chrome/144.0.7559.43 YaBrowser/26.3.7.43.00 Mobile Safari/537.36"
91.209.72.137 - - [22/Apr/2026:09:16:50 +0300] "GET /mujskoy.mp4 HTTP/1.1" 206 4838901 "https://brikov.com/" "Mozilla/5.0 (Linux; arm_64; Android 13; 2201117TY) AppleWebKit/537.36 (KHTML, like Gecko) Chrome/144.0.7559.43 YaBrowser/26.3.7.43.00 Mobile Safari/537.36"
91.209.72.137 - - [22/Apr/2026:09:16:50 +0300] "GET /detsky.mp4 HTTP/1.1" 206 4772334 "https://brikov.com/" "Mozilla/5.0 (Linux; arm_64; Android 13; 2201117TY) AppleWebKit/537.36 (KHTML, like Gecko) Chrome/144.0.7559.43 YaBrowser/26.3.7.43.00 Mobile Safari/537.36"
216.73.217.39 - - [22/Apr/2026:09:16:56 +0300] "GET /?path=%2F%2Fproc%2Firq HTTP/1.1" 200 4728 "-" "Mozilla/5.0 AppleWebKit/537.36 (KHTML, like Gecko; compatible; ClaudeBot/1.0; +claudebot@anthropic.com)"
40.77.167.17 - - [22/Apr/2026:09:16:57 +0300] "GET /?o=1-385-16 HTTP/1.1" 200 4999 "-" "Mozilla/5.0 AppleWebKit/537.36 (KHTML, like Gecko; compatible; bingbot/2.0; +http://www.bing.com/bingbot.htm) Chrome/116.0.1938.76 Safari/537.36"
216.73.217.39 - - [22/Apr/2026:09:17:27 +0300] "GET /?path=%2F%2Fusr%2Fshare%2Fphp7.4-bz2%2Fbz2 HTTP/1.1" 200 3200 "-" "Mozilla/5.0 AppleWebKit/537.36 (KHTML, like Gecko; compatible; ClaudeBot/1.0; +claudebot@anthropic.com)"
216.73.217.39 - - [22/Apr/2026:09:17:57 +0300] "GET /?path=%2F%2Fusr%2Fshare%2Fphp7.4-enchant HTTP/1.1" 200 3174 "-" "Mozilla/5.0 AppleWebKit/537.36 (KHTML, like Gecko; compatible; ClaudeBot/1.0; +claudebot@anthropic.com)"
216.73.217.39 - - [22/Apr/2026:09:18:28 +0300] "GET /?path=%2F%2Fusr%2Fshare%2Fphp8.1-imap%2Fimap HTTP/1.1" 200 3200 "-" "Mozilla/5.0 AppleWebKit/537.36 (KHTML, like Gecko; compatible; ClaudeBot/1.0; +claudebot@anthropic.com)"
216.73.217.39 - - [22/Apr/2026:09:18:57 +0300] "GET /?path=%2F%2Fusr%2Fshare%2Flocale%2Fpl HTTP/1.1" 200 3187 "-" "Mozilla/5.0 AppleWebKit/537.36 (KHTML, like Gecko; compatible; ClaudeBot/1.0; +claudebot@anthropic.com)"
170.106.163.48 - - [22/Apr/2026:09:19:11 +0300] "GET /?fileloc=/home/u547966/brikov.ru/www/wp-load.php&path=/home/u547966/brikov.ru/www HTTP/1.1" 200 4315 "-" "Mozilla/5.0 (iPhone; CPU iPhone OS 13_2_3 like Mac OS X) AppleWebKit/605.1.15 (KHTML, like Gecko) Version/13.0.3 Mobile/15E148 Safari/604.1"
216.73.217.39 - - [22/Apr/2026:09:19:27 +0300] "GET /?path=%2F%2Fusr%2Fshare%2Flocale%2Fel HTTP/1.1" 200 3186 "-" "Mozilla/5.0 AppleWebKit/537.36 (KHTML, like Gecko; compatible; ClaudeBot/1.0; +claudebot@anthropic.com)"
216.73.217.39 - - [22/Apr/2026:09:19:50 +0300] "GET /?path=%2F%2Fusr%2Fshare%2Fpoppler%2FnameToUnicode HTTP/1.1" 200 3324 "-" "Mozilla/5.0 AppleWebKit/537.36 (KHTML, like Gecko; compatible; ClaudeBot/1.0; +claudebot@anthropic.com)"
216.73.217.39 - - [22/Apr/2026:09:20:20 +0300] "GET /?fileloc=%2F%2Fusr%2Fshare%2Fphp8.0-opcache%2Fopcache%2Fopcache.ini&path=%2F%2Fusr%2Fshare%2Fphp8.0-opcache%2Fopcache HTTP/1.1" 200 2918 "-" "Mozilla/5.0 AppleWebKit/537.36 (KHTML, like Gecko; compatible; ClaudeBot/1.0; +claudebot@anthropic.com)"
216.73.217.39 - - [22/Apr/2026:09:20:50 +0300] "GET /?path=%2F%2Fusr%2Fshare%2Flocale%2Fuz HTTP/1.1" 200 3188 "-" "Mozilla/5.0 AppleWebKit/537.36 (KHTML, like Gecko; compatible; ClaudeBot/1.0; +claudebot@anthropic.com)"
