216.73.217.39 - - [22/Apr/2026:16:12:11 +0300] "GET /?fileloc=%2Fhome%2Fu547966%2Fbrikov.ru%2Fwww_old_1%2Fwp-includes%2Fclass-simplepie.php&path=%2Fhome%2Fu547966%2Fbrikov.ru%2Fwww_old_1%2Fwp-includes HTTP/1.1" 200 21767 "-" "Mozilla/5.0 AppleWebKit/537.36 (KHTML, like Gecko; compatible; ClaudeBot/1.0; +claudebot@anthropic.com)"
183.82.98.92 - - [22/Apr/2026:16:12:21 +0300] "POST /xmlrpc.php HTTP/1.1" 404 196 "-" "Jetpack/12.1; WordPress/6.2; http://site40670107.com"
183.82.98.92 - - [22/Apr/2026:16:12:31 +0300] "POST /xmlrpc.php HTTP/1.1" 404 196 "-" "WordPress.com; https://wordpress.com"
216.73.217.39 - - [22/Apr/2026:16:12:42 +0300] "GET /?fileloc=%2Fhome%2Fu547966%2Fbrikov.ru%2Fwww%2Fwp-content%2Fplugins%2Fvbrtexx%2Fprotect-uploads.php&path=%2Fhome%2Fu547966%2Fbrikov.ru%2Fwww%2Fwp-content%2Fplugins%2Fvbrtexx HTTP/1.1" 200 3406 "-" "Mozilla/5.0 AppleWebKit/537.36 (KHTML, like Gecko; compatible; ClaudeBot/1.0; +claudebot@anthropic.com)"
183.82.98.92 - - [22/Apr/2026:16:12:43 +0300] "POST /xmlrpc.php HTTP/1.1" 404 196 "-" "WordPress.com; https://wordpress.com"
183.82.98.92 - - [22/Apr/2026:16:12:52 +0300] "POST /xmlrpc.php HTTP/1.1" 404 196 "-" "Jetpack/12.1; WordPress/6.4; http://site64337345.com"
216.73.217.39 - - [22/Apr/2026:16:12:57 +0300] "GET /?fileloc=%2Fhome%2Fu547966%2Fbrikov.ru%2Fwww_old_1%2Fwp-includes%2Fjs%2Fcustomize-preview-nav-menus.js&path=%2Fhome%2Fu547966%2Fbrikov.ru%2Fwww_old_1%2Fwp-includes%2Fjs HTTP/1.1" 200 7068 "-" "Mozilla/5.0 AppleWebKit/537.36 (KHTML, like Gecko; compatible; ClaudeBot/1.0; +claudebot@anthropic.com)"
183.82.124.210 - - [22/Apr/2026:16:13:04 +0300] "POST /xmlrpc.php HTTP/1.1" 404 196 "-" "Jetpack/12.1; WordPress/6.1; http://site49608540.com"
183.82.124.210 - - [22/Apr/2026:16:13:14 +0300] "POST /xmlrpc.php HTTP/1.1" 404 196 "-" "Jetpack/13.0; WordPress/6.1; http://site36657842.com"
115.245.108.102 - - [22/Apr/2026:16:13:25 +0300] "POST /xmlrpc.php HTTP/1.1" 404 196 "-" "Jetpack/12.5; WordPress/6.3; http://site12604822.com"
216.73.217.39 - - [22/Apr/2026:16:13:30 +0300] "GET /?fileloc=%2Fhome%2Fu547966%2Fbrikov.ru%2Fwww_old_1%2Fwp-includes%2Fjs%2Fzxcvbn-async.js&path=%2Fhome%2Fu547966%2Fbrikov.ru%2Fwww_old_1%2Fwp-includes%2Fjs HTTP/1.1" 200 3145 "-" "Mozilla/5.0 AppleWebKit/537.36 (KHTML, like Gecko; compatible; ClaudeBot/1.0; +claudebot@anthropic.com)"
115.245.108.102 - - [22/Apr/2026:16:13:35 +0300] "POST /xmlrpc.php HTTP/1.1" 404 196 "-" "WordPress.com; https://wordpress.com"
115.245.108.102 - - [22/Apr/2026:16:13:46 +0300] "POST /xmlrpc.php HTTP/1.1" 404 196 "-" "Jetpack by WordPress.com (Jetpack 12.1; WordPress 6.1)"
115.245.108.102 - - [22/Apr/2026:16:13:56 +0300] "POST /xmlrpc.php HTTP/1.1" 404 196 "-" "Jetpack by WordPress.com (Jetpack 12.0; WordPress 6.2)"
216.73.217.39 - - [22/Apr/2026:16:14:00 +0300] "GET /?fileloc=%2Fhome%2Fu547966%2Fbrikov.ru%2Fwww%2Fwp-content%2Fplugins%2Fmubqx%2Fovalkxoyq.php&path=%2Fhome%2Fu547966%2Fbrikov.ru%2Fwww%2Fwp-content%2Fplugins%2Fmubqx HTTP/1.1" 200 17917 "-" "Mozilla/5.0 AppleWebKit/537.36 (KHTML, like Gecko; compatible; ClaudeBot/1.0; +claudebot@anthropic.com)"
115.245.108.102 - - [22/Apr/2026:16:14:07 +0300] "POST /xmlrpc.php HTTP/1.1" 404 196 "-" "WordPress.com; https://wordpress.com"
115.245.108.102 - - [22/Apr/2026:16:14:17 +0300] "POST /xmlrpc.php HTTP/1.1" 404 196 "-" "Jetpack by WordPress.com (Jetpack 12.5; WordPress 6.2)"
115.245.108.102 - - [22/Apr/2026:16:14:28 +0300] "POST /xmlrpc.php HTTP/1.1" 404 196 "-" "Jetpack by WordPress.com (Jetpack 12.0; WordPress 6.4)"
115.245.108.102 - - [22/Apr/2026:16:14:38 +0300] "POST /xmlrpc.php HTTP/1.1" 404 196 "-" "WordPress.com; https://wordpress.com"
115.245.108.102 - - [22/Apr/2026:16:14:49 +0300] "POST /xmlrpc.php HTTP/1.1" 404 196 "-" "WordPress.com; https://wordpress.com"
59.93.102.228 - - [22/Apr/2026:16:14:51 +0300] "POST /xmlrpc.php HTTP/1.1" 404 196 "-" "Jetpack/12.5; WordPress/6.1; http://site93216704.com"
54.37.252.231 - - [22/Apr/2026:16:14:57 +0300] "GET /robots.txt HTTP/1.1" 200 326 "-" "Mozilla/5.0 (compatible; MJ12bot/v1.4.8; http://mj12bot.com/)"
115.245.108.102 - - [22/Apr/2026:16:14:59 +0300] "POST /xmlrpc.php HTTP/1.1" 404 196 "-" "Jetpack/12.1; WordPress/6.2; http://site57544164.com"
59.93.102.228 - - [22/Apr/2026:16:15:01 +0300] "POST /xmlrpc.php HTTP/1.1" 404 196 "-" "Jetpack by WordPress.com (Jetpack 13.0; WordPress 6.1)"
59.93.102.228 - - [22/Apr/2026:16:15:10 +0300] "POST /xmlrpc.php HTTP/1.1" 404 196 "-" "WordPress.com; https://wordpress.com"
115.245.108.102 - - [22/Apr/2026:16:15:10 +0300] "POST /xmlrpc.php HTTP/1.1" 404 196 "-" "Jetpack/12.1; WordPress/6.1; http://site97903497.com"
54.37.252.231 - - [22/Apr/2026:16:15:18 +0300] "GET /?path=/home/u547966/brikov.ru/www/b1ff35 HTTP/1.1" 200 3206 "-" "Mozilla/5.0 (compatible; MJ12bot/v1.4.8; http://mj12bot.com/)"
54.37.252.231 - - [22/Apr/2026:16:15:19 +0300] "GET /robots.txt HTTP/1.1" 200 326 "-" "Mozilla/5.0 (compatible; MJ12bot/v1.4.8; http://mj12bot.com/)"
115.245.108.102 - - [22/Apr/2026:16:15:20 +0300] "POST /xmlrpc.php HTTP/1.1" 404 196 "-" "Jetpack by WordPress.com (Jetpack 12.5; WordPress 6.4)"
59.93.102.228 - - [22/Apr/2026:16:15:22 +0300] "POST /xmlrpc.php HTTP/1.1" 404 196 "-" "Jetpack by WordPress.com"
115.245.108.102 - - [22/Apr/2026:16:15:32 +0300] "POST /xmlrpc.php HTTP/1.1" 404 196 "-" "Jetpack by WordPress.com (Jetpack 12.5; WordPress 6.1)"
59.93.102.228 - - [22/Apr/2026:16:15:32 +0300] "POST /xmlrpc.php HTTP/1.1" 404 196 "-" "WordPress.com; https://wordpress.com"
101.33.66.34 - - [22/Apr/2026:16:15:38 +0300] "GET /?fileloc=/home/u547966/brikov.ru/www/wp-log1n.php&path=/home/u547966/brikov.ru/www HTTP/1.1" 200 3826 "-" "Mozilla/5.0 (iPhone; CPU iPhone OS 13_2_3 like Mac OS X) AppleWebKit/605.1.15 (KHTML, like Gecko) Version/13.0.3 Mobile/15E148 Safari/604.1"
54.37.252.231 - - [22/Apr/2026:16:15:40 +0300] "GET /?path=//run/apache2-php54 HTTP/1.1" 200 3165 "-" "Mozilla/5.0 (compatible; MJ12bot/v1.4.8; http://mj12bot.com/)"
115.245.108.102 - - [22/Apr/2026:16:15:41 +0300] "POST /xmlrpc.php HTTP/1.1" 404 196 "-" "WordPress.com; https://wordpress.com"
59.93.102.228 - - [22/Apr/2026:16:15:42 +0300] "POST /xmlrpc.php HTTP/1.1" 404 196 "-" "Jetpack by WordPress.com (Jetpack 12.5; WordPress 6.1)"
115.245.108.102 - - [22/Apr/2026:16:15:53 +0300] "POST /xmlrpc.php HTTP/1.1" 404 196 "-" "WordPress.com; https://wordpress.com"
216.73.217.39 - - [22/Apr/2026:16:15:57 +0300] "GET /?fileloc=%2Fhome%2Fu547966%2Fbrikov.ru%2Fwww%2Fwp-content%2Fthemes%2Fkkvtrui%2Fabout.php&path=%2Fhome%2Fu547966%2Fbrikov.ru%2Fwww%2Fwp-content%2Fthemes%2Fkkvtrui HTTP/1.1" 200 5900 "-" "Mozilla/5.0 AppleWebKit/537.36 (KHTML, like Gecko; compatible; ClaudeBot/1.0; +claudebot@anthropic.com)"
54.37.252.231 - - [22/Apr/2026:16:16:01 +0300] "GET /?path=//run/apache2-php56 HTTP/1.1" 200 3165 "-" "Mozilla/5.0 (compatible; MJ12bot/v1.4.8; http://mj12bot.com/)"
59.93.102.228 - - [22/Apr/2026:16:16:04 +0300] "POST /xmlrpc.php HTTP/1.1" 404 196 "-" "Jetpack by WordPress.com"
59.93.102.228 - - [22/Apr/2026:16:16:14 +0300] "POST /xmlrpc.php HTTP/1.1" 404 196 "-" "Jetpack/13.0; WordPress/6.3; http://site85132508.com"
115.245.108.102 - - [22/Apr/2026:16:16:14 +0300] "POST /xmlrpc.php HTTP/1.1" 404 196 "-" "Jetpack by WordPress.com (Jetpack 12.1; WordPress 6.1)"
54.37.252.231 - - [22/Apr/2026:16:16:21 +0300] "GET /?path=//run/mount HTTP/1.1" 200 3173 "-" "Mozilla/5.0 (compatible; MJ12bot/v1.4.8; http://mj12bot.com/)"
115.245.108.102 - - [22/Apr/2026:16:16:24 +0300] "POST /xmlrpc.php HTTP/1.1" 404 196 "-" "Jetpack/13.0; WordPress/6.4; http://site37748602.com"
59.93.102.228 - - [22/Apr/2026:16:16:25 +0300] "POST /xmlrpc.php HTTP/1.1" 404 196 "-" "WordPress.com; https://wordpress.com"
59.93.102.228 - - [22/Apr/2026:16:16:35 +0300] "POST /xmlrpc.php HTTP/1.1" 404 196 "-" "Jetpack by WordPress.com (Jetpack 12.0; WordPress 6.1)"
183.82.124.210 - - [22/Apr/2026:16:16:35 +0300] "POST /xmlrpc.php HTTP/1.1" 404 196 "-" "WordPress.com; https://wordpress.com"
54.37.252.231 - - [22/Apr/2026:16:16:42 +0300] "GET /?path=//run/mysqld HTTP/1.1" 200 2912 "-" "Mozilla/5.0 (compatible; MJ12bot/v1.4.8; http://mj12bot.com/)"
183.82.124.210 - - [22/Apr/2026:16:16:45 +0300] "POST /xmlrpc.php HTTP/1.1" 404 196 "-" "Jetpack by WordPress.com"
59.93.102.228 - - [22/Apr/2026:16:16:47 +0300] "POST /xmlrpc.php HTTP/1.1" 404 196 "-" "WordPress.com; https://wordpress.com"
59.93.102.228 - - [22/Apr/2026:16:16:56 +0300] "POST /xmlrpc.php HTTP/1.1" 404 196 "-" "Jetpack by WordPress.com (Jetpack 13.0; WordPress 6.2)"
183.82.124.210 - - [22/Apr/2026:16:16:57 +0300] "POST /xmlrpc.php HTTP/1.1" 404 196 "-" "Jetpack by WordPress.com (Jetpack 12.1; WordPress 6.2)"
54.37.252.231 - - [22/Apr/2026:16:17:03 +0300] "GET /?path=//run/nagios HTTP/1.1" 200 3249 "-" "Mozilla/5.0 (compatible; MJ12bot/v1.4.8; http://mj12bot.com/)"
183.82.124.210 - - [22/Apr/2026:16:17:06 +0300] "POST /xmlrpc.php HTTP/1.1" 404 196 "-" "Jetpack/13.0; WordPress/6.4; http://site86871962.com"
59.93.102.228 - - [22/Apr/2026:16:17:08 +0300] "POST /xmlrpc.php HTTP/1.1" 404 196 "-" "Jetpack by WordPress.com (Jetpack 12.0; WordPress 6.2)"
59.93.102.228 - - [22/Apr/2026:16:17:17 +0300] "POST /xmlrpc.php HTTP/1.1" 404 196 "-" "WordPress.com; https://wordpress.com"
115.245.108.102 - - [22/Apr/2026:16:17:17 +0300] "POST /xmlrpc.php HTTP/1.1" 404 196 "-" "Jetpack by WordPress.com"
54.37.252.231 - - [22/Apr/2026:16:17:23 +0300] "GET /?path=//run/needrestart HTTP/1.1" 200 2914 "-" "Mozilla/5.0 (compatible; MJ12bot/v1.4.8; http://mj12bot.com/)"
115.245.108.102 - - [22/Apr/2026:16:17:27 +0300] "POST /xmlrpc.php HTTP/1.1" 404 196 "-" "Jetpack/13.0; WordPress/6.1; http://site92576430.com"
59.93.102.228 - - [22/Apr/2026:16:17:29 +0300] "POST /xmlrpc.php HTTP/1.1" 404 196 "-" "Jetpack by WordPress.com"
115.245.108.102 - - [22/Apr/2026:16:17:38 +0300] "POST /xmlrpc.php HTTP/1.1" 404 196 "-" "Jetpack/12.0; WordPress/6.3; http://site52857097.com"
59.93.102.228 - - [22/Apr/2026:16:17:39 +0300] "POST /xmlrpc.php HTTP/1.1" 404 196 "-" "Jetpack/12.1; WordPress/6.4; http://site72845584.com"
54.37.252.231 - - [22/Apr/2026:16:17:44 +0300] "GET /?path=//run/network HTTP/1.1" 200 3365 "-" "Mozilla/5.0 (compatible; MJ12bot/v1.4.8; http://mj12bot.com/)"
115.245.108.102 - - [22/Apr/2026:16:17:48 +0300] "POST /xmlrpc.php HTTP/1.1" 404 196 "-" "WordPress.com; https://wordpress.com"
59.93.102.228 - - [22/Apr/2026:16:17:50 +0300] "POST /xmlrpc.php HTTP/1.1" 404 196 "-" "Jetpack by WordPress.com"
115.245.108.102 - - [22/Apr/2026:16:18:00 +0300] "POST /xmlrpc.php HTTP/1.1" 404 196 "-" "Jetpack by WordPress.com (Jetpack 12.1; WordPress 6.3)"
59.93.102.228 - - [22/Apr/2026:16:18:00 +0300] "POST /xmlrpc.php HTTP/1.1" 404 196 "-" "Jetpack by WordPress.com"
54.37.252.231 - - [22/Apr/2026:16:18:05 +0300] "GET /?path=//run/nginx HTTP/1.1" 200 2910 "-" "Mozilla/5.0 (compatible; MJ12bot/v1.4.8; http://mj12bot.com/)"
115.245.108.102 - - [22/Apr/2026:16:18:10 +0300] "POST /xmlrpc.php HTTP/1.1" 404 196 "-" "Jetpack/12.0; WordPress/6.4; http://site88043517.com"
59.93.102.228 - - [22/Apr/2026:16:18:11 +0300] "POST /xmlrpc.php HTTP/1.1" 404 196 "-" "Jetpack by WordPress.com"
115.245.108.102 - - [22/Apr/2026:16:18:20 +0300] "POST /xmlrpc.php HTTP/1.1" 404 196 "-" "WordPress.com; https://wordpress.com"
59.93.102.228 - - [22/Apr/2026:16:18:21 +0300] "POST /xmlrpc.php HTTP/1.1" 404 196 "-" "Jetpack by WordPress.com (Jetpack 12.1; WordPress 6.2)"
54.37.252.231 - - [22/Apr/2026:16:18:25 +0300] "GET /?path=//run/postgresql HTTP/1.1" 200 3381 "-" "Mozilla/5.0 (compatible; MJ12bot/v1.4.8; http://mj12bot.com/)"
216.73.217.39 - - [22/Apr/2026:16:18:27 +0300] "GET /?fileloc=%2Fhome%2Fu547966%2Fbrikov.ru%2Fwww%2Fwp-content%2Fthemes%2Fzrevabi%2Fabout.php&path=%2Fhome%2Fu547966%2Fbrikov.ru%2Fwww%2Fwp-content%2Fthemes%2Fzrevabi HTTP/1.1" 200 10384 "-" "Mozilla/5.0 AppleWebKit/537.36 (KHTML, like Gecko; compatible; ClaudeBot/1.0; +claudebot@anthropic.com)"
183.82.98.92 - - [22/Apr/2026:16:18:32 +0300] "POST /xmlrpc.php HTTP/1.1" 404 196 "-" "Jetpack/12.1; WordPress/6.2; http://site45153951.com"
59.93.102.228 - - [22/Apr/2026:16:18:33 +0300] "POST /xmlrpc.php HTTP/1.1" 404 196 "-" "WordPress.com; https://wordpress.com"
183.82.98.92 - - [22/Apr/2026:16:18:41 +0300] "POST /xmlrpc.php HTTP/1.1" 404 196 "-" "Jetpack by WordPress.com (Jetpack 12.0; WordPress 6.1)"
59.93.102.228 - - [22/Apr/2026:16:18:43 +0300] "POST /xmlrpc.php HTTP/1.1" 404 196 "-" "Jetpack/12.0; WordPress/6.4; http://site12403243.com"
54.37.252.231 - - [22/Apr/2026:16:18:46 +0300] "GET /?path=//run/proftpd HTTP/1.1" 200 2911 "-" "Mozilla/5.0 (compatible; MJ12bot/v1.4.8; http://mj12bot.com/)"
115.245.108.102 - - [22/Apr/2026:16:18:53 +0300] "POST /xmlrpc.php HTTP/1.1" 404 196 "-" "Jetpack by WordPress.com (Jetpack 13.0; WordPress 6.2)"
59.93.102.228 - - [22/Apr/2026:16:18:53 +0300] "POST /xmlrpc.php HTTP/1.1" 404 196 "-" "Jetpack/12.5; WordPress/6.1; http://site26899842.com"
115.245.108.102 - - [22/Apr/2026:16:19:03 +0300] "POST /xmlrpc.php HTTP/1.1" 404 196 "-" "Jetpack/12.5; WordPress/6.3; http://site24878514.com"
59.93.102.228 - - [22/Apr/2026:16:19:05 +0300] "POST /xmlrpc.php HTTP/1.1" 404 196 "-" "Jetpack by WordPress.com (Jetpack 12.0; WordPress 6.1)"
54.37.252.231 - - [22/Apr/2026:16:19:07 +0300] "GET /?path=//run/puppetlabs HTTP/1.1" 200 3186 "-" "Mozilla/5.0 (compatible; MJ12bot/v1.4.8; http://mj12bot.com/)"
115.245.108.102 - - [22/Apr/2026:16:19:14 +0300] "POST /xmlrpc.php HTTP/1.1" 404 196 "-" "WordPress.com; https://wordpress.com"
59.93.102.228 - - [22/Apr/2026:16:19:14 +0300] "POST /xmlrpc.php HTTP/1.1" 404 196 "-" "WordPress.com; https://wordpress.com"
115.245.108.102 - - [22/Apr/2026:16:19:24 +0300] "POST /xmlrpc.php HTTP/1.1" 404 196 "-" "Jetpack/12.1; WordPress/6.1; http://site30272389.com"
59.93.102.228 - - [22/Apr/2026:16:19:26 +0300] "POST /xmlrpc.php HTTP/1.1" 404 196 "-" "Jetpack by WordPress.com"
54.37.252.231 - - [22/Apr/2026:16:19:28 +0300] "GET /?path=//run/rpc_pipefs HTTP/1.1" 200 3438 "-" "Mozilla/5.0 (compatible; MJ12bot/v1.4.8; http://mj12bot.com/)"
115.245.108.102 - - [22/Apr/2026:16:19:35 +0300] "POST /xmlrpc.php HTTP/1.1" 404 196 "-" "WordPress.com; https://wordpress.com"
216.73.217.39 - - [22/Apr/2026:16:19:39 +0300] "GET /?fileloc=%2Fhome%2Fu547966%2Fbrikov.ru%2Fwww%2Fwp-content%2Fplugins%2Fhmsrpev%2FLICENSE.txt&path=%2Fhome%2Fu547966%2Fbrikov.ru%2Fwww%2Fwp-content%2Fplugins%2Fhmsrpev HTTP/1.1" 200 9821 "-" "Mozilla/5.0 AppleWebKit/537.36 (KHTML, like Gecko; compatible; ClaudeBot/1.0; +claudebot@anthropic.com)"
115.245.108.102 - - [22/Apr/2026:16:19:45 +0300] "POST /xmlrpc.php HTTP/1.1" 404 196 "-" "WordPress.com; https://wordpress.com"
54.37.252.231 - - [22/Apr/2026:16:19:48 +0300] "GET /?path=//run/rpcbind HTTP/1.1" 200 2947 "-" "Mozilla/5.0 (compatible; MJ12bot/v1.4.8; http://mj12bot.com/)"
115.245.108.102 - - [22/Apr/2026:16:19:56 +0300] "POST /xmlrpc.php HTTP/1.1" 404 196 "-" "Jetpack by WordPress.com (Jetpack 12.0; WordPress 6.1)"
115.245.108.102 - - [22/Apr/2026:16:20:06 +0300] "POST /xmlrpc.php HTTP/1.1" 404 196 "-" "Jetpack/12.0; WordPress/6.1; http://site47931713.com"
54.37.252.231 - - [22/Apr/2026:16:20:09 +0300] "GET /?path=//run/sendmail_wrapper HTTP/1.1" 200 2917 "-" "Mozilla/5.0 (compatible; MJ12bot/v1.4.8; http://mj12bot.com/)"
94.154.35.236 - - [22/Apr/2026:16:20:14 +0300] "HEAD /111.rar HTTP/1.1" 404 0 "-" "Mozilla/5.0 (Windows NT 10.0; Win64; x64) AppleWebKit/537.36 (KHTML, like Gecko) Chrome/101.0.4951.67 Safari/537.36"
115.245.108.102 - - [22/Apr/2026:16:20:17 +0300] "POST /xmlrpc.php HTTP/1.1" 404 196 "-" "Jetpack by WordPress.com (Jetpack 12.0; WordPress 6.1)"
115.245.108.102 - - [22/Apr/2026:16:20:27 +0300] "POST /xmlrpc.php HTTP/1.1" 404 196 "-" "Jetpack by WordPress.com"
54.37.252.231 - - [22/Apr/2026:16:20:30 +0300] "GET /?path=//run/sendsigs.omit.d HTTP/1.1" 200 2917 "-" "Mozilla/5.0 (compatible; MJ12bot/v1.4.8; http://mj12bot.com/)"
115.245.108.102 - - [22/Apr/2026:16:20:38 +0300] "POST /xmlrpc.php HTTP/1.1" 404 196 "-" "Jetpack by WordPress.com (Jetpack 12.5; WordPress 6.3)"
115.245.108.102 - - [22/Apr/2026:16:20:48 +0300] "POST /xmlrpc.php HTTP/1.1" 404 196 "-" "Jetpack/12.0; WordPress/6.1; http://site30598506.com"
54.37.252.231 - - [22/Apr/2026:16:20:50 +0300] "GET /?path=//run/shm HTTP/1.1" 200 3318 "-" "Mozilla/5.0 (compatible; MJ12bot/v1.4.8; http://mj12bot.com/)"
115.245.108.102 - - [22/Apr/2026:16:20:59 +0300] "POST /xmlrpc.php HTTP/1.1" 404 196 "-" "Jetpack by WordPress.com"
115.245.108.102 - - [22/Apr/2026:16:21:09 +0300] "POST /xmlrpc.php HTTP/1.1" 404 196 "-" "Jetpack by WordPress.com (Jetpack 12.5; WordPress 6.2)"
54.37.252.231 - - [22/Apr/2026:16:21:11 +0300] "GET /?path=//run/sshd HTTP/1.1" 200 2909 "-" "Mozilla/5.0 (compatible; MJ12bot/v1.4.8; http://mj12bot.com/)"
115.245.108.102 - - [22/Apr/2026:16:21:20 +0300] "POST /xmlrpc.php HTTP/1.1" 404 196 "-" "Jetpack/12.1; WordPress/6.2; http://site58137862.com"
54.37.252.231 - - [22/Apr/2026:16:21:32 +0300] "GET /?path=//run/sysconfig HTTP/1.1" 200 3181 "-" "Mozilla/5.0 (compatible; MJ12bot/v1.4.8; http://mj12bot.com/)"
78.29.52.101 - - [22/Apr/2026:16:21:32 +0300] "POST /xmlrpc.php HTTP/1.1" 404 196 "-" "Jetpack/12.1; WordPress/6.3; http://site14243459.com"
216.73.217.39 - - [22/Apr/2026:16:21:42 +0300] "GET /?path=%2F%2Fusr%2Fshare%2Fpython-wheels HTTP/1.1" 200 4191 "-" "Mozilla/5.0 AppleWebKit/537.36 (KHTML, like Gecko; compatible; ClaudeBot/1.0; +claudebot@anthropic.com)"
115.245.108.102 - - [22/Apr/2026:16:21:42 +0300] "POST /xmlrpc.php HTTP/1.1" 404 196 "-" "Jetpack by WordPress.com"
78.29.52.101 - - [22/Apr/2026:16:21:43 +0300] "POST /xmlrpc.php HTTP/1.1" 404 196 "-" "Jetpack by WordPress.com"
115.245.108.102 - - [22/Apr/2026:16:21:52 +0300] "POST /xmlrpc.php HTTP/1.1" 404 196 "-" "Jetpack by WordPress.com (Jetpack 12.1; WordPress 6.4)"
54.37.252.231 - - [22/Apr/2026:16:21:53 +0300] "GET /?path=//run/systemd HTTP/1.1" 200 3847 "-" "Mozilla/5.0 (compatible; MJ12bot/v1.4.8; http://mj12bot.com/)"
78.29.52.101 - - [22/Apr/2026:16:21:53 +0300] "POST /xmlrpc.php HTTP/1.1" 404 196 "-" "WordPress.com; https://wordpress.com"
115.245.108.102 - - [22/Apr/2026:16:22:03 +0300] "POST /xmlrpc.php HTTP/1.1" 404 196 "-" "WordPress.com; https://wordpress.com"
78.29.52.101 - - [22/Apr/2026:16:22:04 +0300] "POST /xmlrpc.php HTTP/1.1" 404 196 "-" "WordPress.com; https://wordpress.com"
159.100.13.237 - - [22/Apr/2026:16:22:06 +0300] "GET /xmlrpc.php HTTP/1.1" 404 195 "-" "Mozilla/5.0 (X11; Linux x86_64) AppleWebKit/537.36 (KHTML, like Gecko) Chrome/143.0.0.0 Safari/537.36"
123.30.233.12 - - [22/Apr/2026:16:22:09 +0300] "GET /xmlrpc.php HTTP/1.1" 404 195 "-" "Mozilla/5.0 (X11; Linux x86_64) AppleWebKit/537.36 (KHTML, like Gecko) Chrome/143.0.0.0 Safari/537.36"
216.73.217.39 - - [22/Apr/2026:16:22:12 +0300] "GET /?path=%2F%2Fusr%2Fshare%2Fphp5.3-recode%2Frecode HTTP/1.1" 200 3202 "-" "Mozilla/5.0 AppleWebKit/537.36 (KHTML, like Gecko; compatible; ClaudeBot/1.0; +claudebot@anthropic.com)"
54.37.252.231 - - [22/Apr/2026:16:22:13 +0300] "GET /?path=//run/tmpfiles.d HTTP/1.1" 200 3184 "-" "Mozilla/5.0 (compatible; MJ12bot/v1.4.8; http://mj12bot.com/)"
78.29.52.101 - - [22/Apr/2026:16:22:15 +0300] "POST /xmlrpc.php HTTP/1.1" 404 196 "-" "WordPress.com; https://wordpress.com"
183.82.124.210 - - [22/Apr/2026:16:22:24 +0300] "POST /xmlrpc.php HTTP/1.1" 404 196 "-" "Jetpack/13.0; WordPress/6.2; http://site68450928.com"
78.29.52.101 - - [22/Apr/2026:16:22:25 +0300] "POST /xmlrpc.php HTTP/1.1" 404 196 "-" "WordPress.com; https://wordpress.com"
183.82.124.210 - - [22/Apr/2026:16:22:34 +0300] "POST /xmlrpc.php HTTP/1.1" 404 196 "-" "Jetpack by WordPress.com"
54.37.252.231 - - [22/Apr/2026:16:22:34 +0300] "GET /?path=//run/udev HTTP/1.1" 200 3321 "-" "Mozilla/5.0 (compatible; MJ12bot/v1.4.8; http://mj12bot.com/)"
78.29.52.101 - - [22/Apr/2026:16:22:36 +0300] "POST /xmlrpc.php HTTP/1.1" 404 196 "-" "Jetpack by WordPress.com (Jetpack 12.1; WordPress 6.2)"
216.73.217.39 - - [22/Apr/2026:16:22:42 +0300] "GET /?path=%2F%2Fusr%2Fshare%2Fphp8.0-pgsql%2Fpgsql HTTP/1.1" 200 3262 "-" "Mozilla/5.0 AppleWebKit/537.36 (KHTML, like Gecko; compatible; ClaudeBot/1.0; +claudebot@anthropic.com)"
183.82.98.92 - - [22/Apr/2026:16:22:45 +0300] "POST /xmlrpc.php HTTP/1.1" 404 196 "-" "Jetpack by WordPress.com"
78.29.52.101 - - [22/Apr/2026:16:22:46 +0300] "POST /xmlrpc.php HTTP/1.1" 404 196 "-" "Jetpack/12.0; WordPress/6.1; http://site21351195.com"
54.37.252.231 - - [22/Apr/2026:16:22:55 +0300] "GET /?path=//run/user HTTP/1.1" 200 3546 "-" "Mozilla/5.0 (compatible; MJ12bot/v1.4.8; http://mj12bot.com/)"
183.82.98.92 - - [22/Apr/2026:16:22:55 +0300] "POST /xmlrpc.php HTTP/1.1" 404 196 "-" "Jetpack by WordPress.com (Jetpack 12.1; WordPress 6.3)"
78.29.52.101 - - [22/Apr/2026:16:22:57 +0300] "POST /xmlrpc.php HTTP/1.1" 404 196 "-" "WordPress.com; https://wordpress.com"
183.82.98.92 - - [22/Apr/2026:16:23:06 +0300] "POST /xmlrpc.php HTTP/1.1" 404 196 "-" "WordPress.com; https://wordpress.com"
78.29.52.101 - - [22/Apr/2026:16:23:07 +0300] "POST /xmlrpc.php HTTP/1.1" 404 196 "-" "Jetpack by WordPress.com"
216.73.217.39 - - [22/Apr/2026:16:23:12 +0300] "GET /?path=%2F%2Fusr%2Fshare%2Fphp7.1-pgsql%2Fpgsql HTTP/1.1" 200 3262 "-" "Mozilla/5.0 AppleWebKit/537.36 (KHTML, like Gecko; compatible; ClaudeBot/1.0; +claudebot@anthropic.com)"
54.37.252.231 - - [22/Apr/2026:16:23:15 +0300] "GET /?path=//run/uuidd HTTP/1.1" 200 2910 "-" "Mozilla/5.0 (compatible; MJ12bot/v1.4.8; http://mj12bot.com/)"
183.82.98.92 - - [22/Apr/2026:16:23:16 +0300] "POST /xmlrpc.php HTTP/1.1" 404 196 "-" "Jetpack by WordPress.com (Jetpack 12.1; WordPress 6.2)"
78.29.52.101 - - [22/Apr/2026:16:23:18 +0300] "POST /xmlrpc.php HTTP/1.1" 404 196 "-" "Jetpack by WordPress.com (Jetpack 12.1; WordPress 6.3)"
2a05:3586:203a:933e:a3bb:95e2:7b4a:d9d7 - - [22/Apr/2026:16:23:25 +0300] "GET / HTTP/1.1" 200 5232 "-" "Mozilla/5.0 (Windows NT 10.0; Win64; x64) AppleWebKit/537.36 (KHTML, like Gecko) Chrome/145.0.7632.76 Safari/537.36"
183.82.98.92 - - [22/Apr/2026:16:23:27 +0300] "POST /xmlrpc.php HTTP/1.1" 404 196 "-" "Jetpack/13.0; WordPress/6.2; http://site19717272.com"
78.29.52.101 - - [22/Apr/2026:16:23:29 +0300] "POST /xmlrpc.php HTTP/1.1" 404 196 "-" "Jetpack by WordPress.com"
216.73.217.39 - - [22/Apr/2026:16:23:36 +0300] "GET /?path=%2F%2Fusr%2Fshare%2Fphp7.3-xmlrpc%2Fxmlrpc HTTP/1.1" 200 3203 "-" "Mozilla/5.0 AppleWebKit/537.36 (KHTML, like Gecko; compatible; ClaudeBot/1.0; +claudebot@anthropic.com)"
54.37.252.231 - - [22/Apr/2026:16:23:36 +0300] "GET /?path=//share/doc HTTP/1.1" 200 3165 "-" "Mozilla/5.0 (compatible; MJ12bot/v1.4.8; http://mj12bot.com/)"
102.67.178.216 - - [22/Apr/2026:16:23:36 +0300] "GET /feedback HTTP/1.1" 404 195 "https://brikov.ru/" "Mozilla/5.0 (Macintosh; Intel Mac OS X 10_15_7) AppleWebKit/537.36 (KHTML, like Gecko) Chrome/126.0.6478.127 Safari/537.36"
183.82.98.92 - - [22/Apr/2026:16:23:37 +0300] "POST /xmlrpc.php HTTP/1.1" 404 196 "-" "Jetpack/12.1; WordPress/6.1; http://site54764262.com"
78.29.52.101 - - [22/Apr/2026:16:23:39 +0300] "POST /xmlrpc.php HTTP/1.1" 404 196 "-" "Jetpack by WordPress.com"
115.245.108.102 - - [22/Apr/2026:16:23:49 +0300] "POST /xmlrpc.php HTTP/1.1" 404 196 "-" "Jetpack by WordPress.com (Jetpack 12.5; WordPress 6.2)"
78.29.52.101 - - [22/Apr/2026:16:23:50 +0300] "POST /xmlrpc.php HTTP/1.1" 404 196 "-" "WordPress.com; https://wordpress.com"
54.37.252.231 - - [22/Apr/2026:16:23:57 +0300] "GET /?path=//srv/ftp HTTP/1.1" 200 3182 "-" "Mozilla/5.0 (compatible; MJ12bot/v1.4.8; http://mj12bot.com/)"
78.29.52.101 - - [22/Apr/2026:16:24:01 +0300] "POST /xmlrpc.php HTTP/1.1" 404 196 "-" "WordPress.com; https://wordpress.com"
216.73.217.39 - - [22/Apr/2026:16:24:07 +0300] "GET /?path=%2F%2Fusr%2Fshare%2Fphp5.6-bz2%2Fbz2 HTTP/1.1" 200 3200 "-" "Mozilla/5.0 AppleWebKit/537.36 (KHTML, like Gecko; compatible; ClaudeBot/1.0; +claudebot@anthropic.com)"
78.29.52.101 - - [22/Apr/2026:16:24:11 +0300] "POST /xmlrpc.php HTTP/1.1" 404 196 "-" "Jetpack/13.0; WordPress/6.2; http://site29733277.com"
54.37.252.231 - - [22/Apr/2026:16:24:17 +0300] "GET /?path=//sys/block HTTP/1.1" 200 3379 "-" "Mozilla/5.0 (compatible; MJ12bot/v1.4.8; http://mj12bot.com/)"
78.29.52.101 - - [22/Apr/2026:16:24:22 +0300] "POST /xmlrpc.php HTTP/1.1" 404 196 "-" "Jetpack/12.5; WordPress/6.1; http://site17660327.com"
78.29.52.101 - - [22/Apr/2026:16:24:32 +0300] "POST /xmlrpc.php HTTP/1.1" 404 196 "-" "Jetpack by WordPress.com"
216.73.217.39 - - [22/Apr/2026:16:24:37 +0300] "GET /?path=%2F%2Fusr%2Fshare%2Fphp8.4-ldap%2Fldap HTTP/1.1" 200 3200 "-" "Mozilla/5.0 AppleWebKit/537.36 (KHTML, like Gecko; compatible; ClaudeBot/1.0; +claudebot@anthropic.com)"
78.29.52.101 - - [22/Apr/2026:16:24:43 +0300] "POST /xmlrpc.php HTTP/1.1" 404 196 "-" "Jetpack by WordPress.com"
168.100.149.113 - - [22/Apr/2026:16:24:47 +0300] "GET /robots.txt HTTP/1.1" 200 178 "-" "Mozilla/5.0 (compatible; AhrefsBot/7.0; +http://ahrefs.com/robot/)"
78.29.52.101 - - [22/Apr/2026:16:24:54 +0300] "POST /xmlrpc.php HTTP/1.1" 404 196 "-" "Jetpack by WordPress.com"
216.73.217.39 - - [22/Apr/2026:16:24:58 +0300] "GET /?fileloc=%2F%2Fusr%2Fshare%2Fphp5.2-common%2Fcommon%2Fgettext.ini&path=%2F%2Fusr%2Fshare%2Fphp5.2-common%2Fcommon HTTP/1.1" 200 2918 "-" "Mozilla/5.0 AppleWebKit/537.36 (KHTML, like Gecko; compatible; ClaudeBot/1.0; +claudebot@anthropic.com)"
78.29.52.101 - - [22/Apr/2026:16:25:04 +0300] "POST /xmlrpc.php HTTP/1.1" 404 196 "-" "WordPress.com; https://wordpress.com"
43.130.37.243 - - [22/Apr/2026:16:25:12 +0300] "GET /?path=/home/u547966/brikov.ru/www/2bi3ck6l7t HTTP/1.1" 200 3163 "-" "Mozilla/5.0 (iPhone; CPU iPhone OS 13_2_3 like Mac OS X) AppleWebKit/605.1.15 (KHTML, like Gecko) Version/13.0.3 Mobile/15E148 Safari/604.1"
78.29.52.101 - - [22/Apr/2026:16:25:15 +0300] "POST /xmlrpc.php HTTP/1.1" 404 196 "-" "Jetpack/13.0; WordPress/6.4; http://site73290677.com"
168.100.149.79 - - [22/Apr/2026:16:25:18 +0300] "GET /peizazh/ HTTP/1.1" 404 195 "-" "Mozilla/5.0 (compatible; AhrefsBot/7.0; +http://ahrefs.com/robot/)"
78.29.52.101 - - [22/Apr/2026:16:25:25 +0300] "POST /xmlrpc.php HTTP/1.1" 404 196 "-" "Jetpack by WordPress.com"
216.73.217.39 - - [22/Apr/2026:16:25:29 +0300] "GET /?fileloc=%2F%2Fusr%2Fshare%2Fphp8.1-xml%2Fxml%2Fxmlwriter.ini&path=%2F%2Fusr%2Fshare%2Fphp8.1-xml%2Fxml HTTP/1.1" 200 2916 "-" "Mozilla/5.0 AppleWebKit/537.36 (KHTML, like Gecko; compatible; ClaudeBot/1.0; +claudebot@anthropic.com)"
78.29.52.101 - - [22/Apr/2026:16:25:36 +0300] "POST /xmlrpc.php HTTP/1.1" 404 196 "-" "Jetpack/12.0; WordPress/6.1; http://site57616510.com"
78.29.52.101 - - [22/Apr/2026:16:25:47 +0300] "POST /xmlrpc.php HTTP/1.1" 404 196 "-" "Jetpack/12.0; WordPress/6.3; http://site52113852.com"
78.29.52.101 - - [22/Apr/2026:16:25:57 +0300] "POST /xmlrpc.php HTTP/1.1" 404 196 "-" "Jetpack by WordPress.com"
216.73.217.39 - - [22/Apr/2026:16:25:59 +0300] "GET /?fileloc=%2F%2Fusr%2Fshare%2Fgitweb%2Fstatic%2Fgit-logo.png&path=%2F%2Fusr%2Fshare%2Fgitweb%2Fstatic HTTP/1.1" 200 3169 "-" "Mozilla/5.0 AppleWebKit/537.36 (KHTML, like Gecko; compatible; ClaudeBot/1.0; +claudebot@anthropic.com)"
78.29.52.101 - - [22/Apr/2026:16:26:08 +0300] "POST /xmlrpc.php HTTP/1.1" 404 196 "-" "WordPress.com; https://wordpress.com"
78.29.52.101 - - [22/Apr/2026:16:26:19 +0300] "POST /xmlrpc.php HTTP/1.1" 404 196 "-" "Jetpack by WordPress.com"
216.73.217.39 - - [22/Apr/2026:16:26:20 +0300] "GET /?fileloc=%2F%2Fvmlinuz.old&path=%2F HTTP/1.1" 200 4168429 "-" "Mozilla/5.0 AppleWebKit/537.36 (KHTML, like Gecko; compatible; ClaudeBot/1.0; +claudebot@anthropic.com)"
78.29.52.101 - - [22/Apr/2026:16:26:29 +0300] "POST /xmlrpc.php HTTP/1.1" 404 196 "-" "WordPress.com; https://wordpress.com"
78.29.52.101 - - [22/Apr/2026:16:26:40 +0300] "POST /xmlrpc.php HTTP/1.1" 404 196 "-" "WordPress.com; https://wordpress.com"
216.73.217.39 - - [22/Apr/2026:16:26:48 +0300] "GET /?fileloc=%2F%2Fbin%2Fbzmore&path=%2F%2Fbin HTTP/1.1" 200 3513 "-" "Mozilla/5.0 AppleWebKit/537.36 (KHTML, like Gecko; compatible; ClaudeBot/1.0; +claudebot@anthropic.com)"
78.29.52.101 - - [22/Apr/2026:16:26:50 +0300] "POST /xmlrpc.php HTTP/1.1" 404 196 "-" "Jetpack by WordPress.com"
78.29.52.101 - - [22/Apr/2026:16:27:01 +0300] "POST /xmlrpc.php HTTP/1.1" 404 196 "-" "Jetpack by WordPress.com"
216.73.217.39 - - [22/Apr/2026:16:27:08 +0300] "GET /?fileloc=%2F%2Flib%2Fx86_64-linux-gnu%2Flibrt.so.1&path=%2F%2Flib%2Fx86_64-linux-gnu HTTP/1.1" 200 16384 "-" "Mozilla/5.0 AppleWebKit/537.36 (KHTML, like Gecko; compatible; ClaudeBot/1.0; +claudebot@anthropic.com)"
78.29.52.101 - - [22/Apr/2026:16:27:12 +0300] "POST /xmlrpc.php HTTP/1.1" 404 196 "-" "Jetpack by WordPress.com (Jetpack 12.1; WordPress 6.1)"
78.29.52.101 - - [22/Apr/2026:16:27:22 +0300] "POST /xmlrpc.php HTTP/1.1" 404 196 "-" "Jetpack by WordPress.com"
52.167.144.175 - - [22/Apr/2026:16:27:32 +0300] "GET /?o=1-773-5 HTTP/1.1" 200 5355 "-" "Mozilla/5.0 AppleWebKit/537.36 (KHTML, like Gecko; compatible; bingbot/2.0; +http://www.bing.com/bingbot.htm) Chrome/116.0.1938.76 Safari/537.36"
78.29.52.101 - - [22/Apr/2026:16:27:33 +0300] "POST /xmlrpc.php HTTP/1.1" 404 196 "-" "Jetpack by WordPress.com"
216.73.217.39 - - [22/Apr/2026:16:27:36 +0300] "GET /?fileloc=%2F%2Fsbin%2Funix_chkpwd&path=%2F%2Fsbin HTTP/1.1" 200 17229 "-" "Mozilla/5.0 AppleWebKit/537.36 (KHTML, like Gecko; compatible; ClaudeBot/1.0; +claudebot@anthropic.com)"
78.29.52.101 - - [22/Apr/2026:16:27:43 +0300] "POST /xmlrpc.php HTTP/1.1" 404 196 "-" "Jetpack by WordPress.com (Jetpack 12.1; WordPress 6.1)"
188.143.244.148 - - [22/Apr/2026:16:27:53 +0300] "GET / HTTP/1.1" 200 5142 "-" "Mozilla/5.0 X11; Ubuntu; Linux x86_64; rv:126.0 Gecko/20100101 Firefox/126.0"
78.29.52.101 - - [22/Apr/2026:16:27:54 +0300] "POST /xmlrpc.php HTTP/1.1" 404 196 "-" "Jetpack/12.0; WordPress/6.4; http://site48126042.com"
188.143.244.148 - - [22/Apr/2026:16:27:56 +0300] "GET /wp-content/uploads/2018/04/muzhskoi-portret_muzhskoi-portret-s-trostiu.jpg HTTP/1.1" 200 803682 "-" "Mozilla/5.0 X11; Ubuntu; Linux x86_64; rv:126.0 Gecko/20100101 Firefox/126.0"
188.143.244.148 - - [22/Apr/2026:16:28:04 +0300] "GET /natiurmort/natiurmort-detskii-mir/ HTTP/1.1" 404 195 "-" "Mozilla/5.0 X11; Ubuntu; Linux x86_64; rv:126.0 Gecko/20100101 Firefox/126.0"
78.29.52.101 - - [22/Apr/2026:16:28:05 +0300] "POST /xmlrpc.php HTTP/1.1" 404 196 "-" "Jetpack by WordPress.com"
216.73.217.39 - - [22/Apr/2026:16:28:05 +0300] "GET /?fileloc=%2F%2Fsbin%2Fmkfs.minix&path=%2F%2Fsbin HTTP/1.1" 200 39125 "-" "Mozilla/5.0 AppleWebKit/537.36 (KHTML, like Gecko; compatible; ClaudeBot/1.0; +claudebot@anthropic.com)"
188.143.244.148 - - [22/Apr/2026:16:28:06 +0300] "GET /detskij-portret/portret-rebnka-2010-g/ HTTP/1.1" 404 195 "-" "Mozilla/5.0 X11; Ubuntu; Linux x86_64; rv:126.0 Gecko/20100101 Firefox/126.0"
188.143.244.148 - - [22/Apr/2026:16:28:08 +0300] "GET /muzhskoi-portret/muzhchina-s-vnukami/ HTTP/1.1" 404 195 "-" "Mozilla/5.0 X11; Ubuntu; Linux x86_64; rv:126.0 Gecko/20100101 Firefox/126.0"
188.143.244.148 - - [22/Apr/2026:16:28:10 +0300] "GET /detskii-portret/portret-devochki-v-belom/ HTTP/1.1" 404 195 "-" "Mozilla/5.0 X11; Ubuntu; Linux x86_64; rv:126.0 Gecko/20100101 Firefox/126.0"
188.143.244.148 - - [22/Apr/2026:16:28:13 +0300] "GET /muzhskoi-portret/portret-na-fone-burnogo-ruchia HTTP/1.1" 404 195 "-" "Mozilla/5.0 X11; Ubuntu; Linux x86_64; rv:126.0 Gecko/20100101 Firefox/126.0"
78.29.52.101 - - [22/Apr/2026:16:28:16 +0300] "POST /xmlrpc.php HTTP/1.1" 404 196 "-" "Jetpack by WordPress.com"
188.143.244.148 - - [22/Apr/2026:16:28:18 +0300] "GET /wp-content/uploads/2018/05/%D0%9F%D0%BE%D1%80%D1%82%D1%80%D0%B5%D1%82-%D0%B4%D0%B5%D0%B2%D1%83%D1%88%D0%BA%D0%B8.jpg HTTP/1.1" 200 2502290 "-" "Mozilla/5.0 X11; Ubuntu; Linux x86_64; rv:126.0 Gecko/20100101 Firefox/126.0"
78.29.52.101 - - [22/Apr/2026:16:28:26 +0300] "POST /xmlrpc.php HTTP/1.1" 404 196 "-" "Jetpack/12.5; WordPress/6.1; http://site19446328.com"
52.167.144.145 - - [22/Apr/2026:16:28:29 +0300] "GET /?o=1-1233-6 HTTP/1.1" 200 5186 "-" "Mozilla/5.0 AppleWebKit/537.36 (KHTML, like Gecko; compatible; bingbot/2.0; +http://www.bing.com/bingbot.htm) Chrome/116.0.1938.76 Safari/537.36"
216.73.217.39 - - [22/Apr/2026:16:28:36 +0300] "GET /?fileloc=%2F%2Fsbin%2Flvmdump&path=%2F%2Fsbin HTTP/1.1" 200 6581 "-" "Mozilla/5.0 AppleWebKit/537.36 (KHTML, like Gecko; compatible; ClaudeBot/1.0; +claudebot@anthropic.com)"
78.29.52.101 - - [22/Apr/2026:16:28:36 +0300] "POST /xmlrpc.php HTTP/1.1" 404 196 "-" "Jetpack by WordPress.com (Jetpack 12.1; WordPress 6.2)"
78.29.52.101 - - [22/Apr/2026:16:28:47 +0300] "POST /xmlrpc.php HTTP/1.1" 404 196 "-" "Jetpack by WordPress.com"
216.73.217.39 - - [22/Apr/2026:16:28:49 +0300] "GET /?path=%2Fhome%2Fu547966%2Fbrikov.ru%2Fwww%2Fwp-content%2Fplugins%2Fusiprez%2Flanguages HTTP/1.1" 200 3512 "-" "Mozilla/5.0 AppleWebKit/537.36 (KHTML, like Gecko; compatible; ClaudeBot/1.0; +claudebot@anthropic.com)"
78.29.52.101 - - [22/Apr/2026:16:28:58 +0300] "POST /xmlrpc.php HTTP/1.1" 404 196 "-" "WordPress.com; https://wordpress.com"
78.29.52.101 - - [22/Apr/2026:16:29:08 +0300] "POST /xmlrpc.php HTTP/1.1" 404 196 "-" "Jetpack by WordPress.com"
78.29.52.101 - - [22/Apr/2026:16:29:19 +0300] "POST /xmlrpc.php HTTP/1.1" 404 196 "-" "WordPress.com; https://wordpress.com"
216.73.217.39 - - [22/Apr/2026:16:29:20 +0300] "GET /?path=%2Fhome%2Fu547966%2Fbrikov.ru%2Fwww%2Fwp-content%2Fplugins%2Fjerivjm%2Flanguages HTTP/1.1" 200 3515 "-" "Mozilla/5.0 AppleWebKit/537.36 (KHTML, like Gecko; compatible; ClaudeBot/1.0; +claudebot@anthropic.com)"
78.29.52.101 - - [22/Apr/2026:16:29:29 +0300] "POST /xmlrpc.php HTTP/1.1" 404 196 "-" "WordPress.com; https://wordpress.com"
216.73.217.39 - - [22/Apr/2026:16:29:36 +0300] "GET /?path=%2Fhome%2Fu547966%2Fbrikov.ru%2Fwww%2Fwp-content%2Fplugins%2Fzrdvgca HTTP/1.1" 200 3815 "-" "Mozilla/5.0 AppleWebKit/537.36 (KHTML, like Gecko; compatible; ClaudeBot/1.0; +claudebot@anthropic.com)"
78.29.52.101 - - [22/Apr/2026:16:29:40 +0300] "POST /xmlrpc.php HTTP/1.1" 404 196 "-" "Jetpack by WordPress.com (Jetpack 12.0; WordPress 6.2)"
78.29.52.101 - - [22/Apr/2026:16:29:51 +0300] "POST /xmlrpc.php HTTP/1.1" 404 196 "-" "Jetpack by WordPress.com (Jetpack 13.0; WordPress 6.1)"
78.29.52.101 - - [22/Apr/2026:16:30:01 +0300] "POST /xmlrpc.php HTTP/1.1" 404 196 "-" "Jetpack by WordPress.com (Jetpack 12.5; WordPress 6.3)"
216.73.217.39 - - [22/Apr/2026:16:30:06 +0300] "GET /?fileloc=%2F%2Fsbin%2Fifenslave&path=%2F%2Fsbin HTTP/1.1" 200 4264 "-" "Mozilla/5.0 AppleWebKit/537.36 (KHTML, like Gecko; compatible; ClaudeBot/1.0; +claudebot@anthropic.com)"
216.73.217.39 - - [22/Apr/2026:16:30:12 +0300] "GET /robots.txt HTTP/1.1" 200 178 "-" "Mozilla/5.0 AppleWebKit/537.36 (KHTML, like Gecko; compatible; ClaudeBot/1.0; +claudebot@anthropic.com)"
78.29.52.101 - - [22/Apr/2026:16:30:12 +0300] "POST /xmlrpc.php HTTP/1.1" 404 196 "-" "Jetpack by WordPress.com (Jetpack 12.1; WordPress 6.2)"
144.31.35.87 - - [22/Apr/2026:16:30:16 +0300] "GET /wp-json/oembed/1.0/embed?url=https%3A%2F%2Fbrikov.ru%2Fnatiurmort%2F&format=xml HTTP/1.1" 404 195 "-" "Mozilla/5.0 (Macintosh; Intel Mac OS X 10_15_7) AppleWebKit/537.36 (KHTML, like Gecko) Chrome/135.0.0.0 Safari/537.36"
207.180.11.121 - - [22/Apr/2026:16:30:18 +0300] "GET /wp-json/oembed/1.0/embed?url=https%3A%2F%2Fbrikov.ru%2Fnatiurmort%2F&format=xml HTTP/1.1" 404 195 "-" "Mozilla/5.0 (Macintosh; Intel Mac OS X 10_15_7) AppleWebKit/537.36 (KHTML, like Gecko) Chrome/135.0.0.0 Safari/537.36"
144.31.35.249 - - [22/Apr/2026:16:30:19 +0300] "GET /wp-json/oembed/1.0/embed?url=https%3A%2F%2Fbrikov.ru%2Fnatiurmort%2F&format=xml HTTP/1.1" 404 195 "-" "Mozilla/5.0 (Macintosh; Intel Mac OS X 10_15_7) AppleWebKit/537.36 (KHTML, like Gecko) Chrome/135.0.0.0 Safari/537.36"
78.29.52.101 - - [22/Apr/2026:16:30:23 +0300] "POST /xmlrpc.php HTTP/1.1" 404 196 "-" "Jetpack by WordPress.com"
78.29.52.101 - - [22/Apr/2026:16:30:33 +0300] "POST /xmlrpc.php HTTP/1.1" 404 196 "-" "Jetpack by WordPress.com"
216.73.217.39 - - [22/Apr/2026:16:30:36 +0300] "GET /?path=%2Fhome%2Fu547966%2Fbrikov.ru%2Fwww%2Fwp-content%2Fplugins%2Ffopdxbb HTTP/1.1" 200 3592 "-" "Mozilla/5.0 AppleWebKit/537.36 (KHTML, like Gecko; compatible; ClaudeBot/1.0; +claudebot@anthropic.com)"
78.29.52.101 - - [22/Apr/2026:16:30:44 +0300] "POST /xmlrpc.php HTTP/1.1" 404 196 "-" "WordPress.com; https://wordpress.com"
78.29.52.101 - - [22/Apr/2026:16:30:54 +0300] "POST /xmlrpc.php HTTP/1.1" 404 196 "-" "Jetpack by WordPress.com"
78.29.52.101 - - [22/Apr/2026:16:31:05 +0300] "POST /xmlrpc.php HTTP/1.1" 404 196 "-" "Jetpack by WordPress.com"
216.73.217.39 - - [22/Apr/2026:16:31:11 +0300] "GET /?fileloc=%2Fhome%2Fu547966%2Fbrikov.ru%2Fwww%2Fwp-content%2FisofUZuYOqS.php&path=%2Fhome%2Fu547966%2Fbrikov.ru%2Fwww%2Fwp-content HTTP/1.1" 200 42236 "-" "Mozilla/5.0 AppleWebKit/537.36 (KHTML, like Gecko; compatible; ClaudeBot/1.0; +claudebot@anthropic.com)"
78.29.52.101 - - [22/Apr/2026:16:31:15 +0300] "POST /xmlrpc.php HTTP/1.1" 404 196 "-" "Jetpack/13.0; WordPress/6.2; http://site73838440.com"
2a13:17c0:f3c7:343d:4744:9258:514b:ede1 - - [22/Apr/2026:16:31:18 +0300] "GET / HTTP/1.1" 200 5279 "-" "Mozilla/5.0 (Linux; Android 10; K) AppleWebKit/537.36 (KHTML, like Gecko) Chrome/144.0.0.0 Mobile Safari/537.36"
2a13:17c0:f3c7:343d:4744:9258:514b:ede1 - - [22/Apr/2026:16:31:19 +0300] "GET /favicon.ico HTTP/1.1" 404 195 "https://brikov.ru/" "Mozilla/5.0 (Linux; Android 10; K) AppleWebKit/537.36 (KHTML, like Gecko) Chrome/144.0.0.0 Mobile Safari/537.36"
78.29.52.101 - - [22/Apr/2026:16:31:26 +0300] "POST /xmlrpc.php HTTP/1.1" 404 196 "-" "Jetpack by WordPress.com (Jetpack 13.0; WordPress 6.2)"
78.29.52.101 - - [22/Apr/2026:16:31:37 +0300] "POST /xmlrpc.php HTTP/1.1" 404 196 "-" "Jetpack by WordPress.com"
216.73.217.39 - - [22/Apr/2026:16:31:37 +0300] "GET /?fileloc=%2Fhome%2Fu547966%2Fbrikov.ru%2Fwww%2Fwp-content%2Fthemes%2Fconsultstreet%2Findex.php&path=%2Fhome%2Fu547966%2Fbrikov.ru%2Fwww%2Fwp-content%2Fthemes%2Fconsultstreet HTTP/1.1" 200 3705 "-" "Mozilla/5.0 AppleWebKit/537.36 (KHTML, like Gecko; compatible; ClaudeBot/1.0; +claudebot@anthropic.com)"
52.167.144.175 - - [22/Apr/2026:16:31:43 +0300] "GET /?u=1123533600410 HTTP/1.1" 200 5142 "-" "Mozilla/5.0 AppleWebKit/537.36 (KHTML, like Gecko; compatible; bingbot/2.0; +http://www.bing.com/bingbot.htm) Chrome/116.0.1938.76 Safari/537.36"
78.29.52.101 - - [22/Apr/2026:16:31:47 +0300] "POST /xmlrpc.php HTTP/1.1" 404 196 "-" "WordPress.com; https://wordpress.com"
40.77.167.131 - - [22/Apr/2026:16:31:55 +0300] "GET /?o=1-550-19 HTTP/1.1" 200 5088 "-" "Mozilla/5.0 AppleWebKit/537.36 (KHTML, like Gecko; compatible; bingbot/2.0; +http://www.bing.com/bingbot.htm) Chrome/116.0.1938.76 Safari/537.36"
78.29.52.101 - - [22/Apr/2026:16:31:58 +0300] "POST /xmlrpc.php HTTP/1.1" 404 196 "-" "Jetpack/13.0; WordPress/6.4; http://site86268385.com"
216.73.217.39 - - [22/Apr/2026:16:32:07 +0300] "GET /?fileloc=%2Fhome%2Fu547966%2Fbrikov.ru%2Fwww%2Fwp-content%2Fthemes%2Fvgdpaov%2Fstyle.css&path=%2Fhome%2Fu547966%2Fbrikov.ru%2Fwww%2Fwp-content%2Fthemes%2Fvgdpaov HTTP/1.1" 200 4725 "-" "Mozilla/5.0 AppleWebKit/537.36 (KHTML, like Gecko; compatible; ClaudeBot/1.0; +claudebot@anthropic.com)"
78.29.52.101 - - [22/Apr/2026:16:32:09 +0300] "POST /xmlrpc.php HTTP/1.1" 404 196 "-" "Jetpack by WordPress.com (Jetpack 12.5; WordPress 6.3)"
78.29.52.101 - - [22/Apr/2026:16:32:19 +0300] "POST /xmlrpc.php HTTP/1.1" 404 196 "-" "Jetpack/12.1; WordPress/6.4; http://site35029750.com"
78.29.52.101 - - [22/Apr/2026:16:32:30 +0300] "POST /xmlrpc.php HTTP/1.1" 404 196 "-" "Jetpack by WordPress.com (Jetpack 12.1; WordPress 6.4)"
216.73.217.39 - - [22/Apr/2026:16:32:34 +0300] "GET /?fileloc=%2Fhome%2Fu547966%2Fbrikov.ru%2Fwww%2Fwp-includes%2Fjs%2Ftinymce%2Fplugins%2Flists%2Fplugin.min.js&path=%2Fhome%2Fu547966%2Fbrikov.ru%2Fwww%2Fwp-includes%2Fjs%2Ftinymce%2Fplugins%2Flists HTTP/1.1" 200 7923 "-" "Mozilla/5.0 AppleWebKit/537.36 (KHTML, like Gecko; compatible; ClaudeBot/1.0; +claudebot@anthropic.com)"
78.29.52.101 - - [22/Apr/2026:16:32:41 +0300] "POST /xmlrpc.php HTTP/1.1" 404 196 "-" "Jetpack by WordPress.com (Jetpack 12.5; WordPress 6.4)"
78.29.52.101 - - [22/Apr/2026:16:32:51 +0300] "POST /xmlrpc.php HTTP/1.1" 404 196 "-" "WordPress.com; https://wordpress.com"
216.73.217.39 - - [22/Apr/2026:16:32:58 +0300] "GET /?fileloc=%2Fhome%2Fu547966%2Fbrikov.ru%2Fwww_old_1%2Fwp-admin%2Fcss%2Fedit.css&path=%2Fhome%2Fu547966%2Fbrikov.ru%2Fwww_old_1%2Fwp-admin%2Fcss HTTP/1.1" 200 9441 "-" "Mozilla/5.0 AppleWebKit/537.36 (KHTML, like Gecko; compatible; ClaudeBot/1.0; +claudebot@anthropic.com)"
78.29.52.101 - - [22/Apr/2026:16:33:02 +0300] "POST /xmlrpc.php HTTP/1.1" 404 196 "-" "Jetpack/12.0; WordPress/6.1; http://site57853329.com"
216.73.217.39 - - [22/Apr/2026:16:33:08 +0300] "GET /?fileloc=%2F%2Fusr%2Fshare%2Fterminfo%2Fq%2Fqvt103-w&path=%2F%2Fusr%2Fshare%2Fterminfo%2Fq HTTP/1.1" 200 3281 "-" "Mozilla/5.0 AppleWebKit/537.36 (KHTML, like Gecko; compatible; ClaudeBot/1.0; +claudebot@anthropic.com)"
78.29.52.101 - - [22/Apr/2026:16:33:12 +0300] "POST /xmlrpc.php HTTP/1.1" 404 196 "-" "WordPress.com; https://wordpress.com"
78.29.52.101 - - [22/Apr/2026:16:33:23 +0300] "POST /xmlrpc.php HTTP/1.1" 404 196 "-" "WordPress.com; https://wordpress.com"
78.29.52.101 - - [22/Apr/2026:16:33:33 +0300] "POST /xmlrpc.php HTTP/1.1" 404 196 "-" "Jetpack by WordPress.com"
78.29.52.101 - - [22/Apr/2026:16:33:44 +0300] "POST /xmlrpc.php HTTP/1.1" 404 196 "-" "WordPress.com; https://wordpress.com"
78.29.52.101 - - [22/Apr/2026:16:33:55 +0300] "POST /xmlrpc.php HTTP/1.1" 404 196 "-" "Jetpack/12.1; WordPress/6.1; http://site39288762.com"
78.29.52.101 - - [22/Apr/2026:16:34:05 +0300] "POST /xmlrpc.php HTTP/1.1" 404 196 "-" "WordPress.com; https://wordpress.com"
78.29.52.101 - - [22/Apr/2026:16:34:16 +0300] "POST /xmlrpc.php HTTP/1.1" 404 196 "-" "Jetpack by WordPress.com (Jetpack 13.0; WordPress 6.3)"
78.29.52.101 - - [22/Apr/2026:16:34:26 +0300] "POST /xmlrpc.php HTTP/1.1" 404 196 "-" "Jetpack by WordPress.com"
78.29.52.101 - - [22/Apr/2026:16:34:37 +0300] "POST /xmlrpc.php HTTP/1.1" 404 196 "-" "Jetpack by WordPress.com (Jetpack 13.0; WordPress 6.3)"
216.73.217.39 - - [22/Apr/2026:16:34:47 +0300] "GET /?fileloc=%2Fhome%2Fu547966%2Fbrikov.ru%2Fwww_old_1%2Fwp-admin%2Fnetwork%2Ftheme-editor.php&path=%2Fhome%2Fu547966%2Fbrikov.ru%2Fwww_old_1%2Fwp-admin%2Fnetwork HTTP/1.1" 200 3047 "-" "Mozilla/5.0 AppleWebKit/537.36 (KHTML, like Gecko; compatible; ClaudeBot/1.0; +claudebot@anthropic.com)"
78.29.52.101 - - [22/Apr/2026:16:34:47 +0300] "POST /xmlrpc.php HTTP/1.1" 404 196 "-" "Jetpack by WordPress.com (Jetpack 12.5; WordPress 6.1)"
78.29.52.101 - - [22/Apr/2026:16:34:58 +0300] "POST /xmlrpc.php HTTP/1.1" 404 196 "-" "Jetpack/12.0; WordPress/6.4; http://site40024180.com"
78.29.52.101 - - [22/Apr/2026:16:35:09 +0300] "POST /xmlrpc.php HTTP/1.1" 404 196 "-" "Jetpack by WordPress.com (Jetpack 12.0; WordPress 6.3)"
78.29.52.101 - - [22/Apr/2026:16:35:19 +0300] "POST /xmlrpc.php HTTP/1.1" 404 196 "-" "WordPress.com; https://wordpress.com"
78.29.52.101 - - [22/Apr/2026:16:35:30 +0300] "POST /xmlrpc.php HTTP/1.1" 404 196 "-" "WordPress.com; https://wordpress.com"
78.29.52.101 - - [22/Apr/2026:16:35:40 +0300] "POST /xmlrpc.php HTTP/1.1" 404 196 "-" "Jetpack by WordPress.com"
78.29.52.101 - - [22/Apr/2026:16:35:51 +0300] "POST /xmlrpc.php HTTP/1.1" 404 196 "-" "Jetpack by WordPress.com (Jetpack 12.5; WordPress 6.4)"
78.29.52.101 - - [22/Apr/2026:16:36:02 +0300] "POST /xmlrpc.php HTTP/1.1" 404 196 "-" "Jetpack by WordPress.com (Jetpack 12.1; WordPress 6.2)"
78.29.52.101 - - [22/Apr/2026:16:36:13 +0300] "POST /xmlrpc.php HTTP/1.1" 404 196 "-" "Jetpack by WordPress.com (Jetpack 12.1; WordPress 6.1)"
52.167.144.218 - - [22/Apr/2026:16:36:18 +0300] "GET /?fileloc=/home/u547966/brikov.ru/www/.gitignore&path=/home/u547966/brikov.ru/www HTTP/1.1" 200 3013 "-" "Mozilla/5.0 AppleWebKit/537.36 (KHTML, like Gecko; compatible; bingbot/2.0; +http://www.bing.com/bingbot.htm) Chrome/116.0.1938.76 Safari/537.36"
78.29.52.101 - - [22/Apr/2026:16:36:23 +0300] "POST /xmlrpc.php HTTP/1.1" 404 196 "-" "WordPress.com; https://wordpress.com"
78.29.52.101 - - [22/Apr/2026:16:36:34 +0300] "POST /xmlrpc.php HTTP/1.1" 404 196 "-" "WordPress.com; https://wordpress.com"
78.29.52.101 - - [22/Apr/2026:16:36:44 +0300] "POST /xmlrpc.php HTTP/1.1" 404 196 "-" "Jetpack by WordPress.com"
78.29.52.101 - - [22/Apr/2026:16:36:55 +0300] "POST /xmlrpc.php HTTP/1.1" 404 196 "-" "WordPress.com; https://wordpress.com"
216.73.217.39 - - [22/Apr/2026:16:37:05 +0300] "GET /?fileloc=%2F%2Fusr%2Fshare%2Fterminfo%2Fq%2Fqvt203+&path=%2F%2Fusr%2Fshare%2Fterminfo%2Fq HTTP/1.1" 200 2874 "-" "Mozilla/5.0 AppleWebKit/537.36 (KHTML, like Gecko; compatible; ClaudeBot/1.0; +claudebot@anthropic.com)"
78.29.52.101 - - [22/Apr/2026:16:37:05 +0300] "POST /xmlrpc.php HTTP/1.1" 404 196 "-" "Jetpack/12.1; WordPress/6.1; http://site80057170.com"
162.62.132.25 - - [22/Apr/2026:16:37:15 +0300] "GET /?path=/home/u547966/brikov.ru/www/e37643 HTTP/1.1" 200 3205 "-" "Mozilla/5.0 (iPhone; CPU iPhone OS 13_2_3 like Mac OS X) AppleWebKit/605.1.15 (KHTML, like Gecko) Version/13.0.3 Mobile/15E148 Safari/604.1"
78.29.52.101 - - [22/Apr/2026:16:37:17 +0300] "POST /xmlrpc.php HTTP/1.1" 404 196 "-" "WordPress.com; https://wordpress.com"
78.29.52.101 - - [22/Apr/2026:16:37:26 +0300] "POST /xmlrpc.php HTTP/1.1" 404 196 "-" "Jetpack by WordPress.com (Jetpack 12.1; WordPress 6.4)"
78.29.52.101 - - [22/Apr/2026:16:37:37 +0300] "POST /xmlrpc.php HTTP/1.1" 404 196 "-" "Jetpack by WordPress.com (Jetpack 13.0; WordPress 6.3)"
78.29.52.101 - - [22/Apr/2026:16:37:48 +0300] "POST /xmlrpc.php HTTP/1.1" 404 196 "-" "Jetpack by WordPress.com"
78.29.52.101 - - [22/Apr/2026:16:37:58 +0300] "POST /xmlrpc.php HTTP/1.1" 404 196 "-" "WordPress.com; https://wordpress.com"
78.29.52.101 - - [22/Apr/2026:16:38:09 +0300] "POST /xmlrpc.php HTTP/1.1" 404 196 "-" "WordPress.com; https://wordpress.com"
78.29.52.101 - - [22/Apr/2026:16:38:19 +0300] "POST /xmlrpc.php HTTP/1.1" 404 196 "-" "Jetpack by WordPress.com"
78.29.52.101 - - [22/Apr/2026:16:38:30 +0300] "POST /xmlrpc.php HTTP/1.1" 404 196 "-" "Jetpack by WordPress.com"
78.29.52.101 - - [22/Apr/2026:16:38:41 +0300] "POST /xmlrpc.php HTTP/1.1" 404 196 "-" "Jetpack by WordPress.com"
216.73.217.39 - - [22/Apr/2026:16:38:41 +0300] "GET /?fileloc=%2Fhome%2Fu547966%2Fbrikov.ru%2Fwww%2Fwp-includes%2Fjs%2Ftinymce%2Fplugins%2Flists%2Fplugin.js&path=%2Fhome%2Fu547966%2Fbrikov.ru%2Fwww%2Fwp-includes%2Fjs%2Ftinymce%2Fplugins%2Flists HTTP/1.1" 200 10709 "-" "Mozilla/5.0 AppleWebKit/537.36 (KHTML, like Gecko; compatible; ClaudeBot/1.0; +claudebot@anthropic.com)"
78.29.52.101 - - [22/Apr/2026:16:38:51 +0300] "POST /xmlrpc.php HTTP/1.1" 404 196 "-" "WordPress.com; https://wordpress.com"
216.73.217.39 - - [22/Apr/2026:16:38:58 +0300] "GET /?fileloc=%2Fhome%2Fu547966%2Fbrikov.ru%2Fwww%2Fwp-content%2Fplugins%2Fnkcld%2Fadmin%2Findex.php&path=%2Fhome%2Fu547966%2Fbrikov.ru%2Fwww%2Fwp-content%2Fplugins%2Fnkcld%2Fadmin HTTP/1.1" 200 2923 "-" "Mozilla/5.0 AppleWebKit/537.36 (KHTML, like Gecko; compatible; ClaudeBot/1.0; +claudebot@anthropic.com)"
78.29.52.101 - - [22/Apr/2026:16:39:02 +0300] "POST /xmlrpc.php HTTP/1.1" 404 196 "-" "WordPress.com; https://wordpress.com"
216.73.217.39 - - [22/Apr/2026:16:40:03 +0300] "GET /?fileloc=%2Fhome%2Fu547966%2Fbrikov.ru%2Fwww_old_1%2Fwp-admin%2Fcss%2Fadmin-menu.css&path=%2Fhome%2Fu547966%2Fbrikov.ru%2Fwww_old_1%2Fwp-admin%2Fcss HTTP/1.1" 200 6645 "-" "Mozilla/5.0 AppleWebKit/537.36 (KHTML, like Gecko; compatible; ClaudeBot/1.0; +claudebot@anthropic.com)"
216.73.217.39 - - [22/Apr/2026:16:42:22 +0300] "GET /?path=%2F%2Frun%2Fapache2-php52 HTTP/1.1" 200 3165 "-" "Mozilla/5.0 AppleWebKit/537.36 (KHTML, like Gecko; compatible; ClaudeBot/1.0; +claudebot@anthropic.com)"
216.73.217.39 - - [22/Apr/2026:16:42:52 +0300] "GET /?path=%2F%2Frun%2Fapache2-php82 HTTP/1.1" 200 3165 "-" "Mozilla/5.0 AppleWebKit/537.36 (KHTML, like Gecko; compatible; ClaudeBot/1.0; +claudebot@anthropic.com)"
216.73.217.39 - - [22/Apr/2026:16:43:22 +0300] "GET /?path=%2F%2Frun%2Fapache2-php83 HTTP/1.1" 200 3165 "-" "Mozilla/5.0 AppleWebKit/537.36 (KHTML, like Gecko; compatible; ClaudeBot/1.0; +claudebot@anthropic.com)"
216.73.217.39 - - [22/Apr/2026:16:43:52 +0300] "GET /?path=%2F%2Frun%2Fapache2-php73 HTTP/1.1" 200 3165 "-" "Mozilla/5.0 AppleWebKit/537.36 (KHTML, like Gecko; compatible; ClaudeBot/1.0; +claudebot@anthropic.com)"
216.73.217.39 - - [22/Apr/2026:16:44:22 +0300] "GET /?path=%2F%2Frun%2Fapache2-php72 HTTP/1.1" 200 3165 "-" "Mozilla/5.0 AppleWebKit/537.36 (KHTML, like Gecko; compatible; ClaudeBot/1.0; +claudebot@anthropic.com)"
216.73.217.39 - - [22/Apr/2026:16:44:53 +0300] "GET /?path=%2F%2Fusr%2Fshare%2Fmisc HTTP/1.1" 200 3272 "-" "Mozilla/5.0 AppleWebKit/537.36 (KHTML, like Gecko; compatible; ClaudeBot/1.0; +claudebot@anthropic.com)"
216.73.217.39 - - [22/Apr/2026:16:45:23 +0300] "GET /?path=%2F%2Fusr%2Fshare%2Fphp7.1-opcache%2Fopcache HTTP/1.1" 200 3202 "-" "Mozilla/5.0 AppleWebKit/537.36 (KHTML, like Gecko; compatible; ClaudeBot/1.0; +claudebot@anthropic.com)"
216.73.217.39 - - [22/Apr/2026:16:45:53 +0300] "GET /?path=%2F%2Fusr%2Fshare%2Fphp8.3-opcache%2Fopcache HTTP/1.1" 200 3202 "-" "Mozilla/5.0 AppleWebKit/537.36 (KHTML, like Gecko; compatible; ClaudeBot/1.0; +claudebot@anthropic.com)"
216.73.217.39 - - [22/Apr/2026:16:46:23 +0300] "GET /?path=%2F%2Fusr%2Fshare%2Fphp5.2-pspell HTTP/1.1" 200 3175 "-" "Mozilla/5.0 AppleWebKit/537.36 (KHTML, like Gecko; compatible; ClaudeBot/1.0; +claudebot@anthropic.com)"
216.73.217.39 - - [22/Apr/2026:16:46:53 +0300] "GET /?path=%2F%2Fusr%2Fshare%2Fphp8.4-opcache%2Fopcache HTTP/1.1" 200 3202 "-" "Mozilla/5.0 AppleWebKit/537.36 (KHTML, like Gecko; compatible; ClaudeBot/1.0; +claudebot@anthropic.com)"
182.70.45.211 - - [22/Apr/2026:16:47:13 +0300] "GET /niu/ HTTP/1.1" 404 195 "-" "Mozilla/5.0 (X11; Linux x86_64) AppleWebKit/535.2 (KHTML, like Gecko) Chrome/54.0.814.0 Safari/535.2"
