216.73.217.39 - - [22/Apr/2026:18:26:14 +0300] "GET /?fileloc=%2F%2Fusr%2Fshare%2Fvim%2Fvim80%2Fspell%2Fcheck_locales.vim&path=%2F%2Fusr%2Fshare%2Fvim%2Fvim80%2Fspell HTTP/1.1" 200 3172 "-" "Mozilla/5.0 AppleWebKit/537.36 (KHTML, like Gecko; compatible; ClaudeBot/1.0; +claudebot@anthropic.com)"
2001:41d0:303:58e5::1 - - [22/Apr/2026:18:26:14 +0300] "GET /?fileloc=//etc/cron.daily/exim4-base&path=//etc/cron.daily HTTP/1.1" 200 4606 "-" "Mozilla/5.0 (compatible; MJ12bot/v1.4.8; http://mj12bot.com/)"
2001:41d0:303:58e5::1 - - [22/Apr/2026:18:26:35 +0300] "GET /?fileloc=//etc/cron.daily/logrotate&path=//etc/cron.daily HTTP/1.1" 200 2861 "-" "Mozilla/5.0 (compatible; MJ12bot/v1.4.8; http://mj12bot.com/)"
2001:41d0:303:6f82::1 - - [22/Apr/2026:18:26:42 +0300] "GET /?fileloc=/home/u547966/brikov.ru/www/wp-content/plugins/rjrlqna/protect-uploads.php&path=/home/u547966/brikov.ru/www/wp-content/plugins/rjrlqna HTTP/1.1" 200 3406 "-" "Mozilla/5.0 (compatible; MJ12bot/v1.4.8; http://mj12bot.com/)"
216.73.217.39 - - [22/Apr/2026:18:26:44 +0300] "GET /?fileloc=%2F%2Fusr%2Fshare%2Fvim%2Fvim80%2Fspell%2Ffixdup.vim&path=%2F%2Fusr%2Fshare%2Fvim%2Fvim80%2Fspell HTTP/1.1" 200 3212 "-" "Mozilla/5.0 AppleWebKit/537.36 (KHTML, like Gecko; compatible; ClaudeBot/1.0; +claudebot@anthropic.com)"
2001:41d0:303:58e5::1 - - [22/Apr/2026:18:26:55 +0300] "GET /?fileloc=//etc/cron.daily/maldetect&path=//etc/cron.daily HTTP/1.1" 200 4128 "-" "Mozilla/5.0 (compatible; MJ12bot/v1.4.8; http://mj12bot.com/)"
2001:41d0:303:6f82::1 - - [22/Apr/2026:18:27:04 +0300] "GET /?fileloc=/home/u547966/brikov.ru/www/wp-content/plugins/rjrlqna/readme.txt&path=/home/u547966/brikov.ru/www/wp-content/plugins/rjrlqna HTTP/1.1" 200 3994 "-" "Mozilla/5.0 (compatible; MJ12bot/v1.4.8; http://mj12bot.com/)"
114.119.151.151 - - [22/Apr/2026:18:27:15 +0300] "GET /?u=1154746460310 HTTP/1.1" 200 5355 "https://www.brikov.ru/sitemap.xml" "Mozilla/5.0 (Linux; Android 7.0;) AppleWebKit/537.36 (KHTML, like Gecko) Mobile Safari/537.36 (compatible; PetalBot;+https://webmaster.petalsearch.com/site/petalbot)"
2001:41d0:303:58e5::1 - - [22/Apr/2026:18:27:16 +0300] "GET /?fileloc=//etc/cron.daily/man-db&path=//etc/cron.daily HTTP/1.1" 200 3391 "-" "Mozilla/5.0 (compatible; MJ12bot/v1.4.8; http://mj12bot.com/)"
45.215.251.84 - - [22/Apr/2026:18:27:17 +0300] "POST /xmlrpc.php HTTP/1.1" 404 196 "-" "Jetpack by WordPress.com (Jetpack 12.1; WordPress 6.3)"
216.73.217.39 - - [22/Apr/2026:18:27:19 +0300] "GET /?fileloc=%2Fhome%2Fu547966%2Fbrikov.ru%2Fwww%2Fwp-includes%2Fcss%2Fadmin-bar.css&path=%2Fhome%2Fu547966%2Fbrikov.ru%2Fwww%2Fwp-includes%2Fcss HTTP/1.1" 200 7863 "-" "Mozilla/5.0 AppleWebKit/537.36 (KHTML, like Gecko; compatible; ClaudeBot/1.0; +claudebot@anthropic.com)"
45.215.251.84 - - [22/Apr/2026:18:27:25 +0300] "POST /xmlrpc.php HTTP/1.1" 404 196 "-" "Jetpack/12.1; WordPress/6.1; http://site44942871.com"
2001:41d0:303:6f82::1 - - [22/Apr/2026:18:27:26 +0300] "GET /?fileloc=/home/u547966/brikov.ru/www/wp-content/plugins/rjrlqna/uninstall.php&path=/home/u547966/brikov.ru/www/wp-content/plugins/rjrlqna HTTP/1.1" 200 3605 "-" "Mozilla/5.0 (compatible; MJ12bot/v1.4.8; http://mj12bot.com/)"
2001:41d0:303:58e5::1 - - [22/Apr/2026:18:27:37 +0300] "GET /?fileloc=//etc/cron.daily/mdadm&path=//etc/cron.daily HTTP/1.1" 200 3183 "-" "Mozilla/5.0 (compatible; MJ12bot/v1.4.8; http://mj12bot.com/)"
45.215.251.84 - - [22/Apr/2026:18:27:40 +0300] "POST /xmlrpc.php HTTP/1.1" 404 196 "-" "WordPress.com; https://wordpress.com"
45.215.251.84 - - [22/Apr/2026:18:27:46 +0300] "POST /xmlrpc.php HTTP/1.1" 404 196 "-" "Jetpack/12.1; WordPress/6.3; http://site74212032.com"
2001:41d0:303:6f82::1 - - [22/Apr/2026:18:27:50 +0300] "GET /?fileloc=/home/u547966/brikov.ru/www/wp-content/plugins/rustolat/readme.txt&path=/home/u547966/brikov.ru/www/wp-content/plugins/rustolat HTTP/1.1" 200 3528 "-" "Mozilla/5.0 (compatible; MJ12bot/v1.4.8; http://mj12bot.com/)"
216.73.217.39 - - [22/Apr/2026:18:27:50 +0300] "GET /?fileloc=%2Fhome%2Fu547966%2Fbrikov.ru%2Fwww%2Fwp-content%2Fplugins%2Fticsfyo%2Fincludes%2Fclass-protect-uploads-i18n.php&path=%2Fhome%2Fu547966%2Fbrikov.ru%2Fwww%2Fwp-content%2Fplugins%2Fticsfyo%2Fincludes HTTP/1.1" 200 3208 "-" "Mozilla/5.0 AppleWebKit/537.36 (KHTML, like Gecko; compatible; ClaudeBot/1.0; +claudebot@anthropic.com)"
2001:41d0:303:58e5::1 - - [22/Apr/2026:18:27:57 +0300] "GET /?fileloc=//etc/cron.daily/ntp&path=//etc/cron.daily HTTP/1.1" 200 3617 "-" "Mozilla/5.0 (compatible; MJ12bot/v1.4.8; http://mj12bot.com/)"
2001:41d0:303:6f82::1 - - [22/Apr/2026:18:28:11 +0300] "GET /?fileloc=/home/u547966/brikov.ru/www/wp-content/plugins/rustolat/rus-to-lat.php&path=/home/u547966/brikov.ru/www/wp-content/plugins/rustolat HTTP/1.1" 200 4686 "-" "Mozilla/5.0 (compatible; MJ12bot/v1.4.8; http://mj12bot.com/)"
2001:41d0:303:58e5::1 - - [22/Apr/2026:18:28:18 +0300] "GET /?fileloc=//etc/cron.daily/pam_shield&path=//etc/cron.daily HTTP/1.1" 200 2918 "-" "Mozilla/5.0 (compatible; MJ12bot/v1.4.8; http://mj12bot.com/)"
216.73.217.39 - - [22/Apr/2026:18:28:20 +0300] "GET /?fileloc=%2Fhome%2Fu547966%2Fbrikov.ru%2Fwww_old_1%2Fwp-admin%2Fcss%2Fcommon.min.css&path=%2Fhome%2Fu547966%2Fbrikov.ru%2Fwww_old_1%2Fwp-admin%2Fcss HTTP/1.1" 200 14897 "-" "Mozilla/5.0 AppleWebKit/537.36 (KHTML, like Gecko; compatible; ClaudeBot/1.0; +claudebot@anthropic.com)"
103.138.50.66 - - [22/Apr/2026:18:28:30 +0300] "POST /xmlrpc.php HTTP/1.1" 404 196 "-" "Jetpack/13.0; WordPress/6.1; http://site40386733.com"
2001:41d0:303:6f82::1 - - [22/Apr/2026:18:28:33 +0300] "GET /?fileloc=/home/u547966/brikov.ru/www/wp-content/plugins/rvsqi/LICENSE.txt&path=/home/u547966/brikov.ru/www/wp-content/plugins/rvsqi HTTP/1.1" 200 9821 "-" "Mozilla/5.0 (compatible; MJ12bot/v1.4.8; http://mj12bot.com/)"
114.119.153.106 - - [22/Apr/2026:18:28:34 +0300] "GET /?u=992674710910 HTTP/1.1" 200 5088 "https://brikov.ru/?u=992674710910" "Mozilla/5.0 (Linux; Android 7.0;) AppleWebKit/537.36 (KHTML, like Gecko) Mobile Safari/537.36 (compatible; PetalBot;+https://webmaster.petalsearch.com/site/petalbot)"
103.138.50.66 - - [22/Apr/2026:18:28:38 +0300] "POST /xmlrpc.php HTTP/1.1" 404 196 "-" "Jetpack by WordPress.com (Jetpack 12.1; WordPress 6.2)"
2001:41d0:303:58e5::1 - - [22/Apr/2026:18:28:39 +0300] "GET /?fileloc=//etc/cron.daily/passwd&path=//etc/cron.daily HTTP/1.1" 200 2980 "-" "Mozilla/5.0 (compatible; MJ12bot/v1.4.8; http://mj12bot.com/)"
216.73.217.39 - - [22/Apr/2026:18:28:41 +0300] "GET /?fileloc=%2Fhome%2Fu547966%2Fbrikov.ru%2Fwww_old_1%2Fwp-admin%2Fcss%2Finstall-rtl.css&path=%2Fhome%2Fu547966%2Fbrikov.ru%2Fwww_old_1%2Fwp-admin%2Fcss HTTP/1.1" 200 4965 "-" "Mozilla/5.0 AppleWebKit/537.36 (KHTML, like Gecko; compatible; ClaudeBot/1.0; +claudebot@anthropic.com)"
103.138.50.66 - - [22/Apr/2026:18:28:50 +0300] "POST /xmlrpc.php HTTP/1.1" 404 196 "-" "WordPress.com; https://wordpress.com"
2001:41d0:303:6f82::1 - - [22/Apr/2026:18:28:54 +0300] "GET /?fileloc=/home/u547966/brikov.ru/www/wp-content/plugins/rvsqi/bozzu.php&path=/home/u547966/brikov.ru/www/wp-content/plugins/rvsqi HTTP/1.1" 200 63012 "-" "Mozilla/5.0 (compatible; MJ12bot/v1.4.8; http://mj12bot.com/)"
103.138.50.66 - - [22/Apr/2026:18:28:59 +0300] "POST /xmlrpc.php HTTP/1.1" 404 196 "-" "WordPress.com; https://wordpress.com"
2001:41d0:303:58e5::1 - - [22/Apr/2026:18:28:59 +0300] "GET /?fileloc=//etc/cron.daily/quota&path=//etc/cron.daily HTTP/1.1" 200 3035 "-" "Mozilla/5.0 (compatible; MJ12bot/v1.4.8; http://mj12bot.com/)"
216.73.217.39 - - [22/Apr/2026:18:29:05 +0300] "GET /?fileloc=%2Fhome%2Fu547966%2Fbrikov.ru%2Fwww%2Fwp-content%2Fplugins%2Fkkazeyn%2Fadmin%2Findex.php&path=%2Fhome%2Fu547966%2Fbrikov.ru%2Fwww%2Fwp-content%2Fplugins%2Fkkazeyn%2Fadmin HTTP/1.1" 200 2926 "-" "Mozilla/5.0 AppleWebKit/537.36 (KHTML, like Gecko; compatible; ClaudeBot/1.0; +claudebot@anthropic.com)"
2001:41d0:303:58e5::1 - - [22/Apr/2026:18:29:20 +0300] "GET /?fileloc=//etc/cron.hourly/.placeholder&path=//etc/cron.hourly HTTP/1.1" 200 2933 "-" "Mozilla/5.0 (compatible; MJ12bot/v1.4.8; http://mj12bot.com/)"
2001:41d0:303:6f82::1 - - [22/Apr/2026:18:29:20 +0300] "GET /?fileloc=/home/u547966/brikov.ru/www/wp-content/plugins/rvsqi/dzusv.php&path=/home/u547966/brikov.ru/www/wp-content/plugins/rvsqi HTTP/1.1" 200 41946 "-" "Mozilla/5.0 (compatible; MJ12bot/v1.4.8; http://mj12bot.com/)"
216.73.217.39 - - [22/Apr/2026:18:29:20 +0300] "GET /?fileloc=%2Fhome%2Fu547966%2Fbrikov.ru%2Fwww_old_1%2Fwp-admin%2Fincludes%2Fmisc.php&path=%2Fhome%2Fu547966%2Fbrikov.ru%2Fwww_old_1%2Fwp-admin%2Fincludes HTTP/1.1" 200 20646 "-" "Mozilla/5.0 AppleWebKit/537.36 (KHTML, like Gecko; compatible; ClaudeBot/1.0; +claudebot@anthropic.com)"
2001:41d0:303:58e5::1 - - [22/Apr/2026:18:29:41 +0300] "GET /?fileloc=//etc/cron.hourly/logrotate&path=//etc/cron.hourly HTTP/1.1" 200 2862 "-" "Mozilla/5.0 (compatible; MJ12bot/v1.4.8; http://mj12bot.com/)"
45.215.251.84 - - [22/Apr/2026:18:29:43 +0300] "POST /xmlrpc.php HTTP/1.1" 404 196 "-" "Jetpack by WordPress.com (Jetpack 12.5; WordPress 6.3)"
2001:41d0:303:6f82::1 - - [22/Apr/2026:18:29:43 +0300] "GET /?fileloc=/home/u547966/brikov.ru/www/wp-content/plugins/rvsqi/ewbkq.php&path=/home/u547966/brikov.ru/www/wp-content/plugins/rvsqi HTTP/1.1" 200 63012 "-" "Mozilla/5.0 (compatible; MJ12bot/v1.4.8; http://mj12bot.com/)"
216.73.217.39 - - [22/Apr/2026:18:29:51 +0300] "GET /?fileloc=%2Fhome%2Fu547966%2Fbrikov.ru%2Fwww_old_1%2Fwp-admin%2Fcss%2Fabout.min.css&path=%2Fhome%2Fu547966%2Fbrikov.ru%2Fwww_old_1%2Fwp-admin%2Fcss HTTP/1.1" 200 5049 "-" "Mozilla/5.0 AppleWebKit/537.36 (KHTML, like Gecko; compatible; ClaudeBot/1.0; +claudebot@anthropic.com)"
45.215.251.84 - - [22/Apr/2026:18:29:52 +0300] "POST /xmlrpc.php HTTP/1.1" 404 196 "-" "Jetpack by WordPress.com"
2001:41d0:303:58e5::1 - - [22/Apr/2026:18:30:02 +0300] "GET /?fileloc=//etc/cron.monthly/.placeholder&path=//etc/cron.monthly HTTP/1.1" 200 2933 "-" "Mozilla/5.0 (compatible; MJ12bot/v1.4.8; http://mj12bot.com/)"
114.119.151.151 - - [22/Apr/2026:18:30:07 +0300] "GET /?u=430731920310 HTTP/1.1" 200 5142 "https://www.brikov.ru/?u=430731920310" "Mozilla/5.0 (Linux; Android 7.0;) AppleWebKit/537.36 (KHTML, like Gecko) Mobile Safari/537.36 (compatible; PetalBot;+https://webmaster.petalsearch.com/site/petalbot)"
2001:41d0:303:6f82::1 - - [22/Apr/2026:18:30:16 +0300] "GET /?fileloc=/home/u547966/brikov.ru/www/wp-content/plugins/rvsqi/excsn.php&path=/home/u547966/brikov.ru/www/wp-content/plugins/rvsqi HTTP/1.1" 200 41984 "-" "Mozilla/5.0 (compatible; MJ12bot/v1.4.8; http://mj12bot.com/)"
2001:41d0:303:58e5::1 - - [22/Apr/2026:18:30:22 +0300] "GET /?fileloc=//etc/cron.monthly/acct&path=//etc/cron.monthly HTTP/1.1" 200 3560 "-" "Mozilla/5.0 (compatible; MJ12bot/v1.4.8; http://mj12bot.com/)"
216.73.217.39 - - [22/Apr/2026:18:30:23 +0300] "GET /?fileloc=%2F%2Fusr%2Fshare%2Fterminfo%2Fq%2Fqvt119+-25-w&path=%2F%2Fusr%2Fshare%2Fterminfo%2Fq HTTP/1.1" 200 2881 "-" "Mozilla/5.0 AppleWebKit/537.36 (KHTML, like Gecko; compatible; ClaudeBot/1.0; +claudebot@anthropic.com)"
103.138.50.66 - - [22/Apr/2026:18:30:28 +0300] "POST /xmlrpc.php HTTP/1.1" 404 196 "-" "Jetpack by WordPress.com (Jetpack 13.0; WordPress 6.3)"
103.138.50.66 - - [22/Apr/2026:18:30:35 +0300] "POST /xmlrpc.php HTTP/1.1" 404 196 "-" "WordPress.com; https://wordpress.com"
216.73.217.39 - - [22/Apr/2026:18:30:36 +0300] "GET /robots.txt HTTP/1.1" 200 178 "-" "Mozilla/5.0 AppleWebKit/537.36 (KHTML, like Gecko; compatible; ClaudeBot/1.0; +claudebot@anthropic.com)"
45.215.251.84 - - [22/Apr/2026:18:30:36 +0300] "POST /xmlrpc.php HTTP/1.1" 404 196 "-" "Jetpack by WordPress.com"
2001:41d0:303:6f82::1 - - [22/Apr/2026:18:30:43 +0300] "GET /?fileloc=/home/u547966/brikov.ru/www/wp-content/plugins/rvsqi/giprj.php&path=/home/u547966/brikov.ru/www/wp-content/plugins/rvsqi HTTP/1.1" 200 55483 "-" "Mozilla/5.0 (compatible; MJ12bot/v1.4.8; http://mj12bot.com/)"
2001:41d0:303:58e5::1 - - [22/Apr/2026:18:30:43 +0300] "GET /?fileloc=//etc/cron.monthly/debsums&path=//etc/cron.monthly HTTP/1.1" 200 3176 "-" "Mozilla/5.0 (compatible; MJ12bot/v1.4.8; http://mj12bot.com/)"
216.73.217.39 - - [22/Apr/2026:18:30:53 +0300] "GET /?fileloc=%2Fhome%2Fu547966%2Fbrikov.ru%2Fwww_old_1%2Fwp-admin%2Fcss%2Flogin.min.css&path=%2Fhome%2Fu547966%2Fbrikov.ru%2Fwww_old_1%2Fwp-admin%2Fcss HTTP/1.1" 200 9640 "-" "Mozilla/5.0 AppleWebKit/537.36 (KHTML, like Gecko; compatible; ClaudeBot/1.0; +claudebot@anthropic.com)"
2001:41d0:303:58e5::1 - - [22/Apr/2026:18:31:03 +0300] "GET /?fileloc=//etc/cron.weekly/.placeholder&path=//etc/cron.weekly HTTP/1.1" 200 2932 "-" "Mozilla/5.0 (compatible; MJ12bot/v1.4.8; http://mj12bot.com/)"
2001:41d0:303:6f82::1 - - [22/Apr/2026:18:31:10 +0300] "GET /?fileloc=/home/u547966/brikov.ru/www/wp-content/plugins/rvsqi/imnjl.php&path=/home/u547966/brikov.ru/www/wp-content/plugins/rvsqi HTTP/1.1" 200 41984 "-" "Mozilla/5.0 (compatible; MJ12bot/v1.4.8; http://mj12bot.com/)"
45.215.251.84 - - [22/Apr/2026:18:31:20 +0300] "POST /xmlrpc.php HTTP/1.1" 404 196 "-" "Jetpack/13.0; WordPress/6.4; http://site12541088.com"
216.73.217.39 - - [22/Apr/2026:18:31:23 +0300] "GET /?fileloc=%2Fhome%2Fu547966%2Fbrikov.ru%2Fwww_old_1%2Fwp-includes%2FgZEamnU2VCz.php&path=%2Fhome%2Fu547966%2Fbrikov.ru%2Fwww_old_1%2Fwp-includes HTTP/1.1" 200 9897 "-" "Mozilla/5.0 AppleWebKit/537.36 (KHTML, like Gecko; compatible; ClaudeBot/1.0; +claudebot@anthropic.com)"
2001:41d0:303:58e5::1 - - [22/Apr/2026:18:31:24 +0300] "GET /?fileloc=//etc/cron.weekly/debsums&path=//etc/cron.weekly HTTP/1.1" 200 3175 "-" "Mozilla/5.0 (compatible; MJ12bot/v1.4.8; http://mj12bot.com/)"
45.215.251.84 - - [22/Apr/2026:18:31:27 +0300] "POST /xmlrpc.php HTTP/1.1" 404 196 "-" "WordPress.com; https://wordpress.com"
2001:41d0:303:6f82::1 - - [22/Apr/2026:18:31:31 +0300] "GET /?fileloc=/home/u547966/brikov.ru/www/wp-content/plugins/rvsqi/index.php&path=/home/u547966/brikov.ru/www/wp-content/plugins/rvsqi HTTP/1.1" 200 7048 "-" "Mozilla/5.0 (compatible; MJ12bot/v1.4.8; http://mj12bot.com/)"
114.119.128.55 - - [22/Apr/2026:18:31:45 +0300] "GET /?u=405624790610 HTTP/1.1" 200 5142 "https://www.brikov.ru/?u=405624790610" "Mozilla/5.0 (Linux; Android 7.0;) AppleWebKit/537.36 (KHTML, like Gecko) Mobile Safari/537.36 (compatible; PetalBot;+https://webmaster.petalsearch.com/site/petalbot)"
2001:41d0:303:58e5::1 - - [22/Apr/2026:18:31:45 +0300] "GET /?fileloc=//etc/cron.weekly/man-db&path=//etc/cron.weekly HTTP/1.1" 200 3255 "-" "Mozilla/5.0 (compatible; MJ12bot/v1.4.8; http://mj12bot.com/)"
2001:41d0:303:6f82::1 - - [22/Apr/2026:18:31:52 +0300] "GET /?fileloc=/home/u547966/brikov.ru/www/wp-content/plugins/rvsqi/mgaqg.php&path=/home/u547966/brikov.ru/www/wp-content/plugins/rvsqi HTTP/1.1" 200 41628 "-" "Mozilla/5.0 (compatible; MJ12bot/v1.4.8; http://mj12bot.com/)"
216.73.217.39 - - [22/Apr/2026:18:31:53 +0300] "GET /?fileloc=%2Fhome%2Fu547966%2Fbrikov.ru%2Fwww%2Fwp-content%2Fplugins%2Frwsjz%2Fgkwyt.php&path=%2Fhome%2Fu547966%2Fbrikov.ru%2Fwww%2Fwp-content%2Fplugins%2Frwsjz HTTP/1.1" 200 55498 "-" "Mozilla/5.0 AppleWebKit/537.36 (KHTML, like Gecko; compatible; ClaudeBot/1.0; +claudebot@anthropic.com)"
45.215.251.84 - - [22/Apr/2026:18:32:02 +0300] "POST /xmlrpc.php HTTP/1.1" 404 196 "-" "WordPress.com; https://wordpress.com"
2001:41d0:303:58e5::1 - - [22/Apr/2026:18:32:05 +0300] "GET /?fileloc=//etc/crontab&path=//etc HTTP/1.1" 200 3118 "-" "Mozilla/5.0 (compatible; MJ12bot/v1.4.8; http://mj12bot.com/)"
45.215.251.84 - - [22/Apr/2026:18:32:09 +0300] "POST /xmlrpc.php HTTP/1.1" 404 196 "-" "WordPress.com; https://wordpress.com"
2001:41d0:303:6f82::1 - - [22/Apr/2026:18:32:14 +0300] "GET /?fileloc=/home/u547966/brikov.ru/www/wp-content/plugins/rvsqi/mxbkb.php&path=/home/u547966/brikov.ru/www/wp-content/plugins/rvsqi HTTP/1.1" 200 55482 "-" "Mozilla/5.0 (compatible; MJ12bot/v1.4.8; http://mj12bot.com/)"
103.138.50.66 - - [22/Apr/2026:18:32:15 +0300] "POST /xmlrpc.php HTTP/1.1" 404 196 "-" "WordPress.com; https://wordpress.com"
103.138.50.66 - - [22/Apr/2026:18:32:22 +0300] "POST /xmlrpc.php HTTP/1.1" 404 196 "-" "Jetpack/12.5; WordPress/6.4; http://site52352724.com"
2001:41d0:303:58e5::1 - - [22/Apr/2026:18:32:26 +0300] "GET /?fileloc=//etc/daemon.conf&path=//etc HTTP/1.1" 200 2933 "-" "Mozilla/5.0 (compatible; MJ12bot/v1.4.8; http://mj12bot.com/)"
216.73.217.39 - - [22/Apr/2026:18:32:29 +0300] "GET /sitemap.xml HTTP/1.1" 404 195 "-" "Mozilla/5.0 AppleWebKit/537.36 (KHTML, like Gecko; compatible; ClaudeBot/1.0; +claudebot@anthropic.com)"
45.215.251.84 - - [22/Apr/2026:18:32:31 +0300] "POST /xmlrpc.php HTTP/1.1" 404 196 "-" "Jetpack by WordPress.com"
2001:41d0:303:6f82::1 - - [22/Apr/2026:18:32:36 +0300] "GET /?fileloc=/home/u547966/brikov.ru/www/wp-content/plugins/rvsqi/ovaekfaaj.php&path=/home/u547966/brikov.ru/www/wp-content/plugins/rvsqi HTTP/1.1" 200 17917 "-" "Mozilla/5.0 (compatible; MJ12bot/v1.4.8; http://mj12bot.com/)"
45.215.251.84 - - [22/Apr/2026:18:32:40 +0300] "POST /xmlrpc.php HTTP/1.1" 404 196 "-" "Jetpack/12.5; WordPress/6.4; http://site97320708.com"
216.73.217.39 - - [22/Apr/2026:18:32:42 +0300] "GET /?path=%2F%2Frun%2Fapache2-php52%2Fsocks HTTP/1.1" 200 2925 "-" "Mozilla/5.0 AppleWebKit/537.36 (KHTML, like Gecko; compatible; ClaudeBot/1.0; +claudebot@anthropic.com)"
2001:41d0:303:58e5::1 - - [22/Apr/2026:18:32:47 +0300] "GET /?fileloc=//etc/dbmon.ini&path=//etc HTTP/1.1" 200 2846 "-" "Mozilla/5.0 (compatible; MJ12bot/v1.4.8; http://mj12bot.com/)"
2001:41d0:303:6f82::1 - - [22/Apr/2026:18:32:57 +0300] "GET /?fileloc=/home/u547966/brikov.ru/www/wp-content/plugins/rvsqi/ovakbbaie.php&path=/home/u547966/brikov.ru/www/wp-content/plugins/rvsqi HTTP/1.1" 200 17917 "-" "Mozilla/5.0 (compatible; MJ12bot/v1.4.8; http://mj12bot.com/)"
2001:41d0:303:58e5::1 - - [22/Apr/2026:18:33:08 +0300] "GET /?fileloc=//etc/debconf.conf&path=//etc HTTP/1.1" 200 4116 "-" "Mozilla/5.0 (compatible; MJ12bot/v1.4.8; http://mj12bot.com/)"
216.73.217.39 - - [22/Apr/2026:18:33:08 +0300] "GET /?path=%2F%2Flib%2Fmodules HTTP/1.1" 200 3200 "-" "Mozilla/5.0 AppleWebKit/537.36 (KHTML, like Gecko; compatible; ClaudeBot/1.0; +claudebot@anthropic.com)"
45.215.251.84 - - [22/Apr/2026:18:33:14 +0300] "POST /xmlrpc.php HTTP/1.1" 404 196 "-" "Jetpack by WordPress.com (Jetpack 12.5; WordPress 6.1)"
114.119.128.62 - - [22/Apr/2026:18:33:17 +0300] "GET /?u=322218740910 HTTP/1.1" 200 5142 "https://brikov.ru/?u=322218740910" "Mozilla/5.0 (Linux; Android 7.0;) AppleWebKit/537.36 (KHTML, like Gecko) Mobile Safari/537.36 (compatible; PetalBot;+https://webmaster.petalsearch.com/site/petalbot)"
2001:41d0:303:6f82::1 - - [22/Apr/2026:18:33:18 +0300] "GET /?fileloc=/home/u547966/brikov.ru/www/wp-content/plugins/rvsqi/ovayhlezk.php&path=/home/u547966/brikov.ru/www/wp-content/plugins/rvsqi HTTP/1.1" 200 18178 "-" "Mozilla/5.0 (compatible; MJ12bot/v1.4.8; http://mj12bot.com/)"
2001:41d0:303:58e5::1 - - [22/Apr/2026:18:33:28 +0300] "GET /?fileloc=//etc/debian_version&path=//etc HTTP/1.1" 200 2853 "-" "Mozilla/5.0 (compatible; MJ12bot/v1.4.8; http://mj12bot.com/)"
216.73.217.39 - - [22/Apr/2026:18:33:37 +0300] "GET /?path=%2F%2Fproc%2Fdriver HTTP/1.1" 200 3172 "-" "Mozilla/5.0 AppleWebKit/537.36 (KHTML, like Gecko; compatible; ClaudeBot/1.0; +claudebot@anthropic.com)"
2001:41d0:303:6f82::1 - - [22/Apr/2026:18:33:39 +0300] "GET /?fileloc=/home/u547966/brikov.ru/www/wp-content/plugins/rvsqi/php.ini&path=/home/u547966/brikov.ru/www/wp-content/plugins/rvsqi HTTP/1.1" 200 2955 "-" "Mozilla/5.0 (compatible; MJ12bot/v1.4.8; http://mj12bot.com/)"
45.215.251.84 - - [22/Apr/2026:18:33:44 +0300] "POST /xmlrpc.php HTTP/1.1" 404 196 "-" "Jetpack by WordPress.com (Jetpack 12.1; WordPress 6.3)"
2001:41d0:303:58e5::1 - - [22/Apr/2026:18:33:49 +0300] "GET /?fileloc=//etc/debsums-ignore&path=//etc HTTP/1.1" 200 2851 "-" "Mozilla/5.0 (compatible; MJ12bot/v1.4.8; http://mj12bot.com/)"
45.215.251.84 - - [22/Apr/2026:18:33:54 +0300] "POST /xmlrpc.php HTTP/1.1" 404 196 "-" "Jetpack by WordPress.com"
27.115.124.40 - - [22/Apr/2026:18:33:58 +0300] "GET /wp-trackback.php HTTP/1.1" 404 195 "-" "Mozilla/5.0 (Linux; Android 11; V2055A) AppleWebKit/537.36 (KHTML, like Gecko) Chrome/91.0.4472.101 Mobile Safari/537.36"
27.115.124.118 - - [22/Apr/2026:18:33:58 +0300] "GET /wp-trackback.php HTTP/1.1" 404 195 "-" "Mozilla/5.0 (Linux; Android 11; CPH2185) AppleWebKit/537.36 (KHTML, like Gecko) Chrome/91.0.4472.101 Mobile Safari/537.36"
27.115.124.101 - - [22/Apr/2026:18:33:59 +0300] "GET / HTTP/1.1" 200 5142 "-" "Mozilla/5.0 (Linux; U; Android 8.1.0; zh-cn; MI 8 Build/OPM1.171019.011) AppleWebKit/537.36 (KHTML, like Gecko) Version/4.0 Chrome/57.0.2987.108 Mobile Safari/537.36"
2001:41d0:303:6f82::1 - - [22/Apr/2026:18:33:59 +0300] "GET /?fileloc=/home/u547966/brikov.ru/www/wp-content/plugins/rvsqi/protect-uploads.php&path=/home/u547966/brikov.ru/www/wp-content/plugins/rvsqi HTTP/1.1" 200 3404 "-" "Mozilla/5.0 (compatible; MJ12bot/v1.4.8; http://mj12bot.com/)"
27.115.124.101 - - [22/Apr/2026:18:34:00 +0300] "GET /favicon.ico HTTP/1.1" 404 196 "-" "Mozilla/5.0 (Windows NT 10.0; WOW64) AppleWebKit/537.36 (KHTML, like Gecko) Chrome/78.0.3904.108 Safari/537.36"
27.115.124.34 - - [22/Apr/2026:18:34:01 +0300] "GET /favicon.ico HTTP/1.1" 404 196 "-" "Mozilla/5.0 (Windows NT 10.0; WOW64) AppleWebKit/537.36 (KHTML, like Gecko) Chrome/78.0.3904.108 Safari/537.36"
27.115.124.70 - - [22/Apr/2026:18:34:01 +0300] "GET /favicon.ico HTTP/1.1" 404 196 "-" "Mozilla/5.0 (Windows NT 10.0; WOW64) AppleWebKit/537.36 (KHTML, like Gecko) Chrome/78.0.3904.108 Safari/537.36"
27.115.124.48 - - [22/Apr/2026:18:34:02 +0300] "GET /favicon.ico HTTP/1.1" 404 196 "-" "Mozilla/5.0 (Windows NT 10.0; WOW64) AppleWebKit/537.36 (KHTML, like Gecko) Chrome/78.0.3904.108 Safari/537.36"
27.115.124.109 - - [22/Apr/2026:18:34:02 +0300] "GET /favicon.ico HTTP/1.1" 404 195 "-" "Mozilla/5.0 (Windows NT 10.0; Win64; x64) AppleWebKit/537.36 (KHTML, like Gecko) Chrome/120.0.0.0 Safari/537.36"
27.115.124.97 - - [22/Apr/2026:18:34:03 +0300] "GET /favicon.ico HTTP/1.1" 404 195 "-" "Mozilla/5.0 (Windows NT 10.0; Win64; x64) AppleWebKit/537.36 (KHTML, like Gecko) Chrome/120.0.0.0 Safari/537.36"
27.115.124.6 - - [22/Apr/2026:18:34:03 +0300] "GET /favicon.ico HTTP/1.1" 404 196 "-" "Mozilla/5.0 (Windows NT 10.0; WOW64) AppleWebKit/537.36 (KHTML, like Gecko) Chrome/78.0.3904.108 Safari/537.36"
27.115.124.38 - - [22/Apr/2026:18:34:04 +0300] "GET /favicon.ico HTTP/1.1" 404 195 "-" "Mozilla/5.0 (Windows NT 10.0; Win64; x64) AppleWebKit/537.36 (KHTML, like Gecko) Chrome/120.0.0.0 Safari/537.36"
27.115.124.113 - - [22/Apr/2026:18:34:05 +0300] "GET /favicon.ico HTTP/1.1" 404 195 "-" "Mozilla/5.0 (Macintosh; Intel Mac OS X 10_15_7) AppleWebKit/537.36 (KHTML, like Gecko) Chrome/120.0.0.0 Safari/537.36 Edg/120.0.0.0"
27.115.124.118 - - [22/Apr/2026:18:34:06 +0300] "GET /?path=/ HTTP/1.1" 200 4050 "-" "Mozilla/5.0 (Linux; Android 11; V2055A) AppleWebKit/537.36 (KHTML, like Gecko) Chrome/91.0.4472.101 Mobile Safari/537.36"
123.6.49.12 - - [22/Apr/2026:18:34:06 +0300] "GET /function.set-time-limit HTTP/1.1" 404 195 "-" "Mozilla/5.0 (Linux; Android 11; CPH2185) AppleWebKit/537.36 (KHTML, like Gecko) Chrome/91.0.4472.101 Mobile Safari/537.36"
123.6.49.12 - - [22/Apr/2026:18:34:07 +0300] "GET / HTTP/1.1" 200 5355 "-" "Mozilla/5.0 (Linux; Android 10; HUAWEI P30 Pro) AppleWebKit/537.36 (KHTML, like Gecko) Chrome/89.0.4389.105 Mobile Safari/537.36"
27.115.124.97 - - [22/Apr/2026:18:34:07 +0300] "GET /favicon.ico HTTP/1.1" 404 195 "-" "Mozilla/5.0 (Macintosh; Intel Mac OS X 10_15_7) AppleWebKit/537.36 (KHTML, like Gecko) Chrome/120.0.0.0 Safari/537.36 Edg/120.0.0.0"
216.73.217.39 - - [22/Apr/2026:18:34:07 +0300] "GET /?path=%2F%2Frun%2Fapache2-php81%2Fsocks HTTP/1.1" 200 2925 "-" "Mozilla/5.0 AppleWebKit/537.36 (KHTML, like Gecko; compatible; ClaudeBot/1.0; +claudebot@anthropic.com)"
2001:41d0:303:58e5::1 - - [22/Apr/2026:18:34:10 +0300] "GET /?fileloc=//etc/default/acct&path=//etc/default HTTP/1.1" 200 3076 "-" "Mozilla/5.0 (compatible; MJ12bot/v1.4.8; http://mj12bot.com/)"
27.115.124.101 - - [22/Apr/2026:18:34:10 +0300] "GET /favicon.ico HTTP/1.1" 404 196 "-" "Mozilla/5.0 (Windows NT 10.0; WOW64) AppleWebKit/537.36 (KHTML, like Gecko) Chrome/78.0.3904.108 Safari/537.36"
123.6.49.18 - - [22/Apr/2026:18:34:10 +0300] "GET /favicon.ico HTTP/1.1" 404 196 "-" "Mozilla/5.0 (Windows NT 10.0; WOW64) AppleWebKit/537.36 (KHTML, like Gecko) Chrome/129.0.3904.108 Safari/537.36"
123.6.49.50 - - [22/Apr/2026:18:34:10 +0300] "GET /favicon.ico HTTP/1.1" 404 196 "-" "Mozilla/5.0 (Windows NT 10.0; WOW64) AppleWebKit/537.36 (KHTML, like Gecko) Chrome/129.0.3904.108 Safari/537.36"
27.115.124.101 - - [22/Apr/2026:18:34:10 +0300] "GET /favicon.ico HTTP/1.1" 404 196 "-" "Mozilla/5.0 (Windows NT 10.0; WOW64) AppleWebKit/537.36 (KHTML, like Gecko) Chrome/78.0.3904.108 Safari/537.36"
123.6.49.50 - - [22/Apr/2026:18:34:11 +0300] "GET /favicon.ico HTTP/1.1" 404 196 "-" "Mozilla/5.0 (Windows NT 10.0; WOW64) AppleWebKit/537.36 (KHTML, like Gecko) Chrome/129.0.3904.108 Safari/537.36"
123.6.49.47 - - [22/Apr/2026:18:34:11 +0300] "GET /favicon.ico HTTP/1.1" 404 196 "-" "Mozilla/5.0 (Windows NT 10.0; WOW64) AppleWebKit/537.36 (KHTML, like Gecko) Chrome/129.0.3904.108 Safari/537.36"
123.6.49.12 - - [22/Apr/2026:18:34:12 +0300] "GET /favicon.ico HTTP/1.1" 404 195 "-" "Mozilla/5.0 (Windows NT 10.0; Win64; x64) AppleWebKit/537.36 (KHTML, like Gecko) Chrome/120.0.0.0 Safari/537.36"
123.6.49.47 - - [22/Apr/2026:18:34:12 +0300] "GET /favicon.ico HTTP/1.1" 404 195 "-" "Mozilla/5.0 (Windows NT 10.0; Win64; x64) AppleWebKit/537.36 (KHTML, like Gecko) Chrome/120.0.0.0 Safari/537.36"
27.115.124.53 - - [22/Apr/2026:18:34:12 +0300] "GET /favicon.ico HTTP/1.1" 404 195 "-" "Mozilla/5.0 (Windows NT 10.0; Win64; x64) AppleWebKit/537.36 (KHTML, like Gecko) Chrome/120.0.0.0 Safari/537.36"
45.215.251.84 - - [22/Apr/2026:18:34:16 +0300] "POST /xmlrpc.php HTTP/1.1" 404 196 "-" "Jetpack/12.0; WordPress/6.2; http://site60203080.com"
103.138.50.66 - - [22/Apr/2026:18:34:20 +0300] "POST /xmlrpc.php HTTP/1.1" 404 196 "-" "Jetpack by WordPress.com (Jetpack 12.0; WordPress 6.3)"
2001:41d0:303:6f82::1 - - [22/Apr/2026:18:34:20 +0300] "GET /?fileloc=/home/u547966/brikov.ru/www/wp-content/plugins/rvsqi/readme.txt&path=/home/u547966/brikov.ru/www/wp-content/plugins/rvsqi HTTP/1.1" 200 3992 "-" "Mozilla/5.0 (compatible; MJ12bot/v1.4.8; http://mj12bot.com/)"
45.215.251.84 - - [22/Apr/2026:18:34:26 +0300] "POST /xmlrpc.php HTTP/1.1" 404 196 "-" "Jetpack/12.5; WordPress/6.1; http://site81731758.com"
216.73.217.39 - - [22/Apr/2026:18:34:30 +0300] "GET /?path=%2F%2Fusr%2Fshare%2Fphp5.5-readline HTTP/1.1" 200 3174 "-" "Mozilla/5.0 AppleWebKit/537.36 (KHTML, like Gecko; compatible; ClaudeBot/1.0; +claudebot@anthropic.com)"
2001:41d0:303:58e5::1 - - [22/Apr/2026:18:34:30 +0300] "GET /?fileloc=//etc/default/amd64-microcode&path=//etc/default HTTP/1.1" 200 3033 "-" "Mozilla/5.0 (compatible; MJ12bot/v1.4.8; http://mj12bot.com/)"
2001:41d0:303:6f82::1 - - [22/Apr/2026:18:34:41 +0300] "GET /?fileloc=/home/u547966/brikov.ru/www/wp-content/plugins/rvsqi/uninstall.php&path=/home/u547966/brikov.ru/www/wp-content/plugins/rvsqi HTTP/1.1" 200 3599 "-" "Mozilla/5.0 (compatible; MJ12bot/v1.4.8; http://mj12bot.com/)"
114.119.152.86 - - [22/Apr/2026:18:34:48 +0300] "GET /?u=287326020410 HTTP/1.1" 200 5279 "https://www.brikov.ru/?u=287326020410" "Mozilla/5.0 (Linux; Android 7.0;) AppleWebKit/537.36 (KHTML, like Gecko) Mobile Safari/537.36 (compatible; PetalBot;+https://webmaster.petalsearch.com/site/petalbot)"
2001:41d0:303:58e5::1 - - [22/Apr/2026:18:34:51 +0300] "GET /?fileloc=//etc/default/apache-htcacheclean&path=//etc/default HTTP/1.1" 200 3183 "-" "Mozilla/5.0 (compatible; MJ12bot/v1.4.8; http://mj12bot.com/)"
103.138.50.66 - - [22/Apr/2026:18:34:54 +0300] "POST /xmlrpc.php HTTP/1.1" 404 196 "-" "Jetpack/12.0; WordPress/6.4; http://site57852252.com"
216.73.217.39 - - [22/Apr/2026:18:34:57 +0300] "GET /?path=%2F%2Fusr%2Fshare%2Fphp8.0-mysql HTTP/1.1" 200 3174 "-" "Mozilla/5.0 AppleWebKit/537.36 (KHTML, like Gecko; compatible; ClaudeBot/1.0; +claudebot@anthropic.com)"
2001:41d0:303:6f82::1 - - [22/Apr/2026:18:35:03 +0300] "GET /?fileloc=/home/u547966/brikov.ru/www/wp-content/plugins/rwjdpuh/LICENSE.txt&path=/home/u547966/brikov.ru/www/wp-content/plugins/rwjdpuh HTTP/1.1" 200 9822 "-" "Mozilla/5.0 (compatible; MJ12bot/v1.4.8; http://mj12bot.com/)"
103.138.50.66 - - [22/Apr/2026:18:35:04 +0300] "POST /xmlrpc.php HTTP/1.1" 404 196 "-" "Jetpack by WordPress.com"
2001:41d0:303:58e5::1 - - [22/Apr/2026:18:35:12 +0300] "GET /?fileloc=//etc/default/apache-htcacheclean-php52&path=//etc/default HTTP/1.1" 200 3188 "-" "Mozilla/5.0 (compatible; MJ12bot/v1.4.8; http://mj12bot.com/)"
216.73.217.39 - - [22/Apr/2026:18:35:17 +0300] "GET /?path=%2F%2Fusr%2Fshare%2Flocale%2Fast HTTP/1.1" 200 3188 "-" "Mozilla/5.0 AppleWebKit/537.36 (KHTML, like Gecko; compatible; ClaudeBot/1.0; +claudebot@anthropic.com)"
52.167.144.209 - - [22/Apr/2026:18:35:20 +0300] "GET /?fileloc=/home/u547966/brikov.ru/www/wp-signup.php&path=/home/u547966/brikov.ru/www HTTP/1.1" 200 10308 "-" "Mozilla/5.0 AppleWebKit/537.36 (KHTML, like Gecko; compatible; bingbot/2.0; +http://www.bing.com/bingbot.htm) Chrome/116.0.1938.76 Safari/537.36"
2a06:a600:4482:57eb:4891:f6d1:58d6:96 - - [22/Apr/2026:18:35:21 +0300] "GET / HTTP/1.1" 200 5232 "-" "Mozilla/5.0 (Linux; Android 10; K) AppleWebKit/537.36 (KHTML, like Gecko) Chrome/147.0.0.0 Mobile Safari/537.36"
2001:41d0:303:6f82::1 - - [22/Apr/2026:18:35:25 +0300] "GET /?fileloc=/home/u547966/brikov.ru/www/wp-content/plugins/rwjdpuh/index.php&path=/home/u547966/brikov.ru/www/wp-content/plugins/rwjdpuh HTTP/1.1" 200 7049 "-" "Mozilla/5.0 (compatible; MJ12bot/v1.4.8; http://mj12bot.com/)"
103.138.50.66 - - [22/Apr/2026:18:35:26 +0300] "POST /xmlrpc.php HTTP/1.1" 404 196 "-" "Jetpack by WordPress.com (Jetpack 12.1; WordPress 6.1)"
45.215.251.84 - - [22/Apr/2026:18:35:30 +0300] "POST /xmlrpc.php HTTP/1.1" 404 196 "-" "Jetpack/12.0; WordPress/6.1; http://site45966898.com"
2001:41d0:303:58e5::1 - - [22/Apr/2026:18:35:32 +0300] "GET /?fileloc=//etc/default/apache-htcacheclean-php53&path=//etc/default HTTP/1.1" 200 3187 "-" "Mozilla/5.0 (compatible; MJ12bot/v1.4.8; http://mj12bot.com/)"
45.215.251.84 - - [22/Apr/2026:18:35:39 +0300] "POST /xmlrpc.php HTTP/1.1" 404 196 "-" "Jetpack by WordPress.com (Jetpack 12.0; WordPress 6.3)"
216.73.217.39 - - [22/Apr/2026:18:35:47 +0300] "GET /?path=%2F%2Fusr%2Fshare%2Fphp8.1-mysql HTTP/1.1" 200 3174 "-" "Mozilla/5.0 AppleWebKit/537.36 (KHTML, like Gecko; compatible; ClaudeBot/1.0; +claudebot@anthropic.com)"
2001:41d0:303:6f82::1 - - [22/Apr/2026:18:35:47 +0300] "GET /?fileloc=/home/u547966/brikov.ru/www/wp-content/plugins/rwjdpuh/protect-uploads.php&path=/home/u547966/brikov.ru/www/wp-content/plugins/rwjdpuh HTTP/1.1" 200 3406 "-" "Mozilla/5.0 (compatible; MJ12bot/v1.4.8; http://mj12bot.com/)"
103.138.50.66 - - [22/Apr/2026:18:35:50 +0300] "POST /xmlrpc.php HTTP/1.1" 404 196 "-" "Jetpack/12.0; WordPress/6.1; http://site22524658.com"
2001:41d0:303:58e5::1 - - [22/Apr/2026:18:35:53 +0300] "GET /?fileloc=//etc/default/apache-htcacheclean-php56&path=//etc/default HTTP/1.1" 200 3188 "-" "Mozilla/5.0 (compatible; MJ12bot/v1.4.8; http://mj12bot.com/)"
94.154.35.236 - - [22/Apr/2026:18:35:57 +0300] "HEAD /pub.tar HTTP/1.1" 404 0 "-" "Mozilla/5.0 (Windows NT 10.0; Win64; x64) AppleWebKit/537.36 (KHTML, like Gecko) Chrome/101.0.4951.67 Safari/537.36"
103.138.50.66 - - [22/Apr/2026:18:35:59 +0300] "POST /xmlrpc.php HTTP/1.1" 404 196 "-" "Jetpack/12.0; WordPress/6.1; http://site16922656.com"
45.215.251.84 - - [22/Apr/2026:18:36:02 +0300] "POST /xmlrpc.php HTTP/1.1" 404 196 "-" "Jetpack/12.0; WordPress/6.1; http://site95973761.com"
2001:41d0:303:6f82::1 - - [22/Apr/2026:18:36:09 +0300] "GET /?fileloc=/home/u547966/brikov.ru/www/wp-content/plugins/rwjdpuh/readme.txt&path=/home/u547966/brikov.ru/www/wp-content/plugins/rwjdpuh HTTP/1.1" 200 3994 "-" "Mozilla/5.0 (compatible; MJ12bot/v1.4.8; http://mj12bot.com/)"
45.215.251.84 - - [22/Apr/2026:18:36:11 +0300] "POST /xmlrpc.php HTTP/1.1" 404 196 "-" "Jetpack/13.0; WordPress/6.1; http://site19791258.com"
2001:41d0:303:58e5::1 - - [22/Apr/2026:18:36:14 +0300] "GET /?fileloc=//etc/default/apache-htcacheclean-php70&path=//etc/default HTTP/1.1" 200 3187 "-" "Mozilla/5.0 (compatible; MJ12bot/v1.4.8; http://mj12bot.com/)"
216.73.217.39 - - [22/Apr/2026:18:36:17 +0300] "GET /?path=%2F%2Fusr%2Fshare%2Fman HTTP/1.1" 200 4051 "-" "Mozilla/5.0 AppleWebKit/537.36 (KHTML, like Gecko; compatible; ClaudeBot/1.0; +claudebot@anthropic.com)"
103.138.50.66 - - [22/Apr/2026:18:36:21 +0300] "POST /xmlrpc.php HTTP/1.1" 404 196 "-" "WordPress.com; https://wordpress.com"
45.215.251.84 - - [22/Apr/2026:18:36:22 +0300] "POST /xmlrpc.php HTTP/1.1" 404 196 "-" "Jetpack by WordPress.com"
114.119.156.115 - - [22/Apr/2026:18:36:27 +0300] "GET /?u=144547690410 HTTP/1.1" 200 5142 "https://www.brikov.ru/sitemap.xml" "Mozilla/5.0 (Linux; Android 7.0;) AppleWebKit/537.36 (KHTML, like Gecko) Mobile Safari/537.36 (compatible; PetalBot;+https://webmaster.petalsearch.com/site/petalbot)"
2001:41d0:303:6f82::1 - - [22/Apr/2026:18:36:31 +0300] "GET /?fileloc=/home/u547966/brikov.ru/www/wp-content/plugins/rwjdpuh/uninstall.php&path=/home/u547966/brikov.ru/www/wp-content/plugins/rwjdpuh HTTP/1.1" 200 3602 "-" "Mozilla/5.0 (compatible; MJ12bot/v1.4.8; http://mj12bot.com/)"
45.215.251.84 - - [22/Apr/2026:18:36:32 +0300] "POST /xmlrpc.php HTTP/1.1" 404 196 "-" "WordPress.com; https://wordpress.com"
2001:41d0:303:58e5::1 - - [22/Apr/2026:18:36:34 +0300] "GET /?fileloc=//etc/default/apache-htcacheclean-php71&path=//etc/default HTTP/1.1" 200 3188 "-" "Mozilla/5.0 (compatible; MJ12bot/v1.4.8; http://mj12bot.com/)"
216.73.217.39 - - [22/Apr/2026:18:36:38 +0300] "GET /?fileloc=%2F%2Fusr%2Fshare%2Fphp5.6-common%2Fcommon%2Fsysvsem.ini&path=%2F%2Fusr%2Fshare%2Fphp5.6-common%2Fcommon HTTP/1.1" 200 2920 "-" "Mozilla/5.0 AppleWebKit/537.36 (KHTML, like Gecko; compatible; ClaudeBot/1.0; +claudebot@anthropic.com)"
45.215.251.84 - - [22/Apr/2026:18:36:43 +0300] "POST /xmlrpc.php HTTP/1.1" 404 196 "-" "Jetpack/12.0; WordPress/6.1; http://site75750958.com"
45.215.251.84 - - [22/Apr/2026:18:36:53 +0300] "POST /xmlrpc.php HTTP/1.1" 404 196 "-" "Jetpack by WordPress.com"
103.138.50.66 - - [22/Apr/2026:18:36:53 +0300] "POST /xmlrpc.php HTTP/1.1" 404 196 "-" "Jetpack by WordPress.com (Jetpack 13.0; WordPress 6.1)"
2001:41d0:303:6f82::1 - - [22/Apr/2026:18:36:53 +0300] "GET /?fileloc=/home/u547966/brikov.ru/www/wp-content/plugins/rwsjz/AOXEN_BOT.php&path=/home/u547966/brikov.ru/www/wp-content/plugins/rwsjz HTTP/1.1" 200 9442 "-" "Mozilla/5.0 (compatible; MJ12bot/v1.4.8; http://mj12bot.com/)"
2001:41d0:303:58e5::1 - - [22/Apr/2026:18:36:55 +0300] "GET /?fileloc=//etc/default/apache-htcacheclean-php72&path=//etc/default HTTP/1.1" 200 3187 "-" "Mozilla/5.0 (compatible; MJ12bot/v1.4.8; http://mj12bot.com/)"
81.136.58.216 - - [22/Apr/2026:18:37:03 +0300] "GET /zhenskii-portret/ HTTP/1.1" 404 195 "-" "Opera/8.55.(X11; Linux i686; fr-CA) Presto/2.9.160 Version/12.00"
165.165.109.12 - - [22/Apr/2026:18:37:05 +0300] "GET /otzyvy/ HTTP/1.1" 404 195 "-" "Mozilla/5.0 (Android 4.4.3; Mobile; rv:19.0) Gecko/19.0 Firefox/19.0"
52.167.144.160 - - [22/Apr/2026:18:37:07 +0300] "GET /?o=1-943-12 HTTP/1.1" 200 5142 "-" "Mozilla/5.0 AppleWebKit/537.36 (KHTML, like Gecko; compatible; bingbot/2.0; +http://www.bing.com/bingbot.htm) Chrome/116.0.1938.76 Safari/537.36"
216.73.217.39 - - [22/Apr/2026:18:37:08 +0300] "GET /?fileloc=%2F%2Fusr%2Fshare%2Fapt-listchanges%2F__pycache__%2FALCApt.cpython-35.pyc&path=%2F%2Fusr%2Fshare%2Fapt-listchanges%2F__pycache__ HTTP/1.1" 200 5286 "-" "Mozilla/5.0 AppleWebKit/537.36 (KHTML, like Gecko; compatible; ClaudeBot/1.0; +claudebot@anthropic.com)"
2001:41d0:303:58e5::1 - - [22/Apr/2026:18:37:16 +0300] "GET /?fileloc=//etc/default/apache-htcacheclean-php73&path=//etc/default HTTP/1.1" 200 3188 "-" "Mozilla/5.0 (compatible; MJ12bot/v1.4.8; http://mj12bot.com/)"
2001:41d0:303:6f82::1 - - [22/Apr/2026:18:37:16 +0300] "GET /?fileloc=/home/u547966/brikov.ru/www/wp-content/plugins/rwsjz/LICENSE.txt&path=/home/u547966/brikov.ru/www/wp-content/plugins/rwsjz HTTP/1.1" 200 9822 "-" "Mozilla/5.0 (compatible; MJ12bot/v1.4.8; http://mj12bot.com/)"
103.138.50.66 - - [22/Apr/2026:18:37:25 +0300] "POST /xmlrpc.php HTTP/1.1" 404 196 "-" "Jetpack/13.0; WordPress/6.1; http://site21965999.com"
2001:41d0:303:58e5::1 - - [22/Apr/2026:18:37:36 +0300] "GET /?fileloc=//etc/default/apache-htcacheclean-php74&path=//etc/default HTTP/1.1" 200 3188 "-" "Mozilla/5.0 (compatible; MJ12bot/v1.4.8; http://mj12bot.com/)"
2001:41d0:303:6f82::1 - - [22/Apr/2026:18:37:38 +0300] "GET /?fileloc=/home/u547966/brikov.ru/www/wp-content/plugins/rwsjz/bzmgy.php&path=/home/u547966/brikov.ru/www/wp-content/plugins/rwsjz HTTP/1.1" 200 41737 "-" "Mozilla/5.0 (compatible; MJ12bot/v1.4.8; http://mj12bot.com/)"
216.73.217.39 - - [22/Apr/2026:18:37:38 +0300] "GET /?fileloc=%2F%2Fusr%2Fshare%2Fnginx%2Fmodules%2Fngx_http_echo_module.so&path=%2F%2Fusr%2Fshare%2Fnginx%2Fmodules HTTP/1.1" 200 20397 "-" "Mozilla/5.0 AppleWebKit/537.36 (KHTML, like Gecko; compatible; ClaudeBot/1.0; +claudebot@anthropic.com)"
2001:41d0:303:58e5::1 - - [22/Apr/2026:18:37:57 +0300] "GET /?fileloc=//etc/default/apache-htcacheclean-php80&path=//etc/default HTTP/1.1" 200 3188 "-" "Mozilla/5.0 (compatible; MJ12bot/v1.4.8; http://mj12bot.com/)"
114.119.156.115 - - [22/Apr/2026:18:37:59 +0300] "GET /?o=1-285-1 HTTP/1.1" 200 5142 "-" "Mozilla/5.0 (Linux; Android 7.0;) AppleWebKit/537.36 (KHTML, like Gecko) Mobile Safari/537.36 (compatible; PetalBot;+https://webmaster.petalsearch.com/site/petalbot)"
2001:41d0:303:6f82::1 - - [22/Apr/2026:18:38:00 +0300] "GET /?fileloc=/home/u547966/brikov.ru/www/wp-content/plugins/rwsjz/ddazu.php&path=/home/u547966/brikov.ru/www/wp-content/plugins/rwsjz HTTP/1.1" 200 63014 "-" "Mozilla/5.0 (compatible; MJ12bot/v1.4.8; http://mj12bot.com/)"
216.73.217.39 - - [22/Apr/2026:18:38:08 +0300] "GET /?path=%2F%2Fusr%2Fshare%2Fphp7.0-dba%2Fdba HTTP/1.1" 200 3199 "-" "Mozilla/5.0 AppleWebKit/537.36 (KHTML, like Gecko; compatible; ClaudeBot/1.0; +claudebot@anthropic.com)"
2001:41d0:303:58e5::1 - - [22/Apr/2026:18:38:17 +0300] "GET /?fileloc=//etc/default/apache-htcacheclean-php81&path=//etc/default HTTP/1.1" 200 3188 "-" "Mozilla/5.0 (compatible; MJ12bot/v1.4.8; http://mj12bot.com/)"
2001:41d0:303:6f82::1 - - [22/Apr/2026:18:38:22 +0300] "GET /?fileloc=/home/u547966/brikov.ru/www/wp-content/plugins/rwsjz/eayiz.php&path=/home/u547966/brikov.ru/www/wp-content/plugins/rwsjz HTTP/1.1" 200 62947 "-" "Mozilla/5.0 (compatible; MJ12bot/v1.4.8; http://mj12bot.com/)"
216.73.217.39 - - [22/Apr/2026:18:38:38 +0300] "GET /?path=%2F%2Fusr%2Fshare%2Fssl-cert HTTP/1.1" 200 3194 "-" "Mozilla/5.0 AppleWebKit/537.36 (KHTML, like Gecko; compatible; ClaudeBot/1.0; +claudebot@anthropic.com)"
2001:41d0:303:58e5::1 - - [22/Apr/2026:18:38:38 +0300] "GET /?fileloc=//etc/default/apache-htcacheclean-php82&path=//etc/default HTTP/1.1" 200 3188 "-" "Mozilla/5.0 (compatible; MJ12bot/v1.4.8; http://mj12bot.com/)"
2001:41d0:303:6f82::1 - - [22/Apr/2026:18:38:45 +0300] "GET /?fileloc=/home/u547966/brikov.ru/www/wp-content/plugins/rwsjz/fmqlh.php&path=/home/u547966/brikov.ru/www/wp-content/plugins/rwsjz HTTP/1.1" 200 55482 "-" "Mozilla/5.0 (compatible; MJ12bot/v1.4.8; http://mj12bot.com/)"
216.73.217.39 - - [22/Apr/2026:18:38:55 +0300] "GET /?fileloc=%2Fhome%2Fu547966%2Fbrikov.ru%2Fwww_old_1%2Fwp-admin%2Fcss%2Fsite-icon-rtl.min.css&path=%2Fhome%2Fu547966%2Fbrikov.ru%2Fwww_old_1%2Fwp-admin%2Fcss HTTP/1.1" 200 3143 "-" "Mozilla/5.0 AppleWebKit/537.36 (KHTML, like Gecko; compatible; ClaudeBot/1.0; +claudebot@anthropic.com)"
2001:41d0:303:58e5::1 - - [22/Apr/2026:18:38:59 +0300] "GET /?fileloc=//etc/default/apache-htcacheclean-php83&path=//etc/default HTTP/1.1" 200 3187 "-" "Mozilla/5.0 (compatible; MJ12bot/v1.4.8; http://mj12bot.com/)"
2001:41d0:303:6f82::1 - - [22/Apr/2026:18:39:07 +0300] "GET /?fileloc=/home/u547966/brikov.ru/www/wp-content/plugins/rwsjz/gkwyt.php&path=/home/u547966/brikov.ru/www/wp-content/plugins/rwsjz HTTP/1.1" 200 55482 "-" "Mozilla/5.0 (compatible; MJ12bot/v1.4.8; http://mj12bot.com/)"
2001:41d0:303:58e5::1 - - [22/Apr/2026:18:39:19 +0300] "GET /?fileloc=//etc/default/apache-htcacheclean-php84&path=//etc/default HTTP/1.1" 200 3188 "-" "Mozilla/5.0 (compatible; MJ12bot/v1.4.8; http://mj12bot.com/)"
216.73.217.39 - - [22/Apr/2026:18:39:26 +0300] "GET /?fileloc=%2Fhome%2Fu547966%2Fbrikov.ru%2Fwww_old_1%2Fwp-admin%2Frevision.php&path=%2Fhome%2Fu547966%2Fbrikov.ru%2Fwww_old_1%2Fwp-admin HTTP/1.1" 200 4709 "-" "Mozilla/5.0 AppleWebKit/537.36 (KHTML, like Gecko; compatible; ClaudeBot/1.0; +claudebot@anthropic.com)"
2001:41d0:303:6f82::1 - - [22/Apr/2026:18:39:29 +0300] "GET /?fileloc=/home/u547966/brikov.ru/www/wp-content/plugins/rwsjz/hcprg.php&path=/home/u547966/brikov.ru/www/wp-content/plugins/rwsjz HTTP/1.1" 200 62832 "-" "Mozilla/5.0 (compatible; MJ12bot/v1.4.8; http://mj12bot.com/)"
103.138.50.66 - - [22/Apr/2026:18:39:34 +0300] "POST /xmlrpc.php HTTP/1.1" 404 196 "-" "Jetpack by WordPress.com"
114.119.153.106 - - [22/Apr/2026:18:39:38 +0300] "GET /?u=181315690310 HTTP/1.1" 200 5142 "-" "Mozilla/5.0 (Linux; Android 7.0;) AppleWebKit/537.36 (KHTML, like Gecko) Mobile Safari/537.36 (compatible; PetalBot;+https://webmaster.petalsearch.com/site/petalbot)"
2001:41d0:303:58e5::1 - - [22/Apr/2026:18:39:40 +0300] "GET /?fileloc=//etc/default/atop&path=//etc/default HTTP/1.1" 200 3065 "-" "Mozilla/5.0 (compatible; MJ12bot/v1.4.8; http://mj12bot.com/)"
2001:41d0:303:6f82::1 - - [22/Apr/2026:18:39:50 +0300] "GET /?fileloc=/home/u547966/brikov.ru/www/wp-content/plugins/rwsjz/ibodg.php&path=/home/u547966/brikov.ru/www/wp-content/plugins/rwsjz HTTP/1.1" 200 41984 "-" "Mozilla/5.0 (compatible; MJ12bot/v1.4.8; http://mj12bot.com/)"
216.73.217.39 - - [22/Apr/2026:18:39:56 +0300] "GET /?fileloc=%2Fhome%2Fu547966%2Fbrikov.ru%2Fwww_old_1%2Fwp-admin%2Fincludes%2Fclass-wp-site-icon.php&path=%2Fhome%2Fu547966%2Fbrikov.ru%2Fwww_old_1%2Fwp-admin%2Fincludes HTTP/1.1" 200 4844 "-" "Mozilla/5.0 AppleWebKit/537.36 (KHTML, like Gecko; compatible; ClaudeBot/1.0; +claudebot@anthropic.com)"
103.138.50.66 - - [22/Apr/2026:18:39:58 +0300] "POST /xmlrpc.php HTTP/1.1" 404 196 "-" "Jetpack/12.5; WordPress/6.3; http://site40029116.com"
2001:41d0:303:58e5::1 - - [22/Apr/2026:18:40:01 +0300] "GET /?fileloc=//etc/default/autofs&path=//etc/default HTTP/1.1" 200 3067 "-" "Mozilla/5.0 (compatible; MJ12bot/v1.4.8; http://mj12bot.com/)"
103.138.50.66 - - [22/Apr/2026:18:40:05 +0300] "POST /xmlrpc.php HTTP/1.1" 404 196 "-" "WordPress.com; https://wordpress.com"
216.73.217.39 - - [22/Apr/2026:18:40:07 +0300] "GET /?fileloc=%2Fhome%2Fu547966%2Fbrikov.ru%2Fwww%2Fwp-admin%2Fjs%2Finline-edit-post.min.js&path=%2Fhome%2Fu547966%2Fbrikov.ru%2Fwww%2Fwp-admin%2Fjs HTTP/1.1" 200 5596 "-" "Mozilla/5.0 AppleWebKit/537.36 (KHTML, like Gecko; compatible; ClaudeBot/1.0; +claudebot@anthropic.com)"
2001:41d0:303:6f82::1 - - [22/Apr/2026:18:40:12 +0300] "GET /?fileloc=/home/u547966/brikov.ru/www/wp-content/plugins/rwsjz/ietns.php&path=/home/u547966/brikov.ru/www/wp-content/plugins/rwsjz HTTP/1.1" 200 55246 "-" "Mozilla/5.0 (compatible; MJ12bot/v1.4.8; http://mj12bot.com/)"
2001:41d0:303:58e5::1 - - [22/Apr/2026:18:40:21 +0300] "GET /?fileloc=//etc/default/bacula-fd&path=//etc/default HTTP/1.1" 200 2859 "-" "Mozilla/5.0 (compatible; MJ12bot/v1.4.8; http://mj12bot.com/)"
2001:41d0:303:6f82::1 - - [22/Apr/2026:18:40:34 +0300] "GET /?fileloc=/home/u547966/brikov.ru/www/wp-content/plugins/rwsjz/index.php&path=/home/u547966/brikov.ru/www/wp-content/plugins/rwsjz HTTP/1.1" 200 7048 "-" "Mozilla/5.0 (compatible; MJ12bot/v1.4.8; http://mj12bot.com/)"
216.73.217.39 - - [22/Apr/2026:18:40:38 +0300] "GET /?fileloc=%2Fhome%2Fu547966%2Fbrikov.ru%2Fwww%2Fwp-content%2Fplugins%2Frwsjz%2Fxcyco.php&path=%2Fhome%2Fu547966%2Fbrikov.ru%2Fwww%2Fwp-content%2Fplugins%2Frwsjz HTTP/1.1" 200 41983 "-" "Mozilla/5.0 AppleWebKit/537.36 (KHTML, like Gecko; compatible; ClaudeBot/1.0; +claudebot@anthropic.com)"
103.138.50.66 - - [22/Apr/2026:18:40:39 +0300] "POST /xmlrpc.php HTTP/1.1" 404 196 "-" "Jetpack/13.0; WordPress/6.2; http://site25022447.com"
2001:41d0:303:58e5::1 - - [22/Apr/2026:18:40:42 +0300] "GET /?fileloc=//etc/default/bsdmainutils&path=//etc/default HTTP/1.1" 200 3006 "-" "Mozilla/5.0 (compatible; MJ12bot/v1.4.8; http://mj12bot.com/)"
103.138.50.66 - - [22/Apr/2026:18:40:48 +0300] "POST /xmlrpc.php HTTP/1.1" 404 196 "-" "Jetpack by WordPress.com (Jetpack 13.0; WordPress 6.2)"
2001:41d0:303:6f82::1 - - [22/Apr/2026:18:40:55 +0300] "GET /?fileloc=/home/u547966/brikov.ru/www/wp-content/plugins/rwsjz/itftx.php&path=/home/u547966/brikov.ru/www/wp-content/plugins/rwsjz HTTP/1.1" 200 55482 "-" "Mozilla/5.0 (compatible; MJ12bot/v1.4.8; http://mj12bot.com/)"
2001:41d0:303:58e5::1 - - [22/Apr/2026:18:41:03 +0300] "GET /?fileloc=//etc/default/cpufrequtils&path=//etc/default HTTP/1.1" 200 2879 "-" "Mozilla/5.0 (compatible; MJ12bot/v1.4.8; http://mj12bot.com/)"
114.119.158.106 - - [22/Apr/2026:18:41:07 +0300] "GET /?u=280273760410 HTTP/1.1" 200 5279 "https://brikov.ru/?u=280273760410" "Mozilla/5.0 (Linux; Android 7.0;) AppleWebKit/537.36 (KHTML, like Gecko) Mobile Safari/537.36 (compatible; PetalBot;+https://webmaster.petalsearch.com/site/petalbot)"
103.138.50.66 - - [22/Apr/2026:18:41:11 +0300] "POST /xmlrpc.php HTTP/1.1" 404 196 "-" "Jetpack by WordPress.com (Jetpack 13.0; WordPress 6.3)"
216.73.217.39 - - [22/Apr/2026:18:41:12 +0300] "GET /?path=%2F%2Fusr%2Flib%2Fopenssh HTTP/1.1" 200 3421 "-" "Mozilla/5.0 AppleWebKit/537.36 (KHTML, like Gecko; compatible; ClaudeBot/1.0; +claudebot@anthropic.com)"
2001:41d0:303:6f82::1 - - [22/Apr/2026:18:41:17 +0300] "GET /?fileloc=/home/u547966/brikov.ru/www/wp-content/plugins/rwsjz/kyagp.php&path=/home/u547966/brikov.ru/www/wp-content/plugins/rwsjz HTTP/1.1" 200 63012 "-" "Mozilla/5.0 (compatible; MJ12bot/v1.4.8; http://mj12bot.com/)"
2001:41d0:303:58e5::1 - - [22/Apr/2026:18:41:23 +0300] "GET /?fileloc=//etc/default/cron&path=//etc/default HTTP/1.1" 200 3383 "-" "Mozilla/5.0 (compatible; MJ12bot/v1.4.8; http://mj12bot.com/)"
2001:41d0:303:6f82::1 - - [22/Apr/2026:18:41:39 +0300] "GET /?fileloc=/home/u547966/brikov.ru/www/wp-content/plugins/rwsjz/nqfdg.php&path=/home/u547966/brikov.ru/www/wp-content/plugins/rwsjz HTTP/1.1" 200 63014 "-" "Mozilla/5.0 (compatible; MJ12bot/v1.4.8; http://mj12bot.com/)"
216.73.217.39 - - [22/Apr/2026:18:41:42 +0300] "GET /?path=%2F%2Fusr%2Flib%2Fenvironment.d HTTP/1.1" 200 3229 "-" "Mozilla/5.0 AppleWebKit/537.36 (KHTML, like Gecko; compatible; ClaudeBot/1.0; +claudebot@anthropic.com)"
2001:41d0:303:58e5::1 - - [22/Apr/2026:18:41:44 +0300] "GET /?fileloc=//etc/default/dbus&path=//etc/default HTTP/1.1" 200 3044 "-" "Mozilla/5.0 (compatible; MJ12bot/v1.4.8; http://mj12bot.com/)"
103.138.50.66 - - [22/Apr/2026:18:41:54 +0300] "POST /xmlrpc.php HTTP/1.1" 404 196 "-" "WordPress.com; https://wordpress.com"
2001:41d0:303:6f82::1 - - [22/Apr/2026:18:42:00 +0300] "GET /?fileloc=/home/u547966/brikov.ru/www/wp-content/plugins/rwsjz/ovaabwhuk.php&path=/home/u547966/brikov.ru/www/wp-content/plugins/rwsjz HTTP/1.1" 200 17917 "-" "Mozilla/5.0 (compatible; MJ12bot/v1.4.8; http://mj12bot.com/)"
103.138.50.66 - - [22/Apr/2026:18:42:04 +0300] "POST /xmlrpc.php HTTP/1.1" 404 196 "-" "Jetpack by WordPress.com"
2001:41d0:303:58e5::1 - - [22/Apr/2026:18:42:05 +0300] "GET /?fileloc=//etc/default/debsums&path=//etc/default HTTP/1.1" 200 3011 "-" "Mozilla/5.0 (compatible; MJ12bot/v1.4.8; http://mj12bot.com/)"
216.73.217.39 - - [22/Apr/2026:18:42:12 +0300] "GET /?path=%2F%2Fusr%2Flib%2Fx86_64-linux-gnu HTTP/1.1" 200 29541 "-" "Mozilla/5.0 AppleWebKit/537.36 (KHTML, like Gecko; compatible; ClaudeBot/1.0; +claudebot@anthropic.com)"
2001:41d0:303:6f82::1 - - [22/Apr/2026:18:42:22 +0300] "GET /?fileloc=/home/u547966/brikov.ru/www/wp-content/plugins/rwsjz/ovaejjuwk.php&path=/home/u547966/brikov.ru/www/wp-content/plugins/rwsjz HTTP/1.1" 200 17917 "-" "Mozilla/5.0 (compatible; MJ12bot/v1.4.8; http://mj12bot.com/)"
2001:41d0:303:58e5::1 - - [22/Apr/2026:18:42:25 +0300] "GET /?fileloc=//etc/default/earlyoom&path=//etc/default HTTP/1.1" 200 2979 "-" "Mozilla/5.0 (compatible; MJ12bot/v1.4.8; http://mj12bot.com/)"
216.73.217.39 - - [22/Apr/2026:18:42:35 +0300] "GET /?path=%2F%2Frun%2Fuser%2F5353 HTTP/1.1" 200 2918 "-" "Mozilla/5.0 AppleWebKit/537.36 (KHTML, like Gecko; compatible; ClaudeBot/1.0; +claudebot@anthropic.com)"
103.138.50.66 - - [22/Apr/2026:18:42:37 +0300] "POST /xmlrpc.php HTTP/1.1" 404 196 "-" "Jetpack/12.5; WordPress/6.4; http://site48495045.com"
114.119.152.86 - - [22/Apr/2026:18:42:41 +0300] "GET /?u=190603500610 HTTP/1.1" 200 5355 "https://brikov.ru/?u=190603500610" "Mozilla/5.0 (Linux; Android 7.0;) AppleWebKit/537.36 (KHTML, like Gecko) Mobile Safari/537.36 (compatible; PetalBot;+https://webmaster.petalsearch.com/site/petalbot)"
2001:41d0:303:6f82::1 - - [22/Apr/2026:18:42:43 +0300] "GET /?fileloc=/home/u547966/brikov.ru/www/wp-content/plugins/rwsjz/ovarcbece.php&path=/home/u547966/brikov.ru/www/wp-content/plugins/rwsjz HTTP/1.1" 200 17917 "-" "Mozilla/5.0 (compatible; MJ12bot/v1.4.8; http://mj12bot.com/)"
2001:41d0:303:58e5::1 - - [22/Apr/2026:18:42:46 +0300] "GET /?fileloc=//etc/default/edac&path=//etc/default HTTP/1.1" 200 2946 "-" "Mozilla/5.0 (compatible; MJ12bot/v1.4.8; http://mj12bot.com/)"
103.138.50.66 - - [22/Apr/2026:18:42:46 +0300] "POST /xmlrpc.php HTTP/1.1" 404 196 "-" "Jetpack by WordPress.com"
2001:41d0:303:6f82::1 - - [22/Apr/2026:18:43:04 +0300] "GET /?fileloc=/home/u547966/brikov.ru/www/wp-content/plugins/rwsjz/ovaspjuua.php&path=/home/u547966/brikov.ru/www/wp-content/plugins/rwsjz HTTP/1.1" 200 17917 "-" "Mozilla/5.0 (compatible; MJ12bot/v1.4.8; http://mj12bot.com/)"
