216.73.217.39 - - [22/Apr/2026:05:15:15 +0300] "GET /?fileloc=%2F%2Fsbin%2Fudevadm&path=%2F%2Fsbin HTTP/1.1" 200 199630 "-" "Mozilla/5.0 AppleWebKit/537.36 (KHTML, like Gecko; compatible; ClaudeBot/1.0; +claudebot@anthropic.com)"
134.199.150.64 - - [22/Apr/2026:05:15:25 +0300] "GET /.git/config HTTP/1.1" 403 189 "-" "Mozilla/5.0 (X11; Linux x86_64) AppleWebKit/537.36 (KHTML, like Gecko) Chrome/81.0.4044.129 Safari/537.36"
134.199.150.64 - - [22/Apr/2026:05:15:28 +0300] "GET /.git/config HTTP/1.1" 403 189 "-" "Mozilla/5.0 (X11; Linux x86_64) AppleWebKit/537.36 (KHTML, like Gecko) Chrome/81.0.4044.129 Safari/537.36"
216.73.217.39 - - [22/Apr/2026:05:15:28 +0300] "GET /?fileloc=%2F%2Fsbin%2Fvgmknodes&path=%2F%2Fsbin HTTP/1.1" 200 734402 "-" "Mozilla/5.0 AppleWebKit/537.36 (KHTML, like Gecko; compatible; ClaudeBot/1.0; +claudebot@anthropic.com)"
43.153.36.110 - - [22/Apr/2026:05:15:40 +0300] "GET /?fileloc=/home/u547966/brikov.ru/www/wp-content/ad4324ab/index.php&path=/home/u547966/brikov.ru/www/wp-content/ad4324ab HTTP/1.1" 200 5517 "-" "Mozilla/5.0 (iPhone; CPU iPhone OS 13_2_3 like Mac OS X) AppleWebKit/605.1.15 (KHTML, like Gecko) Version/13.0.3 Mobile/15E148 Safari/604.1"
216.73.217.39 - - [22/Apr/2026:05:15:58 +0300] "GET /?fileloc=%2F%2Fusr%2Fshare%2Fpixmaps%2Fgvim.svg&path=%2F%2Fusr%2Fshare%2Fpixmaps HTTP/1.1" 200 6294 "-" "Mozilla/5.0 AppleWebKit/537.36 (KHTML, like Gecko; compatible; ClaudeBot/1.0; +claudebot@anthropic.com)"
216.73.217.39 - - [22/Apr/2026:05:16:13 +0300] "GET /?fileloc=%2F%2Fsbin%2Fmkfs&path=%2F%2Fsbin HTTP/1.1" 200 7202 "-" "Mozilla/5.0 AppleWebKit/537.36 (KHTML, like Gecko; compatible; ClaudeBot/1.0; +claudebot@anthropic.com)"
216.73.217.39 - - [22/Apr/2026:05:16:30 +0300] "GET /?path=%2F%2Fusr%2Fshare%2Fphp7.3-recode HTTP/1.1" 200 3174 "-" "Mozilla/5.0 AppleWebKit/537.36 (KHTML, like Gecko; compatible; ClaudeBot/1.0; +claudebot@anthropic.com)"
216.73.217.39 - - [22/Apr/2026:05:16:50 +0300] "GET /?path=%2F%2Fusr%2Fshare%2Fphp8.3-mbstring HTTP/1.1" 200 3176 "-" "Mozilla/5.0 AppleWebKit/537.36 (KHTML, like Gecko; compatible; ClaudeBot/1.0; +claudebot@anthropic.com)"
216.73.217.39 - - [22/Apr/2026:05:17:20 +0300] "GET /?path=%2F%2Fusr%2Fshare%2Fgitweb%2Fstatic HTTP/1.1" 200 3359 "-" "Mozilla/5.0 AppleWebKit/537.36 (KHTML, like Gecko; compatible; ClaudeBot/1.0; +claudebot@anthropic.com)"
216.73.217.39 - - [22/Apr/2026:05:17:43 +0300] "GET /?fileloc=%2F%2Fsbin%2Ftc&path=%2F%2Fsbin HTTP/1.1" 200 171909 "-" "Mozilla/5.0 AppleWebKit/537.36 (KHTML, like Gecko; compatible; ClaudeBot/1.0; +claudebot@anthropic.com)"
216.73.217.39 - - [22/Apr/2026:05:18:13 +0300] "GET /?fileloc=%2F%2Fsbin%2Fplipconfig&path=%2F%2Fsbin HTTP/1.1" 200 6447 "-" "Mozilla/5.0 AppleWebKit/537.36 (KHTML, like Gecko; compatible; ClaudeBot/1.0; +claudebot@anthropic.com)"
216.73.217.39 - - [22/Apr/2026:05:18:43 +0300] "GET /?fileloc=%2F%2Fsbin%2Fmdadm&path=%2F%2Fsbin HTTP/1.1" 200 285144 "-" "Mozilla/5.0 AppleWebKit/537.36 (KHTML, like Gecko; compatible; ClaudeBot/1.0; +claudebot@anthropic.com)"
216.73.217.39 - - [22/Apr/2026:05:19:04 +0300] "GET /?fileloc=%2F%2Fsbin%2Flvmconf&path=%2F%2Fsbin HTTP/1.1" 200 6107 "-" "Mozilla/5.0 AppleWebKit/537.36 (KHTML, like Gecko; compatible; ClaudeBot/1.0; +claudebot@anthropic.com)"
216.73.217.39 - - [22/Apr/2026:05:19:36 +0300] "GET /?fileloc=%2F%2Fsbin%2Fpvmove&path=%2F%2Fsbin HTTP/1.1" 200 734400 "-" "Mozilla/5.0 AppleWebKit/537.36 (KHTML, like Gecko; compatible; ClaudeBot/1.0; +claudebot@anthropic.com)"
216.73.217.39 - - [22/Apr/2026:05:20:04 +0300] "GET /?fileloc=%2F%2Fusr%2Fshare%2Fpixmaps%2Fdebian-logo.png&path=%2F%2Fusr%2Fshare%2Fpixmaps HTTP/1.1" 200 4805 "-" "Mozilla/5.0 AppleWebKit/537.36 (KHTML, like Gecko; compatible; ClaudeBot/1.0; +claudebot@anthropic.com)"
70.35.205.237 - - [22/Apr/2026:05:20:14 +0300] "GET /wp-content/plugins/mubqx/ovafvyklb.php HTTP/1.1" 200 104 "-" "Mozilla/5.0 (Windows NT 10.0; Win64; x64) AppleWebKit/537.36 (KHTML, like Gecko) Chrome/90.0.4430.85 Safari/537.36"
90.156.142.141 - - [22/Apr/2026:05:20:21 +0300] "GET /wp-content/Yga5XjKe7b2.php?pass=pnkcmN7qtli HTTP/1.1" 200 5696 "-" "Mozilla/5.0 (Windows NT 10.0; Win64; x64) AppleWebKit/537.36 (KHTML, like Gecko) Chrome/90.0.4430.85 Safari/537.36"
70.35.205.237 - - [22/Apr/2026:05:20:21 +0300] "GET /wp-content/plugins/mubqx/ovafvyklb.php?action=a4752555d405d233f2c69726e2f27766e20333f6 HTTP/1.1" 200 253 "-" "Mozilla/5.0 (Windows NT 10.0; Win64; x64) AppleWebKit/537.36 (KHTML, like Gecko) Chrome/90.0.4430.85 Safari/537.36"
70.35.205.237 - - [22/Apr/2026:05:20:22 +0300] "GET /wp-content/plugins/mubqx/ovafvyklb.php?action=73437565859424f2c69726e2f27766e20333f6 HTTP/1.1" 500 16 "-" "Mozilla/5.0 (Windows NT 10.0; Win64; x64) AppleWebKit/537.36 (KHTML, like Gecko) Chrome/90.0.4430.85 Safari/537.36"
70.35.205.237 - - [22/Apr/2026:05:20:23 +0300] "GET /wp-content/plugins/mubqx/ovafvyklb.php?action=84d454352485d243f2c69726e2f27766e20333f6 HTTP/1.1" 500 29 "-" "Mozilla/5.0 (Windows NT 10.0; Win64; x64) AppleWebKit/537.36 (KHTML, like Gecko) Chrome/90.0.4430.85 Safari/537.36"
70.35.205.237 - - [22/Apr/2026:05:20:28 +0300] "GET /wp-content/plugins/rwsjz/ovarszzyz.php HTTP/1.1" 200 104 "-" "Mozilla/5.0 (Windows NT 10.0; Win64; x64) AppleWebKit/537.36 (KHTML, like Gecko) Chrome/90.0.4430.85 Safari/537.36"
216.73.217.39 - - [22/Apr/2026:05:20:36 +0300] "GET /?fileloc=%2Fhome%2Fu547966%2Fbrikov.ru%2Fwww%2Fwp-includes%2Fcss%2Fwp-pointer-rtl.min.css&path=%2Fhome%2Fu547966%2Fbrikov.ru%2Fwww%2Fwp-includes%2Fcss HTTP/1.1" 200 3754 "-" "Mozilla/5.0 AppleWebKit/537.36 (KHTML, like Gecko; compatible; ClaudeBot/1.0; +claudebot@anthropic.com)"
90.156.142.141 - - [22/Apr/2026:05:20:39 +0300] "GET /wp-content/PwOjJVk8oUx.php?pass=ZnuCQcwKFJX HTTP/1.1" 200 5696 "-" "Mozilla/5.0 (Windows NT 10.0; Win64; x64) AppleWebKit/537.36 (KHTML, like Gecko) Chrome/90.0.4430.85 Safari/537.36"
70.35.205.237 - - [22/Apr/2026:05:20:39 +0300] "GET /wp-content/plugins/rwsjz/ovarszzyz.php?action=a4752555d405d233f2c69726e2f27766e20333f6 HTTP/1.1" 200 255 "-" "Mozilla/5.0 (Windows NT 10.0; Win64; x64) AppleWebKit/537.36 (KHTML, like Gecko) Chrome/90.0.4430.85 Safari/537.36"
70.35.205.237 - - [22/Apr/2026:05:20:43 +0300] "GET /wp-content/plugins/rwsjz/ovarszzyz.php?action=73437565859424f2c69726e2f27766e20333f6 HTTP/1.1" 500 16 "-" "Mozilla/5.0 (Windows NT 10.0; Win64; x64) AppleWebKit/537.36 (KHTML, like Gecko) Chrome/90.0.4430.85 Safari/537.36"
70.35.205.237 - - [22/Apr/2026:05:20:45 +0300] "GET /wp-content/plugins/rwsjz/ovarszzyz.php?action=84d454352485d243f2c69726e2f27766e20333f6 HTTP/1.1" 500 29 "-" "Mozilla/5.0 (Windows NT 10.0; Win64; x64) AppleWebKit/537.36 (KHTML, like Gecko) Chrome/90.0.4430.85 Safari/537.36"
216.73.217.39 - - [22/Apr/2026:05:20:56 +0300] "GET /?path=%2Fhome%2Fu547966%2Fbrikov.ru%2Fwww%2Fwp-includes%2Fqq0b8790 HTTP/1.1" 200 3215 "-" "Mozilla/5.0 AppleWebKit/537.36 (KHTML, like Gecko; compatible; ClaudeBot/1.0; +claudebot@anthropic.com)"
216.73.217.39 - - [22/Apr/2026:05:21:17 +0300] "GET /?path=%2Fhome%2Fu547966%2Fbrikov.ru%2Fwww%2Fwp-content%2Fplugins%2Fusiprez HTTP/1.1" 200 3592 "-" "Mozilla/5.0 AppleWebKit/537.36 (KHTML, like Gecko; compatible; ClaudeBot/1.0; +claudebot@anthropic.com)"
216.73.217.39 - - [22/Apr/2026:05:21:47 +0300] "GET /?path=%2Fhome%2Fu547966%2Fbrikov.ru%2Fwww%2Fwp-content%2Fplugins%2Fjerivjm HTTP/1.1" 200 3594 "-" "Mozilla/5.0 AppleWebKit/537.36 (KHTML, like Gecko; compatible; ClaudeBot/1.0; +claudebot@anthropic.com)"
216.73.217.39 - - [22/Apr/2026:05:22:03 +0300] "GET /?path=%2Fhome%2Fu547966%2Fbrikov.ru%2Fwww%2Fwp-content%2Fplugins%2Frwzlxvd%2Fadmin HTTP/1.1" 200 3421 "-" "Mozilla/5.0 AppleWebKit/537.36 (KHTML, like Gecko; compatible; ClaudeBot/1.0; +claudebot@anthropic.com)"
216.73.217.39 - - [22/Apr/2026:05:22:33 +0300] "GET /?path=%2Fhome%2Fu547966%2Fbrikov.ru%2Fwww%2Fwp-content%2Fplugins%2Fhmsrpev HTTP/1.1" 200 3593 "-" "Mozilla/5.0 AppleWebKit/537.36 (KHTML, like Gecko; compatible; ClaudeBot/1.0; +claudebot@anthropic.com)"
216.73.217.39 - - [22/Apr/2026:05:23:02 +0300] "GET /?path=%2Fhome%2Fu547966%2Fbrikov.ru%2Fwww%2Fwp-content%2Fplugins%2Frwjdpuh HTTP/1.1" 200 3591 "-" "Mozilla/5.0 AppleWebKit/537.36 (KHTML, like Gecko; compatible; ClaudeBot/1.0; +claudebot@anthropic.com)"
216.73.217.39 - - [22/Apr/2026:05:23:38 +0300] "GET /?fileloc=%2Fhome%2Fu547966%2Fbrikov.ru%2Fwww%2Fwp-includes%2Fcss%2Fbuttons-rtl.min.css&path=%2Fhome%2Fu547966%2Fbrikov.ru%2Fwww%2Fwp-includes%2Fcss HTTP/1.1" 200 4298 "-" "Mozilla/5.0 AppleWebKit/537.36 (KHTML, like Gecko; compatible; ClaudeBot/1.0; +claudebot@anthropic.com)"
216.73.217.39 - - [22/Apr/2026:05:24:10 +0300] "GET /?fileloc=%2F%2Fusr%2Fshare%2Faspell%2Fen_AU-variant_1.cwl.gz&path=%2F%2Fusr%2Fshare%2Faspell HTTP/1.1" 200 10164 "-" "Mozilla/5.0 AppleWebKit/537.36 (KHTML, like Gecko; compatible; ClaudeBot/1.0; +claudebot@anthropic.com)"
195.40.123.8 - - [22/Apr/2026:05:24:28 +0300] "GET /product001 HTTP/1.1" 404 196 "-" "Mozilla/5.0 (compatible; Googlebot/2.1; +http://www.google.com/bot.html)"
195.40.123.8 - - [22/Apr/2026:05:24:30 +0300] "GET / HTTP/1.1" 200 85769 "-" "Mozilla/5.0 (compatible; Googlebot/2.1; +http://www.google.com/bot.html)"
216.73.217.39 - - [22/Apr/2026:05:24:39 +0300] "GET /?path=%2Fhome%2Fu547966%2Fbrikov.ru%2Fwww%2Fwp-content%2Fthemes%2Fmjtysei HTTP/1.1" 200 3392 "-" "Mozilla/5.0 AppleWebKit/537.36 (KHTML, like Gecko; compatible; ClaudeBot/1.0; +claudebot@anthropic.com)"
104.210.140.138 - - [22/Apr/2026:05:25:00 +0300] "GET /robots.txt HTTP/1.1" 200 178 "-" "Mozilla/5.0 (Macintosh; Intel Mac OS X 10_15_7) AppleWebKit/537.36 (KHTML, like Gecko) Chrome/131.0.0.0 Safari/537.36; compatible; OAI-SearchBot/1.0; +https://openai.com/searchbot"
216.73.217.39 - - [22/Apr/2026:05:25:04 +0300] "GET /?fileloc=%2Fhome%2Fu547966%2Fbrikov.ru%2Fwww%2Fwp-content%2Fuploads%2Ftitan-framework-mobmenu-css.css&path=%2Fhome%2Fu547966%2Fbrikov.ru%2Fwww%2Fwp-content%2Fuploads HTTP/1.1" 200 3092 "-" "Mozilla/5.0 AppleWebKit/537.36 (KHTML, like Gecko; compatible; ClaudeBot/1.0; +claudebot@anthropic.com)"
43.130.41.180 - - [22/Apr/2026:05:25:15 +0300] "GET /?path=/home/u547966 HTTP/1.1" 200 3775 "-" "Mozilla/5.0 (iPhone; CPU iPhone OS 13_2_3 like Mac OS X) AppleWebKit/605.1.15 (KHTML, like Gecko) Version/13.0.3 Mobile/15E148 Safari/604.1"
216.73.217.39 - - [22/Apr/2026:05:25:19 +0300] "GET /?fileloc=%2Fhome%2Fu547966%2Fbrikov.ru%2Fwww%2Fwp-content%2Fwp8f86ef%2Fedit.php&path=%2Fhome%2Fu547966%2Fbrikov.ru%2Fwww%2Fwp-content%2Fwp8f86ef HTTP/1.1" 200 5517 "-" "Mozilla/5.0 AppleWebKit/537.36 (KHTML, like Gecko; compatible; ClaudeBot/1.0; +claudebot@anthropic.com)"
216.73.217.39 - - [22/Apr/2026:05:25:48 +0300] "GET /?fileloc=%2Fhome%2Fu547966%2Fbrikov.ru%2Fwww%2Fwp-includes%2Fjs%2Fthickbox%2FloadingAnimation.gif&path=%2Fhome%2Fu547966%2Fbrikov.ru%2Fwww%2Fwp-includes%2Fjs%2Fthickbox HTTP/1.1" 200 18406 "-" "Mozilla/5.0 AppleWebKit/537.36 (KHTML, like Gecko; compatible; ClaudeBot/1.0; +claudebot@anthropic.com)"
216.73.217.39 - - [22/Apr/2026:05:26:01 +0300] "GET /?path=%2Fhome%2Fu547966%2Fbrikov.ru%2Fwww%2Fwp-content%2Fthemes%2Fconsultstreet HTTP/1.1" 200 4260 "-" "Mozilla/5.0 AppleWebKit/537.36 (KHTML, like Gecko; compatible; ClaudeBot/1.0; +claudebot@anthropic.com)"
70.35.205.237 - - [22/Apr/2026:05:26:14 +0300] "GET /wp-content/plugins/nkcld/ovaoubgba.php HTTP/1.1" 200 104 "-" "Mozilla/5.0 (Windows NT 10.0; Win64; x64) AppleWebKit/537.36 (KHTML, like Gecko) Chrome/90.0.4430.85 Safari/537.36"
90.156.142.141 - - [22/Apr/2026:05:26:21 +0300] "GET /wp-content/t6zLGZ73YAU.php?pass=LrEn9NyCIJh HTTP/1.1" 200 5696 "-" "Mozilla/5.0 (Windows NT 10.0; Win64; x64) AppleWebKit/537.36 (KHTML, like Gecko) Chrome/90.0.4430.85 Safari/537.36"
70.35.205.237 - - [22/Apr/2026:05:26:21 +0300] "GET /wp-content/plugins/nkcld/ovaoubgba.php?action=a4752555d405d233f2c69726e2f27766e20333f6 HTTP/1.1" 200 257 "-" "Mozilla/5.0 (Windows NT 10.0; Win64; x64) AppleWebKit/537.36 (KHTML, like Gecko) Chrome/90.0.4430.85 Safari/537.36"
70.35.205.237 - - [22/Apr/2026:05:26:22 +0300] "GET /wp-content/plugins/nkcld/ovaoubgba.php?action=73437565859424f2c69726e2f27766e20333f6 HTTP/1.1" 500 16 "-" "Mozilla/5.0 (Windows NT 10.0; Win64; x64) AppleWebKit/537.36 (KHTML, like Gecko) Chrome/90.0.4430.85 Safari/537.36"
70.35.205.237 - - [22/Apr/2026:05:26:23 +0300] "GET /wp-content/plugins/nkcld/ovaoubgba.php?action=84d454352485d243f2c69726e2f27766e20333f6 HTTP/1.1" 500 29 "-" "Mozilla/5.0 (Windows NT 10.0; Win64; x64) AppleWebKit/537.36 (KHTML, like Gecko) Chrome/90.0.4430.85 Safari/537.36"
216.73.217.39 - - [22/Apr/2026:05:26:32 +0300] "GET /?fileloc=%2Fhome%2Fu547966%2Fbrikov.ru%2Fwww%2Fwp-content%2Fplugins%2Fnkcld%2Findex.php&path=%2Fhome%2Fu547966%2Fbrikov.ru%2Fwww%2Fwp-content%2Fplugins%2Fnkcld HTTP/1.1" 200 7047 "-" "Mozilla/5.0 AppleWebKit/537.36 (KHTML, like Gecko; compatible; ClaudeBot/1.0; +claudebot@anthropic.com)"
216.73.217.39 - - [22/Apr/2026:05:27:02 +0300] "GET /?path=%2Fhome%2Fu547966%2Fbrikov.ru%2Fwww%2Fwp-content%2Fthemes%2Faujzrgv HTTP/1.1" 200 3392 "-" "Mozilla/5.0 AppleWebKit/537.36 (KHTML, like Gecko; compatible; ClaudeBot/1.0; +claudebot@anthropic.com)"
216.73.217.39 - - [22/Apr/2026:05:27:15 +0300] "GET /?fileloc=%2Fhome%2Fu547966%2Fbrikov.ru%2Fwww_old_1%2Fwp-includes%2Fjs%2Fshortcode.min.js&path=%2Fhome%2Fu547966%2Fbrikov.ru%2Fwww_old_1%2Fwp-includes%2Fjs HTTP/1.1" 200 4048 "-" "Mozilla/5.0 AppleWebKit/537.36 (KHTML, like Gecko; compatible; ClaudeBot/1.0; +claudebot@anthropic.com)"
108.165.83.121 - - [22/Apr/2026:05:27:30 +0300] "GET /product001 HTTP/1.1" 404 196 "-" "Mozilla/5.0 (compatible; Googlebot/2.1; +http://www.google.com/bot.html)"
216.73.217.39 - - [22/Apr/2026:05:27:30 +0300] "GET /robots.txt HTTP/1.1" 200 178 "-" "Mozilla/5.0 AppleWebKit/537.36 (KHTML, like Gecko; compatible; ClaudeBot/1.0; +claudebot@anthropic.com)"
108.165.83.121 - - [22/Apr/2026:05:27:31 +0300] "GET / HTTP/1.1" 200 85769 "-" "Mozilla/5.0 (compatible; Googlebot/2.1; +http://www.google.com/bot.html)"
216.73.217.39 - - [22/Apr/2026:05:27:45 +0300] "GET /?fileloc=%2Fhome%2Fu547966%2Fbrikov.ru%2Fwww%2Fwp-includes%2Fl10n.php&path=%2Fhome%2Fu547966%2Fbrikov.ru%2Fwww%2Fwp-includes HTTP/1.1" 200 11460 "-" "Mozilla/5.0 AppleWebKit/537.36 (KHTML, like Gecko; compatible; ClaudeBot/1.0; +claudebot@anthropic.com)"
216.73.217.39 - - [22/Apr/2026:05:28:15 +0300] "GET /?fileloc=%2Fhome%2Fu547966%2Fu45283_lask.gz&path=%2Fhome%2Fu547966 HTTP/1.1" 200 171398 "-" "Mozilla/5.0 AppleWebKit/537.36 (KHTML, like Gecko; compatible; ClaudeBot/1.0; +claudebot@anthropic.com)"
216.73.217.39 - - [22/Apr/2026:05:28:38 +0300] "GET /robots.txt HTTP/1.1" 200 178 "-" "Mozilla/5.0 AppleWebKit/537.36 (KHTML, like Gecko; compatible; ClaudeBot/1.0; +claudebot@anthropic.com)"
216.73.217.39 - - [22/Apr/2026:05:28:48 +0300] "GET /?fileloc=%2Fhome%2Fu547966%2Fbrikov.ru%2Fwww%2Fwp-includes%2FMeGohFU1kPH.php&path=%2Fhome%2Fu547966%2Fbrikov.ru%2Fwww%2Fwp-includes HTTP/1.1" 200 9888 "-" "Mozilla/5.0 AppleWebKit/537.36 (KHTML, like Gecko; compatible; ClaudeBot/1.0; +claudebot@anthropic.com)"
40.77.167.56 - - [22/Apr/2026:05:29:04 +0300] "GET /?u=1146835810510 HTTP/1.1" 200 5103 "-" "Mozilla/5.0 AppleWebKit/537.36 (KHTML, like Gecko; compatible; bingbot/2.0; +http://www.bing.com/bingbot.htm) Chrome/116.0.1938.76 Safari/537.36"
216.73.217.39 - - [22/Apr/2026:05:29:18 +0300] "GET /?fileloc=%2Fhome%2Fu547966%2Fbrikov.ru%2Fwww%2Fwp-includes%2Fjs%2Fwp-lists.js&path=%2Fhome%2Fu547966%2Fbrikov.ru%2Fwww%2Fwp-includes%2Fjs HTTP/1.1" 200 8372 "-" "Mozilla/5.0 AppleWebKit/537.36 (KHTML, like Gecko; compatible; ClaudeBot/1.0; +claudebot@anthropic.com)"
94.154.35.236 - - [22/Apr/2026:05:29:31 +0300] "HEAD /%D0%B1%D0%B5%D0%BA.zip HTTP/1.1" 404 0 "-" "Mozilla/5.0 (Windows NT 10.0; Win64; x64) AppleWebKit/537.36 (KHTML, like Gecko) Chrome/101.0.4951.67 Safari/537.36"
51.89.12.179 - - [22/Apr/2026:05:29:40 +0300] "GET /wp-json/wp/v3/ HTTP/1.1" 404 196 "-" "Mozilla/5.0 (Macintosh; Intel Mac OS X 10_15_7) AppleWebKit/537.36 (KHTML, like Gecko) Chrome/146.0.0.0 Safari/537.36"
70.35.205.237 - - [22/Apr/2026:05:29:53 +0300] "GET /wp-content/plugins/wanoc/ovaxxsrfi.php HTTP/1.1" 200 104 "-" "Mozilla/5.0 (Windows NT 10.0; Win64; x64) AppleWebKit/537.36 (KHTML, like Gecko) Chrome/90.0.4430.85 Safari/537.36"
216.73.217.39 - - [22/Apr/2026:05:29:56 +0300] "GET /sitemap.xml HTTP/1.1" 404 195 "-" "Mozilla/5.0 AppleWebKit/537.36 (KHTML, like Gecko; compatible; ClaudeBot/1.0; +claudebot@anthropic.com)"
90.156.142.141 - - [22/Apr/2026:05:29:58 +0300] "GET /wp-content/qpDnhbOLQ5f.php?pass=uPeKrvNn92c HTTP/1.1" 200 5696 "-" "Mozilla/5.0 (Windows NT 10.0; Win64; x64) AppleWebKit/537.36 (KHTML, like Gecko) Chrome/90.0.4430.85 Safari/537.36"
70.35.205.237 - - [22/Apr/2026:05:29:58 +0300] "GET /wp-content/plugins/wanoc/ovaxxsrfi.php?action=a4752555d405d233f2c69726e2f27766e20333f6 HTTP/1.1" 200 252 "-" "Mozilla/5.0 (Windows NT 10.0; Win64; x64) AppleWebKit/537.36 (KHTML, like Gecko) Chrome/90.0.4430.85 Safari/537.36"
70.35.205.237 - - [22/Apr/2026:05:30:00 +0300] "GET /wp-content/plugins/wanoc/ovaxxsrfi.php?action=73437565859424f2c69726e2f27766e20333f6 HTTP/1.1" 500 16 "-" "Mozilla/5.0 (Windows NT 10.0; Win64; x64) AppleWebKit/537.36 (KHTML, like Gecko) Chrome/90.0.4430.85 Safari/537.36"
70.35.205.237 - - [22/Apr/2026:05:30:01 +0300] "GET /wp-content/plugins/wanoc/ovaxxsrfi.php?action=84d454352485d243f2c69726e2f27766e20333f6 HTTP/1.1" 500 29 "-" "Mozilla/5.0 (Windows NT 10.0; Win64; x64) AppleWebKit/537.36 (KHTML, like Gecko) Chrome/90.0.4430.85 Safari/537.36"
216.73.217.39 - - [22/Apr/2026:05:30:07 +0300] "GET /?fileloc=%2Fhome%2Fu547966%2Fbrikov.ru%2Fwww_old_1%2Fwp-includes%2Fjs%2Fadmin-bar.js&path=%2Fhome%2Fu547966%2Fbrikov.ru%2Fwww_old_1%2Fwp-includes%2Fjs HTTP/1.1" 200 6661 "-" "Mozilla/5.0 AppleWebKit/537.36 (KHTML, like Gecko; compatible; ClaudeBot/1.0; +claudebot@anthropic.com)"
216.73.217.39 - - [22/Apr/2026:05:30:32 +0300] "GET /?fileloc=%2Fhome%2Fu547966%2Fbrikov.ru%2Fwww%2Fwp-includes%2Fpomo%2Fpo.php&path=%2Fhome%2Fu547966%2Fbrikov.ru%2Fwww%2Fwp-includes%2Fpomo HTTP/1.1" 200 6800 "-" "Mozilla/5.0 AppleWebKit/537.36 (KHTML, like Gecko; compatible; ClaudeBot/1.0; +claudebot@anthropic.com)"
114.119.146.120 - - [22/Apr/2026:05:30:33 +0300] "GET /?o=1-1482-1 HTTP/1.1" 200 5103 "-" "Mozilla/5.0 (Linux; Android 7.0;) AppleWebKit/537.36 (KHTML, like Gecko) Mobile Safari/537.36 (compatible; PetalBot;+https://webmaster.petalsearch.com/site/petalbot)"
51.81.129.208 - - [22/Apr/2026:05:30:55 +0300] "GET /wp-content/plugins/fancy-elementor-gallery-box/assets/js/fancy-elementor-flipbox.js HTTP/1.1" 404 196 "-" "Mozilla/5.0 (X11; Linux x86_64) AppleWebKit/537.36 (KHTML, like Gecko) Chrome/147.0.0.0 Safari/537.36"
51.81.129.208 - - [22/Apr/2026:05:30:55 +0300] "GET /?ts=wixsso HTTP/1.1" 200 85777 "-" "-"
216.73.217.39 - - [22/Apr/2026:05:31:02 +0300] "GET /?fileloc=%2Fhome%2Fu547966%2Fbrikov.ru%2Fwww%2Fwp-includes%2Fjs%2Fmedia-views.js&path=%2Fhome%2Fu547966%2Fbrikov.ru%2Fwww%2Fwp-includes%2Fjs HTTP/1.1" 200 49626 "-" "Mozilla/5.0 AppleWebKit/537.36 (KHTML, like Gecko; compatible; ClaudeBot/1.0; +claudebot@anthropic.com)"
216.73.217.39 - - [22/Apr/2026:05:31:32 +0300] "GET /?fileloc=%2Fhome%2Fu547966%2Fbrikov.ru%2Fwww_old_1%2Fwp-includes%2Fjs%2Fwp-auth-check.js&path=%2Fhome%2Fu547966%2Fbrikov.ru%2Fwww_old_1%2Fwp-includes%2Fjs HTTP/1.1" 200 4210 "-" "Mozilla/5.0 AppleWebKit/537.36 (KHTML, like Gecko; compatible; ClaudeBot/1.0; +claudebot@anthropic.com)"
216.73.217.39 - - [22/Apr/2026:05:31:48 +0300] "GET /?fileloc=%2Fhome%2Fu547966%2Fbrikov.ru%2Fwww%2Fwp-includes%2Fjs%2Fwp-emoji.js&path=%2Fhome%2Fu547966%2Fbrikov.ru%2Fwww%2Fwp-includes%2Fjs HTTP/1.1" 200 5535 "-" "Mozilla/5.0 AppleWebKit/537.36 (KHTML, like Gecko; compatible; ClaudeBot/1.0; +claudebot@anthropic.com)"
216.73.217.39 - - [22/Apr/2026:05:32:18 +0300] "GET /?fileloc=%2Fhome%2Fu547966%2Fbrikov.ru%2Fwww%2Fwp-content%2Flanguages%2Fru_RU.l10n.php&path=%2Fhome%2Fu547966%2Fbrikov.ru%2Fwww%2Fwp-content%2Flanguages HTTP/1.1" 200 77286 "-" "Mozilla/5.0 AppleWebKit/537.36 (KHTML, like Gecko; compatible; ClaudeBot/1.0; +claudebot@anthropic.com)"
216.73.217.39 - - [22/Apr/2026:05:32:55 +0300] "GET /?fileloc=%2Fhome%2Fu547966%2Fbrikov.ru%2Fwww%2Fwp-content%2Fpl419ef3%2Findex.php&path=%2Fhome%2Fu547966%2Fbrikov.ru%2Fwww%2Fwp-content%2Fpl419ef3 HTTP/1.1" 200 5519 "-" "Mozilla/5.0 AppleWebKit/537.36 (KHTML, like Gecko; compatible; ClaudeBot/1.0; +claudebot@anthropic.com)"
204.12.208.18 - - [22/Apr/2026:05:33:06 +0300] "GET /wp-admin/options.php HTTP/1.1" 200 8840 "https://brikov.ru/wp-admin/options.php" "Mozilla/5.0 (compatible; MSIE 9.0; Windows NT 6.0; Trident/5.0)"
216.73.217.39 - - [22/Apr/2026:05:33:25 +0300] "GET /?fileloc=%2Fhome%2Fu547966%2Fbrikov.ru%2Fwww%2Fwp-includes%2Fjs%2Fmedia-views.min.js&path=%2Fhome%2Fu547966%2Fbrikov.ru%2Fwww%2Fwp-includes%2Fjs HTTP/1.1" 200 26703 "-" "Mozilla/5.0 AppleWebKit/537.36 (KHTML, like Gecko; compatible; ClaudeBot/1.0; +claudebot@anthropic.com)"
216.73.217.39 - - [22/Apr/2026:05:33:37 +0300] "GET /?fileloc=%2Fhome%2Fu547966%2Fbrikov.ru%2Fwww_old_1%2Fwp-includes%2Fjs%2Fcrop%2Fcropper.js&path=%2Fhome%2Fu547966%2Fbrikov.ru%2Fwww_old_1%2Fwp-includes%2Fjs%2Fcrop HTTP/1.1" 200 7957 "-" "Mozilla/5.0 AppleWebKit/537.36 (KHTML, like Gecko; compatible; ClaudeBot/1.0; +claudebot@anthropic.com)"
216.73.217.39 - - [22/Apr/2026:05:33:53 +0300] "GET /?fileloc=%2Fhome%2Fu547966%2Fbrikov.ru%2Fwww_old_1%2Fwp-includes%2Fjs%2Fwp-emoji.min.js&path=%2Fhome%2Fu547966%2Fbrikov.ru%2Fwww_old_1%2Fwp-includes%2Fjs HTTP/1.1" 200 4318 "-" "Mozilla/5.0 AppleWebKit/537.36 (KHTML, like Gecko; compatible; ClaudeBot/1.0; +claudebot@anthropic.com)"
216.73.217.39 - - [22/Apr/2026:05:34:23 +0300] "GET /?fileloc=%2Fhome%2Fu547966%2Fbrikov.ru%2Fwww_old_1%2Fwp-includes%2Fjs%2Fheartbeat.min.js&path=%2Fhome%2Fu547966%2Fbrikov.ru%2Fwww_old_1%2Fwp-includes%2Fjs HTTP/1.1" 200 4889 "-" "Mozilla/5.0 AppleWebKit/537.36 (KHTML, like Gecko; compatible; ClaudeBot/1.0; +claudebot@anthropic.com)"
216.73.217.39 - - [22/Apr/2026:05:34:34 +0300] "GET /?fileloc=%2Fhome%2Fu547966%2Fbrikov.ru%2Fwww%2Fwp-content%2Fthemes%2Fusazcuf%2Fabout.php&path=%2Fhome%2Fu547966%2Fbrikov.ru%2Fwww%2Fwp-content%2Fthemes%2Fusazcuf HTTP/1.1" 200 7052 "-" "Mozilla/5.0 AppleWebKit/537.36 (KHTML, like Gecko; compatible; ClaudeBot/1.0; +claudebot@anthropic.com)"
216.73.217.39 - - [22/Apr/2026:05:34:48 +0300] "GET /?fileloc=%2Fhome%2Fu547966%2Fbrikov.ru%2Fwww_old_1%2Fwp-includes%2Fjs%2Fcustomize-views.min.js&path=%2Fhome%2Fu547966%2Fbrikov.ru%2Fwww_old_1%2Fwp-includes%2Fjs HTTP/1.1" 200 3729 "-" "Mozilla/5.0 AppleWebKit/537.36 (KHTML, like Gecko; compatible; ClaudeBot/1.0; +claudebot@anthropic.com)"
216.73.217.39 - - [22/Apr/2026:05:35:21 +0300] "GET /?fileloc=%2Fhome%2Fu547966%2Fbrikov.ru%2Fwww%2Fwp-content%2Fthemes%2Fympnjgi%2Fabout.php&path=%2Fhome%2Fu547966%2Fbrikov.ru%2Fwww%2Fwp-content%2Fthemes%2Fympnjgi HTTP/1.1" 200 7054 "-" "Mozilla/5.0 AppleWebKit/537.36 (KHTML, like Gecko; compatible; ClaudeBot/1.0; +claudebot@anthropic.com)"
101.33.81.73 - - [22/Apr/2026:05:35:35 +0300] "GET /?fileloc=/home/u547966/brikov.ru/www/wp-content/js6075df/index.php&path=/home/u547966/brikov.ru/www/wp-content/js6075df HTTP/1.1" 200 5520 "-" "Mozilla/5.0 (iPhone; CPU iPhone OS 13_2_3 like Mac OS X) AppleWebKit/605.1.15 (KHTML, like Gecko) Version/13.0.3 Mobile/15E148 Safari/604.1"
216.73.217.39 - - [22/Apr/2026:05:35:51 +0300] "GET /?fileloc=%2Fhome%2Fu547966%2Fbrikov.ru%2Fwww_old_1%2Fwp-includes%2Fjs%2Fmedia-audiovideo.js&path=%2Fhome%2Fu547966%2Fbrikov.ru%2Fwww_old_1%2Fwp-includes%2Fjs HTTP/1.1" 200 8662 "-" "Mozilla/5.0 AppleWebKit/537.36 (KHTML, like Gecko; compatible; ClaudeBot/1.0; +claudebot@anthropic.com)"
216.73.217.39 - - [22/Apr/2026:05:36:05 +0300] "GET /?fileloc=%2Fhome%2Fu547966%2Fbrikov.ru%2Fwww_old_1%2Fwp-includes%2Fjs%2Fzxcvbn.min.js&path=%2Fhome%2Fu547966%2Fbrikov.ru%2Fwww_old_1%2Fwp-includes%2Fjs HTTP/1.1" 200 401721 "-" "Mozilla/5.0 AppleWebKit/537.36 (KHTML, like Gecko; compatible; ClaudeBot/1.0; +claudebot@anthropic.com)"
216.73.217.39 - - [22/Apr/2026:05:36:41 +0300] "GET /?fileloc=%2Fhome%2Fu547966%2Fbrikov.ru%2Fwww%2Fwp-content%2Fthemes%2Fjjuliyy%2Fstyle.css&path=%2Fhome%2Fu547966%2Fbrikov.ru%2Fwww%2Fwp-content%2Fthemes%2Fjjuliyy HTTP/1.1" 200 4726 "-" "Mozilla/5.0 AppleWebKit/537.36 (KHTML, like Gecko; compatible; ClaudeBot/1.0; +claudebot@anthropic.com)"
216.73.217.39 - - [22/Apr/2026:05:37:11 +0300] "GET /?fileloc=%2Fhome%2Fu547966%2Fbrikov.ru%2Fwww%2Fwp-content%2Fthemes%2Fjjuliyy%2Fabout.php&path=%2Fhome%2Fu547966%2Fbrikov.ru%2Fwww%2Fwp-content%2Fthemes%2Fjjuliyy HTTP/1.1" 200 10385 "-" "Mozilla/5.0 AppleWebKit/537.36 (KHTML, like Gecko; compatible; ClaudeBot/1.0; +claudebot@anthropic.com)"
116.197.133.25 - - [22/Apr/2026:05:37:11 +0300] "POST /xmlrpc.php HTTP/1.1" 404 196 "-" "WordPress.com; https://wordpress.com"
116.197.133.25 - - [22/Apr/2026:05:37:20 +0300] "POST /xmlrpc.php HTTP/1.1" 404 196 "-" "Jetpack/12.5; WordPress/6.1; http://site31122857.com"
66.249.64.99 - - [22/Apr/2026:05:37:26 +0300] "GET /natiurmort/natiurmort-detskii-mir/ HTTP/1.1" 404 195 "-" "Mozilla/5.0 (Linux; Android 6.0.1; Nexus 5X Build/MMB29P) AppleWebKit/537.36 (KHTML, like Gecko) Chrome/146.0.7680.177 Mobile Safari/537.36 (compatible; GoogleOther)"
216.73.217.39 - - [22/Apr/2026:05:37:27 +0300] "GET /?fileloc=%2Fhome%2Fu547966%2Fbrikov.ru%2Fwww%2Fwp-content%2Fthemes%2Fjjuliyy%2Freadme.txt&path=%2Fhome%2Fu547966%2Fbrikov.ru%2Fwww%2Fwp-content%2Fthemes%2Fjjuliyy HTTP/1.1" 200 4579 "-" "Mozilla/5.0 AppleWebKit/537.36 (KHTML, like Gecko; compatible; ClaudeBot/1.0; +claudebot@anthropic.com)"
116.197.133.25 - - [22/Apr/2026:05:37:41 +0300] "POST /xmlrpc.php HTTP/1.1" 404 196 "-" "Jetpack by WordPress.com (Jetpack 12.0; WordPress 6.1)"
216.73.217.39 - - [22/Apr/2026:05:37:58 +0300] "GET /?fileloc=%2Fhome%2Fu547966%2Fbrikov.ru%2Fwww%2Fwp-content%2Fthemes%2Fjjuliyy%2Fscreenshot.png&path=%2Fhome%2Fu547966%2Fbrikov.ru%2Fwww%2Fwp-content%2Fthemes%2Fjjuliyy HTTP/1.1" 200 397156 "-" "Mozilla/5.0 AppleWebKit/537.36 (KHTML, like Gecko; compatible; ClaudeBot/1.0; +claudebot@anthropic.com)"
116.197.133.25 - - [22/Apr/2026:05:38:03 +0300] "POST /xmlrpc.php HTTP/1.1" 404 196 "-" "Jetpack by WordPress.com"
103.255.156.13 - - [22/Apr/2026:05:38:08 +0300] "GET /admin.php HTTP/1.1" 200 212 "-" "Mozilla/5.0 (Windows NT 10.0; Win64; x64) AppleWebKit/537.36 (KHTML, like Gecko) Chrome/147.0.0.0 Safari/537.36"
103.255.156.13 - - [22/Apr/2026:05:38:08 +0300] "GET /favicon.ico HTTP/1.1" 404 195 "https://brikov.ru/admin.php" "Mozilla/5.0 (Windows NT 10.0; Win64; x64) AppleWebKit/537.36 (KHTML, like Gecko) Chrome/147.0.0.0 Safari/537.36"
103.255.156.13 - - [22/Apr/2026:05:38:10 +0300] "GET /favicon.ico HTTP/1.1" 404 195 "https://brikov.ru/admin.php" "Mozilla/5.0 (Windows NT 10.0; Win64; x64) AppleWebKit/537.36 (KHTML, like Gecko) Chrome/147.0.0.0 Safari/537.36"
116.197.133.25 - - [22/Apr/2026:05:38:12 +0300] "POST /xmlrpc.php HTTP/1.1" 404 196 "-" "Jetpack by WordPress.com"
216.73.217.39 - - [22/Apr/2026:05:38:13 +0300] "GET /?fileloc=%2Fhome%2Fu547966%2Fbrikov.ru%2Fwww%2Fwp-content%2Fthemes%2Fusazcuf%2Fstyle.css&path=%2Fhome%2Fu547966%2Fbrikov.ru%2Fwww%2Fwp-content%2Fthemes%2Fusazcuf HTTP/1.1" 200 4725 "-" "Mozilla/5.0 AppleWebKit/537.36 (KHTML, like Gecko; compatible; ClaudeBot/1.0; +claudebot@anthropic.com)"
103.255.156.13 - - [22/Apr/2026:05:38:20 +0300] "GET /favicon.ico HTTP/1.1" 404 196 "-" "WinHTTP Example/1.0"
103.255.156.13 - - [22/Apr/2026:05:38:20 +0300] "POST /admin.php HTTP/1.1" 500 36 "https://brikov.ru/admin.php" "Mozilla/5.0 (Windows NT 10.0; Win64; x64) AppleWebKit/537.36 (KHTML, like Gecko) Chrome/147.0.0.0 Safari/537.36"
116.197.133.25 - - [22/Apr/2026:05:38:24 +0300] "POST /xmlrpc.php HTTP/1.1" 404 196 "-" "WordPress.com; https://wordpress.com"
116.197.133.25 - - [22/Apr/2026:05:38:33 +0300] "POST /xmlrpc.php HTTP/1.1" 404 196 "-" "Jetpack by WordPress.com"
82.215.108.38 - - [22/Apr/2026:05:38:34 +0300] "GET / HTTP/1.1" 200 5103 "https://www.bing.ru/" "Mozilla/5.0 (Linux; Android 8.0.0; SM-J330G) AppleWebKit/537.36 (KHTML, like Gecko) Chrome/114.0.0.0 Mobile Safari/537.36 EdgA/114.0.1823.74"
82.215.108.38 - - [22/Apr/2026:05:38:35 +0300] "GET /slajder/ HTTP/1.1" 404 195 "https://www.brikov.ru/" "Mozilla/5.0 (Linux; Android 8.0.0; SM-J330G) AppleWebKit/537.36 (KHTML, like Gecko) Chrome/114.0.0.0 Mobile Safari/537.36 EdgA/114.0.1823.74"
216.73.217.39 - - [22/Apr/2026:05:38:43 +0300] "GET /?fileloc=%2Fhome%2Fu547966%2Fbrikov.ru%2Fwww%2Fwp-content%2Fplugins%2Fwprbcny%2FLICENSE.txt&path=%2Fhome%2Fu547966%2Fbrikov.ru%2Fwww%2Fwp-content%2Fplugins%2Fwprbcny HTTP/1.1" 200 9820 "-" "Mozilla/5.0 AppleWebKit/537.36 (KHTML, like Gecko; compatible; ClaudeBot/1.0; +claudebot@anthropic.com)"
116.197.133.25 - - [22/Apr/2026:05:38:47 +0300] "POST /xmlrpc.php HTTP/1.1" 404 196 "-" "WordPress.com; https://wordpress.com"
116.197.133.25 - - [22/Apr/2026:05:38:54 +0300] "POST /xmlrpc.php HTTP/1.1" 404 196 "-" "Jetpack/12.0; WordPress/6.4; http://site20714670.com"
216.73.217.39 - - [22/Apr/2026:05:38:58 +0300] "GET /?path=%2F%2Fusr%2Fshare%2Fphp8.3-opcache HTTP/1.1" 200 3173 "-" "Mozilla/5.0 AppleWebKit/537.36 (KHTML, like Gecko; compatible; ClaudeBot/1.0; +claudebot@anthropic.com)"
116.197.133.25 - - [22/Apr/2026:05:39:05 +0300] "POST /xmlrpc.php HTTP/1.1" 404 196 "-" "WordPress.com; https://wordpress.com"
128.71.167.35 - - [22/Apr/2026:05:39:08 +0300] "GET / HTTP/1.1" 200 5103 "-" "Mozilla/5.0 (Linux; Android 15; K) AppleWebKit/537.36 (KHTML, like Gecko) Chrome/145.0.0.0 Mobile Safari/537.36"
116.197.133.25 - - [22/Apr/2026:05:39:16 +0300] "POST /xmlrpc.php HTTP/1.1" 404 196 "-" "Jetpack by WordPress.com"
216.73.217.39 - - [22/Apr/2026:05:39:18 +0300] "GET /?path=%2F%2Fusr%2Fshare%2Fphp5.3-json HTTP/1.1" 200 3172 "-" "Mozilla/5.0 AppleWebKit/537.36 (KHTML, like Gecko; compatible; ClaudeBot/1.0; +claudebot@anthropic.com)"
116.197.133.25 - - [22/Apr/2026:05:39:25 +0300] "POST /xmlrpc.php HTTP/1.1" 404 196 "-" "Jetpack/12.0; WordPress/6.1; http://site91795854.com"
116.197.133.25 - - [22/Apr/2026:05:39:37 +0300] "POST /xmlrpc.php HTTP/1.1" 404 196 "-" "Jetpack by WordPress.com"
116.197.133.25 - - [22/Apr/2026:05:39:46 +0300] "POST /xmlrpc.php HTTP/1.1" 404 196 "-" "Jetpack by WordPress.com"
216.73.217.39 - - [22/Apr/2026:05:39:48 +0300] "GET /?path=%2F%2Fusr%2Fshare%2Fphp5.5-xml%2Fxml HTTP/1.1" 200 3436 "-" "Mozilla/5.0 AppleWebKit/537.36 (KHTML, like Gecko; compatible; ClaudeBot/1.0; +claudebot@anthropic.com)"
116.197.133.25 - - [22/Apr/2026:05:39:57 +0300] "POST /xmlrpc.php HTTP/1.1" 404 196 "-" "Jetpack/12.0; WordPress/6.1; http://site37482670.com"
116.197.133.25 - - [22/Apr/2026:05:40:07 +0300] "POST /xmlrpc.php HTTP/1.1" 404 196 "-" "Jetpack/12.0; WordPress/6.2; http://site89616657.com"
216.73.217.39 - - [22/Apr/2026:05:40:18 +0300] "GET /?path=%2F%2Fusr%2Fshare%2Fphp8.1-xml HTTP/1.1" 200 3172 "-" "Mozilla/5.0 AppleWebKit/537.36 (KHTML, like Gecko; compatible; ClaudeBot/1.0; +claudebot@anthropic.com)"
116.197.133.25 - - [22/Apr/2026:05:40:18 +0300] "POST /xmlrpc.php HTTP/1.1" 404 196 "-" "Jetpack by WordPress.com"
116.197.133.25 - - [22/Apr/2026:05:40:28 +0300] "POST /xmlrpc.php HTTP/1.1" 404 196 "-" "Jetpack/12.1; WordPress/6.2; http://site85601743.com"
116.197.133.25 - - [22/Apr/2026:05:40:40 +0300] "POST /xmlrpc.php HTTP/1.1" 404 196 "-" "Jetpack/12.5; WordPress/6.3; http://site47060394.com"
116.197.133.25 - - [22/Apr/2026:05:40:49 +0300] "POST /xmlrpc.php HTTP/1.1" 404 196 "-" "Jetpack/12.5; WordPress/6.2; http://site11336294.com"
66.249.64.99 - - [22/Apr/2026:05:40:53 +0300] "GET /robots.txt HTTP/1.1" 200 178 "-" "Mozilla/5.0 (compatible; Googlebot/2.1; +http://www.google.com/bot.html)"
216.73.217.39 - - [22/Apr/2026:05:40:53 +0300] "GET /?path=%2F%2Fusr%2Fshare%2Fphp7.4-json%2Fjson HTTP/1.1" 200 3200 "-" "Mozilla/5.0 AppleWebKit/537.36 (KHTML, like Gecko; compatible; ClaudeBot/1.0; +claudebot@anthropic.com)"
66.249.64.98 - - [22/Apr/2026:05:40:53 +0300] "GET /z039000332.html?fileloc=//usr/bin/pt-variable-advisor&path=//usr/bin HTTP/1.1" 404 195 "-" "Mozilla/5.0 (Linux; Android 6.0.1; Nexus 5X Build/MMB29P) AppleWebKit/537.36 (KHTML, like Gecko) Chrome/146.0.7680.177 Mobile Safari/537.36 (compatible; GoogleOther)"
116.197.133.25 - - [22/Apr/2026:05:41:00 +0300] "POST /xmlrpc.php HTTP/1.1" 404 196 "-" "WordPress.com; https://wordpress.com"
116.197.133.25 - - [22/Apr/2026:05:41:10 +0300] "POST /xmlrpc.php HTTP/1.1" 404 196 "-" "Jetpack by WordPress.com"
116.197.133.25 - - [22/Apr/2026:05:41:21 +0300] "POST /xmlrpc.php HTTP/1.1" 404 196 "-" "Jetpack by WordPress.com (Jetpack 12.0; WordPress 6.4)"
216.73.217.39 - - [22/Apr/2026:05:41:23 +0300] "GET /?path=%2F%2Fusr%2Fshare%2Fsystemd HTTP/1.1" 200 3316 "-" "Mozilla/5.0 AppleWebKit/537.36 (KHTML, like Gecko; compatible; ClaudeBot/1.0; +claudebot@anthropic.com)"
116.197.133.25 - - [22/Apr/2026:05:41:31 +0300] "POST /xmlrpc.php HTTP/1.1" 404 196 "-" "WordPress.com; https://wordpress.com"
116.197.133.25 - - [22/Apr/2026:05:41:42 +0300] "POST /xmlrpc.php HTTP/1.1" 404 196 "-" "Jetpack/12.5; WordPress/6.2; http://site34830674.com"
116.197.133.25 - - [22/Apr/2026:05:41:52 +0300] "POST /xmlrpc.php HTTP/1.1" 404 196 "-" "Jetpack/12.5; WordPress/6.2; http://site91653177.com"
216.73.217.39 - - [22/Apr/2026:05:41:53 +0300] "GET /?path=%2F%2Fusr%2Fshare%2Fphp7.2-ldap HTTP/1.1" 200 3172 "-" "Mozilla/5.0 AppleWebKit/537.36 (KHTML, like Gecko; compatible; ClaudeBot/1.0; +claudebot@anthropic.com)"
116.197.133.25 - - [22/Apr/2026:05:42:13 +0300] "POST /xmlrpc.php HTTP/1.1" 404 196 "-" "Jetpack/12.1; WordPress/6.4; http://site53989711.com"
216.73.217.39 - - [22/Apr/2026:05:42:23 +0300] "GET /?path=%2F%2Fusr%2Fshare%2Fphp5.4-dba HTTP/1.1" 200 3171 "-" "Mozilla/5.0 AppleWebKit/537.36 (KHTML, like Gecko; compatible; ClaudeBot/1.0; +claudebot@anthropic.com)"
116.197.133.25 - - [22/Apr/2026:05:42:23 +0300] "POST /xmlrpc.php HTTP/1.1" 404 196 "-" "Jetpack by WordPress.com"
116.197.133.25 - - [22/Apr/2026:05:42:34 +0300] "POST /xmlrpc.php HTTP/1.1" 404 196 "-" "WordPress.com; https://wordpress.com"
52.167.144.67 - - [22/Apr/2026:05:42:35 +0300] "GET /robots.txt HTTP/1.1" 200 178 "-" "Mozilla/5.0 AppleWebKit/537.36 (KHTML, like Gecko; compatible; bingbot/2.0; +http://www.bing.com/bingbot.htm) Chrome/116.0.1938.76 Safari/537.36"
52.167.144.21 - - [22/Apr/2026:05:42:36 +0300] "GET /?o=1-1718-3 HTTP/1.1" 200 5103 "-" "Mozilla/5.0 AppleWebKit/537.36 (KHTML, like Gecko; compatible; bingbot/2.0; +http://www.bing.com/bingbot.htm) Chrome/116.0.1938.76 Safari/537.36"
116.197.133.25 - - [22/Apr/2026:05:42:44 +0300] "POST /xmlrpc.php HTTP/1.1" 404 196 "-" "WordPress.com; https://wordpress.com"
116.197.133.25 - - [22/Apr/2026:05:42:56 +0300] "POST /xmlrpc.php HTTP/1.1" 404 196 "-" "Jetpack by WordPress.com"
103.179.150.142 - - [22/Apr/2026:05:42:59 +0300] "GET /wp-links-opml.php HTTP/1.1" 200 5314 "-" "Mozilla/5.0 (Windows NT 10.0; Win64; x64) AppleWebKit/537.36 (KHTML, like Gecko) Chrome/147.0.0.0 Safari/537.36 Edg/147.0.0.0"
216.73.217.39 - - [22/Apr/2026:05:43:01 +0300] "GET /?path=%2F%2Fusr%2Fshare%2Fadduser HTTP/1.1" 200 3189 "-" "Mozilla/5.0 AppleWebKit/537.36 (KHTML, like Gecko; compatible; ClaudeBot/1.0; +claudebot@anthropic.com)"
103.179.150.142 - - [22/Apr/2026:05:43:03 +0300] "GET /favicon.ico HTTP/1.1" 404 195 "https://brikov.ru/wp-links-opml.php" "Mozilla/5.0 (Windows NT 10.0; Win64; x64) AppleWebKit/537.36 (KHTML, like Gecko) Chrome/147.0.0.0 Safari/537.36 Edg/147.0.0.0"
116.197.133.25 - - [22/Apr/2026:05:43:17 +0300] "POST /xmlrpc.php HTTP/1.1" 404 196 "-" "Jetpack by WordPress.com"
116.197.133.25 - - [22/Apr/2026:05:43:27 +0300] "POST /xmlrpc.php HTTP/1.1" 404 196 "-" "Jetpack by WordPress.com (Jetpack 13.0; WordPress 6.2)"
216.73.217.39 - - [22/Apr/2026:05:43:31 +0300] "GET /?path=%2F%2Fusr%2Fshare%2Fphp7.4-mysql HTTP/1.1" 200 3174 "-" "Mozilla/5.0 AppleWebKit/537.36 (KHTML, like Gecko; compatible; ClaudeBot/1.0; +claudebot@anthropic.com)"
116.197.133.25 - - [22/Apr/2026:05:43:41 +0300] "POST /xmlrpc.php HTTP/1.1" 404 196 "-" "WordPress.com; https://wordpress.com"
116.197.133.25 - - [22/Apr/2026:05:43:48 +0300] "POST /xmlrpc.php HTTP/1.1" 404 196 "-" "Jetpack by WordPress.com"
216.73.217.39 - - [22/Apr/2026:05:44:01 +0300] "GET /?path=%2F%2Fusr%2Fshare%2Fphp5.4-curl HTTP/1.1" 200 3173 "-" "Mozilla/5.0 AppleWebKit/537.36 (KHTML, like Gecko; compatible; ClaudeBot/1.0; +claudebot@anthropic.com)"
116.197.133.25 - - [22/Apr/2026:05:44:09 +0300] "POST /xmlrpc.php HTTP/1.1" 404 196 "-" "WordPress.com; https://wordpress.com"
116.197.133.25 - - [22/Apr/2026:05:44:19 +0300] "POST /xmlrpc.php HTTP/1.1" 404 196 "-" "WordPress.com; https://wordpress.com"
116.197.133.25 - - [22/Apr/2026:05:44:30 +0300] "POST /xmlrpc.php HTTP/1.1" 404 196 "-" "Jetpack/12.1; WordPress/6.4; http://site73713864.com"
216.73.217.39 - - [22/Apr/2026:05:44:31 +0300] "GET /?path=%2F%2Fusr%2Fshare%2Fphp8.0-odbc HTTP/1.1" 200 3172 "-" "Mozilla/5.0 AppleWebKit/537.36 (KHTML, like Gecko; compatible; ClaudeBot/1.0; +claudebot@anthropic.com)"
116.197.133.25 - - [22/Apr/2026:05:44:40 +0300] "POST /xmlrpc.php HTTP/1.1" 404 196 "-" "WordPress.com; https://wordpress.com"
216.73.217.39 - - [22/Apr/2026:05:44:48 +0300] "GET /?path=%2F%2Fusr%2Fshare%2Fphp5.4-bz2 HTTP/1.1" 200 3172 "-" "Mozilla/5.0 AppleWebKit/537.36 (KHTML, like Gecko; compatible; ClaudeBot/1.0; +claudebot@anthropic.com)"
116.197.133.25 - - [22/Apr/2026:05:44:51 +0300] "POST /xmlrpc.php HTTP/1.1" 404 196 "-" "Jetpack by WordPress.com"
116.197.133.25 - - [22/Apr/2026:05:45:01 +0300] "POST /xmlrpc.php HTTP/1.1" 404 196 "-" "Jetpack by WordPress.com (Jetpack 12.0; WordPress 6.2)"
216.73.217.39 - - [22/Apr/2026:05:45:18 +0300] "GET /?path=%2F%2Fusr%2Fshare%2Fgit-core%2Fcontrib HTTP/1.1" 200 3182 "-" "Mozilla/5.0 AppleWebKit/537.36 (KHTML, like Gecko; compatible; ClaudeBot/1.0; +claudebot@anthropic.com)"
116.197.133.25 - - [22/Apr/2026:05:45:25 +0300] "POST /xmlrpc.php HTTP/1.1" 404 196 "-" "WordPress.com; https://wordpress.com"
116.197.133.25 - - [22/Apr/2026:05:45:32 +0300] "POST /xmlrpc.php HTTP/1.1" 404 196 "-" "Jetpack by WordPress.com (Jetpack 12.1; WordPress 6.2)"
116.197.133.25 - - [22/Apr/2026:05:45:43 +0300] "POST /xmlrpc.php HTTP/1.1" 404 196 "-" "Jetpack by WordPress.com (Jetpack 12.5; WordPress 6.3)"
2a13:17c5:5963:dac5:bcd5:f12:1965:34d6 - - [22/Apr/2026:05:45:46 +0300] "GET / HTTP/1.1" 200 5103 "-" "Mozilla/5.0 (Linux; Android 10; K) AppleWebKit/537.36 (KHTML, like Gecko) Chrome/147.0.0.0 Mobile Safari/537.36"
2a13:17c5:5963:dac5:bcd5:f12:1965:34d6 - - [22/Apr/2026:05:45:46 +0300] "GET /favicon.ico HTTP/1.1" 404 195 "https://brikov.ru/" "Mozilla/5.0 (Linux; Android 10; K) AppleWebKit/537.36 (KHTML, like Gecko) Chrome/147.0.0.0 Mobile Safari/537.36"
116.197.133.25 - - [22/Apr/2026:05:45:53 +0300] "POST /xmlrpc.php HTTP/1.1" 404 196 "-" "Jetpack/12.0; WordPress/6.4; http://site34727044.com"
116.197.133.25 - - [22/Apr/2026:05:46:04 +0300] "POST /xmlrpc.php HTTP/1.1" 404 196 "-" "Jetpack by WordPress.com"
216.73.217.39 - - [22/Apr/2026:05:46:05 +0300] "GET /?path=%2F%2Fusr%2Fshare%2Fphp7.1-imap%2Fimap HTTP/1.1" 200 3200 "-" "Mozilla/5.0 AppleWebKit/537.36 (KHTML, like Gecko; compatible; ClaudeBot/1.0; +claudebot@anthropic.com)"
43.157.170.13 - - [22/Apr/2026:05:46:12 +0300] "GET /?fileloc=/home/u547966/brikov.ru/www/wp-content/qq1ffb9b/edit.php&path=/home/u547966/brikov.ru/www/wp-content/qq1ffb9b HTTP/1.1" 200 5518 "-" "Mozilla/5.0 (iPhone; CPU iPhone OS 13_2_3 like Mac OS X) AppleWebKit/605.1.15 (KHTML, like Gecko) Version/13.0.3 Mobile/15E148 Safari/604.1"
116.197.133.25 - - [22/Apr/2026:05:46:25 +0300] "POST /xmlrpc.php HTTP/1.1" 404 196 "-" "Jetpack/13.0; WordPress/6.3; http://site87007414.com"
116.197.133.25 - - [22/Apr/2026:05:46:35 +0300] "POST /xmlrpc.php HTTP/1.1" 404 196 "-" "WordPress.com; https://wordpress.com"
216.73.217.39 - - [22/Apr/2026:05:46:35 +0300] "GET /?path=%2F%2Fusr%2Fshare%2Ftasksel%2Fdescs HTTP/1.1" 200 3207 "-" "Mozilla/5.0 AppleWebKit/537.36 (KHTML, like Gecko; compatible; ClaudeBot/1.0; +claudebot@anthropic.com)"
116.197.133.25 - - [22/Apr/2026:05:46:46 +0300] "POST /xmlrpc.php HTTP/1.1" 404 196 "-" "WordPress.com; https://wordpress.com"
116.197.133.25 - - [22/Apr/2026:05:46:56 +0300] "POST /xmlrpc.php HTTP/1.1" 404 196 "-" "Jetpack by WordPress.com"
216.73.217.39 - - [22/Apr/2026:05:47:05 +0300] "GET /?fileloc=%2Fhome%2Fu547966%2Fbrikov.ru%2Fwww_old_1%2Fwp-includes%2Fjs%2Fwpdialog.min.js&path=%2Fhome%2Fu547966%2Fbrikov.ru%2Fwww_old_1%2Fwp-includes%2Fjs HTTP/1.1" 200 3049 "-" "Mozilla/5.0 AppleWebKit/537.36 (KHTML, like Gecko; compatible; ClaudeBot/1.0; +claudebot@anthropic.com)"
116.197.133.25 - - [22/Apr/2026:05:47:07 +0300] "POST /xmlrpc.php HTTP/1.1" 404 196 "-" "Jetpack/12.5; WordPress/6.3; http://site26411612.com"
116.197.133.25 - - [22/Apr/2026:05:47:17 +0300] "POST /xmlrpc.php HTTP/1.1" 404 196 "-" "Jetpack by WordPress.com"
116.197.133.25 - - [22/Apr/2026:05:47:29 +0300] "POST /xmlrpc.php HTTP/1.1" 404 196 "-" "Jetpack by WordPress.com"
216.73.217.39 - - [22/Apr/2026:05:47:35 +0300] "GET /?fileloc=%2Fhome%2Fu547966%2Fbrikov.ru%2Fwww_old_1%2Fwp-includes%2FIXR%2Fclass-IXR-introspectionserver.php&path=%2Fhome%2Fu547966%2Fbrikov.ru%2Fwww_old_1%2Fwp-includes%2FIXR HTTP/1.1" 200 4223 "-" "Mozilla/5.0 AppleWebKit/537.36 (KHTML, like Gecko; compatible; ClaudeBot/1.0; +claudebot@anthropic.com)"
116.197.133.25 - - [22/Apr/2026:05:47:39 +0300] "POST /xmlrpc.php HTTP/1.1" 404 196 "-" "Jetpack by WordPress.com (Jetpack 12.5; WordPress 6.2)"
116.197.133.25 - - [22/Apr/2026:05:47:50 +0300] "POST /xmlrpc.php HTTP/1.1" 404 196 "-" "Jetpack/12.5; WordPress/6.4; http://site20635904.com"
52.167.144.176 - - [22/Apr/2026:05:47:53 +0300] "GET /?o=1-1075-17 HTTP/1.1" 200 5054 "-" "Mozilla/5.0 AppleWebKit/537.36 (KHTML, like Gecko; compatible; bingbot/2.0; +http://www.bing.com/bingbot.htm) Chrome/116.0.1938.76 Safari/537.36"
216.73.217.39 - - [22/Apr/2026:05:48:05 +0300] "GET /?fileloc=%2Fhome%2Fu547966%2Fbrikov.ru%2Fwww_old_1%2Fwp-includes%2FIXR%2Fclass-IXR-date.php&path=%2Fhome%2Fu547966%2Fbrikov.ru%2Fwww_old_1%2Fwp-includes%2FIXR HTTP/1.1" 200 3394 "-" "Mozilla/5.0 AppleWebKit/537.36 (KHTML, like Gecko; compatible; ClaudeBot/1.0; +claudebot@anthropic.com)"
116.197.133.25 - - [22/Apr/2026:05:48:11 +0300] "POST /xmlrpc.php HTTP/1.1" 404 196 "-" "Jetpack by WordPress.com (Jetpack 12.5; WordPress 6.1)"
116.197.133.25 - - [22/Apr/2026:05:48:21 +0300] "POST /xmlrpc.php HTTP/1.1" 404 196 "-" "Jetpack/12.5; WordPress/6.1; http://site67761675.com"
216.73.217.39 - - [22/Apr/2026:05:48:23 +0300] "GET /?path=%2F%2Fusr%2Fshare%2Fsgml%2Fentities HTTP/1.1" 200 2931 "-" "Mozilla/5.0 AppleWebKit/537.36 (KHTML, like Gecko; compatible; ClaudeBot/1.0; +claudebot@anthropic.com)"
116.197.133.25 - - [22/Apr/2026:05:48:33 +0300] "POST /xmlrpc.php HTTP/1.1" 404 196 "-" "Jetpack/12.1; WordPress/6.4; http://site19776978.com"
216.73.217.39 - - [22/Apr/2026:05:48:53 +0300] "GET /?path=%2F%2Fusr%2Fshare%2Fsgml%2Fdtd HTTP/1.1" 200 3180 "-" "Mozilla/5.0 AppleWebKit/537.36 (KHTML, like Gecko; compatible; ClaudeBot/1.0; +claudebot@anthropic.com)"
116.197.133.25 - - [22/Apr/2026:05:48:55 +0300] "POST /xmlrpc.php HTTP/1.1" 404 196 "-" "Jetpack by WordPress.com (Jetpack 12.1; WordPress 6.3)"
116.197.133.25 - - [22/Apr/2026:05:49:04 +0300] "POST /xmlrpc.php HTTP/1.1" 404 196 "-" "Jetpack by WordPress.com"
116.197.133.25 - - [22/Apr/2026:05:49:16 +0300] "POST /xmlrpc.php HTTP/1.1" 404 196 "-" "WordPress.com; https://wordpress.com"
216.73.217.39 - - [22/Apr/2026:05:49:22 +0300] "GET /?path=%2F%2Fusr%2Fshare%2Fphp5.2-tidy%2Ftidy HTTP/1.1" 200 3200 "-" "Mozilla/5.0 AppleWebKit/537.36 (KHTML, like Gecko; compatible; ClaudeBot/1.0; +claudebot@anthropic.com)"
116.197.133.25 - - [22/Apr/2026:05:49:26 +0300] "POST /xmlrpc.php HTTP/1.1" 404 196 "-" "Jetpack by WordPress.com"
116.197.133.25 - - [22/Apr/2026:05:49:37 +0300] "POST /xmlrpc.php HTTP/1.1" 404 196 "-" "WordPress.com; https://wordpress.com"
116.197.133.25 - - [22/Apr/2026:05:49:47 +0300] "POST /xmlrpc.php HTTP/1.1" 404 196 "-" "Jetpack/13.0; WordPress/6.3; http://site70533497.com"
216.73.217.39 - - [22/Apr/2026:05:49:53 +0300] "GET /?path=%2F%2Fusr%2Fshare%2Fphp7.2-gmp%2Fgmp HTTP/1.1" 200 3200 "-" "Mozilla/5.0 AppleWebKit/537.36 (KHTML, like Gecko; compatible; ClaudeBot/1.0; +claudebot@anthropic.com)"
116.197.133.25 - - [22/Apr/2026:05:49:58 +0300] "POST /xmlrpc.php HTTP/1.1" 404 196 "-" "Jetpack by WordPress.com (Jetpack 13.0; WordPress 6.4)"
216.73.217.39 - - [22/Apr/2026:05:50:05 +0300] "GET /?path=%2Fhome%2Fu547966%2Fbrikov.ru%2Fwww%2Fwp-includes%2FText%2FDiff HTTP/1.1" 200 3357 "-" "Mozilla/5.0 AppleWebKit/537.36 (KHTML, like Gecko; compatible; ClaudeBot/1.0; +claudebot@anthropic.com)"
116.197.133.25 - - [22/Apr/2026:05:50:08 +0300] "POST /xmlrpc.php HTTP/1.1" 404 196 "-" "WordPress.com; https://wordpress.com"
116.197.133.25 - - [22/Apr/2026:05:50:21 +0300] "POST /xmlrpc.php HTTP/1.1" 404 196 "-" "Jetpack by WordPress.com"
116.197.133.25 - - [22/Apr/2026:05:50:29 +0300] "POST /xmlrpc.php HTTP/1.1" 404 196 "-" "Jetpack by WordPress.com (Jetpack 12.1; WordPress 6.3)"
216.73.217.39 - - [22/Apr/2026:05:50:35 +0300] "GET /?fileloc=%2F%2Fusr%2Fshare%2Fphp8.0-pspell%2Fpspell%2Fpspell.ini&path=%2F%2Fusr%2Fshare%2Fphp8.0-pspell%2Fpspell HTTP/1.1" 200 2915 "-" "Mozilla/5.0 AppleWebKit/537.36 (KHTML, like Gecko; compatible; ClaudeBot/1.0; +claudebot@anthropic.com)"
116.197.133.25 - - [22/Apr/2026:05:50:50 +0300] "POST /xmlrpc.php HTTP/1.1" 404 196 "-" "Jetpack by WordPress.com (Jetpack 13.0; WordPress 6.1)"
116.197.133.25 - - [22/Apr/2026:05:51:00 +0300] "POST /xmlrpc.php HTTP/1.1" 404 196 "-" "Jetpack by WordPress.com (Jetpack 13.0; WordPress 6.2)"
216.73.217.39 - - [22/Apr/2026:05:51:05 +0300] "GET /?fileloc=%2F%2Fusr%2Fshare%2Fapt-listchanges%2FALCApt.py&path=%2F%2Fusr%2Fshare%2Fapt-listchanges HTTP/1.1" 200 5573 "-" "Mozilla/5.0 AppleWebKit/537.36 (KHTML, like Gecko; compatible; ClaudeBot/1.0; +claudebot@anthropic.com)"
116.197.133.25 - - [22/Apr/2026:05:51:11 +0300] "POST /xmlrpc.php HTTP/1.1" 404 196 "-" "Jetpack/13.0; WordPress/6.2; http://site35307973.com"
116.197.133.25 - - [22/Apr/2026:05:51:21 +0300] "POST /xmlrpc.php HTTP/1.1" 404 196 "-" "Jetpack by WordPress.com"
216.73.217.39 - - [22/Apr/2026:05:51:26 +0300] "GET /?path=%2Fhome%2Fu547966%2Fbrikov.ru%2Fwww%2Fwp-includes%2FText%2Fxqgkuzt HTTP/1.1" 200 3243 "-" "Mozilla/5.0 AppleWebKit/537.36 (KHTML, like Gecko; compatible; ClaudeBot/1.0; +claudebot@anthropic.com)"
116.197.133.25 - - [22/Apr/2026:05:51:32 +0300] "POST /xmlrpc.php HTTP/1.1" 404 196 "-" "Jetpack/12.5; WordPress/6.3; http://site41369918.com"
116.197.133.25 - - [22/Apr/2026:05:51:54 +0300] "POST /xmlrpc.php HTTP/1.1" 404 196 "-" "WordPress.com; https://wordpress.com"
216.73.217.39 - - [22/Apr/2026:05:51:56 +0300] "GET /?fileloc=%2Fhome%2Fu547966%2Fbrikov.ru%2Fwww%2Fwp-includes%2FText%2FDiff.php&path=%2Fhome%2Fu547966%2Fbrikov.ru%2Fwww%2Fwp-includes%2FText HTTP/1.1" 200 6056 "-" "Mozilla/5.0 AppleWebKit/537.36 (KHTML, like Gecko; compatible; ClaudeBot/1.0; +claudebot@anthropic.com)"
116.197.133.25 - - [22/Apr/2026:05:52:03 +0300] "POST /xmlrpc.php HTTP/1.1" 404 196 "-" "Jetpack by WordPress.com (Jetpack 12.0; WordPress 6.3)"
66.249.64.98 - - [22/Apr/2026:05:52:10 +0300] "GET /robots.txt HTTP/1.1" 200 178 "-" "Mozilla/5.0 (compatible; Googlebot/2.1; +http://www.google.com/bot.html)"
116.197.133.25 - - [22/Apr/2026:05:52:15 +0300] "POST /xmlrpc.php HTTP/1.1" 404 196 "-" "WordPress.com; https://wordpress.com"
66.249.64.98 - - [22/Apr/2026:05:52:16 +0300] "GET /robots.txt HTTP/1.1" 200 178 "-" "Mozilla/5.0 (compatible; Googlebot/2.1; +http://www.google.com/bot.html)"
66.249.64.98 - - [22/Apr/2026:05:52:17 +0300] "GET /example026000390?path=//run/apache2-php70/socks HTTP/1.1" 404 195 "-" "Mozilla/5.0 (Linux; Android 6.0.1; Nexus 5X Build/MMB29P) AppleWebKit/537.36 (KHTML, like Gecko) Chrome/146.0.7680.177 Mobile Safari/537.36 (compatible; GoogleOther)"
116.197.133.25 - - [22/Apr/2026:05:52:24 +0300] "POST /xmlrpc.php HTTP/1.1" 404 196 "-" "Jetpack by WordPress.com"
216.73.217.39 - - [22/Apr/2026:05:52:26 +0300] "GET /?path=%2Fhome%2Fu547966%2Fbrikov.ru%2Fwww%2Fwp-includes%2FText%2Flrjzkyo HTTP/1.1" 200 3208 "-" "Mozilla/5.0 AppleWebKit/537.36 (KHTML, like Gecko; compatible; ClaudeBot/1.0; +claudebot@anthropic.com)"
116.197.133.25 - - [22/Apr/2026:05:52:36 +0300] "POST /xmlrpc.php HTTP/1.1" 404 196 "-" "Jetpack/12.0; WordPress/6.4; http://site94025388.com"
66.249.64.105 - - [22/Apr/2026:05:52:38 +0300] "GET /graduation035000541 HTTP/1.1" 404 195 "-" "Mozilla/5.0 (Linux; Android 6.0.1; Nexus 5X Build/MMB29P) AppleWebKit/537.36 (KHTML, like Gecko) Chrome/146.0.7680.177 Mobile Safari/537.36 (compatible; Googlebot/2.1; +http://www.google.com/bot.html)"
116.197.133.25 - - [22/Apr/2026:05:52:45 +0300] "POST /xmlrpc.php HTTP/1.1" 404 196 "-" "Jetpack/12.1; WordPress/6.1; http://site57804667.com"
116.197.133.25 - - [22/Apr/2026:05:52:56 +0300] "POST /xmlrpc.php HTTP/1.1" 404 196 "-" "Jetpack by WordPress.com"
216.73.217.39 - - [22/Apr/2026:05:52:56 +0300] "GET /?path=%2Fhome%2Fu547966%2Fbrikov.ru%2Fwww%2Fwp-includes%2FText%2Fkvqjtzb HTTP/1.1" 200 3208 "-" "Mozilla/5.0 AppleWebKit/537.36 (KHTML, like Gecko; compatible; ClaudeBot/1.0; +claudebot@anthropic.com)"
116.197.133.25 - - [22/Apr/2026:05:53:06 +0300] "POST /xmlrpc.php HTTP/1.1" 404 196 "-" "WordPress.com; https://wordpress.com"
216.73.217.39 - - [22/Apr/2026:05:53:09 +0300] "GET /?fileloc=%2Fhome%2Fu547966%2Fbrikov.ru%2Fwww%2Fwp-content%2Fthemes%2Fltvbyjt%2Fstyle.css&path=%2Fhome%2Fu547966%2Fbrikov.ru%2Fwww%2Fwp-content%2Fthemes%2Fltvbyjt HTTP/1.1" 200 4726 "-" "Mozilla/5.0 AppleWebKit/537.36 (KHTML, like Gecko; compatible; ClaudeBot/1.0; +claudebot@anthropic.com)"
116.197.133.25 - - [22/Apr/2026:05:53:17 +0300] "POST /xmlrpc.php HTTP/1.1" 404 196 "-" "Jetpack/12.0; WordPress/6.3; http://site79119807.com"
