2401:4900:8f63:c6ec:50c8:7549:152e:b135 - - [22/Apr/2026:14:12:15 +0300] "POST /xmlrpc.php HTTP/1.1" 404 196 "-" "WordPress.com; https://wordpress.com"
2401:4900:8f63:c6ec:50c8:7549:152e:b135 - - [22/Apr/2026:14:12:25 +0300] "POST /xmlrpc.php HTTP/1.1" 404 196 "-" "Jetpack by WordPress.com (Jetpack 13.0; WordPress 6.2)"
2401:4900:8f63:c6ec:50c8:7549:152e:b135 - - [22/Apr/2026:14:12:37 +0300] "POST /xmlrpc.php HTTP/1.1" 404 196 "-" "Jetpack by WordPress.com (Jetpack 13.0; WordPress 6.1)"
216.73.217.39 - - [22/Apr/2026:14:12:39 +0300] "GET /?path=%2Fhome%2Fu547966%2Fbrikov.ru%2Fwww%2Fwp-includes%2Fjs%2Ftinymce%2Fplugins%2Flists HTTP/1.1" 200 3308 "-" "Mozilla/5.0 AppleWebKit/537.36 (KHTML, like Gecko; compatible; ClaudeBot/1.0; +claudebot@anthropic.com)"
2600:1f28:365:80b0:c9c4:8163:9ddf:7a57 - - [22/Apr/2026:14:12:47 +0300] "GET /peizazh/zimnii-peizazh/ HTTP/1.1" 404 195 "-" "CCBot/2.0 (https://commoncrawl.org/faq/)"
2401:4900:8f63:c6ec:50c8:7549:152e:b135 - - [22/Apr/2026:14:12:47 +0300] "POST /xmlrpc.php HTTP/1.1" 404 196 "-" "Jetpack by WordPress.com"
2401:4900:8f63:c6ec:50c8:7549:152e:b135 - - [22/Apr/2026:14:12:58 +0300] "POST /xmlrpc.php HTTP/1.1" 404 196 "-" "Jetpack by WordPress.com"
216.73.217.39 - - [22/Apr/2026:14:13:09 +0300] "GET /?fileloc=%2F%2Fusr%2Fshare%2Flibxml-encoding-perl%2Fiso-8859-10.xml&path=%2F%2Fusr%2Fshare%2Flibxml-encoding-perl HTTP/1.1" 200 3326 "-" "Mozilla/5.0 AppleWebKit/537.36 (KHTML, like Gecko; compatible; ClaudeBot/1.0; +claudebot@anthropic.com)"
2401:4900:8f63:c6ec:50c8:7549:152e:b135 - - [22/Apr/2026:14:13:19 +0300] "POST /xmlrpc.php HTTP/1.1" 404 196 "-" "Jetpack/13.0; WordPress/6.4; http://site78929784.com"
2401:4900:8f63:c6ec:50c8:7549:152e:b135 - - [22/Apr/2026:14:13:29 +0300] "POST /xmlrpc.php HTTP/1.1" 404 196 "-" "Jetpack by WordPress.com (Jetpack 12.5; WordPress 6.4)"
216.73.217.39 - - [22/Apr/2026:14:13:34 +0300] "GET /?fileloc=%2F%2Fusr%2Fshare%2Fphp8.2-mysql%2Fmysql%2Fmysqli.ini&path=%2F%2Fusr%2Fshare%2Fphp8.2-mysql%2Fmysql HTTP/1.1" 200 2952 "-" "Mozilla/5.0 AppleWebKit/537.36 (KHTML, like Gecko; compatible; ClaudeBot/1.0; +claudebot@anthropic.com)"
2600:1f28:365:80b0:c9c4:8163:9ddf:7a57 - - [22/Apr/2026:14:13:39 +0300] "GET /muzhskoi-portret/portret-muzhchiny-1995-g/ HTTP/1.1" 404 195 "-" "CCBot/2.0 (https://commoncrawl.org/faq/)"
2401:4900:8f63:c6ec:50c8:7549:152e:b135 - - [22/Apr/2026:14:13:41 +0300] "POST /xmlrpc.php HTTP/1.1" 404 196 "-" "Jetpack by WordPress.com"
2401:4900:8f63:c6ec:50c8:7549:152e:b135 - - [22/Apr/2026:14:13:51 +0300] "POST /xmlrpc.php HTTP/1.1" 404 196 "-" "WordPress.com; https://wordpress.com"
216.73.217.39 - - [22/Apr/2026:14:13:59 +0300] "GET /?path=%2F%2Fusr%2Fshare%2Flocale%2Fen_GB%2FLC_MESSAGES HTTP/1.1" 200 3662 "-" "Mozilla/5.0 AppleWebKit/537.36 (KHTML, like Gecko; compatible; ClaudeBot/1.0; +claudebot@anthropic.com)"
2401:4900:8f63:c6ec:50c8:7549:152e:b135 - - [22/Apr/2026:14:14:02 +0300] "POST /xmlrpc.php HTTP/1.1" 404 196 "-" "Jetpack/12.5; WordPress/6.1; http://site84890443.com"
2401:4900:8f63:c6ec:50c8:7549:152e:b135 - - [22/Apr/2026:14:14:12 +0300] "POST /xmlrpc.php HTTP/1.1" 404 196 "-" "WordPress.com; https://wordpress.com"
2401:4900:8f63:c6ec:50c8:7549:152e:b135 - - [22/Apr/2026:14:14:23 +0300] "POST /xmlrpc.php HTTP/1.1" 404 196 "-" "WordPress.com; https://wordpress.com"
216.73.217.39 - - [22/Apr/2026:14:14:29 +0300] "GET /?fileloc=%2F%2Fusr%2Fshare%2Fdpkg%2Fbuildflags.mk&path=%2F%2Fusr%2Fshare%2Fdpkg HTTP/1.1" 200 3462 "-" "Mozilla/5.0 AppleWebKit/537.36 (KHTML, like Gecko; compatible; ClaudeBot/1.0; +claudebot@anthropic.com)"
2401:4900:8f63:c6ec:50c8:7549:152e:b135 - - [22/Apr/2026:14:14:33 +0300] "POST /xmlrpc.php HTTP/1.1" 404 196 "-" "Jetpack/12.0; WordPress/6.2; http://site60684165.com"
2600:1f28:365:80b0:c9c4:8163:9ddf:7a57 - - [22/Apr/2026:14:14:34 +0300] "GET /muzhskoi-portret/portret-rukovoditelia-v-kabinete/ HTTP/1.1" 404 195 "-" "CCBot/2.0 (https://commoncrawl.org/faq/)"
2401:4900:8f63:c6ec:50c8:7549:152e:b135 - - [22/Apr/2026:14:14:44 +0300] "POST /xmlrpc.php HTTP/1.1" 404 196 "-" "Jetpack/13.0; WordPress/6.4; http://site78623443.com"
2401:4900:8f63:c6ec:50c8:7549:152e:b135 - - [22/Apr/2026:14:14:54 +0300] "POST /xmlrpc.php HTTP/1.1" 404 196 "-" "Jetpack by WordPress.com (Jetpack 12.5; WordPress 6.1)"
216.73.217.39 - - [22/Apr/2026:14:15:00 +0300] "GET /?fileloc=%2F%2Fusr%2Fshare%2Fzoneinfo%2FHongkong&path=%2F%2Fusr%2Fshare%2Fzoneinfo HTTP/1.1" 200 3567 "-" "Mozilla/5.0 AppleWebKit/537.36 (KHTML, like Gecko; compatible; ClaudeBot/1.0; +claudebot@anthropic.com)"
2401:4900:8f63:c6ec:50c8:7549:152e:b135 - - [22/Apr/2026:14:15:16 +0300] "POST /xmlrpc.php HTTP/1.1" 404 196 "-" "Jetpack/12.1; WordPress/6.4; http://site77290386.com"
216.73.217.39 - - [22/Apr/2026:14:15:25 +0300] "GET /?fileloc=%2F%2Fusr%2Fshare%2Fterminfo%2Fp%2Fp12-w&path=%2F%2Fusr%2Fshare%2Fterminfo%2Fp HTTP/1.1" 200 3492 "-" "Mozilla/5.0 AppleWebKit/537.36 (KHTML, like Gecko; compatible; ClaudeBot/1.0; +claudebot@anthropic.com)"
2401:4900:8f63:c6ec:50c8:7549:152e:b135 - - [22/Apr/2026:14:15:26 +0300] "POST /xmlrpc.php HTTP/1.1" 404 196 "-" "Jetpack/13.0; WordPress/6.3; http://site81373665.com"
2600:1f28:365:80b0:c9c4:8163:9ddf:7a57 - - [22/Apr/2026:14:15:30 +0300] "GET /muzhskoi-portret/portret-muzhchiny-na-fone-moria/ HTTP/1.1" 404 195 "-" "CCBot/2.0 (https://commoncrawl.org/faq/)"
2401:4900:8f63:c6ec:50c8:7549:152e:b135 - - [22/Apr/2026:14:15:37 +0300] "POST /xmlrpc.php HTTP/1.1" 404 196 "-" "Jetpack by WordPress.com (Jetpack 13.0; WordPress 6.3)"
2401:4900:8f63:c6ec:50c8:7549:152e:b135 - - [22/Apr/2026:14:15:47 +0300] "POST /xmlrpc.php HTTP/1.1" 404 196 "-" "WordPress.com; https://wordpress.com"
216.73.217.39 - - [22/Apr/2026:14:15:55 +0300] "GET /?fileloc=%2F%2Fusr%2Fshare%2Fgnupg%2Fhelp.tr.txt&path=%2F%2Fusr%2Fshare%2Fgnupg HTTP/1.1" 200 6089 "-" "Mozilla/5.0 AppleWebKit/537.36 (KHTML, like Gecko; compatible; ClaudeBot/1.0; +claudebot@anthropic.com)"
2401:4900:8f63:c6ec:50c8:7549:152e:b135 - - [22/Apr/2026:14:15:59 +0300] "POST /xmlrpc.php HTTP/1.1" 404 196 "-" "Jetpack by WordPress.com"
2401:4900:8f63:c6ec:50c8:7549:152e:b135 - - [22/Apr/2026:14:16:08 +0300] "POST /xmlrpc.php HTTP/1.1" 404 196 "-" "Jetpack/12.5; WordPress/6.4; http://site61431753.com"
2401:4900:8f63:c6ec:50c8:7549:152e:b135 - - [22/Apr/2026:14:16:20 +0300] "POST /xmlrpc.php HTTP/1.1" 404 196 "-" "WordPress.com; https://wordpress.com"
216.73.217.39 - - [22/Apr/2026:14:16:22 +0300] "GET /?fileloc=%2Fhome%2Fu547966%2Fbrikov.ru%2Fwww%2Fwp-admin%2Fincludes%2Fadmin.php&path=%2Fhome%2Fu547966%2Fbrikov.ru%2Fwww%2Fwp-admin%2Fincludes HTTP/1.1" 200 3549 "-" "Mozilla/5.0 AppleWebKit/537.36 (KHTML, like Gecko; compatible; ClaudeBot/1.0; +claudebot@anthropic.com)"
2600:1f28:365:80b0:c9c4:8163:9ddf:7a57 - - [22/Apr/2026:14:16:25 +0300] "GET /niu/obnazhnnaia-devushka-2/ HTTP/1.1" 404 195 "-" "CCBot/2.0 (https://commoncrawl.org/faq/)"
2401:4900:8f63:c6ec:50c8:7549:152e:b135 - - [22/Apr/2026:14:16:30 +0300] "POST /xmlrpc.php HTTP/1.1" 404 196 "-" "Jetpack/13.0; WordPress/6.2; http://site16965395.com"
2401:4900:8f63:c6ec:50c8:7549:152e:b135 - - [22/Apr/2026:14:16:41 +0300] "POST /xmlrpc.php HTTP/1.1" 404 196 "-" "Jetpack/12.0; WordPress/6.3; http://site74626687.com"
2401:4900:8f63:c6ec:50c8:7549:152e:b135 - - [22/Apr/2026:14:16:51 +0300] "POST /xmlrpc.php HTTP/1.1" 404 196 "-" "WordPress.com; https://wordpress.com"
216.73.217.39 - - [22/Apr/2026:14:16:52 +0300] "GET /?path=%2Fhome%2Fu547966%2Fbrikov.ru%2Fwww%2Fwp-content%2Fplugins%2Frwzlxvd%2Fadmin%2Fassets HTTP/1.1" 200 3323 "-" "Mozilla/5.0 AppleWebKit/537.36 (KHTML, like Gecko; compatible; ClaudeBot/1.0; +claudebot@anthropic.com)"
2401:4900:8f63:c6ec:50c8:7549:152e:b135 - - [22/Apr/2026:14:17:02 +0300] "POST /xmlrpc.php HTTP/1.1" 404 196 "-" "WordPress.com; https://wordpress.com"
216.73.217.39 - - [22/Apr/2026:14:17:11 +0300] "GET /?fileloc=%2F%2Fusr%2Fshare%2Fzoneinfo%2FEurope%2FTallinn&path=%2F%2Fusr%2Fshare%2Fzoneinfo%2FEurope HTTP/1.1" 200 4073 "-" "Mozilla/5.0 AppleWebKit/537.36 (KHTML, like Gecko; compatible; ClaudeBot/1.0; +claudebot@anthropic.com)"
2600:1f28:365:80b0:c9c4:8163:9ddf:7a57 - - [22/Apr/2026:14:17:16 +0300] "GET /niu/naturshchitsa-niu/ HTTP/1.1" 404 195 "-" "CCBot/2.0 (https://commoncrawl.org/faq/)"
2401:4900:8f63:c6ec:50c8:7549:152e:b135 - - [22/Apr/2026:14:17:34 +0300] "POST /xmlrpc.php HTTP/1.1" 404 196 "-" "Jetpack by WordPress.com"
216.73.217.39 - - [22/Apr/2026:14:17:39 +0300] "GET /?path=%2Fhome%2Fu547966%2Fbrikov.ru%2Fwww%2Fwp-includes%2Frest-api%2Fdqgsapk HTTP/1.1" 200 3210 "-" "Mozilla/5.0 AppleWebKit/537.36 (KHTML, like Gecko; compatible; ClaudeBot/1.0; +claudebot@anthropic.com)"
2401:4900:8f63:c6ec:50c8:7549:152e:b135 - - [22/Apr/2026:14:17:44 +0300] "POST /xmlrpc.php HTTP/1.1" 404 196 "-" "WordPress.com; https://wordpress.com"
2401:4900:8f63:c6ec:50c8:7549:152e:b135 - - [22/Apr/2026:14:17:55 +0300] "POST /xmlrpc.php HTTP/1.1" 404 196 "-" "Jetpack/12.0; WordPress/6.1; http://site40941409.com"
2600:1f28:365:80b0:c9c4:8163:9ddf:7a57 - - [22/Apr/2026:14:18:00 +0300] "GET /natiurmort/natiurmort-pamiati-soldata/ HTTP/1.1" 404 195 "-" "CCBot/2.0 (https://commoncrawl.org/faq/)"
216.73.217.39 - - [22/Apr/2026:14:18:01 +0300] "GET /?fileloc=%2Fhome%2Fu547966%2Fbrikov.ru%2Fwww%2Fwp-admin%2Fincludes%2Fclass-wp-filesystem-direct.php&path=%2Fhome%2Fu547966%2Fbrikov.ru%2Fwww%2Fwp-admin%2Fincludes HTTP/1.1" 200 5589 "-" "Mozilla/5.0 AppleWebKit/537.36 (KHTML, like Gecko; compatible; ClaudeBot/1.0; +claudebot@anthropic.com)"
2401:4900:8f63:c6ec:50c8:7549:152e:b135 - - [22/Apr/2026:14:18:05 +0300] "POST /xmlrpc.php HTTP/1.1" 404 196 "-" "Jetpack/12.1; WordPress/6.2; http://site54052215.com"
52.167.144.187 - - [22/Apr/2026:14:18:15 +0300] "GET /?o=1-504-1 HTTP/1.1" 200 5142 "-" "Mozilla/5.0 AppleWebKit/537.36 (KHTML, like Gecko; compatible; bingbot/2.0; +http://www.bing.com/bingbot.htm) Chrome/116.0.1938.76 Safari/537.36"
2401:4900:8f63:c6ec:50c8:7549:152e:b135 - - [22/Apr/2026:14:18:27 +0300] "POST /xmlrpc.php HTTP/1.1" 404 196 "-" "Jetpack/12.0; WordPress/6.3; http://site37993774.com"
216.73.217.39 - - [22/Apr/2026:14:18:31 +0300] "GET /?fileloc=%2F%2Fusr%2Fshare%2Fi18n%2Fcharmaps%2FISO-8859-2.gz&path=%2F%2Fusr%2Fshare%2Fi18n%2Fcharmaps HTTP/1.1" 200 6237 "-" "Mozilla/5.0 AppleWebKit/537.36 (KHTML, like Gecko; compatible; ClaudeBot/1.0; +claudebot@anthropic.com)"
2401:4900:8f63:c6ec:50c8:7549:152e:b135 - - [22/Apr/2026:14:18:37 +0300] "POST /xmlrpc.php HTTP/1.1" 404 196 "-" "WordPress.com; https://wordpress.com"
2401:4900:8f63:c6ec:50c8:7549:152e:b135 - - [22/Apr/2026:14:18:48 +0300] "POST /xmlrpc.php HTTP/1.1" 404 196 "-" "WordPress.com; https://wordpress.com"
2600:1f28:365:80b0:c9c4:8163:9ddf:7a57 - - [22/Apr/2026:14:18:49 +0300] "GET /robots.txt HTTP/1.1" 200 178 "-" "CCBot/2.0 (https://commoncrawl.org/faq/)"
2600:1f28:365:80b0:c9c4:8163:9ddf:7a57 - - [22/Apr/2026:14:18:49 +0300] "GET / HTTP/1.1" 200 5355 "-" "CCBot/2.0 (https://commoncrawl.org/faq/)"
216.73.217.39 - - [22/Apr/2026:14:18:54 +0300] "GET /?fileloc=%2Fhome%2Fu547966%2Fbrikov.ru%2Fwww%2Fwp-includes%2Fwidgets%2Fclass-wp-widget-media-gallery.php&path=%2Fhome%2Fu547966%2Fbrikov.ru%2Fwww%2Fwp-includes%2Fwidgets HTTP/1.1" 200 4956 "-" "Mozilla/5.0 AppleWebKit/537.36 (KHTML, like Gecko; compatible; ClaudeBot/1.0; +claudebot@anthropic.com)"
2401:4900:8f63:c6ec:50c8:7549:152e:b135 - - [22/Apr/2026:14:18:58 +0300] "POST /xmlrpc.php HTTP/1.1" 404 196 "-" "WordPress.com; https://wordpress.com"
2401:4900:8f63:c6ec:50c8:7549:152e:b135 - - [22/Apr/2026:14:19:11 +0300] "POST /xmlrpc.php HTTP/1.1" 404 196 "-" "WordPress.com; https://wordpress.com"
216.73.217.39 - - [22/Apr/2026:14:19:16 +0300] "GET /?fileloc=%2Fhome%2Fu547966%2Fbrikov.ru%2Fwww%2Fwp-admin%2Fjs%2Fwidgets%2Fmedia-audio-widget.js&path=%2Fhome%2Fu547966%2Fbrikov.ru%2Fwww%2Fwp-admin%2Fjs%2Fwidgets HTTP/1.1" 200 4205 "-" "Mozilla/5.0 AppleWebKit/537.36 (KHTML, like Gecko; compatible; ClaudeBot/1.0; +claudebot@anthropic.com)"
2401:4900:8f63:c6ec:50c8:7549:152e:b135 - - [22/Apr/2026:14:19:19 +0300] "POST /xmlrpc.php HTTP/1.1" 404 196 "-" "Jetpack/12.0; WordPress/6.2; http://site57703720.com"
2401:4900:8f63:c6ec:50c8:7549:152e:b135 - - [22/Apr/2026:14:19:30 +0300] "POST /xmlrpc.php HTTP/1.1" 404 196 "-" "Jetpack/12.5; WordPress/6.1; http://site63435229.com"
2600:1f28:365:80b0:c9c4:8163:9ddf:7a57 - - [22/Apr/2026:14:19:38 +0300] "GET /rospis-sten-i-potolkov/rospis-potolka-i-sten-osobniaka/ HTTP/1.1" 404 195 "-" "CCBot/2.0 (https://commoncrawl.org/faq/)"
216.73.217.39 - - [22/Apr/2026:14:19:46 +0300] "GET /?fileloc=%2Fhome%2Fu547966%2Fbrikov.ru%2Fwww_old_1%2Fwp-includes%2FRequests%2FResponse%2FHeaders.php&path=%2Fhome%2Fu547966%2Fbrikov.ru%2Fwww_old_1%2Fwp-includes%2FRequests%2FResponse HTTP/1.1" 200 3649 "-" "Mozilla/5.0 AppleWebKit/537.36 (KHTML, like Gecko; compatible; ClaudeBot/1.0; +claudebot@anthropic.com)"
2401:4900:8f63:c6ec:50c8:7549:152e:b135 - - [22/Apr/2026:14:19:54 +0300] "POST /xmlrpc.php HTTP/1.1" 404 196 "-" "Jetpack/12.1; WordPress/6.3; http://site27366864.com"
216.73.217.39 - - [22/Apr/2026:14:19:59 +0300] "GET /?fileloc=%2Fhome%2Fu547966%2Fbrikov.ru%2Fwww%2Fwp-content%2Fthemes%2Fkbwxqay%2Fscreenshot.png&path=%2Fhome%2Fu547966%2Fbrikov.ru%2Fwww%2Fwp-content%2Fthemes%2Fkbwxqay HTTP/1.1" 200 396928 "-" "Mozilla/5.0 AppleWebKit/537.36 (KHTML, like Gecko; compatible; ClaudeBot/1.0; +claudebot@anthropic.com)"
2401:4900:8f63:c6ec:50c8:7549:152e:b135 - - [22/Apr/2026:14:20:02 +0300] "POST /xmlrpc.php HTTP/1.1" 404 196 "-" "Jetpack by WordPress.com (Jetpack 13.0; WordPress 6.2)"
40.77.167.45 - - [22/Apr/2026:14:20:05 +0300] "GET /niu/ HTTP/1.1" 404 195 "-" "Mozilla/5.0 AppleWebKit/537.36 (KHTML, like Gecko; compatible; bingbot/2.0; +http://www.bing.com/bingbot.htm) Chrome/116.0.1938.76 Safari/537.36"
2401:4900:8f63:c6ec:50c8:7549:152e:b135 - - [22/Apr/2026:14:20:13 +0300] "POST /xmlrpc.php HTTP/1.1" 404 196 "-" "WordPress.com; https://wordpress.com"
216.73.217.39 - - [22/Apr/2026:14:20:21 +0300] "GET /?fileloc=%2Fhome%2Fu547966%2Fbrikov.ru%2Fwww%2Fwp-admin%2Fincludes%2Fclass-wp-upgrader.php&path=%2Fhome%2Fu547966%2Fbrikov.ru%2Fwww%2Fwp-admin%2Fincludes HTTP/1.1" 200 11243 "-" "Mozilla/5.0 AppleWebKit/537.36 (KHTML, like Gecko; compatible; ClaudeBot/1.0; +claudebot@anthropic.com)"
2401:4900:8f63:c6ec:50c8:7549:152e:b135 - - [22/Apr/2026:14:20:23 +0300] "POST /xmlrpc.php HTTP/1.1" 404 196 "-" "WordPress.com; https://wordpress.com"
2600:1f28:365:80b0:c9c4:8163:9ddf:7a57 - - [22/Apr/2026:14:20:23 +0300] "GET /zhenskii-portret/portret-devushki-na-fone-moria/ HTTP/1.1" 404 195 "-" "CCBot/2.0 (https://commoncrawl.org/faq/)"
2401:4900:8f63:c6ec:50c8:7549:152e:b135 - - [22/Apr/2026:14:20:34 +0300] "POST /xmlrpc.php HTTP/1.1" 404 196 "-" "Jetpack by WordPress.com"
185.195.65.81 - - [22/Apr/2026:14:20:34 +0300] "GET /otzyvy/ HTTP/1.1" 404 196 "https://brikov.ru/otzyvy/" "Mozilla/5.0 (Windows NT 10.0; Win64; x64) AppleWebKit/537.36 (KHTML, like Gecko) Chrome/103.0.0.0 Safari/537.36 Herring/95.1.8810.11"
185.195.65.81 - - [22/Apr/2026:14:20:35 +0300] "GET / HTTP/1.1" 200 88457 "https://brikov.ru/" "Mozilla/5.0 (Windows NT 10.0; Win64; x64) AppleWebKit/537.36 (KHTML, like Gecko) Chrome/103.0.0.0 Safari/537.36 Herring/95.1.8810.11"
109.248.201.128 - - [22/Apr/2026:14:20:37 +0300] "GET /detsky.mp4 HTTP/1.1" 304 0 "https://brikov.com/" "Mozilla/5.0 (Windows NT 10.0; Win64; x64) AppleWebKit/537.36 (KHTML, like Gecko) Chrome/147.0.0.0 Safari/537.36"
109.248.201.128 - - [22/Apr/2026:14:20:38 +0300] "GET /detsky.mp4 HTTP/1.1" 206 4772334 "https://brikov.com/" "Mozilla/5.0 (Windows NT 10.0; Win64; x64) AppleWebKit/537.36 (KHTML, like Gecko) Chrome/147.0.0.0 Safari/537.36"
109.248.201.128 - - [22/Apr/2026:14:20:41 +0300] "GET /mujskoy.mp4 HTTP/1.1" 206 4838901 "https://brikov.com/" "Mozilla/5.0 (Windows NT 10.0; Win64; x64) AppleWebKit/537.36 (KHTML, like Gecko) Chrome/147.0.0.0 Safari/537.36"
2401:4900:8f63:c6ec:50c8:7549:152e:b135 - - [22/Apr/2026:14:20:44 +0300] "POST /xmlrpc.php HTTP/1.1" 404 196 "-" "WordPress.com; https://wordpress.com"
109.248.201.128 - - [22/Apr/2026:14:20:47 +0300] "GET /mujskoy.mp4 HTTP/1.1" 206 2124829 "https://brikov.com/" "Mozilla/5.0 (Windows NT 10.0; Win64; x64) AppleWebKit/537.36 (KHTML, like Gecko) Chrome/147.0.0.0 Safari/537.36"
109.248.201.128 - - [22/Apr/2026:14:20:49 +0300] "GET /detsky.mp4 HTTP/1.1" 206 4772334 "https://brikov.com/" "Mozilla/5.0 (Windows NT 10.0; Win64; x64) AppleWebKit/537.36 (KHTML, like Gecko) Chrome/147.0.0.0 Safari/537.36"
216.73.217.39 - - [22/Apr/2026:14:20:51 +0300] "GET /?fileloc=%2F%2Fusr%2Fshare%2Fi18n%2Fcharmaps%2FGREEK-CCITT.gz&path=%2F%2Fusr%2Fshare%2Fi18n%2Fcharmaps HTTP/1.1" 200 4711 "-" "Mozilla/5.0 AppleWebKit/537.36 (KHTML, like Gecko; compatible; ClaudeBot/1.0; +claudebot@anthropic.com)"
2001:41d0:303:1eb5::1 - - [22/Apr/2026:14:20:52 +0300] "GET /robots.txt HTTP/1.1" 200 326 "-" "Mozilla/5.0 (compatible; MJ12bot/v1.4.8; http://mj12bot.com/)"
2401:4900:8f63:c6ec:50c8:7549:152e:b135 - - [22/Apr/2026:14:20:56 +0300] "POST /xmlrpc.php HTTP/1.1" 404 196 "-" "Jetpack by WordPress.com"
109.248.201.128 - - [22/Apr/2026:14:21:02 +0300] "GET /detsky.mp4 HTTP/1.1" 206 1364462 "https://brikov.com/" "Mozilla/5.0 (Windows NT 10.0; Win64; x64) AppleWebKit/537.36 (KHTML, like Gecko) Chrome/147.0.0.0 Safari/537.36"
2600:1f28:365:80b0:c9c4:8163:9ddf:7a57 - - [22/Apr/2026:14:21:05 +0300] "GET /muzhskoi-portret/muzhskoi-portret-za-rabochim-stolom/ HTTP/1.1" 404 195 "-" "CCBot/2.0 (https://commoncrawl.org/faq/)"
2401:4900:8f63:c6ec:50c8:7549:152e:b135 - - [22/Apr/2026:14:21:05 +0300] "POST /xmlrpc.php HTTP/1.1" 404 196 "-" "WordPress.com; https://wordpress.com"
2001:41d0:303:1eb5::1 - - [22/Apr/2026:14:21:13 +0300] "GET /?path=/home/u547966/brikov.ru/www/45f4a2 HTTP/1.1" 200 3206 "-" "Mozilla/5.0 (compatible; MJ12bot/v1.4.8; http://mj12bot.com/)"
2001:41d0:303:1eb5::1 - - [22/Apr/2026:14:21:14 +0300] "GET /robots.txt HTTP/1.1" 200 326 "-" "Mozilla/5.0 (compatible; MJ12bot/v1.4.8; http://mj12bot.com/)"
2401:4900:8f63:c6ec:50c8:7549:152e:b135 - - [22/Apr/2026:14:21:18 +0300] "POST /xmlrpc.php HTTP/1.1" 404 196 "-" "Jetpack by WordPress.com"
216.73.217.39 - - [22/Apr/2026:14:21:21 +0300] "GET /?fileloc=%2F%2Fusr%2Fshare%2Fi18n%2Fcharmaps%2FEBCDIC-ES-S.gz&path=%2F%2Fusr%2Fshare%2Fi18n%2Fcharmaps HTTP/1.1" 200 5264 "-" "Mozilla/5.0 AppleWebKit/537.36 (KHTML, like Gecko; compatible; ClaudeBot/1.0; +claudebot@anthropic.com)"
2401:4900:8f63:c6ec:50c8:7549:152e:b135 - - [22/Apr/2026:14:21:27 +0300] "POST /xmlrpc.php HTTP/1.1" 404 196 "-" "WordPress.com; https://wordpress.com"
2001:41d0:303:1eb5::1 - - [22/Apr/2026:14:21:35 +0300] "GET /?fileloc=/home/u547966/brikov.ru/www/wp-content/plugins/ahysrvl/LICENSE.txt&path=/home/u547966/brikov.ru/www/wp-content/plugins/ahysrvl HTTP/1.1" 200 9821 "-" "Mozilla/5.0 (compatible; MJ12bot/v1.4.8; http://mj12bot.com/)"
2401:4900:8f63:c6ec:50c8:7549:152e:b135 - - [22/Apr/2026:14:21:38 +0300] "POST /xmlrpc.php HTTP/1.1" 404 196 "-" "WordPress.com; https://wordpress.com"
2600:1f28:365:80b0:c9c4:8163:9ddf:7a57 - - [22/Apr/2026:14:21:45 +0300] "GET /detskii-portret/portret-devochki-2007-g/ HTTP/1.1" 404 195 "-" "CCBot/2.0 (https://commoncrawl.org/faq/)"
216.73.217.39 - - [22/Apr/2026:14:21:46 +0300] "GET /?fileloc=%2Fhome%2Fu547966%2Fbrikov.ru%2Fwww%2Fwp-admin%2Fincludes%2Fms-deprecated.php&path=%2Fhome%2Fu547966%2Fbrikov.ru%2Fwww%2Fwp-admin%2Fincludes HTTP/1.1" 200 3692 "-" "Mozilla/5.0 AppleWebKit/537.36 (KHTML, like Gecko; compatible; ClaudeBot/1.0; +claudebot@anthropic.com)"
2401:4900:8f63:c6ec:50c8:7549:152e:b135 - - [22/Apr/2026:14:21:48 +0300] "POST /xmlrpc.php HTTP/1.1" 404 196 "-" "Jetpack/13.0; WordPress/6.4; http://site93541410.com"
2001:41d0:303:1eb5::1 - - [22/Apr/2026:14:21:56 +0300] "GET /?fileloc=/home/u547966/brikov.ru/www/wp-content/plugins/bffchwx/readme.txt&path=/home/u547966/brikov.ru/www/wp-content/plugins/bffchwx HTTP/1.1" 200 3994 "-" "Mozilla/5.0 (compatible; MJ12bot/v1.4.8; http://mj12bot.com/)"
2401:4900:8f63:c6ec:50c8:7549:152e:b135 - - [22/Apr/2026:14:21:59 +0300] "POST /xmlrpc.php HTTP/1.1" 404 196 "-" "Jetpack/12.1; WordPress/6.3; http://site25311017.com"
109.248.201.128 - - [22/Apr/2026:14:22:01 +0300] "GET /mujskoy.mp4 HTTP/1.1" 206 4576757 "https://brikov.com/" "Mozilla/5.0 (Windows NT 10.0; Win64; x64) AppleWebKit/537.36 (KHTML, like Gecko) Chrome/147.0.0.0 Safari/537.36"
2401:4900:8f63:c6ec:50c8:7549:152e:b135 - - [22/Apr/2026:14:22:09 +0300] "POST /xmlrpc.php HTTP/1.1" 404 196 "-" "Jetpack by WordPress.com"
216.73.217.39 - - [22/Apr/2026:14:22:15 +0300] "GET /?fileloc=%2F%2Fusr%2Fshare%2Fi18n%2Fcharmaps%2FEBCDIC-PT.gz&path=%2F%2Fusr%2Fshare%2Fi18n%2Fcharmaps HTTP/1.1" 200 5116 "-" "Mozilla/5.0 AppleWebKit/537.36 (KHTML, like Gecko; compatible; ClaudeBot/1.0; +claudebot@anthropic.com)"
2001:41d0:303:1eb5::1 - - [22/Apr/2026:14:22:16 +0300] "GET /?fileloc=/home/u547966/brikov.ru/www/wp-includes/js/wp-auth-check.js&path=/home/u547966/brikov.ru/www/wp-includes/js HTTP/1.1" 200 4215 "-" "Mozilla/5.0 (compatible; MJ12bot/v1.4.8; http://mj12bot.com/)"
2401:4900:8f63:c6ec:50c8:7549:152e:b135 - - [22/Apr/2026:14:22:20 +0300] "POST /xmlrpc.php HTTP/1.1" 404 196 "-" "Jetpack by WordPress.com"
109.248.201.128 - - [22/Apr/2026:14:22:20 +0300] "GET /mujskoy.mp4 HTTP/1.1" 206 1903141 "https://brikov.com/" "Mozilla/5.0 (Windows NT 10.0; Win64; x64) AppleWebKit/537.36 (KHTML, like Gecko) Chrome/147.0.0.0 Safari/537.36"
2600:1f28:365:80b0:c9c4:8163:9ddf:7a57 - - [22/Apr/2026:14:22:23 +0300] "GET /muzhskoi-portret/muzhskoi-portret-v-goluboi-rubashke/ HTTP/1.1" 404 195 "-" "CCBot/2.0 (https://commoncrawl.org/faq/)"
2001:41d0:303:1eb5::1 - - [22/Apr/2026:14:22:37 +0300] "GET /?path=//dev/mapper HTTP/1.1" 200 2911 "-" "Mozilla/5.0 (compatible; MJ12bot/v1.4.8; http://mj12bot.com/)"
2401:4900:8f63:c6ec:50c8:7549:152e:b135 - - [22/Apr/2026:14:22:41 +0300] "POST /xmlrpc.php HTTP/1.1" 404 196 "-" "Jetpack by WordPress.com"
216.73.217.39 - - [22/Apr/2026:14:22:45 +0300] "GET /?fileloc=%2Fhome%2Fu547966%2Fbrikov.ru%2Fwww%2Fwp-includes%2Fwidgets%2Fclass-wp-widget-search.php&path=%2Fhome%2Fu547966%2Fbrikov.ru%2Fwww%2Fwp-includes%2Fwidgets HTTP/1.1" 200 3831 "-" "Mozilla/5.0 AppleWebKit/537.36 (KHTML, like Gecko; compatible; ClaudeBot/1.0; +claudebot@anthropic.com)"
2401:4900:8f63:c6ec:50c8:7549:152e:b135 - - [22/Apr/2026:14:22:51 +0300] "POST /xmlrpc.php HTTP/1.1" 404 196 "-" "WordPress.com; https://wordpress.com"
2001:41d0:303:1eb5::1 - - [22/Apr/2026:14:22:58 +0300] "GET /?path=//dev/mqueue HTTP/1.1" 200 2906 "-" "Mozilla/5.0 (compatible; MJ12bot/v1.4.8; http://mj12bot.com/)"
2401:4900:8f63:c6ec:50c8:7549:152e:b135 - - [22/Apr/2026:14:23:03 +0300] "POST /xmlrpc.php HTTP/1.1" 404 196 "-" "Jetpack by WordPress.com"
2600:1f28:365:80b0:c9c4:8163:9ddf:7a57 - - [22/Apr/2026:14:23:03 +0300] "GET /niu/kartina-niu/ HTTP/1.1" 404 195 "-" "CCBot/2.0 (https://commoncrawl.org/faq/)"
2401:4900:8f63:c6ec:50c8:7549:152e:b135 - - [22/Apr/2026:14:23:12 +0300] "POST /xmlrpc.php HTTP/1.1" 404 196 "-" "Jetpack by WordPress.com (Jetpack 12.1; WordPress 6.4)"
216.73.217.39 - - [22/Apr/2026:14:23:18 +0300] "GET /?fileloc=%2Fhome%2Fu547966%2Fbrikov.ru%2Fwww%2Fwp-includes%2FSimplePie%2FItem.php&path=%2Fhome%2Fu547966%2Fbrikov.ru%2Fwww%2Fwp-includes%2FSimplePie HTTP/1.1" 200 15057 "-" "Mozilla/5.0 AppleWebKit/537.36 (KHTML, like Gecko; compatible; ClaudeBot/1.0; +claudebot@anthropic.com)"
2001:41d0:303:1eb5::1 - - [22/Apr/2026:14:23:19 +0300] "GET /?path=//dev/shm HTTP/1.1" 200 3319 "-" "Mozilla/5.0 (compatible; MJ12bot/v1.4.8; http://mj12bot.com/)"
2401:4900:8f63:c6ec:50c8:7549:152e:b135 - - [22/Apr/2026:14:23:23 +0300] "POST /xmlrpc.php HTTP/1.1" 404 196 "-" "WordPress.com; https://wordpress.com"
2001:41d0:303:1eb5::1 - - [22/Apr/2026:14:23:39 +0300] "GET /?path=//dev/snd HTTP/1.1" 200 2908 "-" "Mozilla/5.0 (compatible; MJ12bot/v1.4.8; http://mj12bot.com/)"
2600:1f28:365:80b0:c9c4:8163:9ddf:7a57 - - [22/Apr/2026:14:23:41 +0300] "GET /zhenskii-portret/portret-molodoi-devushki/ HTTP/1.1" 404 195 "-" "CCBot/2.0 (https://commoncrawl.org/faq/)"
2401:4900:8f63:c6ec:50c8:7549:152e:b135 - - [22/Apr/2026:14:23:45 +0300] "POST /xmlrpc.php HTTP/1.1" 404 196 "-" "Jetpack by WordPress.com"
216.73.217.39 - - [22/Apr/2026:14:23:45 +0300] "GET /?fileloc=%2Fhome%2Fu547966%2Fbrikov.ru%2Fwww_old_1%2Fwp-includes%2FZXHaPyDIQo8.php&path=%2Fhome%2Fu547966%2Fbrikov.ru%2Fwww_old_1%2Fwp-includes HTTP/1.1" 200 9897 "-" "Mozilla/5.0 AppleWebKit/537.36 (KHTML, like Gecko; compatible; ClaudeBot/1.0; +claudebot@anthropic.com)"
2401:4900:8f63:c6ec:50c8:7549:152e:b135 - - [22/Apr/2026:14:23:55 +0300] "POST /xmlrpc.php HTTP/1.1" 404 196 "-" "Jetpack by WordPress.com (Jetpack 13.0; WordPress 6.4)"
216.73.217.39 - - [22/Apr/2026:14:24:00 +0300] "GET /?fileloc=%2Fhome%2Fu547966%2Fbrikov.ru%2Fwww_old_1%2Fwp-includes%2Fwidgets%2Fclass-wp-widget-rss.php&path=%2Fhome%2Fu547966%2Fbrikov.ru%2Fwww_old_1%2Fwp-includes%2Fwidgets HTTP/1.1" 200 4310 "-" "Mozilla/5.0 AppleWebKit/537.36 (KHTML, like Gecko; compatible; ClaudeBot/1.0; +claudebot@anthropic.com)"
2001:41d0:303:1eb5::1 - - [22/Apr/2026:14:24:00 +0300] "GET /?path=//dev/vfio HTTP/1.1" 200 2909 "-" "Mozilla/5.0 (compatible; MJ12bot/v1.4.8; http://mj12bot.com/)"
2401:4900:8f63:c6ec:50c8:7549:152e:b135 - - [22/Apr/2026:14:24:06 +0300] "POST /xmlrpc.php HTTP/1.1" 404 196 "-" "Jetpack by WordPress.com (Jetpack 12.5; WordPress 6.1)"
2600:1f28:365:80b0:c9c4:8163:9ddf:7a57 - - [22/Apr/2026:14:24:15 +0300] "GET /natiurmort/natiurmort-detskii-mir/ HTTP/1.1" 404 195 "-" "CCBot/2.0 (https://commoncrawl.org/faq/)"
2401:4900:8f63:c6ec:50c8:7549:152e:b135 - - [22/Apr/2026:14:24:16 +0300] "POST /xmlrpc.php HTTP/1.1" 404 196 "-" "WordPress.com; https://wordpress.com"
2001:41d0:303:1eb5::1 - - [22/Apr/2026:14:24:21 +0300] "GET /?path=//dev/vg_system HTTP/1.1" 200 2912 "-" "Mozilla/5.0 (compatible; MJ12bot/v1.4.8; http://mj12bot.com/)"
2401:4900:8f63:c6ec:50c8:7549:152e:b135 - - [22/Apr/2026:14:24:27 +0300] "POST /xmlrpc.php HTTP/1.1" 404 196 "-" "Jetpack/12.1; WordPress/6.1; http://site58769420.com"
216.73.217.39 - - [22/Apr/2026:14:24:30 +0300] "GET /?fileloc=%2F%2Fusr%2Fshare%2Fi18n%2Fcharmaps%2FISO-IR-209.gz&path=%2F%2Fusr%2Fshare%2Fi18n%2Fcharmaps HTTP/1.1" 200 6009 "-" "Mozilla/5.0 AppleWebKit/537.36 (KHTML, like Gecko; compatible; ClaudeBot/1.0; +claudebot@anthropic.com)"
2401:4900:8f63:c6ec:50c8:7549:152e:b135 - - [22/Apr/2026:14:24:38 +0300] "POST /xmlrpc.php HTTP/1.1" 404 196 "-" "WordPress.com; https://wordpress.com"
2001:41d0:303:1eb5::1 - - [22/Apr/2026:14:24:41 +0300] "GET /?path=//etc/ImageMagick-6 HTTP/1.1" 200 3806 "-" "Mozilla/5.0 (compatible; MJ12bot/v1.4.8; http://mj12bot.com/)"
2600:1f28:365:80b0:c9c4:8163:9ddf:7a57 - - [22/Apr/2026:14:24:46 +0300] "GET /peizazh/peizazh-mahra/ HTTP/1.1" 404 195 "-" "CCBot/2.0 (https://commoncrawl.org/faq/)"
2401:4900:8f63:c6ec:50c8:7549:152e:b135 - - [22/Apr/2026:14:24:48 +0300] "POST /xmlrpc.php HTTP/1.1" 404 196 "-" "WordPress.com; https://wordpress.com"
2401:4900:8f63:c6ec:50c8:7549:152e:b135 - - [22/Apr/2026:14:24:59 +0300] "POST /xmlrpc.php HTTP/1.1" 404 196 "-" "WordPress.com; https://wordpress.com"
216.73.217.39 - - [22/Apr/2026:14:25:01 +0300] "GET /?fileloc=%2F%2Fusr%2Fshare%2Fi18n%2Fcharmaps%2FISO_2033-1983.gz&path=%2F%2Fusr%2Fshare%2Fi18n%2Fcharmaps HTTP/1.1" 200 3935 "-" "Mozilla/5.0 AppleWebKit/537.36 (KHTML, like Gecko; compatible; ClaudeBot/1.0; +claudebot@anthropic.com)"
2001:41d0:303:1eb5::1 - - [22/Apr/2026:14:25:02 +0300] "GET /?path=//etc/NetworkManager HTTP/1.1" 200 3169 "-" "Mozilla/5.0 (compatible; MJ12bot/v1.4.8; http://mj12bot.com/)"
2401:4900:8f63:c6ec:50c8:7549:152e:b135 - - [22/Apr/2026:14:25:09 +0300] "POST /xmlrpc.php HTTP/1.1" 404 196 "-" "WordPress.com; https://wordpress.com"
2600:1f28:365:80b0:c9c4:8163:9ddf:7a57 - - [22/Apr/2026:14:25:20 +0300] "GET /zhenskii-portret/zhenskii-portret-napisan-maslom-na-holste/ HTTP/1.1" 404 195 "-" "CCBot/2.0 (https://commoncrawl.org/faq/)"
2401:4900:8f63:c6ec:50c8:7549:152e:b135 - - [22/Apr/2026:14:25:22 +0300] "POST /xmlrpc.php HTTP/1.1" 404 196 "-" "Jetpack by WordPress.com (Jetpack 12.5; WordPress 6.2)"
2001:41d0:303:1eb5::1 - - [22/Apr/2026:14:25:23 +0300] "GET /?path=//etc/X11 HTTP/1.1" 200 3556 "-" "Mozilla/5.0 (compatible; MJ12bot/v1.4.8; http://mj12bot.com/)"
2401:4900:8f63:c6ec:50c8:7549:152e:b135 - - [22/Apr/2026:14:25:30 +0300] "POST /xmlrpc.php HTTP/1.1" 404 196 "-" "Jetpack by WordPress.com (Jetpack 13.0; WordPress 6.3)"
216.73.217.39 - - [22/Apr/2026:14:25:31 +0300] "GET /?fileloc=%2Fhome%2Fu547966%2Fbrikov.ru%2Fwww%2Fwp-admin%2Fjs%2Fwidgets%2Fmedia-gallery-widget.js&path=%2Fhome%2Fu547966%2Fbrikov.ru%2Fwww%2Fwp-admin%2Fjs%2Fwidgets HTTP/1.1" 200 5490 "-" "Mozilla/5.0 AppleWebKit/537.36 (KHTML, like Gecko; compatible; ClaudeBot/1.0; +claudebot@anthropic.com)"
2401:4900:8f63:c6ec:50c8:7549:152e:b135 - - [22/Apr/2026:14:25:42 +0300] "POST /xmlrpc.php HTTP/1.1" 404 196 "-" "Jetpack by WordPress.com (Jetpack 13.0; WordPress 6.4)"
2001:41d0:303:1eb5::1 - - [22/Apr/2026:14:25:43 +0300] "GET /?path=//etc/aibolitupdate HTTP/1.1" 200 3184 "-" "Mozilla/5.0 (compatible; MJ12bot/v1.4.8; http://mj12bot.com/)"
2401:4900:8f63:c6ec:50c8:7549:152e:b135 - - [22/Apr/2026:14:25:52 +0300] "POST /xmlrpc.php HTTP/1.1" 404 196 "-" "WordPress.com; https://wordpress.com"
216.73.217.39 - - [22/Apr/2026:14:26:01 +0300] "GET /?fileloc=%2Fhome%2Fu547966%2Fbrikov.ru%2Fwww%2Fwp-content%2Fplugins%2Frwjdpuh%2Findex.php&path=%2Fhome%2Fu547966%2Fbrikov.ru%2Fwww%2Fwp-content%2Fplugins%2Frwjdpuh HTTP/1.1" 200 7049 "-" "Mozilla/5.0 AppleWebKit/537.36 (KHTML, like Gecko; compatible; ClaudeBot/1.0; +claudebot@anthropic.com)"
2401:4900:8f63:c6ec:50c8:7549:152e:b135 - - [22/Apr/2026:14:26:03 +0300] "POST /xmlrpc.php HTTP/1.1" 404 196 "-" "WordPress.com; https://wordpress.com"
2001:41d0:303:1eb5::1 - - [22/Apr/2026:14:26:04 +0300] "GET /?path=//etc/alternatives HTTP/1.1" 200 15918 "-" "Mozilla/5.0 (compatible; MJ12bot/v1.4.8; http://mj12bot.com/)"
2401:4900:8f63:c6ec:50c8:7549:152e:b135 - - [22/Apr/2026:14:26:13 +0300] "POST /xmlrpc.php HTTP/1.1" 404 196 "-" "Jetpack by WordPress.com"
2600:1f28:365:80b0:c9c4:8163:9ddf:7a57 - - [22/Apr/2026:14:26:15 +0300] "GET /muzhskoi-portret/muzhskoi-portret-s-bokalom/ HTTP/1.1" 404 195 "-" "CCBot/2.0 (https://commoncrawl.org/faq/)"
2401:4900:8f63:c6ec:50c8:7549:152e:b135 - - [22/Apr/2026:14:26:24 +0300] "POST /xmlrpc.php HTTP/1.1" 404 196 "-" "WordPress.com; https://wordpress.com"
2001:41d0:303:1eb5::1 - - [22/Apr/2026:14:26:25 +0300] "GET /?path=//etc/apache2 HTTP/1.1" 200 3734 "-" "Mozilla/5.0 (compatible; MJ12bot/v1.4.8; http://mj12bot.com/)"
216.73.217.39 - - [22/Apr/2026:14:26:32 +0300] "GET /?fileloc=%2Fhome%2Fu547966%2Fbrikov.ru%2Fwww%2Fwp-content%2Fplugins%2Fmubqx%2Fphchv.php&path=%2Fhome%2Fu547966%2Fbrikov.ru%2Fwww%2Fwp-content%2Fplugins%2Fmubqx HTTP/1.1" 200 55482 "-" "Mozilla/5.0 AppleWebKit/537.36 (KHTML, like Gecko; compatible; ClaudeBot/1.0; +claudebot@anthropic.com)"
2401:4900:8f63:c6ec:50c8:7549:152e:b135 - - [22/Apr/2026:14:26:34 +0300] "POST /xmlrpc.php HTTP/1.1" 404 196 "-" "Jetpack/12.5; WordPress/6.2; http://site15437743.com"
2401:4900:8f63:c6ec:50c8:7549:152e:b135 - - [22/Apr/2026:14:26:45 +0300] "POST /xmlrpc.php HTTP/1.1" 404 196 "-" "Jetpack/13.0; WordPress/6.3; http://site87425945.com"
2001:41d0:303:1eb5::1 - - [22/Apr/2026:14:26:45 +0300] "GET /?path=//etc/apache2-php52 HTTP/1.1" 200 3729 "-" "Mozilla/5.0 (compatible; MJ12bot/v1.4.8; http://mj12bot.com/)"
216.73.217.39 - - [22/Apr/2026:14:27:01 +0300] "GET /?fileloc=%2F%2Fusr%2Fshare%2Fi18n%2Fcharmaps%2FISO-8859-16.gz&path=%2F%2Fusr%2Fshare%2Fi18n%2Fcharmaps HTTP/1.1" 200 6143 "-" "Mozilla/5.0 AppleWebKit/537.36 (KHTML, like Gecko; compatible; ClaudeBot/1.0; +claudebot@anthropic.com)"
2001:41d0:303:1eb5::1 - - [22/Apr/2026:14:27:06 +0300] "GET /?path=//etc/apache2-php53 HTTP/1.1" 200 3729 "-" "Mozilla/5.0 (compatible; MJ12bot/v1.4.8; http://mj12bot.com/)"
2401:4900:8f63:c6ec:50c8:7549:152e:b135 - - [22/Apr/2026:14:27:07 +0300] "POST /xmlrpc.php HTTP/1.1" 404 196 "-" "WordPress.com; https://wordpress.com"
2600:1f28:365:80b0:c9c4:8163:9ddf:7a57 - - [22/Apr/2026:14:27:11 +0300] "GET /peizazh/letnii-peizazh-priroda-2/ HTTP/1.1" 404 195 "-" "CCBot/2.0 (https://commoncrawl.org/faq/)"
2401:4900:8f63:c6ec:50c8:7549:152e:b135 - - [22/Apr/2026:14:27:17 +0300] "POST /xmlrpc.php HTTP/1.1" 404 196 "-" "WordPress.com; https://wordpress.com"
2001:41d0:303:1eb5::1 - - [22/Apr/2026:14:27:27 +0300] "GET /?path=//etc/apache2-php54 HTTP/1.1" 200 3729 "-" "Mozilla/5.0 (compatible; MJ12bot/v1.4.8; http://mj12bot.com/)"
2401:4900:8f63:c6ec:50c8:7549:152e:b135 - - [22/Apr/2026:14:27:28 +0300] "POST /xmlrpc.php HTTP/1.1" 404 196 "-" "Jetpack/12.0; WordPress/6.3; http://site54374608.com"
216.73.217.39 - - [22/Apr/2026:14:27:31 +0300] "GET /?fileloc=%2F%2Fusr%2Fshare%2Fi18n%2Fcharmaps%2FEUC-JP.gz&path=%2F%2Fusr%2Fshare%2Fi18n%2Fcharmaps HTTP/1.1" 200 69204 "-" "Mozilla/5.0 AppleWebKit/537.36 (KHTML, like Gecko; compatible; ClaudeBot/1.0; +claudebot@anthropic.com)"
2401:4900:8f63:c6ec:50c8:7549:152e:b135 - - [22/Apr/2026:14:27:38 +0300] "POST /xmlrpc.php HTTP/1.1" 404 196 "-" "Jetpack by WordPress.com"
2001:41d0:303:1eb5::1 - - [22/Apr/2026:14:27:48 +0300] "GET /?path=//etc/apache2-php55 HTTP/1.1" 200 3730 "-" "Mozilla/5.0 (compatible; MJ12bot/v1.4.8; http://mj12bot.com/)"
216.73.217.39 - - [22/Apr/2026:14:27:49 +0300] "GET /?fileloc=%2F%2Fusr%2Fshare%2Faspell%2Fen_GB-ise-wo_accents-only.cwl.gz&path=%2F%2Fusr%2Fshare%2Faspell HTTP/1.1" 200 8552 "-" "Mozilla/5.0 AppleWebKit/537.36 (KHTML, like Gecko; compatible; ClaudeBot/1.0; +claudebot@anthropic.com)"
2401:4900:8f63:c6ec:50c8:7549:152e:b135 - - [22/Apr/2026:14:27:50 +0300] "POST /xmlrpc.php HTTP/1.1" 404 196 "-" "Jetpack/12.5; WordPress/6.2; http://site53471388.com"
94.154.35.236 - - [22/Apr/2026:14:27:51 +0300] "HEAD /Admin.rar HTTP/1.1" 404 0 "-" "Mozilla/5.0 (Windows NT 10.0; Win64; x64) AppleWebKit/537.36 (KHTML, like Gecko) Chrome/101.0.4951.67 Safari/537.36"
2600:1f28:365:80b0:c9c4:8163:9ddf:7a57 - - [22/Apr/2026:14:27:55 +0300] "GET /zhenskii-portret/zhenskii-portret-na-serom-fone/ HTTP/1.1" 404 195 "-" "CCBot/2.0 (https://commoncrawl.org/faq/)"
2401:4900:8f63:c6ec:50c8:7549:152e:b135 - - [22/Apr/2026:14:27:59 +0300] "POST /xmlrpc.php HTTP/1.1" 404 196 "-" "Jetpack by WordPress.com (Jetpack 12.5; WordPress 6.3)"
2001:41d0:303:1eb5::1 - - [22/Apr/2026:14:28:08 +0300] "GET /?path=//etc/apache2-php56 HTTP/1.1" 200 3731 "-" "Mozilla/5.0 (compatible; MJ12bot/v1.4.8; http://mj12bot.com/)"
2401:4900:8f63:c6ec:50c8:7549:152e:b135 - - [22/Apr/2026:14:28:10 +0300] "POST /xmlrpc.php HTTP/1.1" 404 196 "-" "Jetpack/12.5; WordPress/6.2; http://site92728568.com"
109.248.11.10 - - [22/Apr/2026:14:28:14 +0300] "GET /detsky.mp4 HTTP/1.1" 304 0 "https://brikov.com/" "Mozilla/5.0 (Windows NT 10.0; Win64; x64) AppleWebKit/537.36 (KHTML, like Gecko) Chrome/147.0.0.0 Safari/537.36"
109.248.11.10 - - [22/Apr/2026:14:28:14 +0300] "GET /detsky.mp4 HTTP/1.1" 206 4772334 "https://brikov.com/" "Mozilla/5.0 (Windows NT 10.0; Win64; x64) AppleWebKit/537.36 (KHTML, like Gecko) Chrome/147.0.0.0 Safari/537.36"
109.248.11.10 - - [22/Apr/2026:14:28:15 +0300] "GET /mujskoy.mp4 HTTP/1.1" 206 4838901 "https://brikov.com/" "Mozilla/5.0 (Windows NT 10.0; Win64; x64) AppleWebKit/537.36 (KHTML, like Gecko) Chrome/147.0.0.0 Safari/537.36"
216.73.217.39 - - [22/Apr/2026:14:28:19 +0300] "GET /?fileloc=%2Fhome%2Fu547966%2Fbrikov.ru%2Fwww_old_1%2Fwp-content%2Fj3FrUzVNeGZ.php&path=%2Fhome%2Fu547966%2Fbrikov.ru%2Fwww_old_1%2Fwp-content HTTP/1.1" 200 42075 "-" "Mozilla/5.0 AppleWebKit/537.36 (KHTML, like Gecko; compatible; ClaudeBot/1.0; +claudebot@anthropic.com)"
2001:41d0:303:1eb5::1 - - [22/Apr/2026:14:28:29 +0300] "GET /?path=//etc/apache2-php70 HTTP/1.1" 200 3727 "-" "Mozilla/5.0 (compatible; MJ12bot/v1.4.8; http://mj12bot.com/)"
216.73.217.39 - - [22/Apr/2026:14:28:49 +0300] "GET /?fileloc=%2Fhome%2Fu547966%2Fbrikov.ru%2Fwww_old_1%2Fwp-includes%2Fjs%2Fzxcvbn-async.min.js&path=%2Fhome%2Fu547966%2Fbrikov.ru%2Fwww_old_1%2Fwp-includes%2Fjs HTTP/1.1" 200 3104 "-" "Mozilla/5.0 AppleWebKit/537.36 (KHTML, like Gecko; compatible; ClaudeBot/1.0; +claudebot@anthropic.com)"
2001:41d0:303:1eb5::1 - - [22/Apr/2026:14:28:50 +0300] "GET /?path=//etc/apache2-php71 HTTP/1.1" 200 3729 "-" "Mozilla/5.0 (compatible; MJ12bot/v1.4.8; http://mj12bot.com/)"
2001:41d0:303:1eb5::1 - - [22/Apr/2026:14:29:10 +0300] "GET /?path=//etc/apache2-php72 HTTP/1.1" 200 3728 "-" "Mozilla/5.0 (compatible; MJ12bot/v1.4.8; http://mj12bot.com/)"
216.73.217.39 - - [22/Apr/2026:14:29:12 +0300] "GET /?fileloc=%2Fhome%2Fu547966%2Fbrikov.ru%2Fwww%2Fwp-content%2Fplugins%2Fkkazeyn%2FLICENSE.txt&path=%2Fhome%2Fu547966%2Fbrikov.ru%2Fwww%2Fwp-content%2Fplugins%2Fkkazeyn HTTP/1.1" 200 9823 "-" "Mozilla/5.0 AppleWebKit/537.36 (KHTML, like Gecko; compatible; ClaudeBot/1.0; +claudebot@anthropic.com)"
2001:41d0:303:1eb5::1 - - [22/Apr/2026:14:29:31 +0300] "GET /?path=//etc/apache2-php73 HTTP/1.1" 200 3720 "-" "Mozilla/5.0 (compatible; MJ12bot/v1.4.8; http://mj12bot.com/)"
216.73.217.39 - - [22/Apr/2026:14:29:42 +0300] "GET /?fileloc=%2Fhome%2Fu547966%2Fbrikov.ru%2Fwww%2Fwp-content%2Fthemes%2Fjroascu%2Fstyle.css&path=%2Fhome%2Fu547966%2Fbrikov.ru%2Fwww%2Fwp-content%2Fthemes%2Fjroascu HTTP/1.1" 200 4724 "-" "Mozilla/5.0 AppleWebKit/537.36 (KHTML, like Gecko; compatible; ClaudeBot/1.0; +claudebot@anthropic.com)"
216.73.217.39 - - [22/Apr/2026:14:29:47 +0300] "GET /robots.txt HTTP/1.1" 200 178 "-" "Mozilla/5.0 AppleWebKit/537.36 (KHTML, like Gecko; compatible; ClaudeBot/1.0; +claudebot@anthropic.com)"
2001:41d0:303:1eb5::1 - - [22/Apr/2026:14:29:52 +0300] "GET /?path=//etc/apache2-php74 HTTP/1.1" 200 3729 "-" "Mozilla/5.0 (compatible; MJ12bot/v1.4.8; http://mj12bot.com/)"
2600:1f28:365:80b0:c9c4:8163:9ddf:7a57 - - [22/Apr/2026:14:29:53 +0300] "GET /muzhskoi-portret/portret-v-forme/ HTTP/1.1" 404 195 "-" "CCBot/2.0 (https://commoncrawl.org/faq/)"
216.73.217.39 - - [22/Apr/2026:14:30:12 +0300] "GET /?fileloc=%2Fhome%2Fu547966%2Fbrikov.ru%2Fwww%2Fwp-content%2Fthemes%2Fiubupmk%2Fstyle.css&path=%2Fhome%2Fu547966%2Fbrikov.ru%2Fwww%2Fwp-content%2Fthemes%2Fiubupmk HTTP/1.1" 200 4724 "-" "Mozilla/5.0 AppleWebKit/537.36 (KHTML, like Gecko; compatible; ClaudeBot/1.0; +claudebot@anthropic.com)"
2001:41d0:303:1eb5::1 - - [22/Apr/2026:14:30:12 +0300] "GET /?path=//etc/apache2-php80 HTTP/1.1" 200 3727 "-" "Mozilla/5.0 (compatible; MJ12bot/v1.4.8; http://mj12bot.com/)"
2001:41d0:303:1eb5::1 - - [22/Apr/2026:14:30:33 +0300] "GET /?path=//etc/apache2-php81 HTTP/1.1" 200 3728 "-" "Mozilla/5.0 (compatible; MJ12bot/v1.4.8; http://mj12bot.com/)"
216.73.217.39 - - [22/Apr/2026:14:30:42 +0300] "GET /?fileloc=%2Fhome%2Fu547966%2Fbrikov.ru%2Fwww%2Fwp-content%2Fplugins%2Fahysrvl%2Freadme.txt&path=%2Fhome%2Fu547966%2Fbrikov.ru%2Fwww%2Fwp-content%2Fplugins%2Fahysrvl HTTP/1.1" 200 3993 "-" "Mozilla/5.0 AppleWebKit/537.36 (KHTML, like Gecko; compatible; ClaudeBot/1.0; +claudebot@anthropic.com)"
52.167.144.218 - - [22/Apr/2026:14:30:44 +0300] "GET /?u=202623480710 HTTP/1.1" 200 5142 "-" "Mozilla/5.0 AppleWebKit/537.36 (KHTML, like Gecko; compatible; bingbot/2.0; +http://www.bing.com/bingbot.htm) Chrome/116.0.1938.76 Safari/537.36"
2001:41d0:303:1eb5::1 - - [22/Apr/2026:14:30:54 +0300] "GET /?path=//etc/apache2-php82 HTTP/1.1" 200 3729 "-" "Mozilla/5.0 (compatible; MJ12bot/v1.4.8; http://mj12bot.com/)"
216.73.217.39 - - [22/Apr/2026:14:30:54 +0300] "GET /?fileloc=%2Fhome%2Fu547966%2Fbrikov.ru%2Fwww%2Fwp-content%2Fthemes%2Fywlheja%2Fstyle.css&path=%2Fhome%2Fu547966%2Fbrikov.ru%2Fwww%2Fwp-content%2Fthemes%2Fywlheja HTTP/1.1" 200 4726 "-" "Mozilla/5.0 AppleWebKit/537.36 (KHTML, like Gecko; compatible; ClaudeBot/1.0; +claudebot@anthropic.com)"
2001:41d0:303:1eb5::1 - - [22/Apr/2026:14:31:15 +0300] "GET /?path=//etc/apache2-php83 HTTP/1.1" 200 3728 "-" "Mozilla/5.0 (compatible; MJ12bot/v1.4.8; http://mj12bot.com/)"
216.73.217.39 - - [22/Apr/2026:14:31:24 +0300] "GET /?fileloc=%2Fhome%2Fu547966%2Fbrikov.ru%2Fwww%2Fwp-content%2Fplugins%2Fnkcld%2FLICENSE.txt&path=%2Fhome%2Fu547966%2Fbrikov.ru%2Fwww%2Fwp-content%2Fplugins%2Fnkcld HTTP/1.1" 200 9820 "-" "Mozilla/5.0 AppleWebKit/537.36 (KHTML, like Gecko; compatible; ClaudeBot/1.0; +claudebot@anthropic.com)"
2001:41d0:303:1eb5::1 - - [22/Apr/2026:14:31:35 +0300] "GET /?path=//etc/apache2-php84 HTTP/1.1" 200 3729 "-" "Mozilla/5.0 (compatible; MJ12bot/v1.4.8; http://mj12bot.com/)"
2001:41d0:303:1eb5::1 - - [22/Apr/2026:14:31:56 +0300] "GET /?path=//etc/apparmor HTTP/1.1" 200 3160 "-" "Mozilla/5.0 (compatible; MJ12bot/v1.4.8; http://mj12bot.com/)"
216.73.217.39 - - [22/Apr/2026:14:32:00 +0300] "GET /?fileloc=%2F%2Flib%2Fx86_64-linux-gnu%2Flibseccomp.so.2&path=%2F%2Flib%2Fx86_64-linux-gnu HTTP/1.1" 200 69199 "-" "Mozilla/5.0 AppleWebKit/537.36 (KHTML, like Gecko; compatible; ClaudeBot/1.0; +claudebot@anthropic.com)"
2001:41d0:303:1eb5::1 - - [22/Apr/2026:14:32:17 +0300] "GET /?path=//etc/apparmor.d HTTP/1.1" 200 3453 "-" "Mozilla/5.0 (compatible; MJ12bot/v1.4.8; http://mj12bot.com/)"
216.73.217.39 - - [22/Apr/2026:14:32:19 +0300] "GET /?fileloc=%2F%2Fusr%2Fsbin%2Fupdate-exim4.conf.template&path=%2F%2Fusr%2Fsbin HTTP/1.1" 200 4260 "-" "Mozilla/5.0 AppleWebKit/537.36 (KHTML, like Gecko; compatible; ClaudeBot/1.0; +claudebot@anthropic.com)"
2001:41d0:303:1eb5::1 - - [22/Apr/2026:14:32:38 +0300] "GET /?path=//etc/apt HTTP/1.1" 200 2908 "-" "Mozilla/5.0 (compatible; MJ12bot/v1.4.8; http://mj12bot.com/)"
216.73.217.39 - - [22/Apr/2026:14:32:49 +0300] "GET /?fileloc=%2F%2Flib%2Fx86_64-linux-gnu%2Flibutil.so.1&path=%2F%2Flib%2Fx86_64-linux-gnu HTTP/1.1" 200 7033 "-" "Mozilla/5.0 AppleWebKit/537.36 (KHTML, like Gecko; compatible; ClaudeBot/1.0; +claudebot@anthropic.com)"
194.26.192.253 - - [22/Apr/2026:14:32:50 +0300] "GET /txets.php HTTP/1.1" 200 11 "-" "Mozilla/5.0 (Windows NT 10.0; Win64; x64) AppleWebKit/537.36 (KHTML, like Gecko) Chrome/91.0.4472.124 Safari/537.36"
2001:41d0:303:1eb5::1 - - [22/Apr/2026:14:32:58 +0300] "GET /?path=//etc/apticron HTTP/1.1" 200 3181 "-" "Mozilla/5.0 (compatible; MJ12bot/v1.4.8; http://mj12bot.com/)"
2001:41d0:303:1eb5::1 - - [22/Apr/2026:14:33:19 +0300] "GET /?path=//etc/auditbeat HTTP/1.1" 200 3367 "-" "Mozilla/5.0 (compatible; MJ12bot/v1.4.8; http://mj12bot.com/)"
216.73.217.39 - - [22/Apr/2026:14:33:19 +0300] "GET /?fileloc=%2F%2Flib%2Fx86_64-linux-gnu%2Flibjson-c.so.3&path=%2F%2Flib%2Fx86_64-linux-gnu HTTP/1.1" 200 21741 "-" "Mozilla/5.0 AppleWebKit/537.36 (KHTML, like Gecko; compatible; ClaudeBot/1.0; +claudebot@anthropic.com)"
2600:1f28:365:80b0:c9c4:8163:9ddf:7a57 - - [22/Apr/2026:14:33:21 +0300] "GET /detskii-portret/detskii-portret-na-kamne/ HTTP/1.1" 404 195 "-" "CCBot/2.0 (https://commoncrawl.org/faq/)"
216.73.217.39 - - [22/Apr/2026:14:33:31 +0300] "GET /?fileloc=%2F%2Flib%2Fx86_64-linux-gnu%2Flibm.so.6&path=%2F%2Flib%2Fx86_64-linux-gnu HTTP/1.1" 200 736037 "-" "Mozilla/5.0 AppleWebKit/537.36 (KHTML, like Gecko; compatible; ClaudeBot/1.0; +claudebot@anthropic.com)"
2001:41d0:303:1eb5::1 - - [22/Apr/2026:14:33:39 +0300] "GET /?path=//etc/bacula HTTP/1.1" 200 3136 "-" "Mozilla/5.0 (compatible; MJ12bot/v1.4.8; http://mj12bot.com/)"
216.73.217.39 - - [22/Apr/2026:14:33:44 +0300] "GET /?fileloc=%2F%2Flib%2Fx86_64-linux-gnu%2Flibncurses.so.5&path=%2F%2Flib%2Fx86_64-linux-gnu HTTP/1.1" 200 67948 "-" "Mozilla/5.0 AppleWebKit/537.36 (KHTML, like Gecko; compatible; ClaudeBot/1.0; +claudebot@anthropic.com)"
2001:41d0:303:1eb5::1 - - [22/Apr/2026:14:34:00 +0300] "GET /?path=//etc/bareos HTTP/1.1" 200 3208 "-" "Mozilla/5.0 (compatible; MJ12bot/v1.4.8; http://mj12bot.com/)"
2600:1f28:365:80b0:c9c4:8163:9ddf:7a57 - - [22/Apr/2026:14:34:04 +0300] "GET /rospis-sten-i-potolkov/rspis-potolka-fragment-2/ HTTP/1.1" 404 195 "-" "CCBot/2.0 (https://commoncrawl.org/faq/)"
216.73.217.39 - - [22/Apr/2026:14:34:10 +0300] "GET /?fileloc=%2F%2Fusr%2Fsbin%2Fsensors-detect&path=%2F%2Fusr%2Fsbin HTTP/1.1" 200 48926 "-" "Mozilla/5.0 AppleWebKit/537.36 (KHTML, like Gecko; compatible; ClaudeBot/1.0; +claudebot@anthropic.com)"
2001:41d0:303:1eb5::1 - - [22/Apr/2026:14:34:21 +0300] "GET /?path=//etc/bash_completion.d HTTP/1.1" 200 3254 "-" "Mozilla/5.0 (compatible; MJ12bot/v1.4.8; http://mj12bot.com/)"
2001:448a:2094:3f73:3c06:4d54:a1d:d1a0 - - [22/Apr/2026:14:34:34 +0300] "GET /mujskoy.mp4 HTTP/1.1" 206 753573 "https://brikov.com/" "Mozilla/5.0 (Linux; Android 11; SM-P205 Build/RP1A.200720.012; wv) AppleWebKit/537.36 (KHTML, like Gecko) Version/4.0 Chrome/147.0.7727.55 Safari/537.36"
2001:448a:2094:3f73:3c06:4d54:a1d:d1a0 - - [22/Apr/2026:14:34:35 +0300] "GET /detsky.mp4 HTTP/1.1" 206 513205 "https://brikov.com/" "Mozilla/5.0 (Linux; Android 11; SM-P205 Build/RP1A.200720.012; wv) AppleWebKit/537.36 (KHTML, like Gecko) Version/4.0 Chrome/147.0.7727.55 Safari/537.36"
2001:448a:2094:3f73:3c06:4d54:a1d:d1a0 - - [22/Apr/2026:14:34:35 +0300] "GET /mujskoy.mp4 HTTP/1.1" 206 477005 "https://brikov.com/" "Mozilla/5.0 (Linux; Android 11; SM-P205 Build/RP1A.200720.012; wv) AppleWebKit/537.36 (KHTML, like Gecko) Version/4.0 Chrome/147.0.7727.55 Safari/537.36"
2001:448a:2094:3f73:3c06:4d54:a1d:d1a0 - - [22/Apr/2026:14:34:36 +0300] "GET /detsky.mp4 HTTP/1.1" 206 591397 "https://brikov.com/" "Mozilla/5.0 (Linux; Android 11; SM-P205 Build/RP1A.200720.012; wv) AppleWebKit/537.36 (KHTML, like Gecko) Version/4.0 Chrome/147.0.7727.55 Safari/537.36"
216.73.217.39 - - [22/Apr/2026:14:34:40 +0300] "GET /?fileloc=%2F%2Flib%2Fx86_64-linux-gnu%2Flibbz2.so.1&path=%2F%2Flib%2Fx86_64-linux-gnu HTTP/1.1" 200 33486 "-" "Mozilla/5.0 AppleWebKit/537.36 (KHTML, like Gecko; compatible; ClaudeBot/1.0; +claudebot@anthropic.com)"
2001:41d0:303:1eb5::1 - - [22/Apr/2026:14:34:41 +0300] "GET /?path=//etc/bashrc.d HTTP/1.1" 200 3191 "-" "Mozilla/5.0 (compatible; MJ12bot/v1.4.8; http://mj12bot.com/)"
2001:448a:2094:3f73:3c06:4d54:a1d:d1a0 - - [22/Apr/2026:14:34:48 +0300] "GET /mujskoy.mp4 HTTP/1.1" 206 2150893 "https://brikov.com/" "Mozilla/5.0 (Linux; Android 11; SM-P205 Build/RP1A.200720.012; wv) AppleWebKit/537.36 (KHTML, like Gecko) Version/4.0 Chrome/147.0.7727.55 Safari/537.36"
2001:448a:2094:3f73:3c06:4d54:a1d:d1a0 - - [22/Apr/2026:14:34:48 +0300] "GET /detsky.mp4 HTTP/1.1" 206 1247341 "https://brikov.com/" "Mozilla/5.0 (Linux; Android 11; SM-P205 Build/RP1A.200720.012; wv) AppleWebKit/537.36 (KHTML, like Gecko) Version/4.0 Chrome/147.0.7727.55 Safari/537.36"
2600:1f28:365:80b0:c9c4:8163:9ddf:7a57 - - [22/Apr/2026:14:35:01 +0300] "GET /muzhskoi-portret/muzhskoi-portret-v-belom-pidzhake/ HTTP/1.1" 404 195 "-" "CCBot/2.0 (https://commoncrawl.org/faq/)"
2001:41d0:303:1eb5::1 - - [22/Apr/2026:14:35:02 +0300] "GET /?path=//etc/binfmt.d HTTP/1.1" 200 2912 "-" "Mozilla/5.0 (compatible; MJ12bot/v1.4.8; http://mj12bot.com/)"
216.73.217.39 - - [22/Apr/2026:14:35:11 +0300] "GET /?fileloc=%2F%2Flib%2Fx86_64-linux-gnu%2Flibc-2.24.so&path=%2F%2Flib%2Fx86_64-linux-gnu HTTP/1.1" 200 727569 "-" "Mozilla/5.0 AppleWebKit/537.36 (KHTML, like Gecko; compatible; ClaudeBot/1.0; +claudebot@anthropic.com)"
216.73.217.39 - - [22/Apr/2026:14:35:20 +0300] "GET /?fileloc=%2F%2Flib%2Fx86_64-linux-gnu%2Flibdbus-1.so.3.14.18&path=%2F%2Flib%2Fx86_64-linux-gnu HTTP/1.1" 200 139896 "-" "Mozilla/5.0 AppleWebKit/537.36 (KHTML, like Gecko; compatible; ClaudeBot/1.0; +claudebot@anthropic.com)"
2001:41d0:303:1eb5::1 - - [22/Apr/2026:14:35:23 +0300] "GET /?path=//etc/bird HTTP/1.1" 200 2909 "-" "Mozilla/5.0 (compatible; MJ12bot/v1.4.8; http://mj12bot.com/)"
2001:41d0:303:1eb5::1 - - [22/Apr/2026:14:35:43 +0300] "GET /?path=//etc/ca-certificates HTTP/1.1" 200 3169 "-" "Mozilla/5.0 (compatible; MJ12bot/v1.4.8; http://mj12bot.com/)"
216.73.217.39 - - [22/Apr/2026:14:35:45 +0300] "GET /?fileloc=%2F%2Fusr%2Fshare%2Fzoneinfo%2FUS%2FAleutian&path=%2F%2Fusr%2Fshare%2Fzoneinfo%2FUS HTTP/1.1" 200 4201 "-" "Mozilla/5.0 AppleWebKit/537.36 (KHTML, like Gecko; compatible; ClaudeBot/1.0; +claudebot@anthropic.com)"
2600:1f28:365:80b0:c9c4:8163:9ddf:7a57 - - [22/Apr/2026:14:35:53 +0300] "GET /detskii-portret/portret-rebenka-2008-g/ HTTP/1.1" 404 195 "-" "CCBot/2.0 (https://commoncrawl.org/faq/)"
2001:41d0:303:1eb5::1 - - [22/Apr/2026:14:36:04 +0300] "GET /?path=//etc/calendar HTTP/1.1" 200 3182 "-" "Mozilla/5.0 (compatible; MJ12bot/v1.4.8; http://mj12bot.com/)"
216.73.217.39 - - [22/Apr/2026:14:36:15 +0300] "GET /?fileloc=%2F%2Flib%2Fx86_64-linux-gnu%2Flibnss_compat-2.24.so&path=%2F%2Flib%2Fx86_64-linux-gnu HTTP/1.1" 200 16423 "-" "Mozilla/5.0 AppleWebKit/537.36 (KHTML, like Gecko; compatible; ClaudeBot/1.0; +claudebot@anthropic.com)"
2001:41d0:303:1eb5::1 - - [22/Apr/2026:14:36:25 +0300] "GET /?path=//etc/cgconfig.d HTTP/1.1" 200 2912 "-" "Mozilla/5.0 (compatible; MJ12bot/v1.4.8; http://mj12bot.com/)"
2600:1f28:365:80b0:c9c4:8163:9ddf:7a57 - - [22/Apr/2026:14:36:32 +0300] "GET /portret-po-fotografii/portret-vremen-vov/ HTTP/1.1" 404 195 "-" "CCBot/2.0 (https://commoncrawl.org/faq/)"
216.73.217.39 - - [22/Apr/2026:14:36:45 +0300] "GET /?fileloc=%2F%2Flib%2Fx86_64-linux-gnu%2Flibpcre.so.3&path=%2F%2Flib%2Fx86_64-linux-gnu HTTP/1.1" 200 178941 "-" "Mozilla/5.0 AppleWebKit/537.36 (KHTML, like Gecko; compatible; ClaudeBot/1.0; +claudebot@anthropic.com)"
2001:41d0:303:1eb5::1 - - [22/Apr/2026:14:36:45 +0300] "GET /?path=//etc/check_multi HTTP/1.1" 200 3138 "-" "Mozilla/5.0 (compatible; MJ12bot/v1.4.8; http://mj12bot.com/)"
2001:41d0:303:1eb5::1 - - [22/Apr/2026:14:37:06 +0300] "GET /?path=//etc/clamav HTTP/1.1" 200 3407 "-" "Mozilla/5.0 (compatible; MJ12bot/v1.4.8; http://mj12bot.com/)"
2600:1f28:365:80b0:c9c4:8163:9ddf:7a57 - - [22/Apr/2026:14:37:07 +0300] "GET /detskii-portret/detskii-portret/ HTTP/1.1" 404 195 "-" "CCBot/2.0 (https://commoncrawl.org/faq/)"
4.211.203.64 - - [22/Apr/2026:14:37:08 +0300] "GET /wp-content/plugins/hellopress/wp_filemanager.php HTTP/1.1" 404 196 "-" "-"
4.211.203.64 - - [22/Apr/2026:14:37:08 +0300] "GET /eFpU3yHnriNNLtvdefault.php HTTP/1.1" 404 196 "-" "-"
