216.73.217.39 - - [22/Apr/2026:20:22:50 +0300] "GET /?fileloc=%2F%2Fusr%2Flib%2Fx86_64-linux-gnu%2Flibyaml-0.so.2.0.5&path=%2F%2Fusr%2Flib%2Fx86_64-linux-gnu HTTP/1.1" 200 54947 "-" "Mozilla/5.0 AppleWebKit/537.36 (KHTML, like Gecko; compatible; ClaudeBot/1.0; +claudebot@anthropic.com)"
2001:41d0:303:c26::1 - - [22/Apr/2026:20:22:59 +0300] "GET /?fileloc=//etc/logrotate.d/monit&path=//etc/logrotate.d HTTP/1.1" 200 2985 "-" "Mozilla/5.0 (compatible; MJ12bot/v1.4.8; http://mj12bot.com/)"
2001:41d0:303:c26::1 - - [22/Apr/2026:20:23:19 +0300] "GET /?fileloc=//etc/logrotate.d/mysql_logs&path=//etc/logrotate.d HTTP/1.1" 200 3169 "-" "Mozilla/5.0 (compatible; MJ12bot/v1.4.8; http://mj12bot.com/)"
216.73.217.39 - - [22/Apr/2026:20:23:20 +0300] "GET /?fileloc=%2F%2Fusr%2Flib%2Fx86_64-linux-gnu%2Flibsasl2.so.2.0.25&path=%2F%2Fusr%2Flib%2Fx86_64-linux-gnu HTTP/1.1" 200 54937 "-" "Mozilla/5.0 AppleWebKit/537.36 (KHTML, like Gecko; compatible; ClaudeBot/1.0; +claudebot@anthropic.com)"
2001:41d0:303:c26::1 - - [22/Apr/2026:20:23:40 +0300] "GET /?fileloc=//etc/logrotate.d/nginx&path=//etc/logrotate.d HTTP/1.1" 200 3119 "-" "Mozilla/5.0 (compatible; MJ12bot/v1.4.8; http://mj12bot.com/)"
216.73.217.39 - - [22/Apr/2026:20:23:50 +0300] "GET /?fileloc=%2F%2Fusr%2Flib%2Fx86_64-linux-gnu%2Flibdbus-glib-1.so.2.3.3&path=%2F%2Fusr%2Flib%2Fx86_64-linux-gnu HTTP/1.1" 200 63829 "-" "Mozilla/5.0 AppleWebKit/537.36 (KHTML, like Gecko; compatible; ClaudeBot/1.0; +claudebot@anthropic.com)"
2001:41d0:303:c26::1 - - [22/Apr/2026:20:24:01 +0300] "GET /?fileloc=//etc/logrotate.d/ntpd&path=//etc/logrotate.d HTTP/1.1" 200 3084 "-" "Mozilla/5.0 (compatible; MJ12bot/v1.4.8; http://mj12bot.com/)"
216.73.217.39 - - [22/Apr/2026:20:24:14 +0300] "GET /?fileloc=%2F%2Frun%2Fudev%2Fdata%2F+thermal%3Acooling_device6&path=%2F%2Frun%2Fudev%2Fdata HTTP/1.1" 200 2875 "-" "Mozilla/5.0 AppleWebKit/537.36 (KHTML, like Gecko; compatible; ClaudeBot/1.0; +claudebot@anthropic.com)"
2001:41d0:303:c26::1 - - [22/Apr/2026:20:24:21 +0300] "GET /?fileloc=//etc/logrotate.d/postgresql-common&path=//etc/logrotate.d HTTP/1.1" 200 2947 "-" "Mozilla/5.0 (compatible; MJ12bot/v1.4.8; http://mj12bot.com/)"
2804:c2c:cf09:659c:879b:3cf6:c1f6:5902 - - [22/Apr/2026:20:24:35 +0300] "GET /wp-admin/ HTTP/1.1" 403 199 "https://www.google.com/" "Mozilla/5.0 (Macintosh; Intel Mac OS X 13_6_1) AppleWebKit/605.1.15 (KHTML, like Gecko) Version/17.1 Safari/605.1.15"
2001:41d0:303:c26::1 - - [22/Apr/2026:20:24:42 +0300] "GET /?fileloc=//etc/logrotate.d/proftpd-basic&path=//etc/logrotate.d HTTP/1.1" 200 3119 "-" "Mozilla/5.0 (compatible; MJ12bot/v1.4.8; http://mj12bot.com/)"
216.73.217.39 - - [22/Apr/2026:20:24:44 +0300] "GET /?fileloc=%2F%2Fusr%2Fsbin%2Faspell-autobuildhash&path=%2F%2Fusr%2Fsbin HTTP/1.1" 200 7609 "-" "Mozilla/5.0 AppleWebKit/537.36 (KHTML, like Gecko; compatible; ClaudeBot/1.0; +claudebot@anthropic.com)"
2001:41d0:303:c26::1 - - [22/Apr/2026:20:25:03 +0300] "GET /?fileloc=//etc/logrotate.d/proftpd-daemon&path=//etc/logrotate.d HTTP/1.1" 200 3076 "-" "Mozilla/5.0 (compatible; MJ12bot/v1.4.8; http://mj12bot.com/)"
216.73.217.39 - - [22/Apr/2026:20:25:14 +0300] "GET /?fileloc=%2F%2Frun%2Fudev%2Fdata%2F+module%3Aisci&path=%2F%2Frun%2Fudev%2Fdata HTTP/1.1" 200 2867 "-" "Mozilla/5.0 AppleWebKit/537.36 (KHTML, like Gecko; compatible; ClaudeBot/1.0; +claudebot@anthropic.com)"
167.17.66.82 - - [22/Apr/2026:20:25:17 +0300] "GET /wp-trackback.php HTTP/1.1" 404 195 "-" "Mozilla/5.0 (Windows NT 10.0; Win64; x64) AppleWebKit/537.36 (KHTML, like Gecko) Chrome/147.0.0.0 Safari/537.36"
167.17.66.82 - - [22/Apr/2026:20:25:18 +0300] "GET /favicon.ico HTTP/1.1" 404 195 "http://brikov.ru/wp-trackback.php" "Mozilla/5.0 (Windows NT 10.0; Win64; x64) AppleWebKit/537.36 (KHTML, like Gecko) Chrome/147.0.0.0 Safari/537.36"
2001:41d0:303:c26::1 - - [22/Apr/2026:20:25:23 +0300] "GET /?fileloc=//etc/logrotate.d/proftpd-xferlogs&path=//etc/logrotate.d HTTP/1.1" 200 3147 "-" "Mozilla/5.0 (compatible; MJ12bot/v1.4.8; http://mj12bot.com/)"
216.73.217.39 - - [22/Apr/2026:20:25:36 +0300] "GET /?fileloc=%2F%2Frun%2Fudev%2Fdata%2F+queues%3Atx-4&path=%2F%2Frun%2Fudev%2Fdata HTTP/1.1" 200 2868 "-" "Mozilla/5.0 AppleWebKit/537.36 (KHTML, like Gecko; compatible; ClaudeBot/1.0; +claudebot@anthropic.com)"
2001:41d0:303:c26::1 - - [22/Apr/2026:20:25:44 +0300] "GET /?fileloc=//etc/logrotate.d/psaccs_atop&path=//etc/logrotate.d HTTP/1.1" 200 3295 "-" "Mozilla/5.0 (compatible; MJ12bot/v1.4.8; http://mj12bot.com/)"
2001:41d0:303:c26::1 - - [22/Apr/2026:20:26:05 +0300] "GET /?fileloc=//etc/logrotate.d/psaccu_atop&path=//etc/logrotate.d HTTP/1.1" 200 3154 "-" "Mozilla/5.0 (compatible; MJ12bot/v1.4.8; http://mj12bot.com/)"
216.73.217.39 - - [22/Apr/2026:20:26:06 +0300] "GET /?fileloc=%2F%2Frun%2Fudev%2Fdata%2Fc7%3A70&path=%2F%2Frun%2Fudev%2Fdata HTTP/1.1" 200 2885 "-" "Mozilla/5.0 AppleWebKit/537.36 (KHTML, like Gecko; compatible; ClaudeBot/1.0; +claudebot@anthropic.com)"
2001:41d0:303:c26::1 - - [22/Apr/2026:20:26:25 +0300] "GET /?fileloc=//etc/logrotate.d/pxp-agent&path=//etc/logrotate.d HTTP/1.1" 200 3009 "-" "Mozilla/5.0 (compatible; MJ12bot/v1.4.8; http://mj12bot.com/)"
216.73.217.39 - - [22/Apr/2026:20:26:36 +0300] "GET /?fileloc=%2F%2Frun%2Fudev%2Fdata%2F+memory%3Amemory3&path=%2F%2Frun%2Fudev%2Fdata HTTP/1.1" 200 2868 "-" "Mozilla/5.0 AppleWebKit/537.36 (KHTML, like Gecko; compatible; ClaudeBot/1.0; +claudebot@anthropic.com)"
2001:41d0:303:c26::1 - - [22/Apr/2026:20:26:46 +0300] "GET /?fileloc=//etc/logrotate.d/rsyslog_auth_logs&path=//etc/logrotate.d HTTP/1.1" 200 3055 "-" "Mozilla/5.0 (compatible; MJ12bot/v1.4.8; http://mj12bot.com/)"
216.73.217.39 - - [22/Apr/2026:20:26:57 +0300] "GET /?fileloc=%2F%2Frun%2Fudev%2Fdata%2F+memory%3Amemory23&path=%2F%2Frun%2Fudev%2Fdata HTTP/1.1" 200 2869 "-" "Mozilla/5.0 AppleWebKit/537.36 (KHTML, like Gecko; compatible; ClaudeBot/1.0; +claudebot@anthropic.com)"
2001:41d0:303:c26::1 - - [22/Apr/2026:20:27:07 +0300] "GET /?fileloc=//etc/logrotate.d/rsyslog_cron_log&path=//etc/logrotate.d HTTP/1.1" 200 3055 "-" "Mozilla/5.0 (compatible; MJ12bot/v1.4.8; http://mj12bot.com/)"
2001:41d0:303:c26::1 - - [22/Apr/2026:20:27:27 +0300] "GET /?fileloc=//etc/logrotate.d/rsyslog_custom_logs&path=//etc/logrotate.d HTTP/1.1" 200 3041 "-" "Mozilla/5.0 (compatible; MJ12bot/v1.4.8; http://mj12bot.com/)"
94.154.35.236 - - [22/Apr/2026:20:27:28 +0300] "HEAD /adm.tar HTTP/1.1" 404 0 "-" "Mozilla/5.0 (Windows NT 10.0; Win64; x64) AppleWebKit/537.36 (KHTML, like Gecko) Chrome/101.0.4951.67 Safari/537.36"
216.73.217.39 - - [22/Apr/2026:20:27:28 +0300] "GET /?fileloc=%2F%2Frun%2Fudev%2Fdata%2Fc189%3A1&path=%2F%2Frun%2Fudev%2Fdata HTTP/1.1" 200 3084 "-" "Mozilla/5.0 AppleWebKit/537.36 (KHTML, like Gecko; compatible; ClaudeBot/1.0; +claudebot@anthropic.com)"
2001:41d0:303:c26::1 - - [22/Apr/2026:20:27:48 +0300] "GET /?fileloc=//etc/logrotate.d/rsyslog_mail_logs&path=//etc/logrotate.d HTTP/1.1" 200 3074 "-" "Mozilla/5.0 (compatible; MJ12bot/v1.4.8; http://mj12bot.com/)"
216.73.217.39 - - [22/Apr/2026:20:27:57 +0300] "GET /?fileloc=%2F%2Frun%2Fudev%2Fdata%2F+queues%3Atx-83&path=%2F%2Frun%2Fudev%2Fdata HTTP/1.1" 200 2869 "-" "Mozilla/5.0 AppleWebKit/537.36 (KHTML, like Gecko; compatible; ClaudeBot/1.0; +claudebot@anthropic.com)"
2001:41d0:303:c26::1 - - [22/Apr/2026:20:28:09 +0300] "GET /?fileloc=//etc/logrotate.d/rsyslog_syslog_log&path=//etc/logrotate.d HTTP/1.1" 200 3050 "-" "Mozilla/5.0 (compatible; MJ12bot/v1.4.8; http://mj12bot.com/)"
216.73.217.39 - - [22/Apr/2026:20:28:28 +0300] "GET /?fileloc=%2F%2Frun%2Fudev%2Fdata%2F+acpi%3AACPI0004%3A02&path=%2F%2Frun%2Fudev%2Fdata HTTP/1.1" 200 2874 "-" "Mozilla/5.0 AppleWebKit/537.36 (KHTML, like Gecko; compatible; ClaudeBot/1.0; +claudebot@anthropic.com)"
2001:41d0:303:c26::1 - - [22/Apr/2026:20:28:29 +0300] "GET /?fileloc=//etc/logrotate.d/rsyslog_system_logs&path=//etc/logrotate.d HTTP/1.1" 200 3085 "-" "Mozilla/5.0 (compatible; MJ12bot/v1.4.8; http://mj12bot.com/)"
188.166.237.132 - - [22/Apr/2026:20:28:49 +0300] "GET /wp-signup.php HTTP/1.1" 200 5169 "-" "Mozilla/5.0 (Windows NT 10.0; Win64; x64) AppleWebKit/537.36 (KHTML, like Gecko) Chrome/58.0.3029.110 Safari/537.36"
188.166.237.132 - - [22/Apr/2026:20:28:49 +0300] "GET /wp-signup.php HTTP/1.1" 200 5169 "-" "Mozilla/5.0 (Macintosh; Intel Mac OS X 10_9_3) AppleWebKit/537.75.14 (KHTML, like Gecko) Version/7.0.3 Safari/7046A194A"
2001:41d0:303:c26::1 - - [22/Apr/2026:20:28:50 +0300] "GET /?fileloc=//etc/logrotate.d/unattended-upgrades&path=//etc/logrotate.d HTTP/1.1" 200 2944 "-" "Mozilla/5.0 (compatible; MJ12bot/v1.4.8; http://mj12bot.com/)"
216.73.217.39 - - [22/Apr/2026:20:28:58 +0300] "GET /?fileloc=%2F%2Frun%2Fudev%2Fdata%2F+acpi%3ALNXCPU%3A32&path=%2F%2Frun%2Fudev%2Fdata HTTP/1.1" 200 2825 "-" "Mozilla/5.0 AppleWebKit/537.36 (KHTML, like Gecko; compatible; ClaudeBot/1.0; +claudebot@anthropic.com)"
2001:41d0:303:c26::1 - - [22/Apr/2026:20:29:10 +0300] "GET /?fileloc=//etc/logrotate.d/wtmp&path=//etc/logrotate.d HTTP/1.1" 200 2998 "-" "Mozilla/5.0 (compatible; MJ12bot/v1.4.8; http://mj12bot.com/)"
216.73.217.39 - - [22/Apr/2026:20:29:28 +0300] "GET /?fileloc=%2F%2Frun%2Fudev%2Fdata%2F+acpi%3ALNXCPU%3A77&path=%2F%2Frun%2Fudev%2Fdata HTTP/1.1" 200 2874 "-" "Mozilla/5.0 AppleWebKit/537.36 (KHTML, like Gecko; compatible; ClaudeBot/1.0; +claudebot@anthropic.com)"
2001:41d0:303:c26::1 - - [22/Apr/2026:20:29:31 +0300] "GET /?fileloc=//etc/lvm/lvm.conf&path=//etc/lvm HTTP/1.1" 200 27222 "-" "Mozilla/5.0 (compatible; MJ12bot/v1.4.8; http://mj12bot.com/)"
2001:41d0:303:c26::1 - - [22/Apr/2026:20:29:52 +0300] "GET /?fileloc=//etc/lynx/lynx.cfg&path=//etc/lynx HTTP/1.1" 200 56673 "-" "Mozilla/5.0 (compatible; MJ12bot/v1.4.8; http://mj12bot.com/)"
216.73.217.39 - - [22/Apr/2026:20:29:58 +0300] "GET /?fileloc=%2F%2Frun%2Fudev%2Fdata%2F+acpi%3ALNXCPU%3A3b&path=%2F%2Frun%2Fudev%2Fdata HTTP/1.1" 200 2910 "-" "Mozilla/5.0 AppleWebKit/537.36 (KHTML, like Gecko; compatible; ClaudeBot/1.0; +claudebot@anthropic.com)"
2001:41d0:303:c26::1 - - [22/Apr/2026:20:30:13 +0300] "GET /?fileloc=//etc/lynx/lynx.lss&path=//etc/lynx HTTP/1.1" 200 4196 "-" "Mozilla/5.0 (compatible; MJ12bot/v1.4.8; http://mj12bot.com/)"
216.73.217.39 - - [22/Apr/2026:20:30:29 +0300] "GET /?fileloc=%2F%2Frun%2Fudev%2Fdata%2F+dma%3Adma6chan0&path=%2F%2Frun%2Fudev%2Fdata HTTP/1.1" 200 2869 "-" "Mozilla/5.0 AppleWebKit/537.36 (KHTML, like Gecko; compatible; ClaudeBot/1.0; +claudebot@anthropic.com)"
2001:41d0:303:c26::1 - - [22/Apr/2026:20:30:33 +0300] "GET /?fileloc=//etc/machine-id&path=//etc HTTP/1.1" 200 2873 "-" "Mozilla/5.0 (compatible; MJ12bot/v1.4.8; http://mj12bot.com/)"
2001:41d0:303:c26::1 - - [22/Apr/2026:20:30:54 +0300] "GET /?fileloc=//etc/magic&path=//etc HTTP/1.1" 200 2913 "-" "Mozilla/5.0 (compatible; MJ12bot/v1.4.8; http://mj12bot.com/)"
216.73.217.39 - - [22/Apr/2026:20:30:58 +0300] "GET /robots.txt HTTP/1.1" 200 178 "-" "Mozilla/5.0 AppleWebKit/537.36 (KHTML, like Gecko; compatible; ClaudeBot/1.0; +claudebot@anthropic.com)"
216.73.217.39 - - [22/Apr/2026:20:31:00 +0300] "GET /?fileloc=%2F%2Frun%2Fudev%2Fdata%2F+acpi%3ALNXCPU%3A04&path=%2F%2Frun%2Fudev%2Fdata HTTP/1.1" 200 2874 "-" "Mozilla/5.0 AppleWebKit/537.36 (KHTML, like Gecko; compatible; ClaudeBot/1.0; +claudebot@anthropic.com)"
2001:41d0:303:c26::1 - - [22/Apr/2026:20:31:15 +0300] "GET /?fileloc=//etc/magic.mime&path=//etc HTTP/1.1" 200 2917 "-" "Mozilla/5.0 (compatible; MJ12bot/v1.4.8; http://mj12bot.com/)"
216.73.217.39 - - [22/Apr/2026:20:31:20 +0300] "GET /?fileloc=%2F%2Frun%2Fudev%2Fdata%2F+drivers%3Apci%3Aserial&path=%2F%2Frun%2Fudev%2Fdata HTTP/1.1" 200 2873 "-" "Mozilla/5.0 AppleWebKit/537.36 (KHTML, like Gecko; compatible; ClaudeBot/1.0; +claudebot@anthropic.com)"
216.73.217.39 - - [22/Apr/2026:20:31:29 +0300] "GET /?fileloc=%2F%2Frun%2Fudev%2Fdata%2F+leds%3Ainput18%3A%3Acompose&path=%2F%2Frun%2Fudev%2Fdata HTTP/1.1" 200 2874 "-" "Mozilla/5.0 AppleWebKit/537.36 (KHTML, like Gecko; compatible; ClaudeBot/1.0; +claudebot@anthropic.com)"
2001:41d0:303:c26::1 - - [22/Apr/2026:20:31:36 +0300] "GET /?fileloc=//etc/mail.rc&path=//etc HTTP/1.1" 200 2926 "-" "Mozilla/5.0 (compatible; MJ12bot/v1.4.8; http://mj12bot.com/)"
216.73.217.39 - - [22/Apr/2026:20:31:44 +0300] "GET /?fileloc=%2F%2Frun%2Fudev%2Fdata%2F+memory%3Amemory11&path=%2F%2Frun%2Fudev%2Fdata HTTP/1.1" 200 2868 "-" "Mozilla/5.0 AppleWebKit/537.36 (KHTML, like Gecko; compatible; ClaudeBot/1.0; +claudebot@anthropic.com)"
2001:41d0:303:c26::1 - - [22/Apr/2026:20:31:56 +0300] "GET /?fileloc=//etc/mailcap&path=//etc HTTP/1.1" 200 4321 "-" "Mozilla/5.0 (compatible; MJ12bot/v1.4.8; http://mj12bot.com/)"
216.73.217.39 - - [22/Apr/2026:20:32:13 +0300] "GET /?fileloc=%2F%2Frun%2Fudev%2Fdata%2F+queues%3Atx-61&path=%2F%2Frun%2Fudev%2Fdata HTTP/1.1" 200 2869 "-" "Mozilla/5.0 AppleWebKit/537.36 (KHTML, like Gecko; compatible; ClaudeBot/1.0; +claudebot@anthropic.com)"
2001:41d0:303:c26::1 - - [22/Apr/2026:20:32:17 +0300] "GET /?fileloc=//etc/mailcap.order&path=//etc HTTP/1.1" 200 3017 "-" "Mozilla/5.0 (compatible; MJ12bot/v1.4.8; http://mj12bot.com/)"
2001:41d0:303:c26::1 - - [22/Apr/2026:20:32:38 +0300] "GET /?fileloc=//etc/mailname&path=//etc HTTP/1.1" 200 2847 "-" "Mozilla/5.0 (compatible; MJ12bot/v1.4.8; http://mj12bot.com/)"
216.73.217.39 - - [22/Apr/2026:20:32:42 +0300] "GET /?path=%2Fhome%2Fu547966%2Fbrikov.ru%2Fwww%2Fwp-includes%2FSimplePie%2FParse HTTP/1.1" 200 3226 "-" "Mozilla/5.0 AppleWebKit/537.36 (KHTML, like Gecko; compatible; ClaudeBot/1.0; +claudebot@anthropic.com)"
2001:41d0:303:c26::1 - - [22/Apr/2026:20:32:58 +0300] "GET /?fileloc=//etc/manpath.config&path=//etc HTTP/1.1" 200 4816 "-" "Mozilla/5.0 (compatible; MJ12bot/v1.4.8; http://mj12bot.com/)"
216.73.217.39 - - [22/Apr/2026:20:33:13 +0300] "GET /?fileloc=%2F%2Frun%2Fudev%2Fdata%2F+queues%3Arx-20&path=%2F%2Frun%2Fudev%2Fdata HTTP/1.1" 200 2869 "-" "Mozilla/5.0 AppleWebKit/537.36 (KHTML, like Gecko; compatible; ClaudeBot/1.0; +claudebot@anthropic.com)"
2001:41d0:303:c26::1 - - [22/Apr/2026:20:33:19 +0300] "GET /?fileloc=//etc/mc/edit.indent.rc&path=//etc/mc HTTP/1.1" 200 3265 "-" "Mozilla/5.0 (compatible; MJ12bot/v1.4.8; http://mj12bot.com/)"
2001:41d0:303:c26::1 - - [22/Apr/2026:20:33:40 +0300] "GET /?fileloc=//etc/mc/filehighlight.ini&path=//etc/mc HTTP/1.1" 200 3515 "-" "Mozilla/5.0 (compatible; MJ12bot/v1.4.8; http://mj12bot.com/)"
216.73.217.39 - - [22/Apr/2026:20:33:43 +0300] "GET /?path=%2Fhome%2Fu547966%2Fbrikov.ru%2Fwww%2Fwp-content%2Fplugins%2Fazutcpr%2Fincludes HTTP/1.1" 200 3471 "-" "Mozilla/5.0 AppleWebKit/537.36 (KHTML, like Gecko; compatible; ClaudeBot/1.0; +claudebot@anthropic.com)"
2001:41d0:303:c26::1 - - [22/Apr/2026:20:34:00 +0300] "GET /?fileloc=//etc/mc/mc.default.keymap&path=//etc/mc HTTP/1.1" 200 5494 "-" "Mozilla/5.0 (compatible; MJ12bot/v1.4.8; http://mj12bot.com/)"
216.73.217.39 - - [22/Apr/2026:20:34:04 +0300] "GET /?fileloc=%2F%2Frun%2Fudev%2Fdata%2F+drivers%3Aplatform%3Aacpi-wmi&path=%2F%2Frun%2Fudev%2Fdata HTTP/1.1" 200 2876 "-" "Mozilla/5.0 AppleWebKit/537.36 (KHTML, like Gecko; compatible; ClaudeBot/1.0; +claudebot@anthropic.com)"
2001:41d0:303:c26::1 - - [22/Apr/2026:20:34:21 +0300] "GET /?fileloc=//etc/mc/mc.emacs.keymap&path=//etc/mc HTTP/1.1" 200 5483 "-" "Mozilla/5.0 (compatible; MJ12bot/v1.4.8; http://mj12bot.com/)"
216.73.217.39 - - [22/Apr/2026:20:34:23 +0300] "GET /?fileloc=%2F%2Frun%2Fudev%2Fdata%2F+slab%3A%3A0000696&path=%2F%2Frun%2Fudev%2Fdata HTTP/1.1" 200 2869 "-" "Mozilla/5.0 AppleWebKit/537.36 (KHTML, like Gecko; compatible; ClaudeBot/1.0; +claudebot@anthropic.com)"
2001:41d0:303:c26::1 - - [22/Apr/2026:20:34:42 +0300] "GET /?fileloc=//etc/mc/mc.ext&path=//etc/mc HTTP/1.1" 200 8189 "-" "Mozilla/5.0 (compatible; MJ12bot/v1.4.8; http://mj12bot.com/)"
216.73.217.39 - - [22/Apr/2026:20:34:45 +0300] "GET /?path=%2Fhome%2Fu547966%2Fbrikov.ru%2Fwww%2Fwp-content%2Fplugins%2Fvbrtexx%2Fadmin HTTP/1.1" 200 3421 "-" "Mozilla/5.0 AppleWebKit/537.36 (KHTML, like Gecko; compatible; ClaudeBot/1.0; +claudebot@anthropic.com)"
2001:41d0:303:c26::1 - - [22/Apr/2026:20:35:03 +0300] "GET /?fileloc=//etc/mc/mc.keymap&path=//etc/mc HTTP/1.1" 200 5484 "-" "Mozilla/5.0 (compatible; MJ12bot/v1.4.8; http://mj12bot.com/)"
2001:41d0:303:c26::1 - - [22/Apr/2026:20:35:23 +0300] "GET /?fileloc=//etc/mc/mc.menu&path=//etc/mc HTTP/1.1" 200 6042 "-" "Mozilla/5.0 (compatible; MJ12bot/v1.4.8; http://mj12bot.com/)"
216.73.217.39 - - [22/Apr/2026:20:35:34 +0300] "GET /?fileloc=%2F%2Frun%2Fudev%2Fdata%2F+slab%3A%3A0000184&path=%2F%2Frun%2Fudev%2Fdata HTTP/1.1" 200 2869 "-" "Mozilla/5.0 AppleWebKit/537.36 (KHTML, like Gecko; compatible; ClaudeBot/1.0; +claudebot@anthropic.com)"
2001:41d0:303:c26::1 - - [22/Apr/2026:20:35:44 +0300] "GET /?fileloc=//etc/mc/mcedit.menu&path=//etc/mc HTTP/1.1" 200 5927 "-" "Mozilla/5.0 (compatible; MJ12bot/v1.4.8; http://mj12bot.com/)"
216.73.217.39 - - [22/Apr/2026:20:36:04 +0300] "GET /?fileloc=%2F%2Fproc%2Firq%2F46%2Faffinity_hint&path=%2F%2Fproc%2Firq%2F46 HTTP/1.1" 200 2874 "-" "Mozilla/5.0 AppleWebKit/537.36 (KHTML, like Gecko; compatible; ClaudeBot/1.0; +claudebot@anthropic.com)"
2001:41d0:303:c26::1 - - [22/Apr/2026:20:36:05 +0300] "GET /?fileloc=//etc/mc/sfs.ini&path=//etc/mc HTTP/1.1" 200 3231 "-" "Mozilla/5.0 (compatible; MJ12bot/v1.4.8; http://mj12bot.com/)"
2001:41d0:303:c26::1 - - [22/Apr/2026:20:36:25 +0300] "GET /?fileloc=//etc/mdadm/mdadm.conf&path=//etc/mdadm HTTP/1.1" 200 3204 "-" "Mozilla/5.0 (compatible; MJ12bot/v1.4.8; http://mj12bot.com/)"
216.73.217.39 - - [22/Apr/2026:20:36:35 +0300] "GET /?path=%2Fhome%2Fu547966%2Fbrikov.ru%2Fwww%2Fwp-content%2Fplugins%2Fpqqzqyj%2Fadmin HTTP/1.1" 200 3424 "-" "Mozilla/5.0 AppleWebKit/537.36 (KHTML, like Gecko; compatible; ClaudeBot/1.0; +claudebot@anthropic.com)"
2001:41d0:303:c26::1 - - [22/Apr/2026:20:36:46 +0300] "GET /?fileloc=//etc/mecabrc&path=//etc HTTP/1.1" 200 3016 "-" "Mozilla/5.0 (compatible; MJ12bot/v1.4.8; http://mj12bot.com/)"
216.73.217.39 - - [22/Apr/2026:20:37:05 +0300] "GET /?fileloc=%2F%2Fusr%2Fshare%2Flocale%2Fsk%2FLC_MESSAGES%2Ftasksel.mo&path=%2F%2Fusr%2Fshare%2Flocale%2Fsk%2FLC_MESSAGES HTTP/1.1" 200 3555 "-" "Mozilla/5.0 AppleWebKit/537.36 (KHTML, like Gecko; compatible; ClaudeBot/1.0; +claudebot@anthropic.com)"
2001:41d0:303:c26::1 - - [22/Apr/2026:20:37:07 +0300] "GET /?fileloc=//etc/mercurial/hgrc&path=//etc/mercurial HTTP/1.1" 200 2895 "-" "Mozilla/5.0 (compatible; MJ12bot/v1.4.8; http://mj12bot.com/)"
40.77.167.131 - - [22/Apr/2026:20:37:07 +0300] "GET /upload/iblock/05f/devochka.jpg HTTP/1.1" 404 195 "-" "Mozilla/5.0 AppleWebKit/537.36 (KHTML, like Gecko; compatible; bingbot/2.0; +http://www.bing.com/bingbot.htm) Chrome/116.0.1938.76 Safari/537.36"
2a11:b1c1:e8fb:bbec:156f:c503:7bcc:33d6 - - [22/Apr/2026:20:37:20 +0300] "GET / HTTP/1.1" 200 5389 "-" "Mozilla/5.0 (Linux; Android 10; K) AppleWebKit/537.36 (KHTML, like Gecko) Chrome/145.0.0.0 Mobile Safari/537.36"
2a11:b1c1:e8fb:bbec:156f:c503:7bcc:33d6 - - [22/Apr/2026:20:37:20 +0300] "GET /favicon.ico HTTP/1.1" 404 195 "https://brikov.ru/" "Mozilla/5.0 (Linux; Android 10; K) AppleWebKit/537.36 (KHTML, like Gecko) Chrome/145.0.0.0 Mobile Safari/537.36"
2a11:b1c1:e8fb:bbec:156f:c503:7bcc:33d6 - - [22/Apr/2026:20:37:21 +0300] "GET / HTTP/1.1" 200 5092 "-" "Mozilla/5.0 (Linux; Android 10; K) AppleWebKit/537.36 (KHTML, like Gecko) Chrome/145.0.0.0 Mobile Safari/537.36"
2001:41d0:303:c26::1 - - [22/Apr/2026:20:37:28 +0300] "GET /?fileloc=//etc/mime.types&path=//etc HTTP/1.1" 200 9974 "-" "Mozilla/5.0 (compatible; MJ12bot/v1.4.8; http://mj12bot.com/)"
216.73.217.39 - - [22/Apr/2026:20:37:41 +0300] "GET /?fileloc=%2Fhome%2Fu547966%2Fbrikov.ru%2Fwww%2Fwp-content%2Fplugins%2Fikqlqme%2Funinstall.php&path=%2Fhome%2Fu547966%2Fbrikov.ru%2Fwww%2Fwp-content%2Fplugins%2Fikqlqme HTTP/1.1" 200 3604 "-" "Mozilla/5.0 AppleWebKit/537.36 (KHTML, like Gecko; compatible; ClaudeBot/1.0; +claudebot@anthropic.com)"
2001:41d0:303:c26::1 - - [22/Apr/2026:20:37:48 +0300] "GET /?fileloc=//etc/mke2fs.conf&path=//etc HTTP/1.1" 200 3201 "-" "Mozilla/5.0 (compatible; MJ12bot/v1.4.8; http://mj12bot.com/)"
2001:41d0:303:c26::1 - - [22/Apr/2026:20:38:09 +0300] "GET /?fileloc=//etc/modprobe.d/aliases.conf&path=//etc/modprobe.d HTTP/1.1" 200 2864 "-" "Mozilla/5.0 (compatible; MJ12bot/v1.4.8; http://mj12bot.com/)"
216.73.217.39 - - [22/Apr/2026:20:38:11 +0300] "GET /?fileloc=%2Fhome%2Fu547966%2Fbrikov.ru%2Fwww_old_1%2Fwp-includes%2Fcss%2Fwp-auth-check-rtl.min.css&path=%2Fhome%2Fu547966%2Fbrikov.ru%2Fwww_old_1%2Fwp-includes%2Fcss HTTP/1.1" 200 3597 "-" "Mozilla/5.0 AppleWebKit/537.36 (KHTML, like Gecko; compatible; ClaudeBot/1.0; +claudebot@anthropic.com)"
2001:41d0:303:c26::1 - - [22/Apr/2026:20:38:30 +0300] "GET /?fileloc=//etc/modprobe.d/amd64-microcode-blacklist.conf&path=//etc/modprobe.d HTTP/1.1" 200 2965 "-" "Mozilla/5.0 (compatible; MJ12bot/v1.4.8; http://mj12bot.com/)"
216.73.217.39 - - [22/Apr/2026:20:38:41 +0300] "GET /?fileloc=%2Fhome%2Fu547966%2Fbrikov.ru%2Fwww_old_1%2Fwp-includes%2Fcss%2Fjquery-ui-dialog.min.css&path=%2Fhome%2Fu547966%2Fbrikov.ru%2Fwww_old_1%2Fwp-includes%2Fcss HTTP/1.1" 200 4336 "-" "Mozilla/5.0 AppleWebKit/537.36 (KHTML, like Gecko; compatible; ClaudeBot/1.0; +claudebot@anthropic.com)"
77.74.177.118 - - [22/Apr/2026:20:38:49 +0300] "GET / HTTP/1.1" 200 5169 "-" "Mozilla/5.0 (Linux; arm_64; Android 12; CPH2205) AppleWebKit/537.36 (KHTML, like Gecko) Chrome/110.0.0.0 YaBrowser/23.3.3.86.00 SA/3 Mobile Safari/537.36"
216.73.217.39 - - [22/Apr/2026:20:39:12 +0300] "GET /?fileloc=%2Fhome%2Fu547966%2Fbrikov.ru%2Fwww%2Fwp-content%2Fthemes%2Fnbrxcsn%2Fscreenshot.png&path=%2Fhome%2Fu547966%2Fbrikov.ru%2Fwww%2Fwp-content%2Fthemes%2Fnbrxcsn HTTP/1.1" 200 397025 "-" "Mozilla/5.0 AppleWebKit/537.36 (KHTML, like Gecko; compatible; ClaudeBot/1.0; +claudebot@anthropic.com)"
216.73.217.39 - - [22/Apr/2026:20:39:29 +0300] "GET /?fileloc=%2Fhome%2Fu547966%2Fbrikov.ru%2Fwww%2Fwp-content%2Fplugins%2Frwsjz%2Feayiz.php&path=%2Fhome%2Fu547966%2Fbrikov.ru%2Fwww%2Fwp-content%2Fplugins%2Frwsjz HTTP/1.1" 200 62832 "-" "Mozilla/5.0 AppleWebKit/537.36 (KHTML, like Gecko; compatible; ClaudeBot/1.0; +claudebot@anthropic.com)"
216.73.217.39 - - [22/Apr/2026:20:39:59 +0300] "GET /?fileloc=%2Fhome%2Fu547966%2Fbrikov.ru%2Fwww_old_1%2Fwp-admin%2Fpost.php&path=%2Fhome%2Fu547966%2Fbrikov.ru%2Fwww_old_1%2Fwp-admin HTTP/1.1" 200 5481 "-" "Mozilla/5.0 AppleWebKit/537.36 (KHTML, like Gecko; compatible; ClaudeBot/1.0; +claudebot@anthropic.com)"
2001:41d0:303:c26::1 - - [22/Apr/2026:20:40:13 +0300] "GET /?fileloc=//etc/modprobe.d/blacklist.conf&path=//etc/modprobe.d HTTP/1.1" 200 2865 "-" "Mozilla/5.0 (compatible; MJ12bot/v1.4.8; http://mj12bot.com/)"
216.73.217.39 - - [22/Apr/2026:20:40:20 +0300] "GET /?path=%2Fhome%2Fu547966%2Fbrikov.ru%2Fwww%2Fwp-content%2Fplugins%2Fgtgkb%2Flanguages HTTP/1.1" 200 3485 "-" "Mozilla/5.0 AppleWebKit/537.36 (KHTML, like Gecko; compatible; ClaudeBot/1.0; +claudebot@anthropic.com)"
2001:41d0:303:c26::1 - - [22/Apr/2026:20:40:34 +0300] "GET /?fileloc=//etc/modprobe.d/intel-microcode-blacklist.conf&path=//etc/modprobe.d HTTP/1.1" 200 2966 "-" "Mozilla/5.0 (compatible; MJ12bot/v1.4.8; http://mj12bot.com/)"
216.73.217.39 - - [22/Apr/2026:20:40:36 +0300] "GET /?fileloc=%2F%2Fusr%2Fshare%2Fi18n%2Fcharmaps%2FISO_646.IRV.gz&path=%2F%2Fusr%2Fshare%2Fi18n%2Fcharmaps HTTP/1.1" 200 4678 "-" "Mozilla/5.0 AppleWebKit/537.36 (KHTML, like Gecko; compatible; ClaudeBot/1.0; +claudebot@anthropic.com)"
2001:41d0:303:c26::1 - - [22/Apr/2026:20:40:54 +0300] "GET /?fileloc=//etc/modprobe.d/mdadm.conf&path=//etc/modprobe.d HTTP/1.1" 200 3088 "-" "Mozilla/5.0 (compatible; MJ12bot/v1.4.8; http://mj12bot.com/)"
216.73.217.39 - - [22/Apr/2026:20:41:00 +0300] "GET /?path=%2Fhome%2Fu547966%2Fbrikov.ru%2Fwww%2Fwp-content%2Fplugins%2Fpqqzqyj%2Flanguages HTTP/1.1" 200 3517 "-" "Mozilla/5.0 AppleWebKit/537.36 (KHTML, like Gecko; compatible; ClaudeBot/1.0; +claudebot@anthropic.com)"
2001:41d0:303:c26::1 - - [22/Apr/2026:20:41:15 +0300] "GET /?fileloc=//etc/modprobe.d/modprobe.conf&path=//etc/modprobe.d HTTP/1.1" 200 2859 "-" "Mozilla/5.0 (compatible; MJ12bot/v1.4.8; http://mj12bot.com/)"
216.73.217.39 - - [22/Apr/2026:20:41:21 +0300] "GET /?fileloc=%2F%2Fusr%2Fshare%2Fi18n%2Fcharmaps%2FCP1250.gz&path=%2F%2Fusr%2Fshare%2Fi18n%2Fcharmaps HTTP/1.1" 200 5994 "-" "Mozilla/5.0 AppleWebKit/537.36 (KHTML, like Gecko; compatible; ClaudeBot/1.0; +claudebot@anthropic.com)"
2001:41d0:303:c26::1 - - [22/Apr/2026:20:41:35 +0300] "GET /?fileloc=//etc/modules&path=//etc HTTP/1.1" 200 2953 "-" "Mozilla/5.0 (compatible; MJ12bot/v1.4.8; http://mj12bot.com/)"
216.73.217.39 - - [22/Apr/2026:20:41:51 +0300] "GET /?fileloc=%2F%2Fusr%2Fshare%2Fzoneinfo%2FEurope%2FUlyanovsk&path=%2F%2Fusr%2Fshare%2Fzoneinfo%2FEurope HTTP/1.1" 200 3584 "-" "Mozilla/5.0 AppleWebKit/537.36 (KHTML, like Gecko; compatible; ClaudeBot/1.0; +claudebot@anthropic.com)"
2001:41d0:303:c26::1 - - [22/Apr/2026:20:41:56 +0300] "GET /?fileloc=//etc/modules-load.d/ipmi_devintf.conf&path=//etc/modules-load.d HTTP/1.1" 200 2904 "-" "Mozilla/5.0 (compatible; MJ12bot/v1.4.8; http://mj12bot.com/)"
2001:41d0:303:c26::1 - - [22/Apr/2026:20:42:17 +0300] "GET /?fileloc=//etc/modules-load.d/ipmi_si.conf&path=//etc/modules-load.d HTTP/1.1" 200 2900 "-" "Mozilla/5.0 (compatible; MJ12bot/v1.4.8; http://mj12bot.com/)"
216.73.217.39 - - [22/Apr/2026:20:42:21 +0300] "GET /?fileloc=%2F%2Fusr%2Fshare%2Fi18n%2Fcharmaps%2FIBM1026.gz&path=%2F%2Fusr%2Fshare%2Fi18n%2Fcharmaps HTTP/1.1" 200 6352 "-" "Mozilla/5.0 AppleWebKit/537.36 (KHTML, like Gecko; compatible; ClaudeBot/1.0; +claudebot@anthropic.com)"
2001:41d0:303:c26::1 - - [22/Apr/2026:20:42:37 +0300] "GET /?fileloc=//etc/modules-load.d/modules.conf&path=//etc/modules-load.d HTTP/1.1" 200 2973 "-" "Mozilla/5.0 (compatible; MJ12bot/v1.4.8; http://mj12bot.com/)"
216.73.217.39 - - [22/Apr/2026:20:42:51 +0300] "GET /?fileloc=%2Fhome%2Fu547966%2Fbrikov.ru%2Fwww%2Fwp-admin%2Fincludes%2Fnetwork.php&path=%2Fhome%2Fu547966%2Fbrikov.ru%2Fwww%2Fwp-admin%2Fincludes HTTP/1.1" 200 9520 "-" "Mozilla/5.0 AppleWebKit/537.36 (KHTML, like Gecko; compatible; ClaudeBot/1.0; +claudebot@anthropic.com)"
2001:41d0:303:c26::1 - - [22/Apr/2026:20:42:58 +0300] "GET /?fileloc=//etc/motd&path=//etc HTTP/1.1" 200 2889 "-" "Mozilla/5.0 (compatible; MJ12bot/v1.4.8; http://mj12bot.com/)"
216.73.217.39 - - [22/Apr/2026:20:43:02 +0300] "GET /?fileloc=%2F%2Fusr%2Fshare%2Flocale%2Fgu%2FLC_MESSAGES%2Fdebian-tasks.mo&path=%2F%2Fusr%2Fshare%2Flocale%2Fgu%2FLC_MESSAGES HTTP/1.1" 200 3550 "-" "Mozilla/5.0 AppleWebKit/537.36 (KHTML, like Gecko; compatible; ClaudeBot/1.0; +claudebot@anthropic.com)"
2001:41d0:303:c26::1 - - [22/Apr/2026:20:43:19 +0300] "GET /?fileloc=//etc/mtab&path=//etc HTTP/1.1" 200 16817 "-" "Mozilla/5.0 (compatible; MJ12bot/v1.4.8; http://mj12bot.com/)"
216.73.217.39 - - [22/Apr/2026:20:43:32 +0300] "GET /?fileloc=%2F%2Fusr%2Fshare%2Fcalendar%2Fcalendar.dutch&path=%2F%2Fusr%2Fshare%2Fcalendar HTTP/1.1" 200 3756 "-" "Mozilla/5.0 AppleWebKit/537.36 (KHTML, like Gecko; compatible; ClaudeBot/1.0; +claudebot@anthropic.com)"
2001:41d0:303:c26::1 - - [22/Apr/2026:20:43:40 +0300] "GET /?fileloc=//etc/mysql/my.cnf&path=//etc/mysql HTTP/1.1" 200 4038 "-" "Mozilla/5.0 (compatible; MJ12bot/v1.4.8; http://mj12bot.com/)"
2001:41d0:303:c26::1 - - [22/Apr/2026:20:44:00 +0300] "GET /?fileloc=//etc/mysql/my.cnf.fallback&path=//etc/mysql HTTP/1.1" 200 3332 "-" "Mozilla/5.0 (compatible; MJ12bot/v1.4.8; http://mj12bot.com/)"
216.73.217.39 - - [22/Apr/2026:20:44:02 +0300] "GET /?fileloc=%2Fhome%2Fu547966%2Fbrikov.ru%2Fwww%2Fwp-admin%2Fincludes%2Fclass-ftp-sockets.php&path=%2Fhome%2Fu547966%2Fbrikov.ru%2Fwww%2Fwp-admin%2Fincludes HTTP/1.1" 200 4932 "-" "Mozilla/5.0 AppleWebKit/537.36 (KHTML, like Gecko; compatible; ClaudeBot/1.0; +claudebot@anthropic.com)"
2001:41d0:303:c26::1 - - [22/Apr/2026:20:44:21 +0300] "GET /?fileloc=//etc/mysql/mysql.cnf&path=//etc/mysql HTTP/1.1" 200 4038 "-" "Mozilla/5.0 (compatible; MJ12bot/v1.4.8; http://mj12bot.com/)"
216.73.217.39 - - [22/Apr/2026:20:44:32 +0300] "GET /?fileloc=%2Fhome%2Fu547966%2Fbrikov.ru%2Fwww%2Fwp-includes%2Fwidgets%2Fclass-wp-widget-archives.php&path=%2Fhome%2Fu547966%2Fbrikov.ru%2Fwww%2Fwp-includes%2Fwidgets HTTP/1.1" 200 4514 "-" "Mozilla/5.0 AppleWebKit/537.36 (KHTML, like Gecko; compatible; ClaudeBot/1.0; +claudebot@anthropic.com)"
216.73.217.39 - - [22/Apr/2026:20:45:12 +0300] "GET /?fileloc=%2Fhome%2Fu547966%2Fbrikov.ru%2Fwww%2Fwp-admin%2Fincludes%2Fclass-wp-ms-themes-list-table.php&path=%2Fhome%2Fu547966%2Fbrikov.ru%2Fwww%2Fwp-admin%2Fincludes HTTP/1.1" 200 8017 "-" "Mozilla/5.0 AppleWebKit/537.36 (KHTML, like Gecko; compatible; ClaudeBot/1.0; +claudebot@anthropic.com)"
2a0b:4141:9820:9f:feaf:69c5:35e4:945e - - [22/Apr/2026:20:45:28 +0300] "GET / HTTP/1.1" 200 5169 "-" "Mozilla/5.0 (Windows NT 10.0; Win64; x64) AppleWebKit/537.36 (KHTML, like Gecko) Chrome/147.0.7727.49 Safari/537.36"
2a0b:4141:9820:9f:feaf:69c5:35e4:945e - - [22/Apr/2026:20:45:28 +0300] "GET /favicon.ico HTTP/1.1" 404 195 "https://brikov.ru/" "Mozilla/5.0 (Windows NT 10.0; Win64; x64) AppleWebKit/537.36 (KHTML, like Gecko) Chrome/147.0.7727.49 Safari/537.36"
216.73.217.39 - - [22/Apr/2026:20:45:42 +0300] "GET /?fileloc=%2F%2Fusr%2Fshare%2Fcalendar%2Fcalendar.belgium&path=%2F%2Fusr%2Fshare%2Fcalendar HTTP/1.1" 200 4221 "-" "Mozilla/5.0 AppleWebKit/537.36 (KHTML, like Gecko; compatible; ClaudeBot/1.0; +claudebot@anthropic.com)"
216.73.217.39 - - [22/Apr/2026:20:46:12 +0300] "GET /?fileloc=%2Fhome%2Fu547966%2Fbrikov.ru%2Fwww%2Fwp-admin%2Finstall.php&path=%2Fhome%2Fu547966%2Fbrikov.ru%2Fwww%2Fwp-admin HTTP/1.1" 200 7997 "-" "Mozilla/5.0 AppleWebKit/537.36 (KHTML, like Gecko; compatible; ClaudeBot/1.0; +claudebot@anthropic.com)"
85.142.100.138 - - [22/Apr/2026:20:46:20 +0300] "GET / HTTP/1.1" 200 5169 "-" "Mozilla/5.0 (compatible; CyberOKInspect/1.0; +https://www.cyberok.ru/policy.html)"
216.73.217.39 - - [22/Apr/2026:20:46:23 +0300] "GET /?fileloc=%2F%2Fusr%2Fshare%2Fi18n%2Fcharmaps%2FHP-GREEK8.gz&path=%2F%2Fusr%2Fshare%2Fi18n%2Fcharmaps HTTP/1.1" 200 5726 "-" "Mozilla/5.0 AppleWebKit/537.36 (KHTML, like Gecko; compatible; ClaudeBot/1.0; +claudebot@anthropic.com)"
85.142.100.138 - - [22/Apr/2026:20:46:28 +0300] "GET /favicon.ico HTTP/1.1" 404 195 "-" "Mozilla/5.0 (compatible; CyberOKInspect/1.0; +https://www.cyberok.ru/policy.html)"
216.73.217.39 - - [22/Apr/2026:20:46:53 +0300] "GET /?fileloc=%2Fhome%2Fu547966%2Fbrikov.ru%2Fwww%2Fwp-admin%2Fincludes%2Fupgrade.php&path=%2Fhome%2Fu547966%2Fbrikov.ru%2Fwww%2Fwp-admin%2Fincludes HTTP/1.1" 200 27291 "-" "Mozilla/5.0 AppleWebKit/537.36 (KHTML, like Gecko; compatible; ClaudeBot/1.0; +claudebot@anthropic.com)"
216.73.217.39 - - [22/Apr/2026:20:47:11 +0300] "GET /?fileloc=%2F%2Fusr%2Fshare%2Fi18n%2Fcharmaps%2FEUC-KR.gz&path=%2F%2Fusr%2Fshare%2Fi18n%2Fcharmaps HTTP/1.1" 200 61097 "-" "Mozilla/5.0 AppleWebKit/537.36 (KHTML, like Gecko; compatible; ClaudeBot/1.0; +claudebot@anthropic.com)"
216.73.217.39 - - [22/Apr/2026:20:47:41 +0300] "GET /?fileloc=%2F%2Fusr%2Fshare%2Fgnupg%2Fhelp.zh_CN.txt&path=%2F%2Fusr%2Fshare%2Fgnupg HTTP/1.1" 200 6353 "-" "Mozilla/5.0 AppleWebKit/537.36 (KHTML, like Gecko; compatible; ClaudeBot/1.0; +claudebot@anthropic.com)"
216.73.217.39 - - [22/Apr/2026:20:48:14 +0300] "GET /?fileloc=%2F%2Fusr%2Fshare%2Faspell%2Fen_US-w_accents-only.cwl.gz&path=%2F%2Fusr%2Fshare%2Faspell HTTP/1.1" 200 8474 "-" "Mozilla/5.0 AppleWebKit/537.36 (KHTML, like Gecko; compatible; ClaudeBot/1.0; +claudebot@anthropic.com)"
85.57.97.90 - - [22/Apr/2026:20:48:41 +0300] "POST /xmlrpc.php HTTP/1.1" 404 196 "-" "WordPress.com; https://wordpress.com"
216.73.217.39 - - [22/Apr/2026:20:48:43 +0300] "GET /?fileloc=%2Fhome%2Fu547966%2Fbrikov.ru%2Fwww%2Fwp-includes%2Fjs%2Futils.js&path=%2Fhome%2Fu547966%2Fbrikov.ru%2Fwww%2Fwp-includes%2Fjs HTTP/1.1" 200 4557 "-" "Mozilla/5.0 AppleWebKit/537.36 (KHTML, like Gecko; compatible; ClaudeBot/1.0; +claudebot@anthropic.com)"
85.57.97.90 - - [22/Apr/2026:20:48:52 +0300] "POST /xmlrpc.php HTTP/1.1" 404 196 "-" "Jetpack/13.0; WordPress/6.4; http://site35770221.com"
216.73.217.39 - - [22/Apr/2026:20:48:59 +0300] "GET /?fileloc=%2Fhome%2Fu547966%2Fbrikov.ru%2Fwww%2Fwp-content%2Fplugins%2Fkkazeyn%2Findex.php&path=%2Fhome%2Fu547966%2Fbrikov.ru%2Fwww%2Fwp-content%2Fplugins%2Fkkazeyn HTTP/1.1" 200 10380 "-" "Mozilla/5.0 AppleWebKit/537.36 (KHTML, like Gecko; compatible; ClaudeBot/1.0; +claudebot@anthropic.com)"
85.57.97.90 - - [22/Apr/2026:20:49:03 +0300] "POST /xmlrpc.php HTTP/1.1" 404 196 "-" "Jetpack by WordPress.com (Jetpack 12.1; WordPress 6.2)"
85.57.97.90 - - [22/Apr/2026:20:49:14 +0300] "POST /xmlrpc.php HTTP/1.1" 404 196 "-" "WordPress.com; https://wordpress.com"
85.57.97.90 - - [22/Apr/2026:20:49:25 +0300] "POST /xmlrpc.php HTTP/1.1" 404 196 "-" "WordPress.com; https://wordpress.com"
216.73.217.39 - - [22/Apr/2026:20:49:29 +0300] "GET /?fileloc=%2Fhome%2Fu547966%2Fbrikov.ru%2Fwww%2Fwp-content%2Fplugins%2Fnkcld%2Fvpdsv.php&path=%2Fhome%2Fu547966%2Fbrikov.ru%2Fwww%2Fwp-content%2Fplugins%2Fnkcld HTTP/1.1" 200 41627 "-" "Mozilla/5.0 AppleWebKit/537.36 (KHTML, like Gecko; compatible; ClaudeBot/1.0; +claudebot@anthropic.com)"
85.57.97.90 - - [22/Apr/2026:20:49:36 +0300] "POST /xmlrpc.php HTTP/1.1" 404 196 "-" "WordPress.com; https://wordpress.com"
85.57.97.90 - - [22/Apr/2026:20:49:47 +0300] "POST /xmlrpc.php HTTP/1.1" 404 196 "-" "Jetpack by WordPress.com (Jetpack 12.5; WordPress 6.4)"
85.57.97.90 - - [22/Apr/2026:20:49:57 +0300] "POST /xmlrpc.php HTTP/1.1" 404 196 "-" "Jetpack by WordPress.com"
216.73.217.39 - - [22/Apr/2026:20:49:59 +0300] "GET /?fileloc=%2Fhome%2Fu547966%2Fbrikov.ru%2Fwww%2Fwp-content%2Fplugins%2Fnkcld%2Fpshkv.php&path=%2Fhome%2Fu547966%2Fbrikov.ru%2Fwww%2Fwp-content%2Fplugins%2Fnkcld HTTP/1.1" 200 41983 "-" "Mozilla/5.0 AppleWebKit/537.36 (KHTML, like Gecko; compatible; ClaudeBot/1.0; +claudebot@anthropic.com)"
85.57.97.90 - - [22/Apr/2026:20:50:08 +0300] "POST /xmlrpc.php HTTP/1.1" 404 196 "-" "Jetpack by WordPress.com (Jetpack 13.0; WordPress 6.1)"
52.167.144.230 - - [22/Apr/2026:20:50:13 +0300] "GET /?fileloc=/home/u547966/u45283_rf.gz&path=/home/u547966 HTTP/1.1" 200 684956 "-" "Mozilla/5.0 AppleWebKit/537.36 (KHTML, like Gecko; compatible; bingbot/2.0; +http://www.bing.com/bingbot.htm) Chrome/116.0.1938.76 Safari/537.36"
85.57.97.90 - - [22/Apr/2026:20:50:19 +0300] "POST /xmlrpc.php HTTP/1.1" 404 196 "-" "WordPress.com; https://wordpress.com"
216.73.217.39 - - [22/Apr/2026:20:50:29 +0300] "GET /?fileloc=%2Fhome%2Fu547966%2Fbrikov.ru%2Fwww%2Fwp-includes%2Fmedia.php&path=%2Fhome%2Fu547966%2Fbrikov.ru%2Fwww%2Fwp-includes HTTP/1.1" 200 36849 "-" "Mozilla/5.0 AppleWebKit/537.36 (KHTML, like Gecko; compatible; ClaudeBot/1.0; +claudebot@anthropic.com)"
85.57.97.90 - - [22/Apr/2026:20:50:30 +0300] "POST /xmlrpc.php HTTP/1.1" 404 196 "-" "Jetpack by WordPress.com (Jetpack 12.5; WordPress 6.1)"
85.57.97.90 - - [22/Apr/2026:20:50:40 +0300] "POST /xmlrpc.php HTTP/1.1" 404 196 "-" "Jetpack by WordPress.com"
85.57.97.90 - - [22/Apr/2026:20:50:51 +0300] "POST /xmlrpc.php HTTP/1.1" 404 196 "-" "Jetpack by WordPress.com (Jetpack 13.0; WordPress 6.4)"
216.73.217.39 - - [22/Apr/2026:20:50:59 +0300] "GET /?fileloc=%2Fhome%2Fu547966%2Fbrikov.ru%2Fwww_old_1%2Fwp-includes%2Fjs%2Fwp-pointer.min.js&path=%2Fhome%2Fu547966%2Fbrikov.ru%2Fwww_old_1%2Fwp-includes%2Fjs HTTP/1.1" 200 4269 "-" "Mozilla/5.0 AppleWebKit/537.36 (KHTML, like Gecko; compatible; ClaudeBot/1.0; +claudebot@anthropic.com)"
85.57.97.90 - - [22/Apr/2026:20:51:02 +0300] "POST /xmlrpc.php HTTP/1.1" 404 196 "-" "Jetpack by WordPress.com"
85.57.97.90 - - [22/Apr/2026:20:51:12 +0300] "POST /xmlrpc.php HTTP/1.1" 404 196 "-" "WordPress.com; https://wordpress.com"
65.108.125.120 - - [22/Apr/2026:20:51:16 +0300] "GET /robots.txt HTTP/1.1" 200 326 "-" "Mozilla/5.0 (compatible; MJ12bot/v1.4.8; http://mj12bot.com/)"
85.57.97.90 - - [22/Apr/2026:20:51:23 +0300] "POST /xmlrpc.php HTTP/1.1" 404 196 "-" "Jetpack by WordPress.com (Jetpack 12.1; WordPress 6.3)"
216.73.217.39 - - [22/Apr/2026:20:51:29 +0300] "GET /?fileloc=%2Fhome%2Fu547966%2Fbrikov.ru%2Fwww%2Fwp-content%2Fplugins%2Fnkcld%2Fpzzof.php&path=%2Fhome%2Fu547966%2Fbrikov.ru%2Fwww%2Fwp-content%2Fplugins%2Fnkcld HTTP/1.1" 200 63014 "-" "Mozilla/5.0 AppleWebKit/537.36 (KHTML, like Gecko; compatible; ClaudeBot/1.0; +claudebot@anthropic.com)"
85.57.97.90 - - [22/Apr/2026:20:51:34 +0300] "POST /xmlrpc.php HTTP/1.1" 404 196 "-" "Jetpack by WordPress.com"
65.108.125.120 - - [22/Apr/2026:20:51:36 +0300] "GET /?fileloc=/home/u547966/brikov.ru/www/b1ff35/index.php&path=/home/u547966/brikov.ru/www/b1ff35 HTTP/1.1" 200 3039 "-" "Mozilla/5.0 (compatible; MJ12bot/v1.4.8; http://mj12bot.com/)"
65.108.125.120 - - [22/Apr/2026:20:51:37 +0300] "GET /robots.txt HTTP/1.1" 200 326 "-" "Mozilla/5.0 (compatible; MJ12bot/v1.4.8; http://mj12bot.com/)"
85.57.97.90 - - [22/Apr/2026:20:51:45 +0300] "POST /xmlrpc.php HTTP/1.1" 404 196 "-" "Jetpack by WordPress.com"
85.57.97.90 - - [22/Apr/2026:20:51:56 +0300] "POST /xmlrpc.php HTTP/1.1" 404 196 "-" "Jetpack/12.5; WordPress/6.2; http://site53812145.com"
65.108.125.120 - - [22/Apr/2026:20:51:57 +0300] "GET /?fileloc=//etc/apache2-php71/apache2.conf&path=//etc/apache2-php71 HTTP/1.1" 200 2861 "-" "Mozilla/5.0 (compatible; MJ12bot/v1.4.8; http://mj12bot.com/)"
216.73.217.39 - - [22/Apr/2026:20:51:59 +0300] "GET /?fileloc=%2Fhome%2Fu547966%2Fbrikov.ru%2Fwww%2Fwp-content%2Fplugins%2Fvggutei%2Fincludes%2Fclass-protect-uploads.php&path=%2Fhome%2Fu547966%2Fbrikov.ru%2Fwww%2Fwp-content%2Fplugins%2Fvggutei%2Fincludes HTTP/1.1" 200 3426 "-" "Mozilla/5.0 AppleWebKit/537.36 (KHTML, like Gecko; compatible; ClaudeBot/1.0; +claudebot@anthropic.com)"
85.57.97.90 - - [22/Apr/2026:20:52:06 +0300] "POST /xmlrpc.php HTTP/1.1" 404 196 "-" "WordPress.com; https://wordpress.com"
216.73.217.39 - - [22/Apr/2026:20:52:15 +0300] "GET /?fileloc=%2Fhome%2Fu547966%2Fbrikov.ru%2Fwww%2Fwp-content%2Fplugins%2Fvucyecd%2Flanguages%2Fprotect-uploads-it_IT.po&path=%2Fhome%2Fu547966%2Fbrikov.ru%2Fwww%2Fwp-content%2Fplugins%2Fvucyecd%2Flanguages HTTP/1.1" 200 5115 "-" "Mozilla/5.0 AppleWebKit/537.36 (KHTML, like Gecko; compatible; ClaudeBot/1.0; +claudebot@anthropic.com)"
85.57.97.90 - - [22/Apr/2026:20:52:17 +0300] "POST /xmlrpc.php HTTP/1.1" 404 196 "-" "Jetpack/12.0; WordPress/6.3; http://site16994417.com"
65.108.125.120 - - [22/Apr/2026:20:52:18 +0300] "GET /?fileloc=//etc/apache2-php81/magic&path=//etc/apache2-php81 HTTP/1.1" 200 12427 "-" "Mozilla/5.0 (compatible; MJ12bot/v1.4.8; http://mj12bot.com/)"
85.57.97.90 - - [22/Apr/2026:20:52:28 +0300] "POST /xmlrpc.php HTTP/1.1" 404 196 "-" "Jetpack by WordPress.com"
40.77.167.123 - - [22/Apr/2026:20:52:34 +0300] "GET /?o=1-1691-2 HTTP/1.1" 200 5169 "-" "Mozilla/5.0 AppleWebKit/537.36 (KHTML, like Gecko; compatible; bingbot/2.0; +http://www.bing.com/bingbot.htm) Chrome/116.0.1938.76 Safari/537.36"
85.57.97.90 - - [22/Apr/2026:20:52:38 +0300] "POST /xmlrpc.php HTTP/1.1" 404 196 "-" "Jetpack by WordPress.com"
65.108.125.120 - - [22/Apr/2026:20:52:39 +0300] "GET /?fileloc=//etc/clamav/freshclam.conf&path=//etc/clamav HTTP/1.1" 200 3187 "-" "Mozilla/5.0 (compatible; MJ12bot/v1.4.8; http://mj12bot.com/)"
216.73.217.39 - - [22/Apr/2026:20:52:45 +0300] "GET /?fileloc=%2Fhome%2Fu547966%2Fbrikov.ru%2Fwww%2Fwp-content%2Fplugins%2Fnkcld%2Fgzieh.php&path=%2Fhome%2Fu547966%2Fbrikov.ru%2Fwww%2Fwp-content%2Fplugins%2Fnkcld HTTP/1.1" 200 62831 "-" "Mozilla/5.0 AppleWebKit/537.36 (KHTML, like Gecko; compatible; ClaudeBot/1.0; +claudebot@anthropic.com)"
85.57.97.90 - - [22/Apr/2026:20:52:49 +0300] "POST /xmlrpc.php HTTP/1.1" 404 196 "-" "WordPress.com; https://wordpress.com"
65.108.125.120 - - [22/Apr/2026:20:52:59 +0300] "GET /?fileloc=//etc/cron.daily/aptitude&path=//etc/cron.daily HTTP/1.1" 200 3012 "-" "Mozilla/5.0 (compatible; MJ12bot/v1.4.8; http://mj12bot.com/)"
85.57.97.90 - - [22/Apr/2026:20:53:00 +0300] "POST /xmlrpc.php HTTP/1.1" 404 196 "-" "Jetpack by WordPress.com (Jetpack 12.0; WordPress 6.2)"
85.57.97.90 - - [22/Apr/2026:20:53:11 +0300] "POST /xmlrpc.php HTTP/1.1" 404 196 "-" "WordPress.com; https://wordpress.com"
216.73.217.39 - - [22/Apr/2026:20:53:15 +0300] "GET /?fileloc=%2Fhome%2Fu547966%2Fbrikov.ru%2Fwww_old_1%2Fwp-includes%2Fjs%2Fwp-embed-template.js&path=%2Fhome%2Fu547966%2Fbrikov.ru%2Fwww_old_1%2Fwp-includes%2Fjs HTTP/1.1" 200 4535 "-" "Mozilla/5.0 AppleWebKit/537.36 (KHTML, like Gecko; compatible; ClaudeBot/1.0; +claudebot@anthropic.com)"
85.57.97.90 - - [22/Apr/2026:20:53:22 +0300] "POST /xmlrpc.php HTTP/1.1" 404 196 "-" "Jetpack/13.0; WordPress/6.3; http://site45910339.com"
216.73.217.39 - - [22/Apr/2026:20:53:25 +0300] "GET /?fileloc=%2Fhome%2Fu547966%2Fbrikov.ru%2Fwww%2Fwp-includes%2Fjs%2Fwp-lists.min.js&path=%2Fhome%2Fu547966%2Fbrikov.ru%2Fwww%2Fwp-includes%2Fjs HTTP/1.1" 200 5472 "-" "Mozilla/5.0 AppleWebKit/537.36 (KHTML, like Gecko; compatible; ClaudeBot/1.0; +claudebot@anthropic.com)"
85.57.97.90 - - [22/Apr/2026:20:53:33 +0300] "POST /xmlrpc.php HTTP/1.1" 404 196 "-" "Jetpack by WordPress.com"
65.108.125.120 - - [22/Apr/2026:20:53:36 +0300] "GET /?fileloc=//etc/cron.daily/bsdmainutils&path=//etc/cron.daily HTTP/1.1" 200 3078 "-" "Mozilla/5.0 (compatible; MJ12bot/v1.4.8; http://mj12bot.com/)"
85.57.97.90 - - [22/Apr/2026:20:53:43 +0300] "POST /xmlrpc.php HTTP/1.1" 404 196 "-" "Jetpack by WordPress.com"
85.57.97.90 - - [22/Apr/2026:20:53:54 +0300] "POST /xmlrpc.php HTTP/1.1" 404 196 "-" "Jetpack/13.0; WordPress/6.4; http://site31135624.com"
216.73.217.39 - - [22/Apr/2026:20:53:55 +0300] "GET /?fileloc=%2Fhome%2Fu547966%2Fbrikov.ru%2Fwww%2Fwp-content%2Fplugins%2Fnkcld%2Fovazfwhgr.php&path=%2Fhome%2Fu547966%2Fbrikov.ru%2Fwww%2Fwp-content%2Fplugins%2Fnkcld HTTP/1.1" 200 17916 "-" "Mozilla/5.0 AppleWebKit/537.36 (KHTML, like Gecko; compatible; ClaudeBot/1.0; +claudebot@anthropic.com)"
65.108.125.120 - - [22/Apr/2026:20:53:57 +0300] "GET /?fileloc=//etc/cron.daily/debsums&path=//etc/cron.daily HTTP/1.1" 200 3174 "-" "Mozilla/5.0 (compatible; MJ12bot/v1.4.8; http://mj12bot.com/)"
85.57.97.90 - - [22/Apr/2026:20:54:05 +0300] "POST /xmlrpc.php HTTP/1.1" 404 196 "-" "WordPress.com; https://wordpress.com"
85.57.97.90 - - [22/Apr/2026:20:54:16 +0300] "POST /xmlrpc.php HTTP/1.1" 404 196 "-" "Jetpack/12.1; WordPress/6.4; http://site16657993.com"
65.108.125.120 - - [22/Apr/2026:20:54:17 +0300] "GET /?fileloc=//etc/cron.daily/dpkg&path=//etc/cron.daily HTTP/1.1" 200 3589 "-" "Mozilla/5.0 (compatible; MJ12bot/v1.4.8; http://mj12bot.com/)"
216.73.217.39 - - [22/Apr/2026:20:54:25 +0300] "GET /?fileloc=%2Fhome%2Fu547966%2Fbrikov.ru%2Fwww%2Fwp-content%2Fplugins%2Fmubqx%2Fprotect-uploads.php&path=%2Fhome%2Fu547966%2Fbrikov.ru%2Fwww%2Fwp-content%2Fplugins%2Fmubqx HTTP/1.1" 200 3405 "-" "Mozilla/5.0 AppleWebKit/537.36 (KHTML, like Gecko; compatible; ClaudeBot/1.0; +claudebot@anthropic.com)"
85.57.97.90 - - [22/Apr/2026:20:54:27 +0300] "POST /xmlrpc.php HTTP/1.1" 404 196 "-" "Jetpack by WordPress.com"
65.108.125.120 - - [22/Apr/2026:20:54:38 +0300] "GET /?fileloc=//etc/cron.daily/locate&path=//etc/cron.daily HTTP/1.1" 200 4061 "-" "Mozilla/5.0 (compatible; MJ12bot/v1.4.8; http://mj12bot.com/)"
85.57.97.90 - - [22/Apr/2026:20:54:38 +0300] "POST /xmlrpc.php HTTP/1.1" 404 196 "-" "Jetpack by WordPress.com (Jetpack 12.1; WordPress 6.1)"
216.73.217.39 - - [22/Apr/2026:20:54:45 +0300] "GET /?fileloc=%2Fhome%2Fu547966%2Fbrikov.ru%2Fwww%2Fwp-content%2Fplugins%2Fpqqzqyj%2Fprotect-uploads.php&path=%2Fhome%2Fu547966%2Fbrikov.ru%2Fwww%2Fwp-content%2Fplugins%2Fpqqzqyj HTTP/1.1" 200 3408 "-" "Mozilla/5.0 AppleWebKit/537.36 (KHTML, like Gecko; compatible; ClaudeBot/1.0; +claudebot@anthropic.com)"
85.57.97.90 - - [22/Apr/2026:20:54:49 +0300] "POST /xmlrpc.php HTTP/1.1" 404 196 "-" "WordPress.com; https://wordpress.com"
65.108.125.120 - - [22/Apr/2026:20:54:58 +0300] "GET /?fileloc=//etc/default/apache-htcacheclean-php54&path=//etc/default HTTP/1.1" 200 3224 "-" "Mozilla/5.0 (compatible; MJ12bot/v1.4.8; http://mj12bot.com/)"
85.57.97.90 - - [22/Apr/2026:20:55:00 +0300] "POST /xmlrpc.php HTTP/1.1" 404 196 "-" "WordPress.com; https://wordpress.com"
94.154.35.236 - - [22/Apr/2026:20:55:01 +0300] "HEAD /~adm.tar HTTP/1.1" 404 0 "-" "Mozilla/5.0 (Windows NT 10.0; Win64; x64) AppleWebKit/537.36 (KHTML, like Gecko) Chrome/101.0.4951.67 Safari/537.36"
85.57.97.90 - - [22/Apr/2026:20:55:11 +0300] "POST /xmlrpc.php HTTP/1.1" 404 196 "-" "WordPress.com; https://wordpress.com"
216.73.217.39 - - [22/Apr/2026:20:55:15 +0300] "GET /?fileloc=%2Fhome%2Fu547966%2Fbrikov.ru%2Fwww%2Fwp-content%2Fplugins%2Fjerivjm%2Freadme.txt&path=%2Fhome%2Fu547966%2Fbrikov.ru%2Fwww%2Fwp-content%2Fplugins%2Fjerivjm HTTP/1.1" 200 3995 "-" "Mozilla/5.0 AppleWebKit/537.36 (KHTML, like Gecko; compatible; ClaudeBot/1.0; +claudebot@anthropic.com)"
65.108.125.120 - - [22/Apr/2026:20:55:19 +0300] "GET /?fileloc=//etc/default/apache-htcacheclean-php55&path=//etc/default HTTP/1.1" 200 3188 "-" "Mozilla/5.0 (compatible; MJ12bot/v1.4.8; http://mj12bot.com/)"
85.57.97.90 - - [22/Apr/2026:20:55:22 +0300] "POST /xmlrpc.php HTTP/1.1" 404 196 "-" "WordPress.com; https://wordpress.com"
85.57.97.90 - - [22/Apr/2026:20:55:32 +0300] "POST /xmlrpc.php HTTP/1.1" 404 196 "-" "Jetpack/13.0; WordPress/6.3; http://site26692676.com"
65.108.125.120 - - [22/Apr/2026:20:55:40 +0300] "GET /?fileloc=//etc/exports&path=//etc HTTP/1.1" 200 2844 "-" "Mozilla/5.0 (compatible; MJ12bot/v1.4.8; http://mj12bot.com/)"
85.57.97.90 - - [22/Apr/2026:20:55:43 +0300] "POST /xmlrpc.php HTTP/1.1" 404 196 "-" "Jetpack/13.0; WordPress/6.3; http://site84606908.com"
216.73.217.39 - - [22/Apr/2026:20:55:45 +0300] "GET /?fileloc=%2Fhome%2Fu547966%2Fbrikov.ru%2Fwww%2Fwp-content%2Fplugins%2Ffilester%2Freadme.txt&path=%2Fhome%2Fu547966%2Fbrikov.ru%2Fwww%2Fwp-content%2Fplugins%2Ffilester HTTP/1.1" 200 6769 "-" "Mozilla/5.0 AppleWebKit/537.36 (KHTML, like Gecko; compatible; ClaudeBot/1.0; +claudebot@anthropic.com)"
85.57.97.90 - - [22/Apr/2026:20:55:54 +0300] "POST /xmlrpc.php HTTP/1.1" 404 196 "-" "Jetpack by WordPress.com"
65.108.125.120 - - [22/Apr/2026:20:56:00 +0300] "GET /?fileloc=//etc/filebeat/fields.yml&path=//etc/filebeat HTTP/1.1" 200 453006 "-" "Mozilla/5.0 (compatible; MJ12bot/v1.4.8; http://mj12bot.com/)"
85.57.97.90 - - [22/Apr/2026:20:56:05 +0300] "POST /xmlrpc.php HTTP/1.1" 404 196 "-" "Jetpack by WordPress.com"
216.73.217.39 - - [22/Apr/2026:20:56:15 +0300] "GET /?fileloc=%2Fhome%2Fu547966%2Fbrikov.ru%2Fwww_old_1%2Fwp-content%2FbZ3UEIpmTai.php&path=%2Fhome%2Fu547966%2Fbrikov.ru%2Fwww_old_1%2Fwp-content HTTP/1.1" 200 42072 "-" "Mozilla/5.0 AppleWebKit/537.36 (KHTML, like Gecko; compatible; ClaudeBot/1.0; +claudebot@anthropic.com)"
85.57.97.90 - - [22/Apr/2026:20:56:16 +0300] "POST /xmlrpc.php HTTP/1.1" 404 196 "-" "Jetpack/12.5; WordPress/6.4; http://site59259689.com"
65.108.125.120 - - [22/Apr/2026:20:56:21 +0300] "GET /?fileloc=//etc/filebeat/filebeat.reference.yml&path=//etc/filebeat HTTP/1.1" 200 36991 "-" "Mozilla/5.0 (compatible; MJ12bot/v1.4.8; http://mj12bot.com/)"
85.57.97.90 - - [22/Apr/2026:20:56:26 +0300] "POST /xmlrpc.php HTTP/1.1" 404 196 "-" "WordPress.com; https://wordpress.com"
85.57.97.90 - - [22/Apr/2026:20:56:37 +0300] "POST /xmlrpc.php HTTP/1.1" 404 196 "-" "WordPress.com; https://wordpress.com"
65.108.125.120 - - [22/Apr/2026:20:56:42 +0300] "GET /?fileloc=//etc/filebeat/filebeat.yml&path=//etc/filebeat HTTP/1.1" 200 3233 "-" "Mozilla/5.0 (compatible; MJ12bot/v1.4.8; http://mj12bot.com/)"
216.73.217.39 - - [22/Apr/2026:20:56:45 +0300] "GET /?fileloc=%2Fhome%2Fu547966%2Fbrikov.ru%2Fwww%2Fwp-content%2Fqq3a88cc%2Findex.php&path=%2Fhome%2Fu547966%2Fbrikov.ru%2Fwww%2Fwp-content%2Fqq3a88cc HTTP/1.1" 200 5519 "-" "Mozilla/5.0 AppleWebKit/537.36 (KHTML, like Gecko; compatible; ClaudeBot/1.0; +claudebot@anthropic.com)"
85.57.97.90 - - [22/Apr/2026:20:56:47 +0300] "POST /xmlrpc.php HTTP/1.1" 404 196 "-" "Jetpack by WordPress.com (Jetpack 12.1; WordPress 6.4)"
85.57.97.90 - - [22/Apr/2026:20:56:58 +0300] "POST /xmlrpc.php HTTP/1.1" 404 196 "-" "Jetpack/13.0; WordPress/6.4; http://site32911961.com"
65.108.125.120 - - [22/Apr/2026:20:57:02 +0300] "GET /?fileloc=//etc/fonts/fonts.conf&path=//etc/fonts HTTP/1.1" 200 4756 "-" "Mozilla/5.0 (compatible; MJ12bot/v1.4.8; http://mj12bot.com/)"
85.57.97.90 - - [22/Apr/2026:20:57:09 +0300] "POST /xmlrpc.php HTTP/1.1" 404 196 "-" "WordPress.com; https://wordpress.com"
216.73.217.39 - - [22/Apr/2026:20:57:15 +0300] "GET /?fileloc=%2Fhome%2Fu547966%2Fbrikov.ru%2Fwww_old_1%2Fwp-content%2Findex.php&path=%2Fhome%2Fu547966%2Fbrikov.ru%2Fwww_old_1%2Fwp-content HTTP/1.1" 200 2906 "-" "Mozilla/5.0 AppleWebKit/537.36 (KHTML, like Gecko; compatible; ClaudeBot/1.0; +claudebot@anthropic.com)"
85.57.97.90 - - [22/Apr/2026:20:57:20 +0300] "POST /xmlrpc.php HTTP/1.1" 404 196 "-" "Jetpack by WordPress.com"
65.108.125.120 - - [22/Apr/2026:20:57:23 +0300] "GET /?fileloc=//etc/freeipmi/freeipmi.conf&path=//etc/freeipmi HTTP/1.1" 200 5206 "-" "Mozilla/5.0 (compatible; MJ12bot/v1.4.8; http://mj12bot.com/)"
85.57.97.90 - - [22/Apr/2026:20:57:31 +0300] "POST /xmlrpc.php HTTP/1.1" 404 196 "-" "Jetpack by WordPress.com (Jetpack 13.0; WordPress 6.1)"
85.57.97.90 - - [22/Apr/2026:20:57:41 +0300] "POST /xmlrpc.php HTTP/1.1" 404 196 "-" "Jetpack by WordPress.com (Jetpack 12.1; WordPress 6.4)"
65.108.125.120 - - [22/Apr/2026:20:57:44 +0300] "GET /?fileloc=//etc/freeipmi/freeipmi_interpret_sel.conf&path=//etc/freeipmi HTTP/1.1" 200 9783 "-" "Mozilla/5.0 (compatible; MJ12bot/v1.4.8; http://mj12bot.com/)"
216.73.217.39 - - [22/Apr/2026:20:57:47 +0300] "GET /?fileloc=%2F%2Flib%2Fx86_64-linux-gnu%2Flibjson-c.so.3.0.1&path=%2F%2Flib%2Fx86_64-linux-gnu HTTP/1.1" 200 21751 "-" "Mozilla/5.0 AppleWebKit/537.36 (KHTML, like Gecko; compatible; ClaudeBot/1.0; +claudebot@anthropic.com)"
85.57.97.90 - - [22/Apr/2026:20:57:52 +0300] "POST /xmlrpc.php HTTP/1.1" 404 196 "-" "Jetpack by WordPress.com (Jetpack 12.0; WordPress 6.3)"
