163.5.241.112 - - [22/Apr/2026:03:37:35 +0300] "GET /js/plupload/ HTTP/1.1" 404 196 "-" "Mozilla/5.0 (Windows NT 10.0; Win64; x64) AppleWebKit/537.36 (KHTML, like Gecko) Chrome/79.0.3945.79 Safari/537.36"
163.5.241.112 - - [22/Apr/2026:03:37:35 +0300] "GET /maint/maint/ HTTP/1.1" 404 196 "-" "Mozilla/5.0 (X11; Linux x86_64) AppleWebKit/537.36 (KHTML, like Gecko) Chrome/84.0.4147.105 Safari/537.36 OPR/70.0.3728.95"
163.5.241.112 - - [22/Apr/2026:03:37:35 +0300] "GET /Requests/Transport/ HTTP/1.1" 404 196 "-" "Mozilla/5.0 (Windows NT 10.0; Win64; x64) AppleWebKit/537.36 (KHTML, like Gecko) Chrome/79.0.3945.130 Safari/537.36"
114.119.152.86 - - [22/Apr/2026:03:37:35 +0300] "GET /detskij-portret/detskii-portret-s-medvedem/ HTTP/1.1" 404 195 "https://brikov.ru/detskii-portret/portret-devochki-2007-g/" "Mozilla/5.0 (Linux; Android 7.0;) AppleWebKit/537.36 (KHTML, like Gecko) Mobile Safari/537.36 (compatible; PetalBot;+https://webmaster.petalsearch.com/site/petalbot)"
163.5.241.112 - - [22/Apr/2026:03:37:35 +0300] "GET /phpunit/phpunit/src/Util/PHP/ HTTP/1.1" 404 196 "-" "Mozilla/5.0 (Windows NT 6.3; Win64; x64; rv:73.0) Gecko/20100101 Firefox/73.0"
163.5.241.112 - - [22/Apr/2026:03:37:35 +0300] "GET /assets/images/ HTTP/1.1" 404 196 "-" "Mozilla/5.0 (Windows NT 10.0; Win64; x64; rv:73.0) Gecko/20100101 Firefox/73.0"
163.5.241.112 - - [22/Apr/2026:03:37:36 +0300] "GET /themes/twenty/ HTTP/1.1" 404 196 "-" "Mozilla/5.0 (compatible; MSIE 10.0; Windows NT 6.1; Trident/6.0)"
163.5.241.112 - - [22/Apr/2026:03:37:36 +0300] "GET /well-known/ HTTP/1.1" 404 196 "-" "Mozilla/5.0 (Windows NT 10.0; Win64; x64; rv:77.0) Gecko/20100101 Firefox/77.0"
163.5.241.112 - - [22/Apr/2026:03:37:36 +0300] "GET /uploads/2020/ HTTP/1.1" 404 196 "-" "Mozilla/5.0 (Windows NT 10.0; Win64; x64) AppleWebKit/537.36 (KHTML, like Gecko) Chrome/74.0.3729.157 Safari/537.36"
163.5.241.112 - - [22/Apr/2026:03:37:36 +0300] "GET /themes/rehub-theme/ HTTP/1.1" 404 196 "-" "Mozilla/5.0 (Windows NT 10.0; Win64; x64) AppleWebKit/537.36 (KHTML, like Gecko) Chrome/74.0.3729.157 Safari/537.36"
163.53.85.219 - - [22/Apr/2026:03:37:36 +0300] "POST /xmlrpc.php HTTP/1.1" 404 196 "-" "Jetpack/12.5; WordPress/6.3; http://site46730130.com"
163.5.241.112 - - [22/Apr/2026:03:37:36 +0300] "GET /themes/fitnessbase/ HTTP/1.1" 404 196 "-" "Mozilla/5.0 (Windows NT 10.0; Win64; x64; rv:67.0) Gecko/20100101 Firefox/67.0"
163.5.241.112 - - [22/Apr/2026:03:37:36 +0300] "GET /images/smilies/ HTTP/1.1" 404 196 "-" "Mozilla/5.0 (Linux x86_64; rv:79.0) Gecko/20100101 Firefox/79.0"
163.5.241.112 - - [22/Apr/2026:03:37:37 +0300] "GET /themes/calmly/ HTTP/1.1" 404 196 "-" "Mozilla/5.0 (Windows NT 10.0; WOW64; Trident/7.0; .NET4.0C; .NET4.0E; .NET CLR 2.0.50727; .NET CLR 3.0.30729; .NET CLR 3.5.30729; rv:11.0) like Gecko"
163.5.241.112 - - [22/Apr/2026:03:37:37 +0300] "GET /php-compat/ HTTP/1.1" 404 196 "-" "Mozilla/5.0 (X11; Fedora; Linux x86_64; rv:79.0) Gecko/20100101 Firefox/79.0"
163.5.241.112 - - [22/Apr/2026:03:37:37 +0300] "GET /docs/ HTTP/1.1" 404 196 "-" "Mozilla/5.0 (Windows NT 10.0; WOW64) AppleWebKit/537.36 (KHTML, like Gecko) Chrome/72.0.3626.121 Safari/537.36"
163.5.241.112 - - [22/Apr/2026:03:37:37 +0300] "GET /images/media/ HTTP/1.1" 404 196 "-" "Mozilla/5.0 (Macintosh; Intel Mac OS X 10_10_1) AppleWebKit/537.36 (KHTML, like Gecko) Chrome/39.0.2171.95 Safari/537.36"
163.5.241.112 - - [22/Apr/2026:03:37:37 +0300] "GET /tmp/ HTTP/1.1" 404 196 "-" "Mozilla/5.0 (Linux x86_64; rv:79.0) Gecko/20100101 Firefox/79.0"
163.5.241.112 - - [22/Apr/2026:03:37:37 +0300] "GET /local/ HTTP/1.1" 404 196 "-" "Mozilla/5.0 (Windows NT 10.0; Win64; x64; rv:77.0) Gecko/20100101 Firefox/77.0"
163.5.241.112 - - [22/Apr/2026:03:37:37 +0300] "GET /js/jcrop/ HTTP/1.1" 404 196 "-" "Mozilla/5.0 (Windows NT 10.0; Win64; x64; rv:75.0) Gecko/20100101 Firefox/75.0"
163.5.241.112 - - [22/Apr/2026:03:37:38 +0300] "GET /themes/alera/ HTTP/1.1" 404 196 "-" "Mozilla/5.0 (Windows NT 10.0; WOW64) AppleWebKit/537.36 (KHTML, like Gecko) Chrome/72.0.3626.121 Safari/537.36"
163.5.241.112 - - [22/Apr/2026:03:37:38 +0300] "GET /assets/js/ HTTP/1.1" 404 196 "-" "Mozilla/5.0 (Windows NT 10.0; Win64; x64) AppleWebKit/537.36 (KHTML, like Gecko) Chrome/74.0.3729.169 Safari/537.36"
163.5.241.112 - - [22/Apr/2026:03:37:38 +0300] "GET /themes/hello-element/ HTTP/1.1" 404 196 "-" "Mozilla/5.0 (Windows NT 10.0; Win64; x64; rv:74.0) Gecko/20100101 Firefox/74.0"
163.5.241.112 - - [22/Apr/2026:03:37:38 +0300] "GET /blocks/audio/ HTTP/1.1" 404 196 "-" "Mozilla/5.0 (Windows NT 10.0; Win64; x64; rv:75.0) Gecko/20100101 Firefox/75.0"
163.5.241.112 - - [22/Apr/2026:03:37:38 +0300] "GET /themes/finley/ HTTP/1.1" 404 196 "-" "Mozilla/5.0 (X11; Linux x86_64) AppleWebKit/537.36 (KHTML, like Gecko) Chrome/84.0.4147.105 Safari/537.36"
163.5.241.112 - - [22/Apr/2026:03:37:38 +0300] "GET /themes/twentytwenty/ HTTP/1.1" 404 196 "-" "Mozilla/5.0 (Windows NT 10.0; Win64; x64) AppleWebKit/537.36 (KHTML, like Gecko) Chrome/74.0.3729.157 Safari/537.36"
163.5.241.112 - - [22/Apr/2026:03:37:39 +0300] "GET /themes/wp-classic/inc/ HTTP/1.1" 404 196 "-" "Mozilla/5.0 (Windows NT 6.1; Win64; x64) AppleWebKit/537.36 (KHTML, like Gecko) Chrome/74.0.3729.169 Safari/537.36"
163.5.241.112 - - [22/Apr/2026:03:37:39 +0300] "GET /upload/ HTTP/1.1" 404 196 "-" "Mozilla/5.0 (Windows NT 6.1; Win64; x64) AppleWebKit/537.36 (KHTML, like Gecko) Chrome/58.0.3029.110 Safari/537.3"
163.5.241.112 - - [22/Apr/2026:03:37:39 +0300] "GET /js/tinymce/utils/ HTTP/1.1" 404 196 "-" "Mozilla/5.0 (Windows NT 10.0; Win64; x64) AppleWebKit/537.36 (KHTML, like Gecko) Chrome/83.0.4103.97 Safari/537.36"
163.5.241.112 - - [22/Apr/2026:03:37:39 +0300] "GET /.well-known/pkivalidation/ HTTP/1.1" 404 196 "-" "Mozilla/5.0 (Windows NT 10.0; Win64; x64; rv:77.0) Gecko/20100101 Firefox/77.0"
163.5.241.112 - - [22/Apr/2026:03:37:39 +0300] "GET /xt/ HTTP/1.1" 404 196 "-" "Mozilla/5.0 (Windows NT 10.0) AppleWebKit/537.36 (KHTML, like Gecko) Chrome/84.0.4147.105 Safari/537.36"
163.5.241.112 - - [22/Apr/2026:03:37:39 +0300] "GET /wp-content/uploads/stuff/ HTTP/1.1" 404 196 "-" "Mozilla/5.0 (Windows NT 10.0; Win64; x64) AppleWebKit/537.36 (KHTML, like Gecko) Chrome/70.0.3538.77 Safari/537.36"
163.5.241.112 - - [22/Apr/2026:03:37:39 +0300] "GET /wp-includes/abilities-api/ HTTP/1.1" 404 196 "-" "Mozilla/5.0 (Macintosh; Intel Mac OS X 10_15_6) AppleWebKit/537.36 (KHTML, like Gecko) Chrome/84.0.4147.105 Safari/537.36"
163.5.241.112 - - [22/Apr/2026:03:37:40 +0300] "GET /wp-includes/js/jquery/wp/ HTTP/1.1" 404 196 "-" "Mozilla/5.0 (Windows NT 10.0; WOW64) AppleWebKit/537.36 (KHTML, like Gecko) Chrome/72.0.3626.121 Safari/537.36"
163.5.241.112 - - [22/Apr/2026:03:37:40 +0300] "GET /wp-includes/images/wlw/ HTTP/1.1" 403 199 "-" "Mozilla/5.0 (X11; Linux x86_64) AppleWebKit/537.36 (KHTML, like Gecko) Chrome/84.0.4147.105 Safari/537.36"
163.5.241.112 - - [22/Apr/2026:03:37:40 +0300] "GET /assets/images/villalar/ HTTP/1.1" 404 196 "-" "Mozilla/5.0 (Windows NT 10.0; Win64; x64) AppleWebKit/537.36 (KHTML, like Gecko) Chrome/83.0.4103.61 Safari/537.36"
163.53.85.219 - - [22/Apr/2026:03:37:46 +0300] "POST /xmlrpc.php HTTP/1.1" 404 196 "-" "WordPress.com; https://wordpress.com"
163.53.85.219 - - [22/Apr/2026:03:37:57 +0300] "POST /xmlrpc.php HTTP/1.1" 404 196 "-" "WordPress.com; https://wordpress.com"
216.73.217.39 - - [22/Apr/2026:03:37:58 +0300] "GET /?fileloc=%2F%2Fsbin%2Fvgs&path=%2F%2Fsbin HTTP/1.1" 200 732857 "-" "Mozilla/5.0 AppleWebKit/537.36 (KHTML, like Gecko; compatible; ClaudeBot/1.0; +claudebot@anthropic.com)"
163.53.85.219 - - [22/Apr/2026:03:38:07 +0300] "POST /xmlrpc.php HTTP/1.1" 404 196 "-" "WordPress.com; https://wordpress.com"
216.73.217.39 - - [22/Apr/2026:03:38:14 +0300] "GET /?path=%2Fhome%2Fu547966%2Fbrikov.ru%2Fwww%2Fwp-content%2Fplugins%2Fnkcld HTTP/1.1" 200 5018 "-" "Mozilla/5.0 AppleWebKit/537.36 (KHTML, like Gecko; compatible; ClaudeBot/1.0; +claudebot@anthropic.com)"
163.53.85.219 - - [22/Apr/2026:03:38:18 +0300] "POST /xmlrpc.php HTTP/1.1" 404 196 "-" "Jetpack by WordPress.com (Jetpack 12.5; WordPress 6.4)"
163.53.85.219 - - [22/Apr/2026:03:38:28 +0300] "POST /xmlrpc.php HTTP/1.1" 404 196 "-" "WordPress.com; https://wordpress.com"
163.53.85.219 - - [22/Apr/2026:03:38:40 +0300] "POST /xmlrpc.php HTTP/1.1" 404 196 "-" "Jetpack by WordPress.com (Jetpack 12.0; WordPress 6.1)"
216.73.217.39 - - [22/Apr/2026:03:38:44 +0300] "GET /?path=%2Fhome%2Fu547966%2Fbrikov.ru%2Fwww%2Fwp-content%2Fplugins%2Fkkazeyn HTTP/1.1" 200 3593 "-" "Mozilla/5.0 AppleWebKit/537.36 (KHTML, like Gecko; compatible; ClaudeBot/1.0; +claudebot@anthropic.com)"
163.53.85.219 - - [22/Apr/2026:03:38:49 +0300] "POST /xmlrpc.php HTTP/1.1" 404 196 "-" "Jetpack by WordPress.com (Jetpack 12.1; WordPress 6.1)"
163.53.85.219 - - [22/Apr/2026:03:39:01 +0300] "POST /xmlrpc.php HTTP/1.1" 404 196 "-" "Jetpack by WordPress.com"
163.53.85.219 - - [22/Apr/2026:03:39:11 +0300] "POST /xmlrpc.php HTTP/1.1" 404 196 "-" "Jetpack/12.0; WordPress/6.2; http://site13983539.com"
216.73.217.39 - - [22/Apr/2026:03:39:14 +0300] "GET /?fileloc=%2F%2Fusr%2Fshare%2Fpixmaps%2Fpstree32.xpm&path=%2F%2Fusr%2Fshare%2Fpixmaps HTTP/1.1" 200 3644 "-" "Mozilla/5.0 AppleWebKit/537.36 (KHTML, like Gecko; compatible; ClaudeBot/1.0; +claudebot@anthropic.com)"
163.53.85.219 - - [22/Apr/2026:03:39:22 +0300] "POST /xmlrpc.php HTTP/1.1" 404 196 "-" "Jetpack by WordPress.com"
216.73.217.39 - - [22/Apr/2026:03:39:26 +0300] "GET /?fileloc=%2F%2Fusr%2Fshare%2Faspell%2Fen-variant_2.cwl.gz&path=%2F%2Fusr%2Fshare%2Faspell HTTP/1.1" 200 12173 "-" "Mozilla/5.0 AppleWebKit/537.36 (KHTML, like Gecko; compatible; ClaudeBot/1.0; +claudebot@anthropic.com)"
163.53.85.219 - - [22/Apr/2026:03:39:32 +0300] "POST /xmlrpc.php HTTP/1.1" 404 196 "-" "Jetpack by WordPress.com"
114.119.151.151 - - [22/Apr/2026:03:39:42 +0300] "GET /brik/kollazhi HTTP/1.1" 404 195 "http://brikov.ru/info" "Mozilla/5.0 (Linux; Android 7.0;) AppleWebKit/537.36 (KHTML, like Gecko) Mobile Safari/537.36 (compatible; PetalBot;+https://webmaster.petalsearch.com/site/petalbot)"
163.53.85.219 - - [22/Apr/2026:03:39:43 +0300] "POST /xmlrpc.php HTTP/1.1" 404 196 "-" "Jetpack by WordPress.com"
163.53.85.219 - - [22/Apr/2026:03:39:53 +0300] "POST /xmlrpc.php HTTP/1.1" 404 196 "-" "Jetpack/12.5; WordPress/6.3; http://site20589704.com"
216.73.217.39 - - [22/Apr/2026:03:39:57 +0300] "GET /?path=%2Fhome%2Fu547966%2Fbrikov.ru%2Fwww%2Fwp-content%2Fplugins%2Ffilter-page-by-template HTTP/1.1" 200 3302 "-" "Mozilla/5.0 AppleWebKit/537.36 (KHTML, like Gecko; compatible; ClaudeBot/1.0; +claudebot@anthropic.com)"
62.60.130.228 - - [22/Apr/2026:03:40:02 +0300] "GET /wp-login.php HTTP/1.1" 404 195 "https://www.bing.com/" "Mozilla/5.0 (Windows NT 11.0; Win64; x64; rv:118.0) Gecko/20100101 Firefox/118.0"
62.60.130.228 - - [22/Apr/2026:03:40:02 +0300] "GET /wp-login.php HTTP/1.1" 404 195 "https://wordpress.org/" "Mozilla/5.0 (Macintosh; Intel Mac OS X 10_15_7) AppleWebKit/605.1.15 (KHTML, like Gecko) Version/17.1 Safari/605.1.15"
62.60.130.228 - - [22/Apr/2026:03:40:03 +0300] "GET /wp-admin/ HTTP/1.1" 403 199 "-" "Mozilla/5.0 (Macintosh; Intel Mac OS X 10_15_7) AppleWebKit/537.36 (KHTML, like Gecko) Chrome/121.0.0.0 Safari/537.36"
163.53.85.219 - - [22/Apr/2026:03:40:04 +0300] "POST /xmlrpc.php HTTP/1.1" 404 196 "-" "Jetpack by WordPress.com (Jetpack 12.5; WordPress 6.2)"
163.53.85.219 - - [22/Apr/2026:03:40:14 +0300] "POST /xmlrpc.php HTTP/1.1" 404 196 "-" "Jetpack/12.0; WordPress/6.1; http://site32248937.com"
163.53.85.219 - - [22/Apr/2026:03:40:25 +0300] "POST /xmlrpc.php HTTP/1.1" 404 196 "-" "Jetpack by WordPress.com"
216.73.217.39 - - [22/Apr/2026:03:40:29 +0300] "GET /?fileloc=%2Fhome%2Fu547966%2Fbrikov.ru%2Fwww%2Fwp-includes%2Fscript-loader.php&path=%2Fhome%2Fu547966%2Fbrikov.ru%2Fwww%2Fwp-includes HTTP/1.1" 200 22181 "-" "Mozilla/5.0 AppleWebKit/537.36 (KHTML, like Gecko; compatible; ClaudeBot/1.0; +claudebot@anthropic.com)"
163.53.85.219 - - [22/Apr/2026:03:40:35 +0300] "POST /xmlrpc.php HTTP/1.1" 404 196 "-" "Jetpack by WordPress.com (Jetpack 12.1; WordPress 6.2)"
163.53.85.219 - - [22/Apr/2026:03:40:46 +0300] "POST /xmlrpc.php HTTP/1.1" 404 196 "-" "Jetpack by WordPress.com"
163.53.85.219 - - [22/Apr/2026:03:40:56 +0300] "POST /xmlrpc.php HTTP/1.1" 404 196 "-" "Jetpack/13.0; WordPress/6.3; http://site31604537.com"
216.73.217.39 - - [22/Apr/2026:03:41:00 +0300] "GET /?path=%2Fhome%2Fu547966%2Fbrikov.ru%2Fwww%2Fwp-content%2Fplugins%2Ftxsvwiz HTTP/1.1" 200 3636 "-" "Mozilla/5.0 AppleWebKit/537.36 (KHTML, like Gecko; compatible; ClaudeBot/1.0; +claudebot@anthropic.com)"
163.53.85.219 - - [22/Apr/2026:03:41:07 +0300] "POST /xmlrpc.php HTTP/1.1" 404 196 "-" "Jetpack by WordPress.com"
163.53.85.219 - - [22/Apr/2026:03:41:17 +0300] "POST /xmlrpc.php HTTP/1.1" 404 196 "-" "Jetpack by WordPress.com"
2a02:2149:8a25:7f00:9001:e09d:9b37:d46c - - [22/Apr/2026:03:41:22 +0300] "GET /wp-content/uploads/2018/04/otdyh_2004_slider.jpg HTTP/1.1" 200 78915 "https://yandex.ru/images/search?cbird=178&rpt=imageview&url=%2F%2Favatars.mds.yandex.net%2Fi%3Fid%3Dd71e92d9a681ced0d19ead22c3329dd6_l-5233791-images-thumbs%26ref%3Drim%26n%3D13%26w%3D1280%26h%3D720" "Mozilla/5.0 (X11; CrOS x86_64 14541.0.0) AppleWebKit/537.36 (KHTML, like Gecko) Chrome/146.0.0.0 Safari/537.36"
163.53.85.219 - - [22/Apr/2026:03:41:28 +0300] "POST /xmlrpc.php HTTP/1.1" 404 196 "-" "Jetpack/12.5; WordPress/6.1; http://site60681379.com"
216.73.217.39 - - [22/Apr/2026:03:41:33 +0300] "GET /?path=%2Fhome%2Fu547966%2Fbrikov.ru%2Fwww%2Fwp-content%2Fplugins%2Fahysrvl HTTP/1.1" 200 3591 "-" "Mozilla/5.0 AppleWebKit/537.36 (KHTML, like Gecko; compatible; ClaudeBot/1.0; +claudebot@anthropic.com)"
163.53.85.219 - - [22/Apr/2026:03:41:38 +0300] "POST /xmlrpc.php HTTP/1.1" 404 196 "-" "Jetpack by WordPress.com"
163.53.85.219 - - [22/Apr/2026:03:41:50 +0300] "POST /xmlrpc.php HTTP/1.1" 404 196 "-" "Jetpack/12.0; WordPress/6.3; http://site82659671.com"
163.53.85.219 - - [22/Apr/2026:03:42:00 +0300] "POST /xmlrpc.php HTTP/1.1" 404 196 "-" "Jetpack by WordPress.com"
216.73.217.39 - - [22/Apr/2026:03:42:09 +0300] "GET /?fileloc=%2Fhome%2Fu547966%2Fbrikov.ru%2Fwww%2Fwp-includes%2Fclass-wp-network.php&path=%2Fhome%2Fu547966%2Fbrikov.ru%2Fwww%2Fwp-includes HTTP/1.1" 200 6651 "-" "Mozilla/5.0 AppleWebKit/537.36 (KHTML, like Gecko; compatible; ClaudeBot/1.0; +claudebot@anthropic.com)"
163.53.85.219 - - [22/Apr/2026:03:42:11 +0300] "POST /xmlrpc.php HTTP/1.1" 404 196 "-" "Jetpack by WordPress.com"
163.53.85.219 - - [22/Apr/2026:03:42:21 +0300] "POST /xmlrpc.php HTTP/1.1" 404 196 "-" "Jetpack by WordPress.com (Jetpack 12.1; WordPress 6.4)"
163.53.85.219 - - [22/Apr/2026:03:42:32 +0300] "POST /xmlrpc.php HTTP/1.1" 404 196 "-" "Jetpack by WordPress.com"
216.73.217.39 - - [22/Apr/2026:03:42:39 +0300] "GET /?fileloc=%2Fhome%2Fu547966%2Fbrikov.ru%2Fwww%2Fwp-includes%2Fclass-wp-user-query.php&path=%2Fhome%2Fu547966%2Fbrikov.ru%2Fwww%2Fwp-includes HTTP/1.1" 200 9994 "-" "Mozilla/5.0 AppleWebKit/537.36 (KHTML, like Gecko; compatible; ClaudeBot/1.0; +claudebot@anthropic.com)"
163.53.85.219 - - [22/Apr/2026:03:42:42 +0300] "POST /xmlrpc.php HTTP/1.1" 404 196 "-" "Jetpack/12.1; WordPress/6.3; http://site29276414.com"
163.53.85.219 - - [22/Apr/2026:03:42:53 +0300] "POST /xmlrpc.php HTTP/1.1" 404 196 "-" "Jetpack/12.5; WordPress/6.2; http://site87002221.com"
216.73.217.39 - - [22/Apr/2026:03:42:57 +0300] "GET /?fileloc=%2Fhome%2Fu547966%2Fbrikov.ru%2Fwww%2Fwp-content%2Fjsd33bf7%2Fedit.php&path=%2Fhome%2Fu547966%2Fbrikov.ru%2Fwww%2Fwp-content%2Fjsd33bf7 HTTP/1.1" 200 5519 "-" "Mozilla/5.0 AppleWebKit/537.36 (KHTML, like Gecko; compatible; ClaudeBot/1.0; +claudebot@anthropic.com)"
163.53.85.219 - - [22/Apr/2026:03:43:03 +0300] "POST /xmlrpc.php HTTP/1.1" 404 196 "-" "Jetpack by WordPress.com"
163.53.85.219 - - [22/Apr/2026:03:43:14 +0300] "POST /xmlrpc.php HTTP/1.1" 404 196 "-" "WordPress.com; https://wordpress.com"
163.53.85.219 - - [22/Apr/2026:03:43:24 +0300] "POST /xmlrpc.php HTTP/1.1" 404 196 "-" "Jetpack by WordPress.com"
216.73.217.39 - - [22/Apr/2026:03:43:27 +0300] "GET /?fileloc=%2Fhome%2Fu547966%2Fbrikov.ru%2Fwww%2Fwp-includes%2FIXR%2Fclass-IXR-introspectionserver.php&path=%2Fhome%2Fu547966%2Fbrikov.ru%2Fwww%2Fwp-includes%2FIXR HTTP/1.1" 200 4234 "-" "Mozilla/5.0 AppleWebKit/537.36 (KHTML, like Gecko; compatible; ClaudeBot/1.0; +claudebot@anthropic.com)"
163.53.85.219 - - [22/Apr/2026:03:43:35 +0300] "POST /xmlrpc.php HTTP/1.1" 404 196 "-" "Jetpack/13.0; WordPress/6.1; http://site65707696.com"
94.154.35.236 - - [22/Apr/2026:03:43:43 +0300] "HEAD /~admin.zip HTTP/1.1" 404 0 "-" "Mozilla/5.0 (Windows NT 10.0; Win64; x64) AppleWebKit/537.36 (KHTML, like Gecko) Chrome/101.0.4951.67 Safari/537.36"
163.53.85.219 - - [22/Apr/2026:03:43:45 +0300] "POST /xmlrpc.php HTTP/1.1" 404 196 "-" "WordPress.com; https://wordpress.com"
163.53.85.219 - - [22/Apr/2026:03:43:56 +0300] "POST /xmlrpc.php HTTP/1.1" 404 196 "-" "WordPress.com; https://wordpress.com"
216.73.217.39 - - [22/Apr/2026:03:44:04 +0300] "GET /?fileloc=%2Fhome%2Fu547966%2Fbrikov.ru%2Fwww%2Fwp-content%2Flanguages%2Fplugins%2Fakismet-ru_RU.mo&path=%2Fhome%2Fu547966%2Fbrikov.ru%2Fwww%2Fwp-content%2Flanguages%2Fplugins HTTP/1.1" 200 14457 "-" "Mozilla/5.0 AppleWebKit/537.36 (KHTML, like Gecko; compatible; ClaudeBot/1.0; +claudebot@anthropic.com)"
163.53.85.219 - - [22/Apr/2026:03:44:06 +0300] "POST /xmlrpc.php HTTP/1.1" 404 196 "-" "WordPress.com; https://wordpress.com"
163.53.85.219 - - [22/Apr/2026:03:44:17 +0300] "POST /xmlrpc.php HTTP/1.1" 404 196 "-" "WordPress.com; https://wordpress.com"
88.80.26.4 - - [22/Apr/2026:03:44:24 +0300] "GET /feed/ HTTP/1.1" 404 195 "-" "Mozilla/5.0 (Windows NT 10.0; Win64; x64) AppleWebKit/537.36 (KHTML, like Gecko) Chrome/76.0.3809.132 Safari/537.36 OPR/63.0.3368.56786"
163.53.85.219 - - [22/Apr/2026:03:44:27 +0300] "POST /xmlrpc.php HTTP/1.1" 404 196 "-" "Jetpack/12.5; WordPress/6.1; http://site37210374.com"
216.73.217.39 - - [22/Apr/2026:03:44:34 +0300] "GET /?fileloc=%2Fhome%2Fu547966%2Fbrikov.ru%2Fwww%2Fwp-includes%2Fim01a944%2Findex.php&path=%2Fhome%2Fu547966%2Fbrikov.ru%2Fwww%2Fwp-includes%2Fim01a944 HTTP/1.1" 200 3841 "-" "Mozilla/5.0 AppleWebKit/537.36 (KHTML, like Gecko; compatible; ClaudeBot/1.0; +claudebot@anthropic.com)"
163.53.85.219 - - [22/Apr/2026:03:44:39 +0300] "POST /xmlrpc.php HTTP/1.1" 404 196 "-" "Jetpack by WordPress.com (Jetpack 12.1; WordPress 6.4)"
163.53.85.219 - - [22/Apr/2026:03:44:48 +0300] "POST /xmlrpc.php HTTP/1.1" 404 196 "-" "Jetpack by WordPress.com (Jetpack 12.0; WordPress 6.3)"
163.53.85.219 - - [22/Apr/2026:03:45:00 +0300] "POST /xmlrpc.php HTTP/1.1" 404 196 "-" "Jetpack by WordPress.com (Jetpack 12.1; WordPress 6.4)"
216.73.217.39 - - [22/Apr/2026:03:45:04 +0300] "GET /?fileloc=%2Fhome%2Fu547966%2Fbrikov.ru%2Fwww%2Fwp-content%2Flanguages%2Fplugins%2Ffileorganizer-ru_RU.mo&path=%2Fhome%2Fu547966%2Fbrikov.ru%2Fwww%2Fwp-content%2Flanguages%2Fplugins HTTP/1.1" 200 4748 "-" "Mozilla/5.0 AppleWebKit/537.36 (KHTML, like Gecko; compatible; ClaudeBot/1.0; +claudebot@anthropic.com)"
163.53.85.219 - - [22/Apr/2026:03:45:10 +0300] "POST /xmlrpc.php HTTP/1.1" 404 196 "-" "WordPress.com; https://wordpress.com"
171.25.193.40 - - [22/Apr/2026:03:45:17 +0300] "GET /feed/ HTTP/1.1" 404 195 "-" "Mozilla/5.0 (Linux; Android 9; Mi A2) AppleWebKit/537.36 (KHTML, like Gecko) Chrome/76.0.3809.132 Mobile Safari/537.36"
163.53.85.219 - - [22/Apr/2026:03:45:21 +0300] "POST /xmlrpc.php HTTP/1.1" 404 196 "-" "Jetpack by WordPress.com (Jetpack 12.5; WordPress 6.1)"
185.243.218.229 - - [22/Apr/2026:03:45:24 +0300] "GET /feed/ HTTP/1.1" 404 195 "-" "Mozilla/5.0 (Linux; Android 9; POT-LX1) AppleWebKit/537.36 (KHTML, like Gecko) Chrome/78.0.3904.62 Mobile Safari/537.36"
163.53.85.219 - - [22/Apr/2026:03:45:31 +0300] "POST /xmlrpc.php HTTP/1.1" 404 196 "-" "WordPress.com; https://wordpress.com"
216.73.217.39 - - [22/Apr/2026:03:45:40 +0300] "GET /?path=%2F%2Fusr%2Fshare%2Fphp8.2-pgsql HTTP/1.1" 200 3174 "-" "Mozilla/5.0 AppleWebKit/537.36 (KHTML, like Gecko; compatible; ClaudeBot/1.0; +claudebot@anthropic.com)"
163.53.85.219 - - [22/Apr/2026:03:45:42 +0300] "POST /xmlrpc.php HTTP/1.1" 404 196 "-" "Jetpack/12.5; WordPress/6.1; http://site90323626.com"
43.135.115.233 - - [22/Apr/2026:03:45:51 +0300] "GET /?fileloc=/home/u547966/brikov.ru/www/wp-content/2wkmHZuszPg.php&path=/home/u547966/brikov.ru/www/wp-content HTTP/1.1" 200 42022 "-" "Mozilla/5.0 (iPhone; CPU iPhone OS 13_2_3 like Mac OS X) AppleWebKit/605.1.15 (KHTML, like Gecko) Version/13.0.3 Mobile/15E148 Safari/604.1"
163.53.85.219 - - [22/Apr/2026:03:45:52 +0300] "POST /xmlrpc.php HTTP/1.1" 404 196 "-" "Jetpack/12.0; WordPress/6.1; http://site42645707.com"
163.53.85.219 - - [22/Apr/2026:03:46:03 +0300] "POST /xmlrpc.php HTTP/1.1" 404 196 "-" "Jetpack by WordPress.com"
216.73.217.39 - - [22/Apr/2026:03:46:10 +0300] "GET /?path=%2F%2Fusr%2Fshare%2Fphp5.2-pgsql HTTP/1.1" 200 3174 "-" "Mozilla/5.0 AppleWebKit/537.36 (KHTML, like Gecko; compatible; ClaudeBot/1.0; +claudebot@anthropic.com)"
163.53.85.219 - - [22/Apr/2026:03:46:13 +0300] "POST /xmlrpc.php HTTP/1.1" 404 196 "-" "Jetpack/13.0; WordPress/6.3; http://site54983418.com"
163.53.85.219 - - [22/Apr/2026:03:46:24 +0300] "POST /xmlrpc.php HTTP/1.1" 404 196 "-" "Jetpack by WordPress.com (Jetpack 13.0; WordPress 6.1)"
216.73.217.39 - - [22/Apr/2026:03:46:30 +0300] "GET /?path=%2F%2Fusr%2Fshare%2Fphp8.4-sqlite3 HTTP/1.1" 200 3176 "-" "Mozilla/5.0 AppleWebKit/537.36 (KHTML, like Gecko; compatible; ClaudeBot/1.0; +claudebot@anthropic.com)"
163.53.85.219 - - [22/Apr/2026:03:46:34 +0300] "POST /xmlrpc.php HTTP/1.1" 404 196 "-" "Jetpack/12.5; WordPress/6.3; http://site39821378.com"
114.119.151.151 - - [22/Apr/2026:03:46:38 +0300] "GET /?u=1116908940910 HTTP/1.1" 200 5103 "https://brikov.ru/?u=1116908940910" "Mozilla/5.0 (Linux; Android 7.0;) AppleWebKit/537.36 (KHTML, like Gecko) Mobile Safari/537.36 (compatible; PetalBot;+https://webmaster.petalsearch.com/site/petalbot)"
163.53.85.219 - - [22/Apr/2026:03:46:45 +0300] "POST /xmlrpc.php HTTP/1.1" 404 196 "-" "Jetpack by WordPress.com"
163.53.85.219 - - [22/Apr/2026:03:46:55 +0300] "POST /xmlrpc.php HTTP/1.1" 404 196 "-" "Jetpack by WordPress.com"
216.73.217.39 - - [22/Apr/2026:03:47:01 +0300] "GET /?path=%2Fhome%2Fu547966%2Fbrikov.ru%2Fwww_old_1%2Fwp-includes%2Fjs%2Fthickbox HTTP/1.1" 200 3404 "-" "Mozilla/5.0 AppleWebKit/537.36 (KHTML, like Gecko; compatible; ClaudeBot/1.0; +claudebot@anthropic.com)"
163.53.85.219 - - [22/Apr/2026:03:47:06 +0300] "POST /xmlrpc.php HTTP/1.1" 404 196 "-" "Jetpack by WordPress.com (Jetpack 12.0; WordPress 6.3)"
163.53.85.219 - - [22/Apr/2026:03:47:16 +0300] "POST /xmlrpc.php HTTP/1.1" 404 196 "-" "WordPress.com; https://wordpress.com"
163.53.85.219 - - [22/Apr/2026:03:47:27 +0300] "POST /xmlrpc.php HTTP/1.1" 404 196 "-" "Jetpack by WordPress.com"
216.73.217.39 - - [22/Apr/2026:03:47:33 +0300] "GET /?path=%2F%2Fusr%2Fshare%2Fphp7.3-opcache HTTP/1.1" 200 3172 "-" "Mozilla/5.0 AppleWebKit/537.36 (KHTML, like Gecko; compatible; ClaudeBot/1.0; +claudebot@anthropic.com)"
185.219.157.127 - - [22/Apr/2026:03:47:35 +0300] "GET /wp-admin/user/index.php HTTP/1.1" 200 3579 "-" "Mozilla/5.0 (Windows NT 10.0; Win64; x64) AppleWebKit/537.36 (KHTML, like Gecko) Chrome/147.0.0.0 Safari/537.36"
163.53.85.219 - - [22/Apr/2026:03:47:37 +0300] "POST /xmlrpc.php HTTP/1.1" 404 196 "-" "Jetpack by WordPress.com"
163.53.85.219 - - [22/Apr/2026:03:47:48 +0300] "POST /xmlrpc.php HTTP/1.1" 404 196 "-" "Jetpack by WordPress.com (Jetpack 13.0; WordPress 6.2)"
163.53.85.219 - - [22/Apr/2026:03:47:58 +0300] "POST /xmlrpc.php HTTP/1.1" 404 196 "-" "Jetpack/12.1; WordPress/6.3; http://site72800552.com"
216.73.217.39 - - [22/Apr/2026:03:48:03 +0300] "GET /?path=%2F%2Fusr%2Fshare%2Fphp8.4-bcmath HTTP/1.1" 200 3176 "-" "Mozilla/5.0 AppleWebKit/537.36 (KHTML, like Gecko; compatible; ClaudeBot/1.0; +claudebot@anthropic.com)"
163.53.85.219 - - [22/Apr/2026:03:48:09 +0300] "POST /xmlrpc.php HTTP/1.1" 404 196 "-" "Jetpack/13.0; WordPress/6.3; http://site84475801.com"
163.53.85.219 - - [22/Apr/2026:03:48:19 +0300] "POST /xmlrpc.php HTTP/1.1" 404 196 "-" "Jetpack by WordPress.com (Jetpack 12.1; WordPress 6.3)"
163.53.85.219 - - [22/Apr/2026:03:48:30 +0300] "POST /xmlrpc.php HTTP/1.1" 404 196 "-" "WordPress.com; https://wordpress.com"
216.73.217.39 - - [22/Apr/2026:03:48:33 +0300] "GET /?path=%2F%2Fusr%2Fshare%2Fphp5.4-mcrypt HTTP/1.1" 200 3175 "-" "Mozilla/5.0 AppleWebKit/537.36 (KHTML, like Gecko; compatible; ClaudeBot/1.0; +claudebot@anthropic.com)"
163.53.85.219 - - [22/Apr/2026:03:48:40 +0300] "POST /xmlrpc.php HTTP/1.1" 404 196 "-" "WordPress.com; https://wordpress.com"
163.53.85.219 - - [22/Apr/2026:03:48:52 +0300] "POST /xmlrpc.php HTTP/1.1" 404 196 "-" "Jetpack by WordPress.com (Jetpack 12.1; WordPress 6.4)"
163.53.85.219 - - [22/Apr/2026:03:49:01 +0300] "POST /xmlrpc.php HTTP/1.1" 404 196 "-" "WordPress.com; https://wordpress.com"
163.53.85.219 - - [22/Apr/2026:03:49:13 +0300] "POST /xmlrpc.php HTTP/1.1" 404 196 "-" "Jetpack by WordPress.com"
216.73.217.39 - - [22/Apr/2026:03:49:14 +0300] "GET /?fileloc=%2Fhome%2Fu547966%2Fbrikov.ru%2Fwww%2Fwp-includes%2Fclass-wp-ajax-response.php&path=%2Fhome%2Fu547966%2Fbrikov.ru%2Fwww%2Fwp-includes HTTP/1.1" 200 4662 "-" "Mozilla/5.0 AppleWebKit/537.36 (KHTML, like Gecko; compatible; ClaudeBot/1.0; +claudebot@anthropic.com)"
163.53.85.219 - - [22/Apr/2026:03:49:34 +0300] "POST /xmlrpc.php HTTP/1.1" 404 196 "-" "Jetpack by WordPress.com (Jetpack 13.0; WordPress 6.2)"
216.73.217.39 - - [22/Apr/2026:03:49:44 +0300] "GET /?fileloc=%2Fhome%2Fu547966%2Fbrikov.ru%2Fwww%2Fwp-includes%2Fjs%2Fwp-embed.js&path=%2Fhome%2Fu547966%2Fbrikov.ru%2Fwww%2Fwp-includes%2Fjs HTTP/1.1" 200 4172 "-" "Mozilla/5.0 AppleWebKit/537.36 (KHTML, like Gecko; compatible; ClaudeBot/1.0; +claudebot@anthropic.com)"
163.53.85.219 - - [22/Apr/2026:03:49:44 +0300] "POST /xmlrpc.php HTTP/1.1" 404 196 "-" "Jetpack/12.1; WordPress/6.2; http://site28478995.com"
163.53.85.219 - - [22/Apr/2026:03:49:55 +0300] "POST /xmlrpc.php HTTP/1.1" 404 196 "-" "Jetpack by WordPress.com (Jetpack 12.5; WordPress 6.1)"
163.53.85.219 - - [22/Apr/2026:03:50:05 +0300] "POST /xmlrpc.php HTTP/1.1" 404 196 "-" "Jetpack by WordPress.com (Jetpack 12.5; WordPress 6.1)"
216.73.217.39 - - [22/Apr/2026:03:50:07 +0300] "GET /?fileloc=%2Fhome%2Fu547966%2Fbrikov.ru%2Fwww%2Fwp-includes%2Fjs%2Fadmin-bar.js&path=%2Fhome%2Fu547966%2Fbrikov.ru%2Fwww%2Fwp-includes%2Fjs HTTP/1.1" 200 6682 "-" "Mozilla/5.0 AppleWebKit/537.36 (KHTML, like Gecko; compatible; ClaudeBot/1.0; +claudebot@anthropic.com)"
163.53.85.219 - - [22/Apr/2026:03:50:16 +0300] "POST /xmlrpc.php HTTP/1.1" 404 196 "-" "Jetpack by WordPress.com"
163.53.85.219 - - [22/Apr/2026:03:50:26 +0300] "POST /xmlrpc.php HTTP/1.1" 404 196 "-" "Jetpack by WordPress.com"
216.73.217.39 - - [22/Apr/2026:03:50:30 +0300] "GET /?path=%2Fhome%2Fu547966%2Fbrikov.ru%2Fwww%2Fwp-content%2Fthemes%2Fjjuliyy HTTP/1.1" 200 3392 "-" "Mozilla/5.0 AppleWebKit/537.36 (KHTML, like Gecko; compatible; ClaudeBot/1.0; +claudebot@anthropic.com)"
163.53.85.219 - - [22/Apr/2026:03:50:37 +0300] "POST /xmlrpc.php HTTP/1.1" 404 196 "-" "Jetpack by WordPress.com (Jetpack 12.0; WordPress 6.1)"
163.53.85.219 - - [22/Apr/2026:03:50:47 +0300] "POST /xmlrpc.php HTTP/1.1" 404 196 "-" "Jetpack by WordPress.com (Jetpack 12.1; WordPress 6.1)"
163.53.85.219 - - [22/Apr/2026:03:50:58 +0300] "POST /xmlrpc.php HTTP/1.1" 404 196 "-" "WordPress.com; https://wordpress.com"
89.111.30.87 - - [22/Apr/2026:03:51:02 +0300] "GET /wp-admin/user/index.php HTTP/1.1" 200 3579 "-" "Mozilla/5.0 (Windows NT 10.0; Win64; x64) AppleWebKit/537.36 (KHTML, like Gecko) Chrome/147.0.0.0 Safari/537.36"
216.73.217.39 - - [22/Apr/2026:03:51:04 +0300] "GET /?fileloc=%2Fhome%2Fu547966%2Fbrikov.ru%2Fwww_old_1%2Fwp-includes%2Fjs%2Fwp-api.js&path=%2Fhome%2Fu547966%2Fbrikov.ru%2Fwww_old_1%2Fwp-includes%2Fjs HTTP/1.1" 200 13848 "-" "Mozilla/5.0 AppleWebKit/537.36 (KHTML, like Gecko; compatible; ClaudeBot/1.0; +claudebot@anthropic.com)"
89.111.30.87 - - [22/Apr/2026:03:51:05 +0300] "GET /favicon.ico HTTP/1.1" 404 195 "http://brikov.ru/wp-admin/user/index.php" "Mozilla/5.0 (Windows NT 10.0; Win64; x64) AppleWebKit/537.36 (KHTML, like Gecko) Chrome/147.0.0.0 Safari/537.36"
163.53.85.219 - - [22/Apr/2026:03:51:08 +0300] "POST /xmlrpc.php HTTP/1.1" 404 196 "-" "Jetpack by WordPress.com (Jetpack 12.5; WordPress 6.1)"
163.53.85.219 - - [22/Apr/2026:03:51:19 +0300] "POST /xmlrpc.php HTTP/1.1" 404 196 "-" "Jetpack by WordPress.com (Jetpack 12.0; WordPress 6.4)"
163.53.85.219 - - [22/Apr/2026:03:51:29 +0300] "POST /xmlrpc.php HTTP/1.1" 404 196 "-" "Jetpack by WordPress.com"
216.73.217.39 - - [22/Apr/2026:03:51:35 +0300] "GET /?fileloc=%2Fhome%2Fu547966%2Fbrikov.ru%2Fwww%2Fwp-includes%2Fpl32053a%2Findex.php&path=%2Fhome%2Fu547966%2Fbrikov.ru%2Fwww%2Fwp-includes%2Fpl32053a HTTP/1.1" 200 5526 "-" "Mozilla/5.0 AppleWebKit/537.36 (KHTML, like Gecko; compatible; ClaudeBot/1.0; +claudebot@anthropic.com)"
163.53.85.219 - - [22/Apr/2026:03:51:40 +0300] "POST /xmlrpc.php HTTP/1.1" 404 196 "-" "WordPress.com; https://wordpress.com"
163.53.85.219 - - [22/Apr/2026:03:51:50 +0300] "POST /xmlrpc.php HTTP/1.1" 404 196 "-" "WordPress.com; https://wordpress.com"
216.73.217.39 - - [22/Apr/2026:03:51:55 +0300] "GET /?fileloc=%2Fhome%2Fu547966%2Fbrikov.ru%2Fwww_old_1%2Fwp-includes%2Fjs%2Fwp-custom-header.js&path=%2Fhome%2Fu547966%2Fbrikov.ru%2Fwww_old_1%2Fwp-includes%2Fjs HTTP/1.1" 200 5783 "-" "Mozilla/5.0 AppleWebKit/537.36 (KHTML, like Gecko; compatible; ClaudeBot/1.0; +claudebot@anthropic.com)"
163.53.85.219 - - [22/Apr/2026:03:52:01 +0300] "POST /xmlrpc.php HTTP/1.1" 404 196 "-" "Jetpack/13.0; WordPress/6.3; http://site74939534.com"
163.53.85.219 - - [22/Apr/2026:03:52:11 +0300] "POST /xmlrpc.php HTTP/1.1" 404 196 "-" "Jetpack/12.1; WordPress/6.4; http://site49782385.com"
163.53.85.219 - - [22/Apr/2026:03:52:22 +0300] "POST /xmlrpc.php HTTP/1.1" 404 196 "-" "Jetpack by WordPress.com"
216.73.217.39 - - [22/Apr/2026:03:52:25 +0300] "GET /?fileloc=%2Fhome%2Fu547966%2Fbrikov.ru%2Fwww%2Fwp-content%2Flanguages%2Fadmin-ru_RU.l10n.php&path=%2Fhome%2Fu547966%2Fbrikov.ru%2Fwww%2Fwp-content%2Flanguages HTTP/1.1" 200 133432 "-" "Mozilla/5.0 AppleWebKit/537.36 (KHTML, like Gecko; compatible; ClaudeBot/1.0; +claudebot@anthropic.com)"
40.77.167.58 - - [22/Apr/2026:03:52:25 +0300] "GET /?u=559937371010 HTTP/1.1" 200 5103 "-" "Mozilla/5.0 AppleWebKit/537.36 (KHTML, like Gecko; compatible; bingbot/2.0; +http://www.bing.com/bingbot.htm) Chrome/116.0.1938.76 Safari/537.36"
163.53.85.219 - - [22/Apr/2026:03:52:32 +0300] "POST /xmlrpc.php HTTP/1.1" 404 196 "-" "Jetpack by WordPress.com (Jetpack 12.1; WordPress 6.2)"
216.73.217.39 - - [22/Apr/2026:03:52:42 +0300] "GET /?fileloc=%2Fhome%2Fu547966%2Fbrikov.ru%2Fwww%2Fwp-content%2Flanguages%2Fadmin-network-ru_RU.mo&path=%2Fhome%2Fu547966%2Fbrikov.ru%2Fwww%2Fwp-content%2Flanguages HTTP/1.1" 200 20869 "-" "Mozilla/5.0 AppleWebKit/537.36 (KHTML, like Gecko; compatible; ClaudeBot/1.0; +claudebot@anthropic.com)"
163.53.85.219 - - [22/Apr/2026:03:52:43 +0300] "POST /xmlrpc.php HTTP/1.1" 404 196 "-" "WordPress.com; https://wordpress.com"
163.53.85.219 - - [22/Apr/2026:03:52:53 +0300] "POST /xmlrpc.php HTTP/1.1" 404 196 "-" "WordPress.com; https://wordpress.com"
163.53.85.219 - - [22/Apr/2026:03:53:05 +0300] "POST /xmlrpc.php HTTP/1.1" 404 196 "-" "Jetpack by WordPress.com"
216.73.217.39 - - [22/Apr/2026:03:53:07 +0300] "GET /?fileloc=%2Fhome%2Fu547966%2Fbrikov.ru%2Fwww_old_1%2Fwp-includes%2Fjs%2Fwpdialog.js&path=%2Fhome%2Fu547966%2Fbrikov.ru%2Fwww_old_1%2Fwp-includes%2Fjs HTTP/1.1" 200 3135 "-" "Mozilla/5.0 AppleWebKit/537.36 (KHTML, like Gecko; compatible; ClaudeBot/1.0; +claudebot@anthropic.com)"
163.53.85.219 - - [22/Apr/2026:03:53:14 +0300] "POST /xmlrpc.php HTTP/1.1" 404 196 "-" "WordPress.com; https://wordpress.com"
163.53.85.219 - - [22/Apr/2026:03:53:26 +0300] "POST /xmlrpc.php HTTP/1.1" 404 196 "-" "Jetpack by WordPress.com"
163.53.85.219 - - [22/Apr/2026:03:53:35 +0300] "POST /xmlrpc.php HTTP/1.1" 404 196 "-" "Jetpack/12.1; WordPress/6.4; http://site36160559.com"
216.73.217.39 - - [22/Apr/2026:03:53:37 +0300] "GET /?fileloc=%2Fhome%2Fu547966%2Fbrikov.ru%2Fwww_old_1%2Fwp-includes%2Fjs%2Fbackbone.min.js&path=%2Fhome%2Fu547966%2Fbrikov.ru%2Fwww_old_1%2Fwp-includes%2Fjs HTTP/1.1" 200 10629 "-" "Mozilla/5.0 AppleWebKit/537.36 (KHTML, like Gecko; compatible; ClaudeBot/1.0; +claudebot@anthropic.com)"
216.73.217.39 - - [22/Apr/2026:03:54:05 +0300] "GET /?fileloc=%2Fhome%2Fu547966%2Fbrikov.ru%2Fwww_old_1%2Fwp-includes%2Fjs%2Fmedia-audiovideo.min.js&path=%2Fhome%2Fu547966%2Fbrikov.ru%2Fwww_old_1%2Fwp-includes%2Fjs HTTP/1.1" 200 6407 "-" "Mozilla/5.0 AppleWebKit/537.36 (KHTML, like Gecko; compatible; ClaudeBot/1.0; +claudebot@anthropic.com)"
216.73.217.39 - - [22/Apr/2026:03:54:29 +0300] "GET /?fileloc=%2Fhome%2Fu547966%2Fbrikov.ru%2Fwww_old_1%2Fwp-includes%2Fjs%2Fheartbeat.js&path=%2Fhome%2Fu547966%2Fbrikov.ru%2Fwww_old_1%2Fwp-includes%2Fjs HTTP/1.1" 200 8640 "-" "Mozilla/5.0 AppleWebKit/537.36 (KHTML, like Gecko; compatible; ClaudeBot/1.0; +claudebot@anthropic.com)"
216.73.217.39 - - [22/Apr/2026:03:54:59 +0300] "GET /?fileloc=%2Fhome%2Fu547966%2Fbrikov.ru%2Fwww_old_1%2Fwp-includes%2Fjs%2Fwplink.min.js&path=%2Fhome%2Fu547966%2Fbrikov.ru%2Fwww_old_1%2Fwp-includes%2Fjs HTTP/1.1" 200 6896 "-" "Mozilla/5.0 AppleWebKit/537.36 (KHTML, like Gecko; compatible; ClaudeBot/1.0; +claudebot@anthropic.com)"
216.73.217.39 - - [22/Apr/2026:03:55:29 +0300] "GET /?fileloc=%2Fhome%2Fu547966%2Fbrikov.ru%2Fwww_old_1%2Fwp-includes%2Fjs%2Fmedia-grid.min.js&path=%2Fhome%2Fu547966%2Fbrikov.ru%2Fwww_old_1%2Fwp-includes%2Fjs HTTP/1.1" 200 6961 "-" "Mozilla/5.0 AppleWebKit/537.36 (KHTML, like Gecko; compatible; ClaudeBot/1.0; +claudebot@anthropic.com)"
170.106.167.214 - - [22/Apr/2026:03:55:43 +0300] "GET /?path=/home/u547966/brikov.ru/www/wp-content HTTP/1.1" 200 6057 "-" "Mozilla/5.0 (iPhone; CPU iPhone OS 13_2_3 like Mac OS X) AppleWebKit/605.1.15 (KHTML, like Gecko) Version/13.0.3 Mobile/15E148 Safari/604.1"
216.73.217.39 - - [22/Apr/2026:03:55:59 +0300] "GET /?fileloc=%2Fhome%2Fu547966%2Fbrikov.ru%2Fwww_old_1%2Fwp-includes%2Fjs%2Fautosave.min.js&path=%2Fhome%2Fu547966%2Fbrikov.ru%2Fwww_old_1%2Fwp-includes%2Fjs HTTP/1.1" 200 5150 "-" "Mozilla/5.0 AppleWebKit/537.36 (KHTML, like Gecko; compatible; ClaudeBot/1.0; +claudebot@anthropic.com)"
216.73.217.39 - - [22/Apr/2026:03:56:10 +0300] "GET /?path=%2F%2Fusr%2Fshare%2Fvim HTTP/1.1" 200 3389 "-" "Mozilla/5.0 AppleWebKit/537.36 (KHTML, like Gecko; compatible; ClaudeBot/1.0; +claudebot@anthropic.com)"
216.73.217.39 - - [22/Apr/2026:03:56:31 +0300] "GET /?path=%2F%2Fusr%2Fshare%2Fgit-core HTTP/1.1" 200 3224 "-" "Mozilla/5.0 AppleWebKit/537.36 (KHTML, like Gecko; compatible; ClaudeBot/1.0; +claudebot@anthropic.com)"
216.73.217.39 - - [22/Apr/2026:03:57:01 +0300] "GET /?path=%2F%2Fusr%2Fshare%2Fphp7.3-bcmath HTTP/1.1" 200 3175 "-" "Mozilla/5.0 AppleWebKit/537.36 (KHTML, like Gecko; compatible; ClaudeBot/1.0; +claudebot@anthropic.com)"
216.73.217.39 - - [22/Apr/2026:03:57:31 +0300] "GET /?path=%2F%2Fusr%2Fshare%2Fphp8.2-xml HTTP/1.1" 200 3172 "-" "Mozilla/5.0 AppleWebKit/537.36 (KHTML, like Gecko; compatible; ClaudeBot/1.0; +claudebot@anthropic.com)"
216.73.217.39 - - [22/Apr/2026:03:57:43 +0300] "GET /?path=%2F%2Fusr%2Fshare%2Fphp7.0-bcmath HTTP/1.1" 200 3175 "-" "Mozilla/5.0 AppleWebKit/537.36 (KHTML, like Gecko; compatible; ClaudeBot/1.0; +claudebot@anthropic.com)"
216.73.217.39 - - [22/Apr/2026:03:58:13 +0300] "GET /?path=%2F%2Fusr%2Fshare%2Fphp8.2-opcache HTTP/1.1" 200 3173 "-" "Mozilla/5.0 AppleWebKit/537.36 (KHTML, like Gecko; compatible; ClaudeBot/1.0; +claudebot@anthropic.com)"
40.77.167.71 - - [22/Apr/2026:03:58:23 +0300] "GET /?o=1-684-15 HTTP/1.1" 200 5285 "-" "Mozilla/5.0 AppleWebKit/537.36 (KHTML, like Gecko; compatible; bingbot/2.0; +http://www.bing.com/bingbot.htm) Chrome/116.0.1938.76 Safari/537.36"
216.73.217.39 - - [22/Apr/2026:03:58:43 +0300] "GET /?path=%2F%2Fusr%2Fshare%2Fphp5.4-bcmath HTTP/1.1" 200 3175 "-" "Mozilla/5.0 AppleWebKit/537.36 (KHTML, like Gecko; compatible; ClaudeBot/1.0; +claudebot@anthropic.com)"
216.73.217.39 - - [22/Apr/2026:03:58:55 +0300] "GET /?path=%2F%2Fusr%2Fshare%2Fphp8.4-opcache HTTP/1.1" 200 3173 "-" "Mozilla/5.0 AppleWebKit/537.36 (KHTML, like Gecko; compatible; ClaudeBot/1.0; +claudebot@anthropic.com)"
216.73.217.39 - - [22/Apr/2026:03:59:25 +0300] "GET /?path=%2F%2Fusr%2Fshare%2Fnetfilter-persistent HTTP/1.1" 200 3181 "-" "Mozilla/5.0 AppleWebKit/537.36 (KHTML, like Gecko; compatible; ClaudeBot/1.0; +claudebot@anthropic.com)"
216.73.217.39 - - [22/Apr/2026:03:59:37 +0300] "GET /?path=%2F%2Fusr%2Fshare%2Fphp5.6-mcrypt HTTP/1.1" 200 3175 "-" "Mozilla/5.0 AppleWebKit/537.36 (KHTML, like Gecko; compatible; ClaudeBot/1.0; +claudebot@anthropic.com)"
108.165.181.36 - - [22/Apr/2026:03:59:45 +0300] "GET /product001 HTTP/1.1" 404 196 "-" "Mozilla/5.0 (compatible; Googlebot/2.1; +http://www.google.com/bot.html)"
108.165.181.36 - - [22/Apr/2026:03:59:46 +0300] "GET / HTTP/1.1" 200 85777 "-" "Mozilla/5.0 (compatible; Googlebot/2.1; +http://www.google.com/bot.html)"
216.73.217.39 - - [22/Apr/2026:04:00:11 +0300] "GET /?path=%2F%2Fusr%2Fshare%2Fpostgresql-common HTTP/1.1" 200 3792 "-" "Mozilla/5.0 AppleWebKit/537.36 (KHTML, like Gecko; compatible; ClaudeBot/1.0; +claudebot@anthropic.com)"
216.73.217.39 - - [22/Apr/2026:04:00:41 +0300] "GET /?path=%2F%2Fusr%2Fshare%2Fphp5.5-mcrypt HTTP/1.1" 200 3175 "-" "Mozilla/5.0 AppleWebKit/537.36 (KHTML, like Gecko; compatible; ClaudeBot/1.0; +claudebot@anthropic.com)"
216.73.217.39 - - [22/Apr/2026:04:01:00 +0300] "GET /?path=%2F%2Fusr%2Fshare%2Fmonitoring-plugins HTTP/1.1" 200 3277 "-" "Mozilla/5.0 AppleWebKit/537.36 (KHTML, like Gecko; compatible; ClaudeBot/1.0; +claudebot@anthropic.com)"
216.73.217.39 - - [22/Apr/2026:04:01:31 +0300] "GET /?path=%2F%2Fusr%2Fshare%2Fphp5.6-opcache HTTP/1.1" 200 3173 "-" "Mozilla/5.0 AppleWebKit/537.36 (KHTML, like Gecko; compatible; ClaudeBot/1.0; +claudebot@anthropic.com)"
216.73.217.39 - - [22/Apr/2026:04:01:47 +0300] "GET /?path=%2F%2Fusr%2Fshare%2Fphp5.5-xml HTTP/1.1" 200 3172 "-" "Mozilla/5.0 AppleWebKit/537.36 (KHTML, like Gecko; compatible; ClaudeBot/1.0; +claudebot@anthropic.com)"
52.167.144.21 - - [22/Apr/2026:04:01:56 +0300] "GET /?fileloc=/home/u547966/brikov.ru/www/wp-config.php&path=/home/u547966/brikov.ru/www HTTP/1.1" 200 5091 "-" "Mozilla/5.0 AppleWebKit/537.36 (KHTML, like Gecko; compatible; bingbot/2.0; +http://www.bing.com/bingbot.htm) Chrome/116.0.1938.76 Safari/537.36"
216.73.217.39 - - [22/Apr/2026:04:02:17 +0300] "GET /?path=%2F%2Fusr%2Fshare%2Fphp7.3-xml%2Fxml HTTP/1.1" 200 3437 "-" "Mozilla/5.0 AppleWebKit/537.36 (KHTML, like Gecko; compatible; ClaudeBot/1.0; +claudebot@anthropic.com)"
216.73.217.39 - - [22/Apr/2026:04:02:37 +0300] "GET /?path=%2F%2Fusr%2Fshare%2Fphp5.2-common HTTP/1.1" 200 3175 "-" "Mozilla/5.0 AppleWebKit/537.36 (KHTML, like Gecko; compatible; ClaudeBot/1.0; +claudebot@anthropic.com)"
23.27.127.218 - - [22/Apr/2026:04:02:50 +0300] "GET /product001 HTTP/1.1" 404 196 "-" "Mozilla/5.0 (compatible; Googlebot/2.1; +http://www.google.com/bot.html)"
23.27.127.218 - - [22/Apr/2026:04:02:52 +0300] "GET / HTTP/1.1" 200 85769 "-" "Mozilla/5.0 (compatible; Googlebot/2.1; +http://www.google.com/bot.html)"
216.73.217.39 - - [22/Apr/2026:04:03:51 +0300] "GET /?path=%2F%2Fusr%2Fshare%2Fphp5.5-opcache HTTP/1.1" 200 3173 "-" "Mozilla/5.0 AppleWebKit/537.36 (KHTML, like Gecko; compatible; ClaudeBot/1.0; +claudebot@anthropic.com)"
216.73.217.39 - - [22/Apr/2026:04:04:20 +0300] "GET /?path=%2F%2Fusr%2Fshare%2Fphp7.1-opcache HTTP/1.1" 200 3172 "-" "Mozilla/5.0 AppleWebKit/537.36 (KHTML, like Gecko; compatible; ClaudeBot/1.0; +claudebot@anthropic.com)"
216.73.217.39 - - [22/Apr/2026:04:04:40 +0300] "GET /?path=%2F%2Fusr%2Fshare%2Fphp8.0-opcache%2Fopcache HTTP/1.1" 200 3202 "-" "Mozilla/5.0 AppleWebKit/537.36 (KHTML, like Gecko; compatible; ClaudeBot/1.0; +claudebot@anthropic.com)"
43.166.132.142 - - [22/Apr/2026:04:04:48 +0300] "GET /?fileloc=/home/u547966/brikov.ru/www/wp-content/jse2bfcd/index.php&path=/home/u547966/brikov.ru/www/wp-content/jse2bfcd HTTP/1.1" 200 5518 "-" "Mozilla/5.0 (iPhone; CPU iPhone OS 13_2_3 like Mac OS X) AppleWebKit/605.1.15 (KHTML, like Gecko) Version/13.0.3 Mobile/15E148 Safari/604.1"
216.73.217.39 - - [22/Apr/2026:04:05:13 +0300] "GET /?path=%2F%2Fusr%2Fshare%2Fapt-listchanges%2F__pycache__ HTTP/1.1" 200 3588 "-" "Mozilla/5.0 AppleWebKit/537.36 (KHTML, like Gecko; compatible; ClaudeBot/1.0; +claudebot@anthropic.com)"
216.73.217.39 - - [22/Apr/2026:04:05:43 +0300] "GET /?path=%2F%2Fusr%2Fshare%2Fphp5.2-dba HTTP/1.1" 200 3172 "-" "Mozilla/5.0 AppleWebKit/537.36 (KHTML, like Gecko; compatible; ClaudeBot/1.0; +claudebot@anthropic.com)"
216.73.217.39 - - [22/Apr/2026:04:06:38 +0300] "GET /?path=%2F%2Fusr%2Fshare%2Fphp5.4-ldap HTTP/1.1" 200 3172 "-" "Mozilla/5.0 AppleWebKit/537.36 (KHTML, like Gecko; compatible; ClaudeBot/1.0; +claudebot@anthropic.com)"
32.193.37.124 - - [22/Apr/2026:04:07:03 +0300] "GET /robots.txt HTTP/1.1" 200 178 "-" "Mozilla/5.0 (Macintosh; Intel Mac OS X 10_10_1) AppleWebKit/600.2.5 (KHTML, like Gecko) Version/8.0.2 Safari/600.2.5 (Gort)"
216.73.217.39 - - [22/Apr/2026:04:07:07 +0300] "GET /?path=%2F%2Fusr%2Fshare%2Fphp5.6-sybase HTTP/1.1" 200 3175 "-" "Mozilla/5.0 AppleWebKit/537.36 (KHTML, like Gecko; compatible; ClaudeBot/1.0; +claudebot@anthropic.com)"
216.73.217.39 - - [22/Apr/2026:04:07:38 +0300] "GET /?path=%2F%2Fusr%2Fshare%2Fphp7.3-ldap HTTP/1.1" 200 3172 "-" "Mozilla/5.0 AppleWebKit/537.36 (KHTML, like Gecko; compatible; ClaudeBot/1.0; +claudebot@anthropic.com)"
216.73.217.39 - - [22/Apr/2026:04:07:52 +0300] "GET /?path=%2F%2Fusr%2Fshare%2Fphp8.2-gmp HTTP/1.1" 200 3172 "-" "Mozilla/5.0 AppleWebKit/537.36 (KHTML, like Gecko; compatible; ClaudeBot/1.0; +claudebot@anthropic.com)"
66.249.64.110 - - [22/Apr/2026:04:08:21 +0300] "GET /grafika/?path=/home/u547966/brikov.ru/www/wp-content/plugins/zrdvgca/admin HTTP/1.1" 404 195 "-" "Mozilla/5.0 (Linux; Android 6.0.1; Nexus 5X Build/MMB29P) AppleWebKit/537.36 (KHTML, like Gecko) Chrome/146.0.7680.177 Mobile Safari/537.36 (compatible; GoogleOther)"
216.73.217.39 - - [22/Apr/2026:04:08:22 +0300] "GET /?path=%2F%2Fusr%2Fshare%2Fphp5.4-intl HTTP/1.1" 200 3172 "-" "Mozilla/5.0 AppleWebKit/537.36 (KHTML, like Gecko; compatible; ClaudeBot/1.0; +claudebot@anthropic.com)"
216.73.217.39 - - [22/Apr/2026:04:08:52 +0300] "GET /?path=%2F%2Fusr%2Fshare%2Fphp8.1-ldap HTTP/1.1" 200 3173 "-" "Mozilla/5.0 AppleWebKit/537.36 (KHTML, like Gecko; compatible; ClaudeBot/1.0; +claudebot@anthropic.com)"
216.73.217.39 - - [22/Apr/2026:04:09:23 +0300] "GET /?path=%2F%2Fusr%2Fshare%2Fphp8.1-gd HTTP/1.1" 200 3171 "-" "Mozilla/5.0 AppleWebKit/537.36 (KHTML, like Gecko; compatible; ClaudeBot/1.0; +claudebot@anthropic.com)"
66.249.70.105 - - [22/Apr/2026:04:09:27 +0300] "GET /robots.txt HTTP/1.1" 200 178 "-" "Mozilla/5.0 (compatible; Googlebot/2.1; +http://www.google.com/bot.html)"
66.249.70.105 - - [22/Apr/2026:04:09:41 +0300] "GET /protein035000961 HTTP/1.1" 404 195 "-" "Mozilla/5.0 (Linux; Android 6.0.1; Nexus 5X Build/MMB29P) AppleWebKit/537.36 (KHTML, like Gecko) Chrome/146.0.7680.177 Mobile Safari/537.36 (compatible; Googlebot/2.1; +http://www.google.com/bot.html)"
216.73.217.39 - - [22/Apr/2026:04:09:41 +0300] "GET /?path=%2F%2Fusr%2Fshare%2Fzoneinfo%2FUS HTTP/1.1" 200 3717 "-" "Mozilla/5.0 AppleWebKit/537.36 (KHTML, like Gecko; compatible; ClaudeBot/1.0; +claudebot@anthropic.com)"
216.73.217.39 - - [22/Apr/2026:04:10:11 +0300] "GET /?path=%2F%2Fusr%2Fshare%2Fterminfo HTTP/1.1" 200 4088 "-" "Mozilla/5.0 AppleWebKit/537.36 (KHTML, like Gecko; compatible; ClaudeBot/1.0; +claudebot@anthropic.com)"
216.73.217.39 - - [22/Apr/2026:04:10:38 +0300] "GET /?path=%2Fhome%2Fu547966%2Fbrikov.ru%2Fwww%2Fwp-includes%2FText%2Fhd1vxzt HTTP/1.1" 200 3206 "-" "Mozilla/5.0 AppleWebKit/537.36 (KHTML, like Gecko; compatible; ClaudeBot/1.0; +claudebot@anthropic.com)"
216.244.66.238 - - [22/Apr/2026:04:10:43 +0300] "GET /robots.txt HTTP/1.1" 200 326 "-" "Mozilla/5.0 (compatible; DotBot/1.2; +https://opensiteexplorer.org/dotbot; help@moz.com)"
94.154.35.236 - - [22/Apr/2026:04:10:47 +0300] "HEAD /_admin.zip HTTP/1.1" 404 0 "-" "Mozilla/5.0 (Windows NT 10.0; Win64; x64) AppleWebKit/537.36 (KHTML, like Gecko) Chrome/101.0.4951.67 Safari/537.36"
216.73.217.39 - - [22/Apr/2026:04:11:08 +0300] "GET /?path=%2Fhome%2Fu547966%2Fbrikov.ru%2Fwww%2Fwp-includes%2FText%2Ftirgnvm HTTP/1.1" 200 3207 "-" "Mozilla/5.0 AppleWebKit/537.36 (KHTML, like Gecko; compatible; ClaudeBot/1.0; +claudebot@anthropic.com)"
216.73.217.39 - - [22/Apr/2026:04:11:39 +0300] "GET /?fileloc=%2Fhome%2Fu547966%2Fbrikov.ru%2Fwww%2Fwp-content%2Fthemes%2Fcxqqatk%2Fstyle.css&path=%2Fhome%2Fu547966%2Fbrikov.ru%2Fwww%2Fwp-content%2Fthemes%2Fcxqqatk HTTP/1.1" 200 4727 "-" "Mozilla/5.0 AppleWebKit/537.36 (KHTML, like Gecko; compatible; ClaudeBot/1.0; +claudebot@anthropic.com)"
216.73.217.39 - - [22/Apr/2026:04:11:55 +0300] "GET /?fileloc=%2Fhome%2Fu547966%2Fbrikov.ru%2Fwww%2Fwp-content%2Fthemes%2Fcxqqatk%2Freadme.txt&path=%2Fhome%2Fu547966%2Fbrikov.ru%2Fwww%2Fwp-content%2Fthemes%2Fcxqqatk HTTP/1.1" 200 4579 "-" "Mozilla/5.0 AppleWebKit/537.36 (KHTML, like Gecko; compatible; ClaudeBot/1.0; +claudebot@anthropic.com)"
216.73.217.39 - - [22/Apr/2026:04:12:25 +0300] "GET /?fileloc=%2Fhome%2Fu547966%2Fbrikov.ru%2Fwww%2Fwp-content%2Fthemes%2Fljfhwlo%2Fscreenshot.png&path=%2Fhome%2Fu547966%2Fbrikov.ru%2Fwww%2Fwp-content%2Fthemes%2Fljfhwlo HTTP/1.1" 200 396991 "-" "Mozilla/5.0 AppleWebKit/537.36 (KHTML, like Gecko; compatible; ClaudeBot/1.0; +claudebot@anthropic.com)"
216.73.217.39 - - [22/Apr/2026:04:12:55 +0300] "GET /?fileloc=%2Fhome%2Fu547966%2Fbrikov.ru%2Fwww%2Fwp-content%2Fthemes%2Fkkvtrui%2Freadme.txt&path=%2Fhome%2Fu547966%2Fbrikov.ru%2Fwww%2Fwp-content%2Fthemes%2Fkkvtrui HTTP/1.1" 200 4578 "-" "Mozilla/5.0 AppleWebKit/537.36 (KHTML, like Gecko; compatible; ClaudeBot/1.0; +claudebot@anthropic.com)"
216.244.66.238 - - [22/Apr/2026:04:13:00 +0300] "GET /?page_id=1725 HTTP/1.1" 200 85777 "-" "Mozilla/5.0 (compatible; DotBot/1.2; +https://opensiteexplorer.org/dotbot; help@moz.com)"
51.68.111.243 - - [22/Apr/2026:04:13:15 +0300] "GET /robots.txt HTTP/1.1" 200 178 "-" "Mozilla/5.0 (compatible; MJ12bot/v2.0.5; http://mj12bot.com/)"
51.68.111.243 - - [22/Apr/2026:04:13:15 +0300] "GET / HTTP/1.1" 200 5103 "-" "Mozilla/5.0 (compatible; MJ12bot/v2.0.5; http://mj12bot.com/)"
216.73.217.39 - - [22/Apr/2026:04:13:15 +0300] "GET /?path=%2F%2Fusr%2Fshare%2Fphp5.4-enchant HTTP/1.1" 200 3174 "-" "Mozilla/5.0 AppleWebKit/537.36 (KHTML, like Gecko; compatible; ClaudeBot/1.0; +claudebot@anthropic.com)"
216.73.217.39 - - [22/Apr/2026:04:13:45 +0300] "GET /?path=%2F%2Fusr%2Fshare%2Fphp7.3-enchant HTTP/1.1" 200 3174 "-" "Mozilla/5.0 AppleWebKit/537.36 (KHTML, like Gecko; compatible; ClaudeBot/1.0; +claudebot@anthropic.com)"
216.73.217.39 - - [22/Apr/2026:04:14:15 +0300] "GET /?path=%2F%2Fusr%2Fshare%2Fjoe HTTP/1.1" 200 3264 "-" "Mozilla/5.0 AppleWebKit/537.36 (KHTML, like Gecko; compatible; ClaudeBot/1.0; +claudebot@anthropic.com)"
216.73.217.39 - - [22/Apr/2026:04:14:45 +0300] "GET /?path=%2F%2Fusr%2Fshare%2Fzoneinfo%2FChile HTTP/1.1" 200 3277 "-" "Mozilla/5.0 AppleWebKit/537.36 (KHTML, like Gecko; compatible; ClaudeBot/1.0; +claudebot@anthropic.com)"
216.73.217.39 - - [22/Apr/2026:04:15:16 +0300] "GET /?path=%2F%2Fusr%2Fshare%2Flocale%2Fde HTTP/1.1" 200 3186 "-" "Mozilla/5.0 AppleWebKit/537.36 (KHTML, like Gecko; compatible; ClaudeBot/1.0; +claudebot@anthropic.com)"
216.73.217.39 - - [22/Apr/2026:04:15:47 +0300] "GET /?path=%2F%2Fusr%2Fshare%2Flocale%2Fsr HTTP/1.1" 200 3186 "-" "Mozilla/5.0 AppleWebKit/537.36 (KHTML, like Gecko; compatible; ClaudeBot/1.0; +claudebot@anthropic.com)"
2a0b:4141:820:c23:ed06:e4f:373d:ff22 - - [22/Apr/2026:04:15:52 +0300] "GET /%7Chttps://prolabru.ru/%7Chttps://albika.ru/ HTTP/1.1" 404 195 "-" "Mozilla/5.0 (Linux; Android 6.0.1; 220233L2G) AppleWebKit/537.36 (KHTML, like Gecko) Chrome/145.0.7632.26 Mobile Safari/537.36"
2a0b:4141:820:c23:ed06:e4f:373d:ff22 - - [22/Apr/2026:04:15:52 +0300] "GET /favicon.ico HTTP/1.1" 404 195 "https://brikov.ru/%7Chttps://prolabru.ru/%7Chttps://albika.ru/" "Mozilla/5.0 (Linux; Android 6.0.1; 220233L2G) AppleWebKit/537.36 (KHTML, like Gecko) Chrome/145.0.7632.26 Mobile Safari/537.36"
216.73.217.39 - - [22/Apr/2026:04:16:20 +0300] "GET /?path=%2F%2Fusr%2Fshare%2Flocale%2Fgu HTTP/1.1" 200 3188 "-" "Mozilla/5.0 AppleWebKit/537.36 (KHTML, like Gecko; compatible; ClaudeBot/1.0; +claudebot@anthropic.com)"
43.153.71.132 - - [22/Apr/2026:04:16:21 +0300] "GET /?fileloc=/home/u547966/brikov.ru/www/wp-content/x7a04da/edit.php&path=/home/u547966/brikov.ru/www/wp-content/x7a04da HTTP/1.1" 200 5518 "-" "Mozilla/5.0 (iPhone; CPU iPhone OS 13_2_3 like Mac OS X) AppleWebKit/605.1.15 (KHTML, like Gecko) Version/13.0.3 Mobile/15E148 Safari/604.1"
216.73.217.39 - - [22/Apr/2026:04:16:54 +0300] "GET /?path=%2F%2Fusr%2Fshare%2Flocale%2Fia HTTP/1.1" 200 3187 "-" "Mozilla/5.0 AppleWebKit/537.36 (KHTML, like Gecko; compatible; ClaudeBot/1.0; +claudebot@anthropic.com)"
216.73.217.39 - - [22/Apr/2026:04:17:23 +0300] "GET /?path=%2F%2Fusr%2Fshare%2Flocale%2Fsk HTTP/1.1" 200 3187 "-" "Mozilla/5.0 AppleWebKit/537.36 (KHTML, like Gecko; compatible; ClaudeBot/1.0; +claudebot@anthropic.com)"
40.77.167.1 - - [22/Apr/2026:04:17:57 +0300] "GET /?u=614916950710 HTTP/1.1" 200 5054 "-" "Mozilla/5.0 AppleWebKit/537.36 (KHTML, like Gecko; compatible; bingbot/2.0; +http://www.bing.com/bingbot.htm) Chrome/116.0.1938.76 Safari/537.36"
216.73.217.39 - - [22/Apr/2026:04:17:58 +0300] "GET /?path=%2Fhome%2Fu547966%2Fbrikov.ru%2Fwww%2Fwp-includes%2FSimplePie%2FNet HTTP/1.1" 200 3226 "-" "Mozilla/5.0 AppleWebKit/537.36 (KHTML, like Gecko; compatible; ClaudeBot/1.0; +claudebot@anthropic.com)"
